{"id":1581,"date":"2025-06-26T02:07:00","date_gmt":"2025-06-26T07:07:00","guid":{"rendered":"https:\/\/750.creantis.dev\/wordpress2\/?page_id=1581"},"modified":"2025-06-26T02:09:49","modified_gmt":"2025-06-26T07:09:49","slug":"debut","status":"publish","type":"page","link":"https:\/\/750.creantis.dev\/wordpress2\/fr\/debut\/","title":{"rendered":"Debut"},"content":{"rendered":"<p><style>\/*! elementor - v3.19.0 - 05-02-2024 *\/<br \/>\n.elementor-heading-title{padding:0;margin:0;line-height:1}.elementor-widget-heading .elementor-heading-title[class*=elementor-size-]>a{color:inherit;font-size:inherit;line-height:inherit}.elementor-widget-heading .elementor-heading-title.elementor-size-small{font-size:15px}.elementor-widget-heading .elementor-heading-title.elementor-size-medium{font-size:19px}.elementor-widget-heading .elementor-heading-title.elementor-size-large{font-size:29px}.elementor-widget-heading .elementor-heading-title.elementor-size-xl{font-size:39px}.elementor-widget-heading .elementor-heading-title.elementor-size-xxl{font-size:59px}<\/style><\/p>\n<h3>\u00a0<\/h3>\n<h3>\u00bfQue son las tarjetas Digitales \u00abtu data\u00bb?<\/h3>\n<ul>\n<li>Son una evoluci\u00f3n de las tarjetas tradicionales, adaptadas al mundo digital que te facilitan transferir datos de forma inal\u00e1mbrica y sin contacto f\u00edsico.<\/li>\n<li>Con las tarjetas digitales \u00abtu data\u00bb puedes actualizar tus datos cuando lo desees.<\/li>\n<li>Con \u00abTu data\u00bb tienes una tarjeta de presentaci\u00f3n digital \u00fanica y eterna.\u00a0<\/li>\n<li>Con \u00abTu data\u00bb puedes compartir la informaci\u00f3n de contacto de manera r\u00e1pida, segura y f\u00e1cil.<\/li>\n<li>Cada tarjeta \u00abTu data\u00bb cuenta con un chip de tecnolog\u00eda NFC (Near Field Communication o Comunicaci\u00f3n de Campo Cercano), que permite que dos dispositivos se comuniquen entre s\u00ed cuando est\u00e1n muy cerca, basta con acercar tu tarjeta al celular, se abrir\u00e1 una p\u00e1gina web en donde encontraras el perfil que creaste y vinculaste a tu tarjeta.<\/li>\n<li>Con \u00abTu data\u00bb tus contactos o clientes pueden guardar tu informaci\u00f3n y seguirte en redes.<\/li>\n<li>Cada tarjeta \u00abTu data\u00bb incluye un \u00fanico c\u00f3digo QR para que pueda ser escaneado por celulares con tecnolog\u00eda b\u00e1sica.<\/li>\n<li>Las tarjetas \u00abtu data\u00bb son responsables con el medio ambiente.<\/li>\n<\/ul>\n<p><style>\/*! elementor - v3.19.0 - 05-02-2024 *\/<br \/>\n.elementor-widget-image{text-align:center}.elementor-widget-image a{display:inline-block}.elementor-widget-image a img[src$=\".svg\"]{width:48px}.elementor-widget-image img{vertical-align:middle;display:inline-block}<\/style><\/p>\n\n\n<figure class=\"wp-block-gallery aligncenter has-nested-images columns-default is-cropped wp-block-gallery-1 is-layout-flex wp-block-gallery-is-layout-flex\">\n<figure class=\"wp-block-image aligncenter size-large is-style-default\"><img fetchpriority=\"high\" decoding=\"async\" width=\"1024\" height=\"574\" data-id=\"1547\" src=\"https:\/\/750.creantis.dev\/wordpress2\/wp-content\/uploads\/2025\/04\/tudata-1-1024x574.jpeg\" alt=\"\" class=\"wp-image-1547\" srcset=\"https:\/\/750.creantis.dev\/wordpress2\/wp-content\/uploads\/2025\/04\/tudata-1-1024x574.jpeg 1024w, https:\/\/750.creantis.dev\/wordpress2\/wp-content\/uploads\/2025\/04\/tudata-1-300x168.jpeg 300w, https:\/\/750.creantis.dev\/wordpress2\/wp-content\/uploads\/2025\/04\/tudata-1-768x431.jpeg 768w, https:\/\/750.creantis.dev\/wordpress2\/wp-content\/uploads\/2025\/04\/tudata-1-600x337.jpeg 600w, https:\/\/750.creantis.dev\/wordpress2\/wp-content\/uploads\/2025\/04\/tudata-1.jpeg 1280w\" sizes=\"(max-width: 1024px) 100vw, 1024px\" \/><\/figure>\n\n\n\n<figure class=\"wp-block-image size-large is-style-default\"><img decoding=\"async\" width=\"900\" height=\"600\" data-id=\"1541\" src=\"https:\/\/750.creantis.dev\/wordpress2\/wp-content\/uploads\/2025\/03\/TU-DATA-GERALD-edited.jpeg\" alt=\"\" class=\"wp-image-1541\" srcset=\"https:\/\/750.creantis.dev\/wordpress2\/wp-content\/uploads\/2025\/03\/TU-DATA-GERALD-edited.jpeg 900w, https:\/\/750.creantis.dev\/wordpress2\/wp-content\/uploads\/2025\/03\/TU-DATA-GERALD-edited-300x200.jpeg 300w, https:\/\/750.creantis.dev\/wordpress2\/wp-content\/uploads\/2025\/03\/TU-DATA-GERALD-edited-768x512.jpeg 768w, https:\/\/750.creantis.dev\/wordpress2\/wp-content\/uploads\/2025\/03\/TU-DATA-GERALD-edited-600x400.jpeg 600w\" sizes=\"(max-width: 900px) 100vw, 900px\" \/><\/figure>\n<\/figure>\n\n\n\n<figure class=\"wp-block-gallery has-nested-images columns-default is-cropped wp-block-gallery-2 is-layout-flex wp-block-gallery-is-layout-flex\">\n<figure class=\"wp-block-image size-large\"><img decoding=\"async\" width=\"1024\" height=\"362\" data-id=\"1554\" src=\"https:\/\/750.creantis.dev\/wordpress2\/wp-content\/uploads\/2025\/04\/WhatsApp-Image-2025-04-08-at-14.55.15-1-1024x362.jpeg\" alt=\"\" class=\"wp-image-1554\" srcset=\"https:\/\/750.creantis.dev\/wordpress2\/wp-content\/uploads\/2025\/04\/WhatsApp-Image-2025-04-08-at-14.55.15-1-1024x362.jpeg 1024w, https:\/\/750.creantis.dev\/wordpress2\/wp-content\/uploads\/2025\/04\/WhatsApp-Image-2025-04-08-at-14.55.15-1-300x106.jpeg 300w, https:\/\/750.creantis.dev\/wordpress2\/wp-content\/uploads\/2025\/04\/WhatsApp-Image-2025-04-08-at-14.55.15-1-768x272.jpeg 768w, https:\/\/750.creantis.dev\/wordpress2\/wp-content\/uploads\/2025\/04\/WhatsApp-Image-2025-04-08-at-14.55.15-1-600x212.jpeg 600w, https:\/\/750.creantis.dev\/wordpress2\/wp-content\/uploads\/2025\/04\/WhatsApp-Image-2025-04-08-at-14.55.15-1.jpeg 1280w\" sizes=\"(max-width: 1024px) 100vw, 1024px\" \/><\/figure>\n<\/figure>\n\n\n\n<p><\/p>\n","protected":false},"excerpt":{"rendered":"<p>\u00a0 \u00bfQue son las tarjetas Digitales \u00abtu data\u00bb? Son una evoluci\u00f3n de las tarjetas tradicionales, adaptadas al mundo digital que te facilitan transferir datos de forma inal\u00e1mbrica y sin contacto f\u00edsico. Con las tarjetas digitales \u00abtu data\u00bb puedes actualizar tus datos cuando lo desees. Con \u00abTu data\u00bb tienes una tarjeta de presentaci\u00f3n digital \u00fanica y [&hellip;]<\/p>\n","protected":false},"author":1,"featured_media":0,"parent":0,"menu_order":0,"comment_status":"closed","ping_status":"closed","template":"","meta":{"_acf_changed":false,"footnotes":""},"class_list":["post-1581","page","type-page","status-publish","hentry"],"blocksy_meta":{"has_hero_section":"disabled","styles_descriptor":{"styles":{"desktop":"","tablet":"","mobile":""},"google_fonts":[],"version":6}},"acf":[],"_links":{"self":[{"href":"https:\/\/750.creantis.dev\/wordpress2\/wp-json\/wp\/v2\/pages\/1581","targetHints":{"allow":["GET"]}}],"collection":[{"href":"https:\/\/750.creantis.dev\/wordpress2\/wp-json\/wp\/v2\/pages"}],"about":[{"href":"https:\/\/750.creantis.dev\/wordpress2\/wp-json\/wp\/v2\/types\/page"}],"author":[{"embeddable":true,"href":"https:\/\/750.creantis.dev\/wordpress2\/wp-json\/wp\/v2\/users\/1"}],"replies":[{"embeddable":true,"href":"https:\/\/750.creantis.dev\/wordpress2\/wp-json\/wp\/v2\/comments?post=1581"}],"version-history":[{"count":1,"href":"https:\/\/750.creantis.dev\/wordpress2\/wp-json\/wp\/v2\/pages\/1581\/revisions"}],"predecessor-version":[{"id":1582,"href":"https:\/\/750.creantis.dev\/wordpress2\/wp-json\/wp\/v2\/pages\/1581\/revisions\/1582"}],"wp:attachment":[{"href":"https:\/\/750.creantis.dev\/wordpress2\/wp-json\/wp\/v2\/media?parent=1581"}],"curies":[{"name":"wp","href":"https:\/\/api.w.org\/{rel}","templated":true}]}}