--
-- Host: localhost    Database: rootcpanel_crmvtiger
-- ------------------------------------------------------


--
-- Table structure for table `com_vtiger_workflow_activatedonce`
--

CREATE TABLE `com_vtiger_workflow_activatedonce` (
  `workflow_id` int(11) NOT NULL,
  `entity_id` int(11) NOT NULL,
  PRIMARY KEY (`workflow_id`,`entity_id`)
) ENGINE=InnoDB DEFAULT CHARSET=utf8mb4 COLLATE=utf8mb4_general_ci;

--
-- Dumping data for table `com_vtiger_workflow_activatedonce`
--


--
-- Table structure for table `com_vtiger_workflow_tasktypes`
--

CREATE TABLE `com_vtiger_workflow_tasktypes` (
  `id` int(11) NOT NULL,
  `tasktypename` varchar(255) NOT NULL,
  `label` varchar(255) DEFAULT NULL,
  `classname` varchar(255) DEFAULT NULL,
  `classpath` varchar(255) DEFAULT NULL,
  `templatepath` varchar(255) DEFAULT NULL,
  `modules` varchar(500) DEFAULT NULL,
  `sourcemodule` varchar(255) DEFAULT NULL
) ENGINE=InnoDB DEFAULT CHARSET=utf8mb4 COLLATE=utf8mb4_general_ci;

--
-- Dumping data for table `com_vtiger_workflow_tasktypes`
--

INSERT INTO `com_vtiger_workflow_tasktypes` VALUES (1,'VTEmailTask','Send Mail','VTEmailTask','modules/com_vtiger_workflow/tasks/VTEmailTask.inc','modules/Settings/Workflows/Tasks/VTEmailTask.tpl','{\"include\":[],\"exclude\":[]}',''),(2,'VTEntityMethodTask','Invoke Custom Function','VTEntityMethodTask','modules/com_vtiger_workflow/tasks/VTEntityMethodTask.inc','modules/Settings/Workflows/Tasks/VTEntityMethodTask.tpl','{\"include\":[],\"exclude\":[]}',''),(3,'VTCreateTodoTask','Create Todo','VTCreateTodoTask','modules/com_vtiger_workflow/tasks/VTCreateTodoTask.inc','modules/Settings/Workflows/Tasks/VTCreateTodoTask.tpl','{\"include\":[\"Leads\",\"Accounts\",\"Potentials\",\"Contacts\",\"HelpDesk\",\"Campaigns\",\"Quotes\",\"PurchaseOrder\",\"SalesOrder\",\"Invoice\",\"Project\"],\"exclude\":[\"Calendar\",\"FAQ\",\"Events\"]}',''),(4,'VTCreateEventTask','Create Event','VTCreateEventTask','modules/com_vtiger_workflow/tasks/VTCreateEventTask.inc','modules/Settings/Workflows/Tasks/VTCreateEventTask.tpl','{\"include\":[\"Leads\",\"Accounts\",\"Potentials\",\"Contacts\",\"HelpDesk\",\"Campaigns\",\"Project\"],\"exclude\":[\"Calendar\",\"FAQ\",\"Events\"]}',''),(5,'VTUpdateFieldsTask','Update Fields','VTUpdateFieldsTask','modules/com_vtiger_workflow/tasks/VTUpdateFieldsTask.inc','modules/Settings/Workflows/Tasks/VTUpdateFieldsTask.tpl','{\"include\":[],\"exclude\":[]}',''),(6,'VTCreateEntityTask','Create Entity','VTCreateEntityTask','modules/com_vtiger_workflow/tasks/VTCreateEntityTask.inc','modules/Settings/Workflows/Tasks/VTCreateEntityTask.tpl','{\"include\":[],\"exclude\":[]}',''),(7,'VTSMSTask','SMS Task','VTSMSTask','modules/com_vtiger_workflow/tasks/VTSMSTask.inc','modules/Settings/Workflows/Tasks/VTSMSTask.tpl','{\"include\":[],\"exclude\":[]}','SMSNotifier');

--
-- Table structure for table `com_vtiger_workflow_tasktypes_seq`
--

CREATE TABLE `com_vtiger_workflow_tasktypes_seq` (
  `id` int(11) NOT NULL
) ENGINE=InnoDB DEFAULT CHARSET=utf8mb4 COLLATE=utf8mb4_general_ci;

--
-- Dumping data for table `com_vtiger_workflow_tasktypes_seq`
--

INSERT INTO `com_vtiger_workflow_tasktypes_seq` VALUES (7);

--
-- Table structure for table `com_vtiger_workflows`
--

CREATE TABLE `com_vtiger_workflows` (
  `workflow_id` int(11) NOT NULL AUTO_INCREMENT,
  `module_name` varchar(100) DEFAULT NULL,
  `summary` varchar(400) NOT NULL,
  `test` text DEFAULT NULL,
  `execution_condition` int(11) NOT NULL,
  `defaultworkflow` int(11) DEFAULT NULL,
  `type` varchar(255) DEFAULT NULL,
  `filtersavedinnew` int(11) DEFAULT NULL,
  `schtypeid` int(11) DEFAULT NULL,
  `schdayofmonth` varchar(100) DEFAULT NULL,
  `schdayofweek` varchar(100) DEFAULT NULL,
  `schannualdates` varchar(100) DEFAULT NULL,
  `schtime` varchar(50) DEFAULT NULL,
  `nexttrigger_time` datetime DEFAULT NULL,
  `status` tinyint(1) DEFAULT 1,
  `workflowname` varchar(100) DEFAULT NULL,
  PRIMARY KEY (`workflow_id`),
  UNIQUE KEY `com_vtiger_workflows_idx` (`workflow_id`)
) ENGINE=InnoDB AUTO_INCREMENT=31 DEFAULT CHARSET=utf8mb4 COLLATE=utf8mb4_general_ci;

--
-- Dumping data for table `com_vtiger_workflows`
--

INSERT INTO `com_vtiger_workflows` VALUES (1,'Invoice','UpdateInventoryProducts On Every Save','[{\"fieldname\":\"subject\",\"operation\":\"does not contain\",\"value\":\"`!`\"}]',3,1,'basic',5,NULL,NULL,NULL,NULL,NULL,NULL,1,'UpdateInventoryProducts On Every Save'),(2,'Accounts','Send Email to user when Notifyowner is True','[{\"fieldname\":\"notify_owner\",\"operation\":\"is\",\"value\":\"true:boolean\"}]',2,1,'basic',5,NULL,NULL,NULL,NULL,NULL,NULL,1,'Send Email to user when Notifyowner is True'),(3,'Contacts','Send Email to user when Notifyowner is True','[{\"fieldname\":\"notify_owner\",\"operation\":\"is\",\"value\":\"true:boolean\"}]',2,1,'basic',5,NULL,NULL,NULL,NULL,NULL,NULL,1,'Send Email to user when Notifyowner is True'),(4,'Contacts','Send Email to user when Portal User is True','[{\"fieldname\":\"portal\",\"operation\":\"is\",\"value\":\"1\",\"valuetype\":\"rawtext\",\"joincondition\":\"and\",\"groupjoin\":\"and\",\"groupid\":\"0\"},{\"fieldname\":\"email\",\"operation\":\"is not empty\",\"value\":\"\",\"valuetype\":\"rawtext\",\"joincondition\":\"\",\"groupjoin\":\"and\",\"groupid\":\"0\"}]',3,1,'basic',6,NULL,NULL,NULL,NULL,NULL,NULL,1,'Send Email to user when Portal User is True'),(5,'Potentials','Send Email to users on Potential creation',NULL,1,1,'basic',5,NULL,NULL,NULL,NULL,NULL,NULL,1,'Send Email to users on Potential creation'),(6,'Contacts','Workflow for Contact Creation or Modification','',3,1,'basic',5,NULL,NULL,NULL,NULL,NULL,NULL,1,'Workflow for Contact Creation or Modification'),(7,'HelpDesk','Ticket Creation From Portal : Send Email to Record Owner and Contact','[{\"fieldname\":\"from_portal\",\"operation\":\"is\",\"value\":\"1\",\"valuetype\":\"rawtext\",\"joincondition\":\"\",\"groupjoin\":\"and\",\"groupid\":\"0\"}]',1,1,'basic',6,NULL,NULL,NULL,NULL,NULL,NULL,1,'Ticket Creation From Portal : Send Email to Record Owner and Contact'),(9,'HelpDesk','Send Email to Contact on Ticket Update','[{\"fieldname\":\"(contact_id : (Contacts) emailoptout)\",\"operation\":\"is\",\"value\":\"0\",\"valuetype\":\"rawtext\",\"joincondition\":\"and\",\"groupjoin\":\"and\",\"groupid\":\"0\"},{\"fieldname\":\"from_portal\",\"operation\":\"is\",\"value\":0,\"valuetype\":\"rawtext\",\"joincondition\":\"and\",\"groupjoin\":\"and\",\"groupid\":0},{\"fieldname\":\"ticketstatus\",\"operation\":\"has changed to\",\"value\":\"Closed\",\"valuetype\":\"rawtext\",\"joincondition\":\"or\",\"groupjoin\":\"and\",\"groupid\":\"1\"},{\"fieldname\":\"solution\",\"operation\":\"has changed\",\"value\":\"\",\"valuetype\":\"\",\"joincondition\":\"or\",\"groupjoin\":\"and\",\"groupid\":\"1\"},{\"fieldname\":\"description\",\"operation\":\"has changed\",\"value\":\"\",\"valuetype\":\"\",\"joincondition\":\"or\",\"groupjoin\":\"and\",\"groupid\":\"1\"}]',3,1,'basic',6,NULL,NULL,NULL,NULL,NULL,NULL,1,'Send Email to Contact on Ticket Update'),(10,'Events','Workflow for Events when Send Notification is True','[{\"fieldname\":\"sendnotification\",\"operation\":\"is\",\"value\":\"true:boolean\"}]',3,1,'basic',5,NULL,NULL,NULL,NULL,NULL,NULL,1,'Workflow for Events when Send Notification is True'),(11,'Calendar','Workflow for Calendar Todos when Send Notification is True','[{\"fieldname\":\"sendnotification\",\"operation\":\"is\",\"value\":\"true:boolean\"}]',3,1,'basic',5,NULL,NULL,NULL,NULL,NULL,NULL,1,'Workflow for Calendar Todos when Send Notification is True'),(12,'Potentials','Calculate or Update forecast amount','',3,1,'basic',5,NULL,NULL,NULL,NULL,NULL,NULL,1,'Calculate or Update forecast amount'),(13,'Events','Workflow for Events when Send Notification is True','[{\"fieldname\":\"sendnotification\",\"operation\":\"is\",\"value\":\"true:boolean\"}]',3,1,'basic',5,NULL,NULL,NULL,NULL,NULL,NULL,1,'Workflow for Events when Send Notification is True'),(14,'Calendar','Workflow for Calendar Todos when Send Notification is True','[{\"fieldname\":\"sendnotification\",\"operation\":\"is\",\"value\":\"true:boolean\"}]',3,1,'basic',5,NULL,NULL,NULL,NULL,NULL,NULL,1,'Workflow for Calendar Todos when Send Notification is True'),(15,'HelpDesk','Comment Added From CRM : Send Email to Organization','[{\"fieldname\":\"_VT_add_comment\",\"operation\":\"is added\",\"value\":\"\",\"valuetype\":\"rawtext\",\"joincondition\":\"\",\"groupjoin\":\"and\",\"groupid\":\"0\"},{\"fieldname\":\"from_portal\",\"operation\":\"is\",\"value\":\"0\",\"valuetype\":\"rawtext\",\"joincondition\":\"\",\"groupjoin\":\"and\",\"groupid\":\"0\"},{\"fieldname\":\"(parent_id : (Accounts) emailoptout)\",\"operation\":\"is\",\"value\":\"0\",\"valuetype\":\"rawtext\",\"joincondition\":\"and\",\"groupjoin\":\"and\",\"groupid\":\"0\"}]',3,1,'basic',6,NULL,NULL,NULL,NULL,NULL,NULL,1,'Comment Added From CRM : Send Email to Organization'),(16,'PurchaseOrder','Update Inventory Products On Every Save',NULL,3,1,'basic',5,NULL,NULL,NULL,NULL,NULL,NULL,1,'Update Inventory Products On Every Save'),(17,'HelpDesk','Comment Added From Portal : Send Email to Record Owner','[{\"fieldname\":\"_VT_add_comment\",\"operation\":\"is added\",\"value\":\"\",\"valuetype\":\"rawtext\",\"joincondition\":\"\",\"groupjoin\":\"and\",\"groupid\":\"0\"},{\"fieldname\":\"from_portal\",\"operation\":\"is\",\"value\":\"1\",\"valuetype\":\"rawtext\",\"joincondition\":\"\",\"groupjoin\":\"and\",\"groupid\":\"0\"}]',3,1,'basic',6,NULL,NULL,NULL,NULL,NULL,NULL,1,'Comment Added From Portal : Send Email to Record Owner'),(18,'HelpDesk','Comment Added From CRM : Send Email to Contact, where Contact is not a Portal User','[{\"fieldname\":\"(contact_id : (Contacts) portal)\",\"operation\":\"is\",\"value\":\"0\",\"valuetype\":\"rawtext\",\"joincondition\":\"and\",\"groupjoin\":\"and\",\"groupid\":\"0\"},{\"fieldname\":\"_VT_add_comment\",\"operation\":\"is added\",\"value\":\"\",\"valuetype\":\"rawtext\",\"joincondition\":\"\",\"groupjoin\":\"and\",\"groupid\":\"0\"},{\"fieldname\":\"from_portal\",\"operation\":\"is\",\"value\":\"0\",\"valuetype\":\"rawtext\",\"joincondition\":\"\",\"groupjoin\":\"and\",\"groupid\":\"0\"},{\"fieldname\":\"(contact_id : (Contacts) emailoptout)\",\"operation\":\"is\",\"value\":\"0\",\"valuetype\":\"rawtext\",\"joincondition\":\"and\",\"groupjoin\":\"and\",\"groupid\":\"0\"}]',3,1,'basic',6,NULL,NULL,NULL,NULL,NULL,NULL,1,'Comment Added From CRM : Send Email to Contact, where Contact is not a Portal User'),(19,'HelpDesk','Comment Added From CRM : Send Email to Contact, where Contact is Portal User','[{\"fieldname\":\"(contact_id : (Contacts) portal)\",\"operation\":\"is\",\"value\":\"1\",\"valuetype\":\"rawtext\",\"joincondition\":\"and\",\"groupjoin\":\"and\",\"groupid\":\"0\"},{\"fieldname\":\"_VT_add_comment\",\"operation\":\"is added\",\"value\":\"\",\"valuetype\":\"rawtext\",\"joincondition\":\"\",\"groupjoin\":\"and\",\"groupid\":\"0\"},{\"fieldname\":\"from_portal\",\"operation\":\"is\",\"value\":\"0\",\"valuetype\":\"rawtext\",\"joincondition\":\"\",\"groupjoin\":\"and\",\"groupid\":\"0\"},{\"fieldname\":\"(contact_id : (Contacts) emailoptout)\",\"operation\":\"is\",\"value\":\"0\",\"valuetype\":\"rawtext\",\"joincondition\":\"and\",\"groupjoin\":\"and\",\"groupid\":\"0\"}]',3,1,'basic',6,NULL,NULL,NULL,NULL,NULL,NULL,1,'Comment Added From CRM : Send Email to Contact, where Contact is Portal User'),(20,'HelpDesk','Send Email to Record Owner on Ticket Update','[{\"fieldname\":\"from_portal\",\"operation\":\"is\",\"value\":\"0\",\"valuetype\":\"rawtext\",\"joincondition\":\"\",\"groupjoin\":\"and\",\"groupid\":\"0\"},{\"fieldname\":\"ticketstatus\",\"operation\":\"has changed to\",\"value\":\"\",\"valuetype\":\"rawtext\",\"joincondition\":\"or\",\"groupjoin\":null,\"groupid\":\"1\"},{\"fieldname\":\"solution\",\"operation\":\"has changed\",\"value\":null,\"valuetype\":\"rawtext\",\"joincondition\":\"or\",\"groupjoin\":null,\"groupid\":\"1\"},{\"fieldname\":\"assigned_user_id\",\"operation\":\"has changed\",\"value\":null,\"valuetype\":\"rawtext\",\"joincondition\":\"or\",\"groupjoin\":null,\"groupid\":\"1\"},{\"fieldname\":\"description\",\"operation\":\"has changed\",\"value\":null,\"valuetype\":\"rawtext\",\"joincondition\":\"or\",\"groupjoin\":null,\"groupid\":\"1\"},{\"fieldname\":\"cf_865\",\"operation\":\"has changed\",\"value\":null,\"valuetype\":\"rawtext\",\"joincondition\":\"or\",\"groupjoin\":null,\"groupid\":\"1\"},{\"fieldname\":\"_VT_add_comment\",\"operation\":\"is added\",\"value\":null,\"valuetype\":\"rawtext\",\"joincondition\":\"\",\"groupjoin\":null,\"groupid\":\"1\"}]',3,1,'basic',6,NULL,NULL,NULL,NULL,NULL,NULL,1,'Send Email to Record Owner on Ticket Update'),(21,'HelpDesk','Ticket Creation From CRM : Send Email to Record Owner','[{\"fieldname\":\"from_portal\",\"operation\":\"is\",\"value\":\"0\",\"valuetype\":\"rawtext\",\"joincondition\":\"\",\"groupjoin\":\"and\",\"groupid\":\"0\"}]',1,1,'basic',6,NULL,NULL,NULL,NULL,NULL,NULL,1,'Ticket Creation From CRM : Send Email to Record Owner'),(22,'HelpDesk','Send Email to Organization on Ticket Update','[{\"fieldname\":\"(parent_id : (Accounts) emailoptout)\",\"operation\":\"is\",\"value\":\"0\",\"valuetype\":\"rawtext\",\"joincondition\":\"and\",\"groupjoin\":\"and\",\"groupid\":\"0\"},{\"fieldname\":\"from_portal\",\"operation\":\"is\",\"value\":0,\"valuetype\":\"rawtext\",\"joincondition\":\"and\",\"groupjoin\":\"and\",\"groupid\":0},{\"fieldname\":\"ticketstatus\",\"operation\":\"has changed to\",\"value\":\"Closed\",\"valuetype\":\"rawtext\",\"joincondition\":\"or\",\"groupjoin\":\"and\",\"groupid\":\"1\"},{\"fieldname\":\"solution\",\"operation\":\"has changed\",\"value\":\"\",\"valuetype\":\"\",\"joincondition\":\"or\",\"groupjoin\":\"and\",\"groupid\":\"1\"},{\"fieldname\":\"description\",\"operation\":\"has changed\",\"value\":\"\",\"valuetype\":\"\",\"joincondition\":\"or\",\"groupjoin\":\"and\",\"groupid\":\"1\"}]',3,1,'basic',6,NULL,NULL,NULL,NULL,NULL,NULL,1,'Send Email to Organization on Ticket Update'),(23,'HelpDesk','Ticket Creation From CRM : Send Email to Organization','[{\"fieldname\":\"(parent_id : (Accounts) emailoptout)\",\"operation\":\"is\",\"value\":\"0\",\"valuetype\":\"rawtext\",\"joincondition\":\"and\",\"groupjoin\":\"and\",\"groupid\":\"0\"},{\"fieldname\":\"from_portal\",\"operation\":\"is\",\"value\":\"0\",\"valuetype\":\"rawtext\",\"joincondition\":\"\",\"groupjoin\":\"and\",\"groupid\":\"0\"}]',1,1,'basic',6,NULL,NULL,NULL,NULL,NULL,NULL,1,'Ticket Creation From CRM : Send Email to Organization'),(24,'HelpDesk','Ticket Creation From CRM : Send Email to Contact','[{\"fieldname\":\"(contact_id : (Contacts) emailoptout)\",\"operation\":\"is\",\"value\":\"0\",\"valuetype\":\"rawtext\",\"joincondition\":\"and\",\"groupjoin\":\"and\",\"groupid\":\"0\"},{\"fieldname\":\"from_portal\",\"operation\":\"is\",\"value\":\"0\",\"valuetype\":\"rawtext\",\"joincondition\":\"\",\"groupjoin\":\"and\",\"groupid\":\"0\"}]',3,1,'basic',6,NULL,NULL,NULL,NULL,NULL,NULL,1,'Ticket Creation From CRM : Send Email to Contact'),(27,'HelpDesk','Hours email to dispatch  =(Request \'cf_869\' \'cf_871\' - eMail \'cf_877\' \'cf_879\' ): Hours','[{\"fieldname\":\"cf_877\",\"operation\":\"is not empty\",\"value\":null,\"valuetype\":\"rawtext\",\"joincondition\":\"and\",\"groupjoin\":\"and\",\"groupid\":\"0\"},{\"fieldname\":\"cf_879\",\"operation\":\"is not empty\",\"value\":null,\"valuetype\":\"rawtext\",\"joincondition\":\"and\",\"groupjoin\":\"and\",\"groupid\":\"0\"},{\"fieldname\":\"cf_873\",\"operation\":\"is not empty\",\"value\":null,\"valuetype\":\"rawtext\",\"joincondition\":\"and\",\"groupjoin\":\"and\",\"groupid\":\"0\"},{\"fieldname\":\"cf_875\",\"operation\":\"is not empty\",\"value\":null,\"valuetype\":\"rawtext\",\"joincondition\":\"\",\"groupjoin\":\"and\",\"groupid\":\"0\"}]',3,NULL,'basic',6,NULL,NULL,NULL,NULL,NULL,NULL,1,'Hours email to dispatch '),(28,'HelpDesk','Hours Request to Checkin = (Request \'cf_869\' \'cf_871\' - Checkin \'cf_859\' \'cf_861\' ): Hours','[{\"fieldname\":\"cf_869\",\"operation\":\"is not empty\",\"value\":null,\"valuetype\":\"rawtext\",\"joincondition\":\"and\",\"groupjoin\":\"and\",\"groupid\":\"0\"},{\"fieldname\":\"cf_871\",\"operation\":\"is not empty\",\"value\":null,\"valuetype\":\"rawtext\",\"joincondition\":\"and\",\"groupjoin\":\"and\",\"groupid\":\"0\"},{\"fieldname\":\"cf_859\",\"operation\":\"is not empty\",\"value\":null,\"valuetype\":\"rawtext\",\"joincondition\":\"and\",\"groupjoin\":\"and\",\"groupid\":\"0\"},{\"fieldname\":\"cf_861\",\"operation\":\"is not empty\",\"value\":null,\"valuetype\":\"rawtext\",\"joincondition\":\"\",\"groupjoin\":\"and\",\"groupid\":\"0\"}]',3,NULL,'basic',6,NULL,NULL,NULL,NULL,NULL,NULL,1,'Hours Request to Checkin '),(29,'HelpDesk','Hours checkin to checkout   = (Check-in \'cf_859\' \'cf_861\' - Check out \'cf_863\' \'cf_865\' ): Hours','[{\"fieldname\":\"cf_859\",\"operation\":\"is not empty\",\"value\":null,\"valuetype\":\"rawtext\",\"joincondition\":\"and\",\"groupjoin\":\"and\",\"groupid\":\"0\"},{\"fieldname\":\"cf_861\",\"operation\":\"is not empty\",\"value\":null,\"valuetype\":\"rawtext\",\"joincondition\":\"and\",\"groupjoin\":\"and\",\"groupid\":\"0\"},{\"fieldname\":\"cf_863\",\"operation\":\"is not empty\",\"value\":null,\"valuetype\":\"rawtext\",\"joincondition\":\"and\",\"groupjoin\":\"and\",\"groupid\":\"0\"},{\"fieldname\":\"cf_865\",\"operation\":\"is not empty\",\"value\":null,\"valuetype\":\"rawtext\",\"joincondition\":\"\",\"groupjoin\":\"and\",\"groupid\":\"0\"}]',3,NULL,'basic',6,NULL,NULL,NULL,NULL,NULL,NULL,1,'Hours checkin to checkout '),(30,'ModComments','','[{\"fieldname\":\"is_private\",\"operation\":\"equal to\",\"value\":\"1\",\"valuetype\":\"\",\"joincondition\":\"\",\"groupjoin\":\"and\",\"groupid\":\"0\"}]',1,NULL,'basic',6,NULL,NULL,NULL,NULL,NULL,NULL,1,'Comments public -  is_private = 0');

--
-- Table structure for table `com_vtiger_workflows_seq`
--

CREATE TABLE `com_vtiger_workflows_seq` (
  `id` int(11) NOT NULL
) ENGINE=InnoDB DEFAULT CHARSET=utf8mb4 COLLATE=utf8mb4_general_ci;

--
-- Dumping data for table `com_vtiger_workflows_seq`
--

INSERT INTO `com_vtiger_workflows_seq` VALUES (30);

--
-- Table structure for table `com_vtiger_workflowtask_queue`
--

CREATE TABLE `com_vtiger_workflowtask_queue` (
  `task_id` int(11) DEFAULT NULL,
  `entity_id` varchar(100) DEFAULT NULL,
  `do_after` int(11) DEFAULT NULL,
  `relatedinfo` varchar(255) DEFAULT NULL,
  `task_contents` text DEFAULT NULL
) ENGINE=InnoDB DEFAULT CHARSET=utf8mb4 COLLATE=utf8mb4_general_ci;

--
-- Dumping data for table `com_vtiger_workflowtask_queue`
--


--
-- Table structure for table `com_vtiger_workflowtasks`
--

CREATE TABLE `com_vtiger_workflowtasks` (
  `task_id` int(11) NOT NULL AUTO_INCREMENT,
  `workflow_id` int(11) DEFAULT NULL,
  `summary` varchar(400) NOT NULL,
  `task` text DEFAULT NULL,
  PRIMARY KEY (`task_id`),
  UNIQUE KEY `com_vtiger_workflowtasks_idx` (`task_id`)
) ENGINE=InnoDB AUTO_INCREMENT=35 DEFAULT CHARSET=utf8mb4 COLLATE=utf8mb4_general_ci;

--
-- Dumping data for table `com_vtiger_workflowtasks`
--

INSERT INTO `com_vtiger_workflowtasks` VALUES (1,1,'','O:18:\"VTEntityMethodTask\":6:{s:18:\"executeImmediately\";b:1;s:10:\"workflowId\";i:1;s:7:\"summary\";s:0:\"\";s:6:\"active\";b:1;s:10:\"methodName\";s:15:\"UpdateInventory\";s:2:\"id\";i:1;}'),(2,2,'An account has been created ','O:11:\"VTEmailTask\":9:{s:18:\"executeImmediately\";s:0:\"\";s:10:\"workflowId\";s:1:\"2\";s:7:\"summary\";s:28:\"An account has been created \";s:6:\"active\";s:1:\"1\";s:10:\"methodName\";s:11:\"NotifyOwner\";s:9:\"recepient\";s:36:\"$(assigned_user_id : (Users) email1)\";s:7:\"subject\";s:26:\"Regarding Account Creation\";s:7:\"content\";s:301:\"An Account has been assigned to you on vtigerCRM<br>Details of account are :<br><br>AccountId:<b>$account_no</b><br>AccountName:<b>$accountname</b><br>Rating:<b>$rating</b><br>Industry:<b>$industry</b><br>AccountType:<b>$accounttype</b><br>Description:<b>$description</b><br><br><br>Thank You<br>Admin\";s:2:\"id\";s:1:\"2\";}'),(3,3,'An contact has been created ','O:11:\"VTEmailTask\":9:{s:18:\"executeImmediately\";s:0:\"\";s:10:\"workflowId\";s:1:\"3\";s:7:\"summary\";s:28:\"An contact has been created \";s:6:\"active\";s:1:\"1\";s:10:\"methodName\";s:11:\"NotifyOwner\";s:9:\"recepient\";s:36:\"$(assigned_user_id : (Users) email1)\";s:7:\"subject\";s:26:\"Regarding Contact Creation\";s:7:\"content\";s:305:\"An Contact has been assigned to you on vtigerCRM<br>Details of Contact are :<br><br>Contact Id:<b>$contact_no</b><br>LastName:<b>$lastname</b><br>FirstName:<b>$firstname</b><br>Lead Source:<b>$leadsource</b><br>Department:<b>$department</b><br>Description:<b>$description</b><br><br><br>Thank You<br>Admin\";s:2:\"id\";s:1:\"3\";}'),(4,4,'Email Customer Portal Login Details','O:18:\"VTEntityMethodTask\":6:{s:18:\"executeImmediately\";b:1;s:10:\"workflowId\";i:4;s:7:\"summary\";s:35:\"Email Customer Portal Login Details\";s:6:\"active\";b:1;s:10:\"methodName\";s:22:\"SendPortalLoginDetails\";s:2:\"id\";i:4;}'),(5,5,'An Potential has been created ','O:11:\"VTEmailTask\":8:{s:18:\"executeImmediately\";s:0:\"\";s:10:\"workflowId\";s:1:\"5\";s:7:\"summary\";s:30:\"An Potential has been created \";s:6:\"active\";s:1:\"1\";s:9:\"recepient\";s:36:\"$(assigned_user_id : (Users) email1)\";s:7:\"subject\";s:30:\"Regarding Potential Assignment\";s:7:\"content\";s:342:\"An Potential has been assigned to you on vtigerCRM<br>Details of Potential are :<br><br>Potential No:<b>$potential_no</b><br>Potential Name:<b>$potentialname</b><br>Amount:<b>$amount</b><br>Expected Close Date:<b>$closingdate ($_DATE_FORMAT_)</b><br>Type:<b>$opportunity_type</b><br><br><br>Description :$description<br><br>Thank You<br>Admin\";s:2:\"id\";s:1:\"5\";}'),(6,6,'An contact has been created ','O:11:\"VTEmailTask\":8:{s:18:\"executeImmediately\";s:0:\"\";s:10:\"workflowId\";s:1:\"6\";s:7:\"summary\";s:28:\"An contact has been created \";s:6:\"active\";s:1:\"1\";s:9:\"recepient\";s:36:\"$(assigned_user_id : (Users) email1)\";s:7:\"subject\";s:28:\"Regarding Contact Assignment\";s:7:\"content\";s:384:\"An Contact has been assigned to you on vtigerCRM<br>Details of Contact are :<br><br>Contact Id:<b>$contact_no</b><br>LastName:<b>$lastname</b><br>FirstName:<b>$firstname</b><br>Lead Source:<b>$leadsource</b><br>Department:<b>$department</b><br>Description:<b>$description</b><br><br><br>And <b>CustomerPortal Login Details</b> is sent to the EmailID :-$email<br><br>Thank You<br>Admin\";s:2:\"id\";s:1:\"6\";}'),(7,7,'Notify Related Contact when Ticket is created from Portal','O:11:\"VTEmailTask\":17:{s:18:\"executeImmediately\";s:1:\"0\";s:7:\"summary\";s:57:\"Notify Related Contact when Ticket is created from Portal\";s:6:\"active\";s:1:\"1\";s:2:\"id\";s:1:\"7\";s:10:\"workflowId\";s:1:\"7\";s:9:\"fromEmail\";s:87:\"$(general : (__VtigerMeta__) supportName)<$(general : (__VtigerMeta__) supportEmailId)>\";s:9:\"recepient\";s:33:\",$(contact_id : (Contacts) email)\";s:7:\"subject\";N;s:7:\"content\";s:615:\"<html>\r\n<head>\r\n	<title></title>\r\n</head>\r\n<body data-gr-ext-installed=\"\" data-new-gr-c-s-check-loaded=\"14.1029.0\">You have created a new Ticket:&nbsp;$ticket_no in the Blue Technology Support Ticketing System<br />\r\nTicket No : $ticket_no<br />\r\nTicket ID : $(general : (__VtigerMeta__) recordId)<br />\r\nTicket Title : $ticket_title<br />\r\n<br />\r\n$description<br />\r\n<br />\r\nRegards,<br />\r\n<span style=\"font-family: verdana, geneva, sans-serif;\">BLUE TECHNOLOGY<br />\r\nSupport Administrator</span></body>\r\n<grammarly-desktop-integration data-grammarly-shadow-root=\"true\"></grammarly-desktop-integration></html>\r\n\";s:7:\"trigger\";N;s:7:\"emailcc\";s:0:\"\";s:8:\"emailbcc\";s:0:\"\";s:3:\"pdf\";s:0:\"\";s:13:\"pdfTemplateId\";s:0:\"\";s:9:\"signature\";s:0:\"\";s:7:\"replyTo\";s:0:\"\";s:19:\"field_value_mapping\";s:4:\"null\";}'),(10,9,'Send Email to Contact on Ticket Update','O:11:\"VTEmailTask\":9:{s:18:\"executeImmediately\";s:1:\"0\";s:7:\"summary\";s:38:\"Send Email to Contact on Ticket Update\";s:6:\"active\";s:1:\"1\";s:2:\"id\";s:2:\"10\";s:9:\"fromEmail\";s:93:\"$(general : (__VtigerMeta__) supportName)&lt;$(general : (__VtigerMeta__) supportEmailId)&gt;\";s:9:\"recepient\";s:33:\",$(contact_id : (Contacts) email)\";s:7:\"subject\";s:79:\"$ticket_no [ Ticket Id : $(general : (__VtigerMeta__) recordId) ] $ticket_title\";s:7:\"content\";s:624:\"Ticket ID : $(general : (__VtigerMeta__) recordId)<br>Ticket Title : $ticket_title<br><br>\n								Dear $(contact_id : (Contacts) lastname) $(contact_id : (Contacts) firstname),<br><br>\n								The Ticket is replied the details are :<br><br>\n								Ticket No : $ticket_no<br>\n								Status : $ticketstatus<br>\n								Category : $ticketcategories<br>\n								Severity : $ticketseverities<br>\n								Priority : $ticketpriorities<br><br>\n								Description : <br>$description<br><br>\n								Solution : <br>$solution<br>\n								The comments are : <br>\n								$allComments<br><br>\n								Regards<br>Support Administrator\";s:10:\"workflowId\";s:1:\"9\";}'),(13,12,'update forecast amount','O:18:\"VTUpdateFieldsTask\":7:{s:18:\"executeImmediately\";b:1;s:43:\"\0VTUpdateFieldsTask\0referenceFieldFocusList\";a:0:{}s:10:\"workflowId\";i:12;s:7:\"summary\";s:22:\"update forecast amount\";s:6:\"active\";b:1;s:19:\"field_value_mapping\";s:95:\"[{\"fieldname\":\"forecast_amount\",\"valuetype\":\"expression\",\"value\":\"amount * probability / 100\"}]\";s:2:\"id\";i:13;}'),(14,13,'Send Notification Email to Record Owner','O:11:\"VTEmailTask\":8:{s:18:\"executeImmediately\";s:0:\"\";s:10:\"workflowId\";s:2:\"13\";s:7:\"summary\";s:39:\"Send Notification Email to Record Owner\";s:6:\"active\";s:1:\"1\";s:9:\"recepient\";s:36:\"$(assigned_user_id : (Users) email1)\";s:7:\"subject\";s:17:\"Event :  $subject\";s:7:\"content\";s:771:\"$(assigned_user_id : (Users) last_name) $(assigned_user_id : (Users) first_name) ,<br/><b>Activity Notification Details:</b><br/>Subject             : $subject<br/>Start date and time : $date_start ($(general : (__VtigerMeta__) usertimezone))<br/>End date and time   : $due_date ($(general : (__VtigerMeta__) usertimezone)) <br/>Status              : $eventstatus <br/>Priority            : $taskpriority <br/>Related To          : $(parent_id : (Leads) lastname) $(parent_id : (Leads) firstname) $(parent_id : (Accounts) accountname) $(parent_id : (Potentials) potentialname) $(parent_id : (HelpDesk) ticket_title) $(parent_id : (Campaigns) campaignname) <br/>Contacts List       : $contact_id <br/>Location            : $location <br/>Description         : $description\";s:2:\"id\";s:2:\"14\";}'),(15,14,'Send Notification Email to Record Owner','O:11:\"VTEmailTask\":8:{s:18:\"executeImmediately\";s:0:\"\";s:10:\"workflowId\";s:2:\"14\";s:7:\"summary\";s:39:\"Send Notification Email to Record Owner\";s:6:\"active\";s:1:\"1\";s:9:\"recepient\";s:36:\"$(assigned_user_id : (Users) email1)\";s:7:\"subject\";s:16:\"Task :  $subject\";s:7:\"content\";s:689:\"$(assigned_user_id : (Users) last_name) $(assigned_user_id : (Users) first_name) ,<br/><b>Task Notification Details:</b><br/>Subject : $subject<br/>Start date and time : $date_start ($(general : (__VtigerMeta__) usertimezone))<br/>End date and time   : $due_date ($_DATE_FORMAT_) <br/>Status              : $taskstatus <br/>Priority            : $taskpriority <br/>Related To          : $(parent_id : (Leads) lastname) $(parent_id : (Leads) firstname) $(parent_id : (Accounts) accountname) $(parent_id : (Potentials) potentialname) $(parent_id : (HelpDesk) ticket_title) $(parent_id : (Campaigns) campaignname) <br/>Contacts List       : $contact_id <br/>Description         : $description\";s:2:\"id\";s:2:\"15\";}'),(18,16,'Update Inventory Products','O:18:\"VTEntityMethodTask\":6:{s:18:\"executeImmediately\";b:1;s:10:\"workflowId\";i:16;s:7:\"summary\";s:25:\"Update Inventory Products\";s:6:\"active\";b:1;s:10:\"methodName\";s:15:\"UpdateInventory\";s:2:\"id\";i:18;}'),(19,17,'Comment Added From Portal : Send Email to Record Owner','O:11:\"VTEmailTask\":9:{s:18:\"executeImmediately\";s:1:\"0\";s:7:\"summary\";s:54:\"Comment Added From Portal : Send Email to Record Owner\";s:6:\"active\";s:1:\"1\";s:2:\"id\";s:2:\"19\";s:10:\"workflowId\";s:2:\"17\";s:9:\"fromEmail\";s:112:\"$(contact_id : (Contacts) lastname) $(contact_id : (Contacts) firstname)&lt;$(contact_id : (Contacts) email)&gt;\";s:9:\"recepient\";s:37:\",$(assigned_user_id : (Users) email1)\";s:7:\"subject\";s:92:\"Respond to Ticket ID## $(general : (__VtigerMeta__) recordId) ## in Customer Portal - URGENT\";s:7:\"content\";s:325:\"Dear $(assigned_user_id : (Users) last_name) $(assigned_user_id : (Users) first_name),<br><br>\n								Customer has provided the following additional information to your reply:<br><br>\n								<b>$lastComment</b><br><br>\n								Kindly respond to above ticket at the earliest.<br><br>\n								Regards<br>Support Administrator\";}'),(20,18,'Comment Added From CRM : Send Email to Contact, where Contact is not a Portal User','O:11:\"VTEmailTask\":9:{s:18:\"executeImmediately\";s:1:\"0\";s:7:\"summary\";s:82:\"Comment Added From CRM : Send Email to Contact, where Contact is not a Portal User\";s:6:\"active\";s:1:\"1\";s:2:\"id\";s:2:\"20\";s:10:\"workflowId\";s:2:\"18\";s:9:\"fromEmail\";s:93:\"$(general : (__VtigerMeta__) supportName)&lt;$(general : (__VtigerMeta__) supportEmailId)&gt;\";s:9:\"recepient\";s:33:\",$(contact_id : (Contacts) email)\";s:7:\"subject\";s:79:\"$ticket_no [ Ticket Id : $(general : (__VtigerMeta__) recordId) ] $ticket_title\";s:7:\"content\";s:514:\"Dear $(contact_id : (Contacts) lastname) $(contact_id : (Contacts) firstname),<br><br>\n							The Ticket is replied the details are :<br><br>\n							Ticket No : $ticket_no<br>\n							Status : $ticketstatus<br>\n							Category : $ticketcategories<br>\n							Severity : $ticketseverities<br>\n							Priority : $ticketpriorities<br><br>\n							Description : <br>$description<br><br>\n							Solution : <br>$solution<br>\n							The comments are : <br>\n							$allComments<br><br>\n							Regards<br>Support Administrator\";}'),(21,19,'Comment Added From CRM : Send Email to Contact, where Contact is Portal User','O:11:\"VTEmailTask\":9:{s:18:\"executeImmediately\";s:1:\"0\";s:7:\"summary\";s:76:\"Comment Added From CRM : Send Email to Contact, where Contact is Portal User\";s:6:\"active\";s:1:\"1\";s:2:\"id\";s:2:\"21\";s:10:\"workflowId\";s:2:\"19\";s:9:\"fromEmail\";s:93:\"$(general : (__VtigerMeta__) supportName)&lt;$(general : (__VtigerMeta__) supportEmailId)&gt;\";s:9:\"recepient\";s:33:\",$(contact_id : (Contacts) email)\";s:7:\"subject\";s:79:\"$ticket_no [ Ticket Id : $(general : (__VtigerMeta__) recordId) ] $ticket_title\";s:7:\"content\";s:547:\"Ticket No : $ticket_no<br>\n										Ticket Id : $(general : (__VtigerMeta__) recordId)<br>\n										Subject : $ticket_title<br><br>\n										Dear $(contact_id : (Contacts) lastname) $(contact_id : (Contacts) firstname),<br><br>\n										There is a reply to <b>$ticket_title</b> in the \"Customer Portal\" at VTiger.\n										You can use the following link to view the replies made:<br>\n										<a href=\"$(general : (__VtigerMeta__) portaldetailviewurl)\">Ticket Details</a><br><br>\n										Thanks<br>$(general : (__VtigerMeta__) supportName)\";}'),(22,15,'Comment Added From CRM : Send Email to Organization','O:11:\"VTEmailTask\":9:{s:18:\"executeImmediately\";s:1:\"0\";s:7:\"summary\";s:51:\"Comment Added From CRM : Send Email to Organization\";s:6:\"active\";s:1:\"1\";s:2:\"id\";s:2:\"22\";s:10:\"workflowId\";s:2:\"15\";s:9:\"fromEmail\";s:93:\"$(general : (__VtigerMeta__) supportName)&lt;$(general : (__VtigerMeta__) supportEmailId)&gt;\";s:9:\"recepient\";s:34:\",$(parent_id : (Accounts) email1),\";s:7:\"subject\";s:79:\"$ticket_no [ Ticket Id : $(general : (__VtigerMeta__) recordId) ] $ticket_title\";s:7:\"content\";s:589:\"Ticket ID : $(general : (__VtigerMeta__) recordId)<br>Ticket Title : $ticket_title<br><br>\n								Dear $(parent_id : (Accounts) accountname),<br><br>\n								The Ticket is replied the details are :<br><br>\n								Ticket No : $ticket_no<br>\n								Status : $ticketstatus<br>\n								Category : $ticketcategories<br>\n								Severity : $ticketseverities<br>\n								Priority : $ticketpriorities<br><br>\n								Description : <br>$description<br><br>\n								Solution : <br>$solution<br>\n								The comments are : <br>\n								$allComments<br><br>\n								Regards<br>Support Administrator\";}'),(23,7,'Notify Record Owner when Ticket is created from Portal','O:11:\"VTEmailTask\":17:{s:18:\"executeImmediately\";s:1:\"0\";s:7:\"summary\";s:54:\"Notify Record Owner when Ticket is created from Portal\";s:6:\"active\";s:1:\"1\";s:2:\"id\";s:2:\"23\";s:10:\"workflowId\";s:1:\"7\";s:9:\"fromEmail\";s:118:\"$(contact_id : (Contacts) lastname) $(contact_id : (Contacts) firstname)<$(general : (__VtigerMeta__) supportEmailId)>\";s:9:\"recepient\";s:70:\",$(assigned_user_id : (Users) email1),$(contact_id : (Contacts) email)\";s:7:\"subject\";s:53:\"A new ticket has been created on the Customer Portal \";s:7:\"content\";s:471:\"<html>\r\n<head>\r\n	<title></title>\r\n</head>\r\n<body data-gr-ext-installed=\"\" data-new-gr-c-s-check-loaded=\"14.1029.0\">A ticket has been created on the Blue Technology Customer Portal.<br />\r\n<br />\r\nTicket No : $ticket_no<br />\r\nTicket ID : $(general : (__VtigerMeta__) recordId)<br />\r\nTicket Title : $ticket_title<br />\r\n<br />\r\n$description<br />\r\n<br />\r\n<grammarly-desktop-integration data-grammarly-shadow-root=\"true\"></grammarly-desktop-integration></body>\r\n</html>\r\n\";s:7:\"trigger\";N;s:7:\"emailcc\";s:0:\"\";s:8:\"emailbcc\";s:0:\"\";s:3:\"pdf\";s:0:\"\";s:13:\"pdfTemplateId\";s:0:\"\";s:9:\"signature\";s:0:\"\";s:7:\"replyTo\";s:0:\"\";s:19:\"field_value_mapping\";s:4:\"null\";}'),(24,20,'Send Email to Record Owner on Ticket Update','O:11:\"VTEmailTask\":17:{s:18:\"executeImmediately\";s:1:\"0\";s:7:\"summary\";s:43:\"Send Email to Record Owner on Ticket Update\";s:6:\"active\";s:1:\"1\";s:2:\"id\";s:2:\"24\";s:10:\"workflowId\";s:2:\"20\";s:9:\"fromEmail\";s:87:\"$(general : (__VtigerMeta__) supportName)<$(general : (__VtigerMeta__) supportEmailId)>\";s:9:\"recepient\";s:37:\",$(assigned_user_id : (Users) email1)\";s:7:\"subject\";s:70:\"UPDATE Ticket Number : $ticket_no $ticket_title DYNAMIX Number $cf_855\";s:7:\"content\";s:1014:\"<html>\r\n<head>\r\n	<title></title>\r\n</head>\r\n<body data-gr-ext-installed=\"\" data-new-gr-c-s-check-loaded=\"14.1030.0\">Dear $(assigned_user_id : (Users) last_name) $(assigned_user_id : (Users) first_name),<br />\r\n<br />\r\n<br />\r\nThere is an update to:<br />\r\n<br />\r\nTicket ID : $(general : (__VtigerMeta__) recordId)<br />\r\nTicket Title : $ticket_title<br />\r\n<br />\r\n<br />\r\nTicket No : $ticket_no<br />\r\nStatus : $ticketstatus<br />\r\nCategory : $ticketcategories<br />\r\nSeverity : $ticketseverities<br />\r\nPriority : $ticketpriorities<br />\r\n<br />\r\nDescription :<br />\r\n$description<br />\r\n<br />\r\nSolution :<br />\r\n$solution $allComments<br />\r\n<br />\r\n$(assigned_user_id : (Users) description)<br />\r\n<br />\r\nRegards,<br />\r\n<span style=\"font-size: 20px;\"><strong>JC</strong></span><br />\r\n<span style=\"font-family: verdana, geneva, sans-serif;\">BLUE TECHNOLOGY<br />\r\nSupport Administrator</span><grammarly-desktop-integration data-grammarly-shadow-root=\"true\"></grammarly-desktop-integration></body>\r\n</html>\r\n\";s:7:\"trigger\";N;s:7:\"emailcc\";s:8:\",$cf_897\";s:8:\"emailbcc\";s:0:\"\";s:3:\"pdf\";s:0:\"\";s:13:\"pdfTemplateId\";s:0:\"\";s:9:\"signature\";s:0:\"\";s:7:\"replyTo\";s:0:\"\";s:19:\"field_value_mapping\";s:4:\"null\";}'),(25,21,'Ticket Creation From CRM : Send Email to Record Owner','O:11:\"VTEmailTask\":17:{s:18:\"executeImmediately\";s:1:\"0\";s:7:\"summary\";s:53:\"Ticket Creation From CRM : Send Email to Record Owner\";s:6:\"active\";s:1:\"1\";s:2:\"id\";s:2:\"25\";s:10:\"workflowId\";s:2:\"21\";s:9:\"fromEmail\";s:87:\"$(general : (__VtigerMeta__) supportName)<$(general : (__VtigerMeta__) supportEmailId)>\";s:9:\"recepient\";s:45:\",$(assigned_user_id : (Users) email1),$cf_897\";s:7:\"subject\";s:104:\"YOU HAVE BEEN ASSIGNED TO A NEW TICKET - Ticket Number : $ticket_no $ticket_title DYNAMIX NUMBER $cf_855\";s:7:\"content\";s:973:\"<html>\r\n<head>\r\n	<title></title>\r\n</head>\r\n<body data-gr-ext-installed=\"\" data-new-gr-c-s-check-loaded=\"14.1029.0\">Ticket ID : $(general : (__VtigerMeta__) recordId)<br />\r\nTicket Title : $ticket_title<br />\r\n<br />\r\nDear $(assigned_user_id : (Users) last_name) $(assigned_user_id : (Users) first_name),<br />\r\n<br />\r\nYou have been assigned to the following ticket:<br />\r\n<br />\r\nTicket No : $ticket_no<br />\r\nStatus : $ticketstatus<br />\r\nCategory : $ticketcategories<br />\r\nSeverity : $ticketseverities<br />\r\nPriority : $ticketpriorities<br />\r\n<br />\r\nDYNAMIX TICKET NUMBER:&nbsp;$cf_855<br />\r\n<br />\r\nDescription :<br />\r\n$description<br />\r\n<br />\r\n<br />\r\n<br />\r\nRegards,<br />\r\n<span style=\"font-size:20px;\"><strong>JC</strong></span><br />\r\n<span style=\"font-family:verdana,geneva,sans-serif;\">BLUE TECHNOLOGY<br />\r\nSupport Administrator</span><grammarly-desktop-integration data-grammarly-shadow-root=\"true\"></grammarly-desktop-integration></body>\r\n</html>\r\n\";s:7:\"trigger\";N;s:7:\"emailcc\";s:23:\"jc@mybluetechnology.com\";s:8:\"emailbcc\";s:0:\"\";s:3:\"pdf\";s:0:\"\";s:13:\"pdfTemplateId\";s:0:\"\";s:9:\"signature\";s:0:\"\";s:7:\"replyTo\";s:0:\"\";s:19:\"field_value_mapping\";s:4:\"null\";}'),(26,22,'Send Email to Organization on Ticket Update','O:11:\"VTEmailTask\":9:{s:18:\"executeImmediately\";s:1:\"0\";s:7:\"summary\";s:43:\"Send Email to Organization on Ticket Update\";s:6:\"active\";s:1:\"1\";s:2:\"id\";s:2:\"26\";s:9:\"fromEmail\";s:93:\"$(general : (__VtigerMeta__) supportName)&lt;$(general : (__VtigerMeta__) supportEmailId)&gt;\";s:9:\"recepient\";s:33:\",$(parent_id : (Accounts) email1)\";s:7:\"subject\";s:79:\"$ticket_no [ Ticket Id : $(general : (__VtigerMeta__) recordId) ] $ticket_title\";s:7:\"content\";s:589:\"Ticket ID : $(general : (__VtigerMeta__) recordId)<br>Ticket Title : $ticket_title<br><br>\n								Dear $(parent_id : (Accounts) accountname),<br><br>\n								The Ticket is replied the details are :<br><br>\n								Ticket No : $ticket_no<br>\n								Status : $ticketstatus<br>\n								Category : $ticketcategories<br>\n								Severity : $ticketseverities<br>\n								Priority : $ticketpriorities<br><br>\n								Description : <br>$description<br><br>\n								Solution : <br>$solution<br>\n								The comments are : <br>\n								$allComments<br><br>\n								Regards<br>Support Administrator\";s:10:\"workflowId\";s:2:\"22\";}'),(27,23,'Ticket Creation From CRM : Send Email to Organization','O:11:\"VTEmailTask\":17:{s:18:\"executeImmediately\";s:1:\"0\";s:7:\"summary\";s:53:\"Ticket Creation From CRM : Send Email to Organization\";s:6:\"active\";s:1:\"1\";s:2:\"id\";s:2:\"27\";s:9:\"fromEmail\";s:87:\"$(general : (__VtigerMeta__) supportName)<$(general : (__VtigerMeta__) supportEmailId)>\";s:9:\"recepient\";s:33:\",$(parent_id : (Accounts) email1)\";s:7:\"subject\";s:79:\"$ticket_no [ Ticket Id : $(general : (__VtigerMeta__) recordId) ] $ticket_title\";s:7:\"content\";s:837:\"<html>\r\n<head>\r\n	<title></title>\r\n</head>\r\n<body data-gr-ext-installed=\"\" data-new-gr-c-s-check-loaded=\"14.1029.0\">Ticket ID : $(general : (__VtigerMeta__) recordId)<br />\r\nTicket Title : $ticket_title<br />\r\n<br />\r\nDear $(parent_id : (Accounts) accountname),<br />\r\n<br />\r\nThe Ticket is replied the details are :<br />\r\n<br />\r\nTicket No : $ticket_no<br />\r\nStatus : $ticketstatus<br />\r\nCategory : $ticketcategories<br />\r\nSeverity : $ticketseverities<br />\r\nPriority : $ticketpriorities<br />\r\n<br />\r\nDescription :<br />\r\n$description<br />\r\n<br />\r\nSolution :<br />\r\n$solution<br />\r\nThe comments are :<br />\r\n$allComments<br />\r\n<br />\r\nRegards<br />\r\nBLUE TECHNIOLOGY TICKETING SYSTEM<br />\r\nSupport Administrator</body>\r\n<grammarly-desktop-integration data-grammarly-shadow-root=\"true\"></grammarly-desktop-integration></html>\r\n\";s:10:\"workflowId\";s:2:\"23\";s:7:\"trigger\";N;s:7:\"emailcc\";s:0:\"\";s:8:\"emailbcc\";s:0:\"\";s:3:\"pdf\";s:0:\"\";s:13:\"pdfTemplateId\";s:0:\"\";s:9:\"signature\";s:0:\"\";s:7:\"replyTo\";s:0:\"\";s:19:\"field_value_mapping\";s:4:\"null\";}'),(28,24,'Ticket Creation From CRM : Send Email to Contact','O:11:\"VTEmailTask\":17:{s:18:\"executeImmediately\";s:1:\"0\";s:7:\"summary\";s:48:\"Ticket Creation From CRM : Send Email to Contact\";s:6:\"active\";s:1:\"1\";s:2:\"id\";s:2:\"28\";s:9:\"fromEmail\";s:87:\"$(general : (__VtigerMeta__) supportName)<$(general : (__VtigerMeta__) supportEmailId)>\";s:9:\"recepient\";s:33:\",$(contact_id : (Contacts) email)\";s:7:\"subject\";s:90:\"NEW TICKET $ticket_no [ Ticket Id : $(general : (__VtigerMeta__) recordId) ] $ticket_title\";s:7:\"content\";s:983:\"<html>\r\n<head>\r\n	<title></title>\r\n</head>\r\n<body data-gr-ext-installed=\"\" data-new-gr-c-s-check-loaded=\"14.1029.0\">Ticket ID : $(general : (__VtigerMeta__) recordId)<br />\r\nTicket Title : $ticket_title<br />\r\n<br />\r\nDear $(contact_id : (Contacts) lastname) $(contact_id : (Contacts) firstname),<br />\r\n<br />\r\nThe Ticket is replied the details are :<br />\r\n<br />\r\nTicket No : $ticket_no<br />\r\nStatus : $ticketstatus<br />\r\nCategory : $ticketcategories<br />\r\nSeverity : $ticketseverities<br />\r\nPriority : $ticketpriorities<br />\r\n<br />\r\nDescription :<br />\r\n$description<br />\r\n<br />\r\nSolution :<br />\r\n$solution<br />\r\nThe comments are :<br />\r\n$allComments<br />\r\n<br />\r\nRegards,<br />\r\n<span style=\"font-size: 20px;\"><strong>JC</strong></span><br />\r\n<span style=\"font-family: verdana, geneva, sans-serif;\">BLUE TECHNOLOGY<br />\r\nSupport Administrator</span><grammarly-desktop-integration data-grammarly-shadow-root=\"true\"></grammarly-desktop-integration></body>\r\n</html>\r\n\";s:10:\"workflowId\";s:2:\"24\";s:7:\"trigger\";N;s:7:\"emailcc\";s:0:\"\";s:8:\"emailbcc\";s:0:\"\";s:3:\"pdf\";s:0:\"\";s:13:\"pdfTemplateId\";s:0:\"\";s:9:\"signature\";s:0:\"\";s:7:\"replyTo\";s:0:\"\";s:19:\"field_value_mapping\";s:4:\"null\";}'),(31,27,'CalTimeHours','O:18:\"VTEntityMethodTask\":8:{s:18:\"executeImmediately\";b:1;s:10:\"workflowId\";s:2:\"27\";s:7:\"summary\";s:12:\"CalTimeHours\";s:6:\"active\";b:1;s:7:\"trigger\";N;s:10:\"methodName\";s:32:\"Workflow Creantis - CalTimeHours\";s:19:\"field_value_mapping\";s:4:\"null\";s:2:\"id\";i:31;}'),(32,28,'CalTimeHoursCheckin','O:18:\"VTEntityMethodTask\":8:{s:18:\"executeImmediately\";b:1;s:10:\"workflowId\";s:2:\"28\";s:7:\"summary\";s:19:\"CalTimeHoursCheckin\";s:6:\"active\";b:1;s:7:\"trigger\";N;s:10:\"methodName\";s:39:\"Workflow Creantis - CalTimeHoursCheckin\";s:19:\"field_value_mapping\";s:4:\"null\";s:2:\"id\";i:32;}'),(33,29,'CalTimeHoursCheckout','O:18:\"VTEntityMethodTask\":8:{s:18:\"executeImmediately\";b:1;s:10:\"workflowId\";s:2:\"29\";s:7:\"summary\";s:20:\"CalTimeHoursCheckout\";s:6:\"active\";b:1;s:7:\"trigger\";N;s:10:\"methodName\";s:40:\"Workflow Creantis - CalTimeHoursCheckout\";s:19:\"field_value_mapping\";s:4:\"null\";s:2:\"id\";i:33;}'),(34,30,'private = 0','O:18:\"VTUpdateFieldsTask\":8:{s:18:\"executeImmediately\";b:1;s:43:\"\0VTUpdateFieldsTask\0referenceFieldFocusList\";a:0:{}s:10:\"workflowId\";s:2:\"30\";s:7:\"summary\";s:11:\"private = 0\";s:6:\"active\";b:1;s:7:\"trigger\";N;s:19:\"field_value_mapping\";s:62:\"[{\"fieldname\":\"is_private\",\"value\":\"0\",\"valuetype\":\"rawtext\"}]\";s:2:\"id\";i:34;}');

--
-- Table structure for table `com_vtiger_workflowtasks_entitymethod`
--

CREATE TABLE `com_vtiger_workflowtasks_entitymethod` (
  `workflowtasks_entitymethod_id` int(11) NOT NULL,
  `module_name` varchar(100) DEFAULT NULL,
  `method_name` varchar(100) DEFAULT NULL,
  `function_path` varchar(400) DEFAULT NULL,
  `function_name` varchar(100) DEFAULT NULL,
  PRIMARY KEY (`workflowtasks_entitymethod_id`),
  UNIQUE KEY `com_vtiger_workflowtasks_entitymethod_idx` (`workflowtasks_entitymethod_id`)
) ENGINE=InnoDB DEFAULT CHARSET=utf8mb4 COLLATE=utf8mb4_general_ci;

--
-- Dumping data for table `com_vtiger_workflowtasks_entitymethod`
--

INSERT INTO `com_vtiger_workflowtasks_entitymethod` VALUES (1,'SalesOrder','UpdateInventory','include/InventoryHandler.php','handleInventoryProductRel'),(2,'Invoice','UpdateInventory','include/InventoryHandler.php','handleInventoryProductRel'),(3,'Contacts','SendPortalLoginDetails','modules/Contacts/ContactsHandler.php','Contacts_sendCustomerPortalLoginDetails'),(4,'HelpDesk','NotifyOnPortalTicketCreation','modules/HelpDesk/HelpDeskHandler.php','HelpDesk_nofifyOnPortalTicketCreation'),(5,'HelpDesk','NotifyOnPortalTicketComment','modules/HelpDesk/HelpDeskHandler.php','HelpDesk_notifyOnPortalTicketComment'),(6,'HelpDesk','NotifyOwnerOnTicketChange','modules/HelpDesk/HelpDeskHandler.php','HelpDesk_notifyOwnerOnTicketChange'),(7,'HelpDesk','NotifyParentOnTicketChange','modules/HelpDesk/HelpDeskHandler.php','HelpDesk_notifyParentOnTicketChange'),(8,'ModComments','CustomerCommentFromPortal','modules/ModComments/ModCommentsHandler.php','CustomerCommentFromPortal'),(9,'ModComments','TicketOwnerComments','modules/ModComments/ModCommentsHandler.php','TicketOwnerComments'),(10,'PurchaseOrder','UpdateInventory','include/InventoryHandler.php','handleInventoryProductRel'),(11,'HelpDesk','Workflow Creantis - CalTimeHours','workflows/HelpDesk/CalTimeHours.inc','CalTimeHours'),(12,'HelpDesk','Workflow Creantis - CalTimeHoursCheckin','workflows/HelpDesk/CalTimeHoursCheckin.inc','CalTimeHoursCheckin'),(13,'HelpDesk','Workflow Creantis - CalTimeHoursCheckout','workflows/HelpDesk/CalTimeHoursCheckout.inc','CalTimeHoursCheckout');

--
-- Table structure for table `com_vtiger_workflowtasks_entitymethod_seq`
--

CREATE TABLE `com_vtiger_workflowtasks_entitymethod_seq` (
  `id` int(11) NOT NULL
) ENGINE=InnoDB DEFAULT CHARSET=utf8mb4 COLLATE=utf8mb4_general_ci;

--
-- Dumping data for table `com_vtiger_workflowtasks_entitymethod_seq`
--

INSERT INTO `com_vtiger_workflowtasks_entitymethod_seq` VALUES (13);

--
-- Table structure for table `com_vtiger_workflowtasks_seq`
--

CREATE TABLE `com_vtiger_workflowtasks_seq` (
  `id` int(11) NOT NULL
) ENGINE=InnoDB DEFAULT CHARSET=utf8mb4 COLLATE=utf8mb4_general_ci;

--
-- Dumping data for table `com_vtiger_workflowtasks_seq`
--

INSERT INTO `com_vtiger_workflowtasks_seq` VALUES (34);

--
-- Table structure for table `com_vtiger_workflowtemplates`
--

CREATE TABLE `com_vtiger_workflowtemplates` (
  `template_id` int(11) NOT NULL AUTO_INCREMENT,
  `module_name` varchar(100) DEFAULT NULL,
  `title` varchar(400) DEFAULT NULL,
  `template` text DEFAULT NULL,
  PRIMARY KEY (`template_id`)
) ENGINE=InnoDB DEFAULT CHARSET=utf8mb4 COLLATE=utf8mb4_general_ci;

--
-- Dumping data for table `com_vtiger_workflowtemplates`
--


--
-- Table structure for table `log_fieldallmodule`
--

CREATE TABLE `log_fieldallmodule` (
  `id_log_field_all_module` int(6) unsigned NOT NULL AUTO_INCREMENT,
  `tabla_bloque` varchar(255) NOT NULL,
  `uitype` text NOT NULL,
  `displaytype` text NOT NULL,
  `label_view` text NOT NULL,
  `columna_database` text NOT NULL,
  `columntype_database` text DEFAULT NULL,
  PRIMARY KEY (`id_log_field_all_module`)
) ENGINE=InnoDB AUTO_INCREMENT=2 DEFAULT CHARSET=utf8 COLLATE=utf8_general_ci;

--
-- Dumping data for table `log_fieldallmodule`
--

INSERT INTO `log_fieldallmodule` VALUES (1,'vtiger_troubletickets [LBL_TICKET_INFORMATION]','(1) TEXT - V~O','1','Portal-Organization-Name','cr_orgname_portaltext','TEXT');

--
-- Table structure for table `portalpass`
--

CREATE TABLE `portalpass` (
  `idportalpass` bigint(20) NOT NULL AUTO_INCREMENT,
  `username` text NOT NULL,
  `pass` text NOT NULL,
  PRIMARY KEY (`idportalpass`)
) ENGINE=InnoDB AUTO_INCREMENT=3 DEFAULT CHARSET=utf8mb4 COLLATE=utf8mb4_general_ci;

--
-- Dumping data for table `portalpass`
--

INSERT INTO `portalpass` VALUES (2,'chdgp1988@gmail.com','ft5jz41e');

--
-- Table structure for table `vtiger_account`
--

CREATE TABLE `vtiger_account` (
  `accountid` int(11) NOT NULL DEFAULT 0,
  `account_no` varchar(100) NOT NULL,
  `accountname` varchar(100) NOT NULL,
  `parentid` int(11) DEFAULT 0,
  `account_type` varchar(200) DEFAULT NULL,
  `industry` varchar(200) DEFAULT NULL,
  `annualrevenue` decimal(25,8) DEFAULT NULL,
  `rating` varchar(200) DEFAULT NULL,
  `ownership` varchar(50) DEFAULT NULL,
  `siccode` varchar(50) DEFAULT NULL,
  `tickersymbol` varchar(30) DEFAULT NULL,
  `phone` varchar(30) DEFAULT NULL,
  `otherphone` varchar(30) DEFAULT NULL,
  `email1` varchar(100) DEFAULT NULL,
  `email2` varchar(100) DEFAULT NULL,
  `website` varchar(100) DEFAULT NULL,
  `fax` varchar(30) DEFAULT NULL,
  `employees` int(11) DEFAULT 0,
  `emailoptout` varchar(3) DEFAULT '0',
  `notify_owner` varchar(3) DEFAULT '0',
  `isconvertedfromlead` varchar(3) DEFAULT '0',
  `tags` varchar(1) DEFAULT NULL,
  PRIMARY KEY (`accountid`),
  KEY `account_account_type_idx` (`account_type`),
  KEY `email_idx` (`email1`,`email2`),
  CONSTRAINT `fk_1_vtiger_account` FOREIGN KEY (`accountid`) REFERENCES `vtiger_crmentity` (`crmid`) ON DELETE CASCADE
) ENGINE=InnoDB DEFAULT CHARSET=utf8mb4 COLLATE=utf8mb4_general_ci;

--
-- Dumping data for table `vtiger_account`
--

INSERT INTO `vtiger_account` VALUES (2,'ACC000001','Back Of the House',0,'','',NULL,NULL,NULL,'',NULL,'','',NULL,NULL,'',NULL,0,'0','0','0',''),(3,'ACC000002','CBRD001-The Bird - New Montgomery',2,'','',NULL,NULL,NULL,'',NULL,'','',NULL,NULL,'',NULL,0,'0','0','0',''),(4,'ACC000003','CBRD002-The Bird Hayes-AWB',2,'','',NULL,NULL,NULL,'',NULL,'','',NULL,NULL,'',NULL,0,'0','0','0',''),(5,'ACC000004','CSD001-SD Castro (Mburger LLC)',2,'','',NULL,NULL,NULL,'',NULL,'','',NULL,NULL,'',NULL,0,'0','0','0',''),(6,'ACC000005','CSD002-SD FIDI (JBURGER LLC)',2,'','',NULL,NULL,NULL,'',NULL,'','',NULL,NULL,'',NULL,0,'0','0','0',''),(7,'ACC000006','CSD003-SD Chestnut  (Eburger LLC)',2,'','',NULL,NULL,NULL,'',NULL,'','',NULL,NULL,'',NULL,0,'0','0','0',''),(8,'ACC000007','CSD004-SD Mill Valley (Dburger LLC)',2,'','',NULL,NULL,NULL,'',NULL,'','',NULL,NULL,'',NULL,0,'0','0','0',''),(9,'ACC000008','CSD005-SD Metreon (Metburger LLC)',2,'','',NULL,NULL,NULL,'',NULL,'','',NULL,NULL,'',NULL,0,'0','0','0',''),(10,'ACC000009','CSD007-SD Embarcadero (Mission 98 Super LLC)',2,'','',NULL,NULL,NULL,'',NULL,'','',NULL,NULL,'',NULL,0,'0','0','0',''),(11,'ACC000010','CSD008-SD Novato (Super Novato LLC)',2,'','',NULL,NULL,NULL,'',NULL,'','',NULL,NULL,'',NULL,0,'0','0','0',''),(12,'ACC000011','CSD010-SD Los Gatos (Super Los Gatos)',2,'','',NULL,NULL,NULL,'',NULL,'','',NULL,NULL,'',NULL,0,'0','0','0',''),(13,'ACC000012','CSD011-SD Concord - The Veranda Super LLC',2,'','',NULL,NULL,NULL,'',NULL,'','',NULL,NULL,'',NULL,0,'0','0','0',''),(14,'ACC000013','CSD012-SD Berkeley (2355 Telegraph LLC)',2,'','',NULL,NULL,NULL,'',NULL,'','',NULL,NULL,'',NULL,0,'0','0','0',''),(15,'ACC000014','CSD013-SD Westgate (5399 Prospect Road LLC)',2,'','',NULL,NULL,NULL,'',NULL,'','',NULL,NULL,'',NULL,0,'0','0','0',''),(16,'ACC000015','CSD014-SD Emeryville - SuperEmeryvilleLLC',2,'','',NULL,NULL,NULL,'',NULL,'','',NULL,NULL,'',NULL,0,'0','0','0',''),(17,'ACC000016','CSD019-SD Laurel Village (3401 California LLC)',2,'','',NULL,NULL,NULL,'',NULL,'','',NULL,NULL,'',NULL,0,'0','0','0',''),(18,'ACC000017','CSD020 - SD Serramonte - (Super Serramonte LLC)',2,'','',NULL,NULL,NULL,'',NULL,'','',NULL,NULL,'',NULL,0,'0','0','0',''),(19,'ACC000018','CSD021-SD Napa (Super Napa LLC)',2,'','',NULL,NULL,NULL,'',NULL,'','',NULL,NULL,'',NULL,0,'0','0','0',''),(20,'ACC000019','CUDT001-Unos Dos Tacos',2,'','',NULL,NULL,NULL,'',NULL,'','',NULL,NULL,'',NULL,0,'0','0','0',''),(21,'ACC000020','FAMA001-aMano SF',2,'','',NULL,NULL,NULL,'',NULL,'','',NULL,NULL,'',NULL,0,'0','0','0',''),(22,'ACC000021','FBER001-Beretta',2,'','',NULL,NULL,NULL,'',NULL,'','',NULL,NULL,'',NULL,0,'0','0','0',''),(23,'ACC000022','FBER002-Beretta Popup',2,'','',NULL,NULL,NULL,'',NULL,'','',NULL,NULL,'',NULL,0,'0','0','0',''),(24,'ACC000023','FDLA001-DeLaRosa Chestnut',2,'','',NULL,NULL,NULL,'',NULL,'','',NULL,NULL,'',NULL,0,'0','0','0',''),(25,'ACC000024','FDLA002-DeLaRosa-Yerba Buena',2,'','',NULL,NULL,NULL,'',NULL,'','',NULL,NULL,'',NULL,0,'0','0','0',''),(26,'ACC000025','FDLA003-DelaRosa San Ramon',2,'','',NULL,NULL,NULL,'',NULL,'','',NULL,NULL,'',NULL,0,'0','0','0',''),(27,'ACC000026','FFLR001-Flores Union',2,'','',NULL,NULL,NULL,'',NULL,'','',NULL,NULL,'',NULL,0,'0','0','0',''),(28,'ACC000027','FFLR002-Flores Corte Madera',0,'','',NULL,NULL,NULL,'',NULL,'','',NULL,NULL,'',NULL,0,'0','0','0',''),(29,'ACC000028','FLOL001-Lolinda',2,'','',NULL,NULL,NULL,'',NULL,'','',NULL,NULL,'',NULL,0,'0','0','0',''),(30,'ACC000029','FRDR001 - Rad Radish',0,'','',NULL,NULL,NULL,'',NULL,'','',NULL,NULL,'',NULL,0,'0','0','0',''),(31,'ACC000030','FSRB001-Starbelly',0,'','',NULL,NULL,NULL,'',NULL,'','',NULL,NULL,'',NULL,0,'0','0','0',''),(32,'ACC000031','FTAI001-Tailors Son',2,'','',NULL,NULL,NULL,'',NULL,'','',NULL,NULL,'',NULL,0,'0','0','0',''),(33,'ACC000032','FWLD001 - Wildseed Union',0,'','',NULL,NULL,NULL,'',NULL,'','',NULL,NULL,'',NULL,0,'0','0','0',''),(34,'ACC000033','FWLD002-Wildseed-PaloAlto',2,'','',NULL,NULL,NULL,'',NULL,'','',NULL,NULL,'',NULL,0,'0','0','0',''),(35,'ACC000034','Back of the House Inc. Headquarter',0,'','',NULL,NULL,NULL,'',NULL,'','',NULL,NULL,'',NULL,0,'0','0','0',''),(449,'ACC000035','FCOR001 Corzetti',2,'Customer','',NULL,NULL,NULL,'',NULL,'','',NULL,NULL,'',NULL,0,'0','0','0',''),(450,'ACC000036','FLOL001ET-El Techo',2,'Customer','',NULL,NULL,NULL,'',NULL,'','',NULL,NULL,'',NULL,0,'0','0','0','');

--
-- Table structure for table `vtiger_accountbillads`
--

CREATE TABLE `vtiger_accountbillads` (
  `accountaddressid` int(11) NOT NULL DEFAULT 0,
  `bill_city` varchar(30) DEFAULT NULL,
  `bill_code` varchar(30) DEFAULT NULL,
  `bill_country` varchar(30) DEFAULT NULL,
  `bill_state` varchar(30) DEFAULT NULL,
  `bill_street` varchar(250) DEFAULT NULL,
  `bill_pobox` varchar(30) DEFAULT NULL,
  PRIMARY KEY (`accountaddressid`),
  CONSTRAINT `fk_1_vtiger_accountbillads` FOREIGN KEY (`accountaddressid`) REFERENCES `vtiger_account` (`accountid`) ON DELETE CASCADE
) ENGINE=InnoDB DEFAULT CHARSET=utf8mb4 COLLATE=utf8mb4_general_ci;

--
-- Dumping data for table `vtiger_accountbillads`
--

INSERT INTO `vtiger_accountbillads` VALUES (2,'','','','','',''),(3,'','','','','',''),(4,'','','','','',''),(5,'','','','','',''),(6,'','','','','',''),(7,'','','','','',''),(8,'','','','','',''),(9,'','','','','',''),(10,'','','','','',''),(11,'','','','','',''),(12,'','','','','',''),(13,'','','','','',''),(14,'','','','','',''),(15,'','','','','',''),(16,'','','','','',''),(17,'','','','','',''),(18,'','','','','',''),(19,'','','','','',''),(20,'','','','','',''),(21,'','','','','',''),(22,'','','','','',''),(23,'','','','','',''),(24,'','','','','',''),(25,'','','','','',''),(26,'','','','','',''),(27,'','','','','',''),(28,'','','','','',''),(29,'','','','','',''),(30,'','','','','',''),(31,'','','','','',''),(32,'','','','','',''),(33,'','','','','',''),(34,'','','','','',''),(35,'','','','','',''),(449,'','','','','386 Geary St, San Francisco, CA 94102',''),(450,'','','','','','');

--
-- Table structure for table `vtiger_accountrating`
--

CREATE TABLE `vtiger_accountrating` (
  `accountratingid` int(11) NOT NULL AUTO_INCREMENT,
  `rating` varchar(200) NOT NULL,
  `sortorderid` int(11) NOT NULL DEFAULT 0,
  `presence` int(11) NOT NULL DEFAULT 1,
  PRIMARY KEY (`accountratingid`),
  UNIQUE KEY `accountrating_rating_idx` (`rating`)
) ENGINE=InnoDB DEFAULT CHARSET=utf8mb4 COLLATE=utf8mb4_general_ci;

--
-- Dumping data for table `vtiger_accountrating`
--


--
-- Table structure for table `vtiger_accountscf`
--

CREATE TABLE `vtiger_accountscf` (
  `accountid` int(11) NOT NULL DEFAULT 0,
  `cf_857` varchar(50) DEFAULT '',
  `cf_899` varchar(1) DEFAULT '',
  PRIMARY KEY (`accountid`),
  CONSTRAINT `fk_1_vtiger_accountscf` FOREIGN KEY (`accountid`) REFERENCES `vtiger_account` (`accountid`) ON DELETE CASCADE
) ENGINE=InnoDB DEFAULT CHARSET=utf8mb4 COLLATE=utf8mb4_general_ci;

--
-- Dumping data for table `vtiger_accountscf`
--

INSERT INTO `vtiger_accountscf` VALUES (2,'',''),(3,'',''),(4,'',''),(5,'',''),(6,'',''),(7,'',''),(8,'',''),(9,'',''),(10,'',''),(11,'',''),(12,'',''),(13,'',''),(14,'',''),(15,'',''),(16,'',''),(17,'',''),(18,'',''),(19,'',''),(20,'',''),(21,'',''),(22,'',''),(23,'',''),(24,'',''),(25,'',''),(26,'',''),(27,'',''),(28,'',''),(29,'',''),(30,'',''),(31,'',''),(32,'',''),(33,'',''),(34,'',''),(35,'',''),(449,'',''),(450,'','');

--
-- Table structure for table `vtiger_accountshipads`
--

CREATE TABLE `vtiger_accountshipads` (
  `accountaddressid` int(11) NOT NULL DEFAULT 0,
  `ship_city` varchar(30) DEFAULT NULL,
  `ship_code` varchar(30) DEFAULT NULL,
  `ship_country` varchar(30) DEFAULT NULL,
  `ship_state` varchar(30) DEFAULT NULL,
  `ship_pobox` varchar(30) DEFAULT NULL,
  `ship_street` varchar(250) DEFAULT NULL,
  PRIMARY KEY (`accountaddressid`),
  CONSTRAINT `fk_1_vtiger_accountshipads` FOREIGN KEY (`accountaddressid`) REFERENCES `vtiger_account` (`accountid`) ON DELETE CASCADE
) ENGINE=InnoDB DEFAULT CHARSET=utf8mb4 COLLATE=utf8mb4_general_ci;

--
-- Dumping data for table `vtiger_accountshipads`
--

INSERT INTO `vtiger_accountshipads` VALUES (2,'','','','','',''),(3,'','','','','',''),(4,'','','','','',''),(5,'','','','','',''),(6,'','','','','',''),(7,'','','','','',''),(8,'','','','','',''),(9,'','','','','',''),(10,'','','','','',''),(11,'','','','','',''),(12,'','','','','',''),(13,'','','','','',''),(14,'','','','','',''),(15,'','','','','',''),(16,'','','','','',''),(17,'','','','','',''),(18,'','','','','',''),(19,'','','','','',''),(20,'','','','','',''),(21,'','','','','',''),(22,'','','','','',''),(23,'','','','','',''),(24,'','','','','',''),(25,'','','','','',''),(26,'','','','','',''),(27,'','','','','',''),(28,'','','','','',''),(29,'','','','','',''),(30,'','','','','',''),(31,'','','','','',''),(32,'','','','','',''),(33,'','','','','',''),(34,'','','','','',''),(35,'','','','','',''),(449,'','','','','','386 Geary St, San Francisco, CA 94102'),(450,'','','','','','');

--
-- Table structure for table `vtiger_accounttype`
--

CREATE TABLE `vtiger_accounttype` (
  `accounttypeid` int(11) NOT NULL AUTO_INCREMENT,
  `accounttype` varchar(200) NOT NULL,
  `presence` int(11) NOT NULL DEFAULT 1,
  `picklist_valueid` int(11) NOT NULL DEFAULT 0,
  `sortorderid` int(11) DEFAULT NULL,
  `color` varchar(10) DEFAULT NULL,
  PRIMARY KEY (`accounttypeid`),
  UNIQUE KEY `accounttype_accounttype_idx` (`accounttype`)
) ENGINE=InnoDB AUTO_INCREMENT=12 DEFAULT CHARSET=utf8mb4 COLLATE=utf8mb4_general_ci;

--
-- Dumping data for table `vtiger_accounttype`
--

INSERT INTO `vtiger_accounttype` VALUES (2,'Analyst',1,2,1,NULL),(3,'Competitor',1,3,2,NULL),(4,'Customer',1,4,3,NULL),(5,'Integrator',1,5,4,NULL),(6,'Investor',1,6,5,NULL),(7,'Partner',1,7,6,NULL),(8,'Press',1,8,7,NULL),(9,'Prospect',1,9,8,NULL),(10,'Reseller',1,10,9,NULL),(11,'Other',1,11,10,NULL);

--
-- Table structure for table `vtiger_accounttype_seq`
--

CREATE TABLE `vtiger_accounttype_seq` (
  `id` int(11) NOT NULL
) ENGINE=InnoDB DEFAULT CHARSET=utf8mb4 COLLATE=utf8mb4_general_ci;

--
-- Dumping data for table `vtiger_accounttype_seq`
--

INSERT INTO `vtiger_accounttype_seq` VALUES (11);

--
-- Table structure for table `vtiger_actionmapping`
--

CREATE TABLE `vtiger_actionmapping` (
  `actionid` int(11) NOT NULL,
  `actionname` varchar(200) NOT NULL,
  `securitycheck` int(11) DEFAULT NULL,
  PRIMARY KEY (`actionid`,`actionname`)
) ENGINE=InnoDB DEFAULT CHARSET=utf8mb4 COLLATE=utf8mb4_general_ci;

--
-- Dumping data for table `vtiger_actionmapping`
--

INSERT INTO `vtiger_actionmapping` VALUES (0,'Save',0),(0,'SavePriceBook',1),(0,'SaveVendor',1),(1,'DetailViewAjax',1),(1,'EditView',0),(1,'PriceBookEditView',1),(1,'QuickCreate',1),(1,'VendorEditView',1),(2,'Delete',0),(2,'DeletePriceBook',1),(2,'DeleteVendor',1),(3,'index',0),(3,'Popup',1),(4,'DetailView',0),(4,'PriceBookDetailView',1),(4,'TagCloud',1),(4,'VendorDetailView',1),(5,'Import',0),(6,'Export',0),(7,'CreateView',0),(8,'Merge',0),(9,'ConvertLead',0),(10,'DuplicatesHandling',0),(13,'Print',0);

--
-- Table structure for table `vtiger_activity`
--

CREATE TABLE `vtiger_activity` (
  `activityid` int(11) NOT NULL DEFAULT 0,
  `subject` varchar(255) DEFAULT NULL,
  `semodule` varchar(20) DEFAULT NULL,
  `activitytype` varchar(200) NOT NULL,
  `date_start` date NOT NULL,
  `due_date` date DEFAULT NULL,
  `time_start` varchar(50) DEFAULT NULL,
  `time_end` varchar(50) DEFAULT NULL,
  `sendnotification` varchar(3) NOT NULL DEFAULT '0',
  `duration_hours` varchar(200) DEFAULT NULL,
  `duration_minutes` varchar(200) DEFAULT NULL,
  `status` varchar(200) DEFAULT NULL,
  `eventstatus` varchar(200) DEFAULT NULL,
  `priority` varchar(200) DEFAULT NULL,
  `location` varchar(150) DEFAULT NULL,
  `notime` varchar(3) NOT NULL DEFAULT '0',
  `visibility` varchar(50) NOT NULL DEFAULT 'all',
  `recurringtype` varchar(200) DEFAULT NULL,
  `tags` varchar(1) DEFAULT NULL,
  PRIMARY KEY (`activityid`),
  KEY `activity_activityid_subject_idx` (`activityid`,`subject`),
  KEY `activity_activitytype_date_start_idx` (`activitytype`,`date_start`),
  KEY `activity_date_start_due_date_idx` (`date_start`,`due_date`),
  KEY `activity_date_start_time_start_idx` (`date_start`,`time_start`),
  KEY `activity_eventstatus_idx` (`eventstatus`),
  KEY `activity_status_idx` (`status`),
  CONSTRAINT `fk_1_vtiger_activity` FOREIGN KEY (`activityid`) REFERENCES `vtiger_crmentity` (`crmid`) ON DELETE CASCADE
) ENGINE=InnoDB DEFAULT CHARSET=utf8mb4 COLLATE=utf8mb4_general_ci;

--
-- Dumping data for table `vtiger_activity`
--

INSERT INTO `vtiger_activity` VALUES (37,'test','','Emails','2023-02-16',NULL,'21:33',NULL,'0',NULL,NULL,NULL,NULL,NULL,NULL,'0','all',NULL,''),(44,'Test 2','','Emails','2023-02-16',NULL,'22:29',NULL,'0',NULL,NULL,NULL,NULL,NULL,NULL,'0','all',NULL,''),(45,'VtigerCRM Support Notification','','Emails','2023-02-16',NULL,'22:30',NULL,'0',NULL,NULL,NULL,NULL,NULL,NULL,'0','all',NULL,''),(52,'prueba de envio de correo de Creantis','','Emails','2023-03-01',NULL,'23:14',NULL,'0',NULL,NULL,NULL,NULL,NULL,NULL,'0','all',NULL,''),(54,'Customer Portal Login Details','','Emails','2023-03-16',NULL,'22:36',NULL,'0',NULL,NULL,NULL,NULL,NULL,NULL,'0','all',NULL,''),(55,'Ticket Number : TKT000001 Internet connection','','Emails','2023-03-20',NULL,'21:50:02',NULL,'0',NULL,NULL,NULL,NULL,NULL,NULL,'0','all',NULL,''),(56,'Ticket Number : TKT000002 Test Call','','Emails','2023-03-20',NULL,'21:50:02',NULL,'0',NULL,NULL,NULL,NULL,NULL,NULL,'0','all',NULL,''),(57,'Ticket Number : TKT000003 test 2','','Emails','2023-03-20',NULL,'21:50:02',NULL,'0',NULL,NULL,NULL,NULL,NULL,NULL,'0','all',NULL,''),(58,'Ticket Number : TKT000003 test 2','','Emails','2023-03-20',NULL,'21:50:03',NULL,'0',NULL,NULL,NULL,NULL,NULL,NULL,'0','all',NULL,''),(59,'Ticket Number : TKT000004 prueba creantis','','Emails','2023-03-20',NULL,'21:50:03',NULL,'0',NULL,NULL,NULL,NULL,NULL,NULL,'0','all',NULL,''),(60,'Regarding Contact Assignment','','Emails','2023-03-20',NULL,'21:50:03',NULL,'0',NULL,NULL,NULL,NULL,NULL,NULL,'0','all',NULL,''),(61,'Customer Portal Login Details','','Emails','2023-03-21',NULL,'14:51',NULL,'0',NULL,NULL,NULL,NULL,NULL,NULL,'0','all',NULL,''),(62,'testing','','Emails','2023-03-21',NULL,'15:13',NULL,'0',NULL,NULL,NULL,NULL,NULL,NULL,'0','all',NULL,''),(63,'test 2','','Emails','2023-03-21',NULL,'15:18',NULL,'0',NULL,NULL,NULL,NULL,NULL,NULL,'0','all',NULL,''),(64,'Customer Portal Login Details','','Emails','2023-03-21',NULL,'23:49',NULL,'0',NULL,NULL,NULL,NULL,NULL,NULL,'0','all',NULL,''),(65,'test2','','Emails','2023-03-21',NULL,'23:53',NULL,'0',NULL,NULL,NULL,NULL,NULL,NULL,'0','all',NULL,''),(69,'Regarding Contact Assignment','','Emails','2023-03-22',NULL,'00:21:22',NULL,'0',NULL,NULL,NULL,NULL,NULL,NULL,'0','all',NULL,''),(133,'Ticket Number : TKT000005 SD Serramonte SDWAN equipment pickup','','Emails','2023-04-15',NULL,'03:02:11',NULL,'0',NULL,NULL,NULL,NULL,NULL,NULL,'0','all',NULL,''),(134,'Ticket Number : TKT000006 Troubleshoot Dayforce Offline-El Techo','','Emails','2023-04-15',NULL,'03:02:20',NULL,'0',NULL,NULL,NULL,NULL,NULL,NULL,'0','all',NULL,''),(135,'Ticket Number : TKT000007 Comcast Enterprise Services Planned Maintenance Notification - CM004269753','','Emails','2023-04-15',NULL,'03:02:31',NULL,'0',NULL,NULL,NULL,NULL,NULL,NULL,'0','all',NULL,''),(136,'Ticket Number : TKT000008 Comcast Enterprise Services Planned Maintenance Notification - CM004269753','','Emails','2023-04-15',NULL,'03:02:40',NULL,'0',NULL,NULL,NULL,NULL,NULL,NULL,'0','all',NULL,''),(137,'Ticket Number : TKT000009 Comcast Enterprise Services Planned Maintenance Notification - CM004269753','','Emails','2023-04-15',NULL,'03:02:51',NULL,'0',NULL,NULL,NULL,NULL,NULL,NULL,'0','all',NULL,''),(138,'Ticket Number : TKT000010 omcast Enterprise Services Planned Maintenance Notification - CM004269753','','Emails','2023-04-15',NULL,'03:02:56',NULL,'0',NULL,NULL,NULL,NULL,NULL,NULL,'0','all',NULL,''),(139,'Ticket Number : TKT000011 Comcast Enterprise Services Planned Maintenance Notification - CM004269753','','Emails','2023-04-15',NULL,'03:03:05',NULL,'0',NULL,NULL,NULL,NULL,NULL,NULL,'0','all',NULL,''),(140,'Ticket Number : TKT000012 Comcast Enterprise Services Planned Maintenance Notification - CM004269753','','Emails','2023-04-15',NULL,'03:03:15',NULL,'0',NULL,NULL,NULL,NULL,NULL,NULL,'0','all',NULL,''),(141,'Ticket Number : TKT000013 Comcast Enterprise Services Planned Maintenance Notification - CM004269753','','Emails','2023-04-15',NULL,'03:03:25',NULL,'0',NULL,NULL,NULL,NULL,NULL,NULL,'0','all',NULL,''),(142,'Ticket Number : TKT000014 omcast Enterprise Services Planned Maintenance Notification - CM004269753','','Emails','2023-04-15',NULL,'03:03:35',NULL,'0',NULL,NULL,NULL,NULL,NULL,NULL,'0','all',NULL,''),(143,'Ticket Number : TKT000014 omcast Enterprise Services Planned Maintenance Notification - CM004269753','','Emails','2023-04-15',NULL,'03:03:45',NULL,'0',NULL,NULL,NULL,NULL,NULL,NULL,'0','all',NULL,''),(144,'Ticket Number : TKT000015 Comcast Enterprise Services Planned Maintenance Notification - CM004269753','','Emails','2023-04-15',NULL,'03:03:55',NULL,'0',NULL,NULL,NULL,NULL,NULL,NULL,'0','all',NULL,''),(145,'Ticket Number : TKT000016 Internet Disruption at A Mano','','Emails','2023-04-15',NULL,'03:04:02',NULL,'0',NULL,NULL,NULL,NULL,NULL,NULL,'0','all',NULL,''),(146,'Ticket Number : TKT000017 After Work Bar / Montaje seguro para televisores de barra','','Emails','2023-04-15',NULL,'03:04:11',NULL,'0',NULL,NULL,NULL,NULL,NULL,NULL,'0','all',NULL,''),(147,'Ticket Number : TKT000018 Super Duper-Castro / Toast Tap Installation','','Emails','2023-04-15',NULL,'03:04:21',NULL,'0',NULL,NULL,NULL,NULL,NULL,NULL,'0','all',NULL,''),(148,'Ticket Number : TKT000019 Cash Drawer Tech Install','','Emails','2023-04-15',NULL,'03:04:26',NULL,'0',NULL,NULL,NULL,NULL,NULL,NULL,'0','all',NULL,''),(149,'Ticket Number : TKT000020 Super Duper-Castro / Toast Tap Installation','','Emails','2023-04-15',NULL,'03:04:36',NULL,'0',NULL,NULL,NULL,NULL,NULL,NULL,'0','all',NULL,''),(150,'Ticket Number : TKT000021 Super Duper-Castro / Toast Tap Installation / Tech No Show','','Emails','2023-04-15',NULL,'03:04:43',NULL,'0',NULL,NULL,NULL,NULL,NULL,NULL,'0','all',NULL,''),(151,'Ticket Number : TKT000022 107721 / Super Duper - Emeryville / Toast Tap Replacement','','Emails','2023-04-15',NULL,'03:04:49',NULL,'0',NULL,NULL,NULL,NULL,NULL,NULL,'0','all',NULL,''),(152,'Ticket Number : TKT000023 Super Duper Castro / PG&E Electrical service interruption.','','Emails','2023-04-15',NULL,'03:04:51',NULL,'0',NULL,NULL,NULL,NULL,NULL,NULL,'0','all',NULL,''),(153,'Ticket Number : TKT000024 108064 / Flores Union / Printer Routing Issue','','Emails','2023-04-15',NULL,'03:05:02',NULL,'0',NULL,NULL,NULL,NULL,NULL,NULL,'0','all',NULL,''),(154,'Ticket Number : TKT000025 Super Duper Castro / PG&E Electrical service interruption.','','Emails','2023-04-15',NULL,'03:05:12',NULL,'0',NULL,NULL,NULL,NULL,NULL,NULL,'0','all',NULL,''),(155,'Ticket Number : TKT000026 107721 / Super Duper - Emeryville / Toast Tap Replacement','','Emails','2023-04-15',NULL,'03:05:22',NULL,'0',NULL,NULL,NULL,NULL,NULL,NULL,'0','all',NULL,''),(156,'Ticket Number : TKT000027 Super Duper Castro / PG&E Electrical service interruption.','','Emails','2023-04-15',NULL,'03:05:32',NULL,'0',NULL,NULL,NULL,NULL,NULL,NULL,'0','all',NULL,''),(157,'Ticket Number : TKT000028 108232 / After Work Bar / To troubleshoot the Cash Drawer and Printer','','Emails','2023-04-15',NULL,'03:05:37',NULL,'0',NULL,NULL,NULL,NULL,NULL,NULL,'0','all',NULL,''),(158,'Ticket Number : TKT000029 108059 / Super Duper - Castro / Schedule Power Interruption','','Emails','2023-04-15',NULL,'03:05:47',NULL,'0',NULL,NULL,NULL,NULL,NULL,NULL,'0','all',NULL,''),(159,'Ticket Number : TKT000030 The Tailor\'s Son / Onboarding of Handhelds','','Emails','2023-04-15',NULL,'03:05:48',NULL,'0',NULL,NULL,NULL,NULL,NULL,NULL,'0','all',NULL,''),(160,'Ticket Number : TKT000031 DVR/Camera Setup','','Emails','2023-04-15',NULL,'03:05:57',NULL,'0',NULL,NULL,NULL,NULL,NULL,NULL,'0','all',NULL,''),(161,'Ticket Number : TKT000032 Super Duper - Castro / Scheduled Power Interruption','','Emails','2023-04-15',NULL,'03:06:07',NULL,'0',NULL,NULL,NULL,NULL,NULL,NULL,'0','all',NULL,''),(162,'Ticket Number : TKT000033 Field Tech Visit Request','','Emails','2023-04-15',NULL,'03:06:17',NULL,'0',NULL,NULL,NULL,NULL,NULL,NULL,'0','all',NULL,''),(163,'Ticket Number : TKT000034 00108672 / Delarosa Yerba Buena / Printer issue','','Emails','2023-04-15',NULL,'03:06:23',NULL,'0',NULL,NULL,NULL,NULL,NULL,NULL,'0','all',NULL,''),(164,'Ticket Number : TKT000035 108772 - aMano network rack','','Emails','2023-04-15',NULL,'03:06:33',NULL,'0',NULL,NULL,NULL,NULL,NULL,NULL,'0','all',NULL,''),(165,'Ticket Number : TKT000036 Troubleshoot KDS 2 (kept on rebooting)','','Emails','2023-04-15',NULL,'03:06:44',NULL,'0',NULL,NULL,NULL,NULL,NULL,NULL,'0','all',NULL,''),(166,'Ticket Number : TKT000037 108772 - aMano network rack','','Emails','2023-04-15',NULL,'03:06:54',NULL,'0',NULL,NULL,NULL,NULL,NULL,NULL,'0','all',NULL,''),(167,'Ticket Number : TKT000038 108817 and 108825 / Super Duper – Metreon / Printer not printing and No sound on their Music','','Emails','2023-04-15',NULL,'03:07:04',NULL,'0',NULL,NULL,NULL,NULL,NULL,NULL,'0','all',NULL,''),(168,'Ticket Number : TKT000039 108817 and 108825 / Super Duper – Metreon / Printer not printing and No sound on their Music','','Emails','2023-04-15',NULL,'03:07:05',NULL,'0',NULL,NULL,NULL,NULL,NULL,NULL,'0','all',NULL,''),(169,'Ticket Number : TKT000040 108772 - aMano network rack','','Emails','2023-04-15',NULL,'03:07:07',NULL,'0',NULL,NULL,NULL,NULL,NULL,NULL,'0','all',NULL,''),(170,'Ticket Number : TKT000041 SD Downtown - Printer offline/Device Irregularities','','Emails','2023-04-15',NULL,'03:07:14',NULL,'0',NULL,NULL,NULL,NULL,NULL,NULL,'0','all',NULL,''),(171,'Ticket Number : TKT000042 108817 and 108825 / Super Duper – Metreon / Printer not printing and No sound on their Music','','Emails','2023-04-15',NULL,'03:07:25',NULL,'0',NULL,NULL,NULL,NULL,NULL,NULL,'0','all',NULL,''),(172,'Ticket Number : TKT000043 108410 / Super Duper Los Gatos / installation of replacement KDS','','Emails','2023-04-15',NULL,'03:07:35',NULL,'0',NULL,NULL,NULL,NULL,NULL,NULL,'0','all',NULL,''),(173,'Ticket Number : TKT000044 Beretta - Pop Up / Troubleshoot wireless phone','','Emails','2023-04-15',NULL,'03:07:46',NULL,'0',NULL,NULL,NULL,NULL,NULL,NULL,'0','all',NULL,''),(174,'Ticket Number : TKT000045 Uno Dos Tacos / Connect Yealink Receiver to network','','Emails','2023-04-15',NULL,'03:07:52',NULL,'0',NULL,NULL,NULL,NULL,NULL,NULL,'0','all',NULL,''),(175,'Ticket Number : TKT000045 Uno Dos Tacos / Connect Yealink Receiver to network','','Emails','2023-04-15',NULL,'03:08:01',NULL,'0',NULL,NULL,NULL,NULL,NULL,NULL,'0','all',NULL,''),(176,'Ticket Number : TKT000046 Field Tech Request - NAPA','','Emails','2023-04-15',NULL,'03:08:11',NULL,'0',NULL,NULL,NULL,NULL,NULL,NULL,'0','all',NULL,''),(177,'Ticket Number : TKT000047 108892 / SD Castro / Cash Drawer not opening automatically','','Emails','2023-04-15',NULL,'03:08:22',NULL,'0',NULL,NULL,NULL,NULL,NULL,NULL,'0','all',NULL,''),(178,'Ticket Number : TKT000048 Super Duper - Berkeley / Resolve camera 2','','Emails','2023-04-15',NULL,'03:08:32',NULL,'0',NULL,NULL,NULL,NULL,NULL,NULL,'0','all',NULL,''),(179,'Ticket Number : TKT000049 Flores Corte Madera / Cameras are offline','','Emails','2023-04-15',NULL,'03:08:38',NULL,'0',NULL,NULL,NULL,NULL,NULL,NULL,'0','all',NULL,''),(180,'Ticket Number : TKT000050 Super Duper - Emeryville /  Phone Setup','','Emails','2023-04-15',NULL,'03:08:42',NULL,'0',NULL,NULL,NULL,NULL,NULL,NULL,'0','all',NULL,''),(181,'Ticket Number : TKT000051 Installation of replacement KDS at SD Novato','','Emails','2023-04-15',NULL,'03:08:47',NULL,'0',NULL,NULL,NULL,NULL,NULL,NULL,'0','all',NULL,''),(182,'Ticket Number : TKT000052 Tech Request: Damage outside cable TV / After work Bar','','Emails','2023-04-15',NULL,'03:08:58',NULL,'0',NULL,NULL,NULL,NULL,NULL,NULL,'0','all',NULL,''),(183,'Ticket Number : TKT000053 nstallation of replacement KDS at SD Novato','','Emails','2023-04-15',NULL,'03:09:07',NULL,'0',NULL,NULL,NULL,NULL,NULL,NULL,'0','all',NULL,''),(184,'Ticket Number : TKT000054 SD Downtown Replacement Kitchen Printer Onboarding','','Emails','2023-04-15',NULL,'03:09:14',NULL,'0',NULL,NULL,NULL,NULL,NULL,NULL,'0','all',NULL,''),(185,'Ticket Number : TKT000055 SD Downtown Replacement Kitchen Printer Onboarding','','Emails','2023-04-15',NULL,'03:09:16',NULL,'0',NULL,NULL,NULL,NULL,NULL,NULL,'0','all',NULL,''),(186,'Ticket Number : TKT000056 Uno Dos Tacos / Phone installation and activation','','Emails','2023-04-15',NULL,'03:09:27',NULL,'0',NULL,NULL,NULL,NULL,NULL,NULL,'0','all',NULL,''),(187,'Ticket Number : TKT000057 Request Tech Visit LRS Pager','','Emails','2023-04-15',NULL,'03:09:29',NULL,'0',NULL,NULL,NULL,NULL,NULL,NULL,'0','all',NULL,''),(188,'Ticket Number : TKT000058 Tech Request at SD Serramonte SDWAN equipment pickup','','Emails','2023-04-15',NULL,'03:09:31',NULL,'0',NULL,NULL,NULL,NULL,NULL,NULL,'0','all',NULL,''),(189,'Ticket Number : TKT000059 The Tailor\'s Son / Outdoor speaker issue','','Emails','2023-04-15',NULL,'03:09:43',NULL,'0',NULL,NULL,NULL,NULL,NULL,NULL,'0','all',NULL,''),(190,'Ticket Number : TKT000060 Hello Blue Technology,   We would like to request a technician for the location below: Address: 2516 Mission St- El Techo and Lolinda Date:  ASAP, If possible today April 5 Time: 9PM PST  Access to Store:  C/o Staff  Dynamix Ref ','','Emails','2023-04-15',NULL,'03:09:54',NULL,'0',NULL,NULL,NULL,NULL,NULL,NULL,'0','all',NULL,''),(191,'Ticket Number : TKT000061 Troubleshoot Dayforce Offline-El Techo','','Emails','2023-04-15',NULL,'03:10:02',NULL,'0',NULL,NULL,NULL,NULL,NULL,NULL,'0','all',NULL,''),(192,'Ticket Number : TKT000061 Troubleshoot Dayforce Offline-El Techo','','Emails','2023-04-15',NULL,'03:10:13',NULL,'0',NULL,NULL,NULL,NULL,NULL,NULL,'0','all',NULL,''),(193,'Ticket Number : TKT000061 Troubleshoot Dayforce Offline-El Techo','','Emails','2023-04-15',NULL,'03:10:23',NULL,'0',NULL,NULL,NULL,NULL,NULL,NULL,'0','all',NULL,''),(194,'Regarding Contact Assignment','','Emails','2023-04-15',NULL,'03:10:29',NULL,'0',NULL,NULL,NULL,NULL,NULL,NULL,'0','all',NULL,''),(195,'Customer Portal Login Details','','Emails','2023-04-15',NULL,'03:40',NULL,'0',NULL,NULL,NULL,NULL,NULL,NULL,'0','all',NULL,''),(197,'Regarding Contact Assignment','','Emails','2023-04-17',NULL,'20:00:02',NULL,'0',NULL,NULL,NULL,NULL,NULL,NULL,'0','all',NULL,''),(199,'Regarding Contact Assignment','','Emails','2023-04-17',NULL,'22:15:01',NULL,'0',NULL,NULL,NULL,NULL,NULL,NULL,'0','all',NULL,''),(201,'[From Portal] TKT000062 [ Ticket Id : 200 ] pepe estoy en test','','Emails','2023-04-18',NULL,'19:15:01',NULL,'0',NULL,NULL,NULL,NULL,NULL,NULL,'0','all',NULL,''),(202,'[From Portal] TKT000062 [ Ticket Id : 200 ] pepe estoy en test','','Emails','2023-04-18',NULL,'19:15:10',NULL,'0',NULL,NULL,NULL,NULL,NULL,NULL,'0','all',NULL,''),(203,'Regarding Contact Assignment','','Emails','2023-04-18',NULL,'19:30:01',NULL,'0',NULL,NULL,NULL,NULL,NULL,NULL,'0','all',NULL,''),(204,'TKT000062 [ Ticket Id : 200 ] pepe estoy en test','','Emails','2023-04-19',NULL,'01:00:02',NULL,'0',NULL,NULL,NULL,NULL,NULL,NULL,'0','all',NULL,''),(205,'TKT000062 [ Ticket Id : 200 ] pepe estoy en test','','Emails','2023-04-19',NULL,'01:00:14',NULL,'0',NULL,NULL,NULL,NULL,NULL,NULL,'0','all',NULL,''),(206,'TKT000062 [ Ticket Id : 200 ] pepe estoy en test','','Emails','2023-04-19',NULL,'01:00:19',NULL,'0',NULL,NULL,NULL,NULL,NULL,NULL,'0','all',NULL,''),(208,'Regarding Contact Assignment','','Emails','2023-04-19',NULL,'16:00:02',NULL,'0',NULL,NULL,NULL,NULL,NULL,NULL,'0','all',NULL,''),(209,'Regarding Contact Assignment','','Emails','2023-04-19',NULL,'16:30:02',NULL,'0',NULL,NULL,NULL,NULL,NULL,NULL,'0','all',NULL,''),(210,'Regarding Contact Assignment','','Emails','2023-04-19',NULL,'16:30:13',NULL,'0',NULL,NULL,NULL,NULL,NULL,NULL,'0','all',NULL,''),(211,'Regarding Contact Assignment','','Emails','2023-04-19',NULL,'16:30:24',NULL,'0',NULL,NULL,NULL,NULL,NULL,NULL,'0','all',NULL,''),(212,'Ticket Number : TKT000061 Troubleshoot Dayforce Offline-El Techo','','Emails','2023-04-20',NULL,'05:00:02',NULL,'0',NULL,NULL,NULL,NULL,NULL,NULL,'0','all',NULL,''),(213,'Ticket Number : TKT000057 Request Tech Visit LRS Pager','','Emails','2023-04-20',NULL,'18:30:01',NULL,'0',NULL,NULL,NULL,NULL,NULL,NULL,'0','all',NULL,''),(214,'Ticket Number : TKT000058 Tech Request at SD Serramonte SDWAN equipment pickup','','Emails','2023-04-20',NULL,'18:30:12',NULL,'0',NULL,NULL,NULL,NULL,NULL,NULL,'0','all',NULL,''),(215,'Ticket Number : TKT000060 Hello Blue Technology,   We would like to request a technician for the location below: Address: 2516 Mission St- El Techo and Lolinda Date:  ASAP, If possible today April 5 Time: 9PM PST  Access to Store:  C/o Staff  Dynamix Ref ','','Emails','2023-04-20',NULL,'19:00:02',NULL,'0',NULL,NULL,NULL,NULL,NULL,NULL,'0','all',NULL,''),(216,'Ticket Number : TKT000060 Hello Blue Technology,   We would like to request a technician for the location below: Address: 2516 Mission St- El Techo and Lolinda Date:  ASAP, If possible today April 5 Time: 9PM PST  Access to Store:  C/o Staff  Dynamix Ref ','','Emails','2023-04-20',NULL,'19:15:01',NULL,'0',NULL,NULL,NULL,NULL,NULL,NULL,'0','all',NULL,''),(217,'Ticket Number : TKT000058 Tech Request at SD Serramonte SDWAN equipment pickup','','Emails','2023-04-20',NULL,'20:00:02',NULL,'0',NULL,NULL,NULL,NULL,NULL,NULL,'0','all',NULL,''),(219,'Ticket Number : TKT000063 Troubleshoot Dayforce Offline at The Tailor\'s Son','','Emails','2023-04-20',NULL,'20:45:01',NULL,'0',NULL,NULL,NULL,NULL,NULL,NULL,'0','all',NULL,''),(221,'Ticket Number : TKT000064 Wireless','','Emails','2023-04-20',NULL,'21:00:01',NULL,'0',NULL,NULL,NULL,NULL,NULL,NULL,'0','all',NULL,''),(224,'Ticket Number : TKT000065 BRD Day Force Clock In Error','','Emails','2023-04-20',NULL,'21:15:02',NULL,'0',NULL,NULL,NULL,NULL,NULL,NULL,'0','all',NULL,''),(225,'Ticket Number : TKT000066 Dayforce Tablet Offline','','Emails','2023-04-20',NULL,'21:15:13',NULL,'0',NULL,NULL,NULL,NULL,NULL,NULL,'0','all',NULL,''),(226,'Ticket Number : TKT000065 BRD Day Force Clock In Error','','Emails','2023-04-20',NULL,'21:15:24',NULL,'0',NULL,NULL,NULL,NULL,NULL,NULL,'0','all',NULL,''),(229,'Ticket Number : TKT000067 Dayforce Tablet','','Emails','2023-04-20',NULL,'21:30:01',NULL,'0',NULL,NULL,NULL,NULL,NULL,NULL,'0','all',NULL,''),(230,'Ticket Number : TKT000068 Run a test why expo printer didnt work on offline mode','','Emails','2023-04-20',NULL,'21:30:13',NULL,'0',NULL,NULL,NULL,NULL,NULL,NULL,'0','all',NULL,''),(235,'Ticket Number : TKT000069 Clock-In Devise at SD-Downtown','','Emails','2023-04-20',NULL,'21:45:02',NULL,'0',NULL,NULL,NULL,NULL,NULL,NULL,'0','all',NULL,''),(236,'Ticket Number : TKT000070 Dayforce clock','','Emails','2023-04-20',NULL,'21:45:08',NULL,'0',NULL,NULL,NULL,NULL,NULL,NULL,'0','all',NULL,''),(237,'Ticket Number : TKT000071 Napa SD - DayForce Tablet Issues','','Emails','2023-04-20',NULL,'21:45:16',NULL,'0',NULL,NULL,NULL,NULL,NULL,NULL,'0','all',NULL,''),(238,'Ticket Number : TKT000072 Troubleshoot Dayforce Offline at SD Castro','','Emails','2023-04-20',NULL,'21:45:23',NULL,'0',NULL,NULL,NULL,NULL,NULL,NULL,'0','all',NULL,''),(239,'Ticket Number : TKT000067 Dayforce Tablet','','Emails','2023-04-20',NULL,'21:45:32',NULL,'0',NULL,NULL,NULL,NULL,NULL,NULL,'0','all',NULL,''),(240,'Ticket Number : TKT000069 Clock-In Devise at SD-Downtown','','Emails','2023-04-20',NULL,'21:45:42',NULL,'0',NULL,NULL,NULL,NULL,NULL,NULL,'0','all',NULL,''),(241,'Ticket Number : TKT000070 Dayforce clock','','Emails','2023-04-20',NULL,'21:45:51',NULL,'0',NULL,NULL,NULL,NULL,NULL,NULL,'0','all',NULL,''),(242,'Ticket Number : TKT000068 Run a test why expo printer didnt work on offline mode','','Emails','2023-04-20',NULL,'21:46:01',NULL,'0',NULL,NULL,NULL,NULL,NULL,NULL,'0','all',NULL,''),(243,'Ticket Number : TKT000072 Troubleshoot Dayforce Offline at SD Castro','','Emails','2023-04-20',NULL,'22:00:02',NULL,'0',NULL,NULL,NULL,NULL,NULL,NULL,'0','all',NULL,''),(246,'Ticket Number : TKT000073 Printer Red Light On','','Emails','2023-04-20',NULL,'22:15:01',NULL,'0',NULL,NULL,NULL,NULL,NULL,NULL,'0','all',NULL,''),(247,'Ticket Number : TKT000074 Reconnect Dayforce Touchclocks Wirelessly to BOHTC / 98 Mission Street','','Emails','2023-04-20',NULL,'22:15:12',NULL,'0',NULL,NULL,NULL,NULL,NULL,NULL,'0','all',NULL,''),(249,'Ticket Number : TKT000075 Super Duper Laurel Village / Reconnect Dayforce Touchclock to the Network','','Emails','2023-04-20',NULL,'22:30:01',NULL,'0',NULL,NULL,NULL,NULL,NULL,NULL,'0','all',NULL,''),(251,'Ticket Number : TKT000076 Super Duper Laurel Village / Reconnect Dayforce Touchclock to the Network','','Emails','2023-04-20',NULL,'22:45:01',NULL,'0',NULL,NULL,NULL,NULL,NULL,NULL,'0','all',NULL,''),(254,'Ticket Number : TKT000077 110064 / Super Duper - Novato / KDS offline, KDS displays wrong time','','Emails','2023-04-21',NULL,'00:45:01',NULL,'0',NULL,NULL,NULL,NULL,NULL,NULL,'0','all',NULL,''),(255,'Ticket Number : TKT000078 Investigate the Beeping sounds','','Emails','2023-04-21',NULL,'00:45:08',NULL,'0',NULL,NULL,NULL,NULL,NULL,NULL,'0','all',NULL,''),(258,'Ticket Number : TKT000077 110064 / Super Duper - Novato / KDS offline, KDS displays wrong time','','Emails','2023-04-21',NULL,'01:00:02',NULL,'0',NULL,NULL,NULL,NULL,NULL,NULL,'0','all',NULL,''),(259,'Ticket Number : TKT000078 Investigate the Beeping sounds','','Emails','2023-04-21',NULL,'01:00:15',NULL,'0',NULL,NULL,NULL,NULL,NULL,NULL,'0','all',NULL,''),(260,'Ticket Number : TKT000079 110152 / Wildseed Palo Alto / Investigate Grill printer not printing / FWLD002-KP-GRILL','','Emails','2023-04-21',NULL,'01:00:24',NULL,'0',NULL,NULL,NULL,NULL,NULL,NULL,'0','all',NULL,''),(261,'Ticket Number : TKT000080 Investigate Terminal Printer and Back-up printer not working- Receipts rerouted to Kiosk Printer','','Emails','2023-04-21',NULL,'01:00:34',NULL,'0',NULL,NULL,NULL,NULL,NULL,NULL,'0','all',NULL,''),(262,'Ticket Number : TKT000080 Investigate Terminal Printer and Back-up printer not working- Receipts rerouted to Kiosk Printer','','Emails','2023-04-21',NULL,'01:00:44',NULL,'0',NULL,NULL,NULL,NULL,NULL,NULL,'0','all',NULL,''),(264,'Ticket Number : TKT000081 The Bird Hayes / Reset AV Matrix','','Emails','2023-04-21',NULL,'01:15:01',NULL,'0',NULL,NULL,NULL,NULL,NULL,NULL,'0','all',NULL,''),(265,'Ticket Number : TKT000081 The Bird Hayes / Reset AV Matrix','','Emails','2023-04-21',NULL,'01:15:11',NULL,'0',NULL,NULL,NULL,NULL,NULL,NULL,'0','all',NULL,''),(268,'Ticket Number : TKT000082 Super Duper -Los Gatos / Intermittent Internet Connection','','Emails','2023-04-21',NULL,'01:45:01',NULL,'0',NULL,NULL,NULL,NULL,NULL,NULL,'0','all',NULL,''),(269,'Ticket Number : TKT000082 Super Duper -Los Gatos / Intermittent Internet Connection','','Emails','2023-04-21',NULL,'01:45:09',NULL,'0',NULL,NULL,NULL,NULL,NULL,NULL,'0','all',NULL,''),(270,'Ticket Number : TKT000083 Field Tech Request Urgent','','Emails','2023-04-21',NULL,'01:45:14',NULL,'0',NULL,NULL,NULL,NULL,NULL,NULL,'0','all',NULL,''),(273,'Ticket Number : TKT000084 BT Tech Request','','Emails','2023-04-21',NULL,'02:00:02',NULL,'0',NULL,NULL,NULL,NULL,NULL,NULL,'0','all',NULL,''),(274,'Ticket Number : TKT000085 Wildseed Palo Alto / Printer Replacement','','Emails','2023-04-21',NULL,'02:00:13',NULL,'0',NULL,NULL,NULL,NULL,NULL,NULL,'0','all',NULL,''),(276,'Ticket Number : TKT000086 nstallation of Toast Flex Counter, Receipt Printer and Direct attached Toast Tap','','Emails','2023-04-21',NULL,'20:30:01',NULL,'0',NULL,NULL,NULL,NULL,NULL,NULL,'0','all',NULL,''),(278,'Ticket Number : TKT000087 The Tailor\'s Son / Cash Drawer replacement','','Emails','2023-04-21',NULL,'20:45:02',NULL,'0',NULL,NULL,NULL,NULL,NULL,NULL,'0','all',NULL,''),(279,'Ticket Number : TKT000017 After Work Bar / Montaje seguro para televisores de barra','','Emails','2023-04-21',NULL,'20:45:10',NULL,'0',NULL,NULL,NULL,NULL,NULL,NULL,'0','all',NULL,''),(280,'Ticket Number : TKT000021 Super Duper-Castro / Toast Tap Installation / Tech No Show','','Emails','2023-04-21',NULL,'21:00:02',NULL,'0',NULL,NULL,NULL,NULL,NULL,NULL,'0','all',NULL,''),(281,'Ticket Number : TKT000017 After Work Bar / Montaje seguro para televisores de barra','','Emails','2023-04-21',NULL,'21:15:01',NULL,'0',NULL,NULL,NULL,NULL,NULL,NULL,'0','all',NULL,''),(282,'Ticket Number : TKT000026 107721 / Super Duper - Emeryville / Toast Tap Replacement','','Emails','2023-04-21',NULL,'21:15:12',NULL,'0',NULL,NULL,NULL,NULL,NULL,NULL,'0','all',NULL,''),(283,'Ticket Number : TKT000023 Super Duper Castro / PG&E Electrical service interruption.','','Emails','2023-04-21',NULL,'21:30:01',NULL,'0',NULL,NULL,NULL,NULL,NULL,NULL,'0','all',NULL,''),(284,'Ticket Number : TKT000024 108064 / Flores Union / Printer Routing Issue','','Emails','2023-04-21',NULL,'21:30:04',NULL,'0',NULL,NULL,NULL,NULL,NULL,NULL,'0','all',NULL,''),(286,'Ticket Number : TKT000088 Request for BT Tech Dispatch at SD Laurel Village','','Emails','2023-04-21',NULL,'22:15:02',NULL,'0',NULL,NULL,NULL,NULL,NULL,NULL,'0','all',NULL,''),(288,'[From Portal] TKT000089 [ Ticket Id : 287 ] testing data en dev','','Emails','2023-04-28',NULL,'20:45:02',NULL,'0',NULL,NULL,NULL,NULL,NULL,NULL,'0','all',NULL,''),(289,'[From Portal] TKT000089 [ Ticket Id : 287 ] testing data en dev','','Emails','2023-04-28',NULL,'20:45:13',NULL,'0',NULL,NULL,NULL,NULL,NULL,NULL,'0','all',NULL,''),(291,'[From Portal] TKT000090 [ Ticket Id : 290 ] TESTING 7.5 Insert','','Emails','2023-05-04',NULL,'23:15:01',NULL,'0',NULL,NULL,NULL,NULL,NULL,NULL,'0','all',NULL,''),(292,'[From Portal] TKT000090 [ Ticket Id : 290 ] TESTING 7.5 Insert','','Emails','2023-05-04',NULL,'23:15:08',NULL,'0',NULL,NULL,NULL,NULL,NULL,NULL,'0','all',NULL,''),(294,'Ticket Number : TKT000091 Super Duper - NAPA network h','','Emails','2023-05-08',NULL,'18:00:01',NULL,'0',NULL,NULL,NULL,NULL,NULL,NULL,'0','all',NULL,''),(296,'Ticket Number : TKT000092 nvestigate why kitchen printers wouldn\'t print','','Emails','2023-05-08',NULL,'21:45:01',NULL,'0',NULL,NULL,NULL,NULL,NULL,NULL,'0','all',NULL,''),(297,'TKT000090 [ Ticket Id : 290 ] TESTING 7.5 Insert','','Emails','2023-05-09',NULL,'01:15:02',NULL,'0',NULL,NULL,NULL,NULL,NULL,NULL,'0','all',NULL,''),(298,'TKT000090 [ Ticket Id : 290 ] TESTING 7.5 Insert','','Emails','2023-05-09',NULL,'01:15:11',NULL,'0',NULL,NULL,NULL,NULL,NULL,NULL,'0','all',NULL,''),(299,'TKT000090 [ Ticket Id : 290 ] TESTING 7.5 Insert','','Emails','2023-05-09',NULL,'01:15:21',NULL,'0',NULL,NULL,NULL,NULL,NULL,NULL,'0','all',NULL,''),(300,'TKT000090 [ Ticket Id : 290 ] TESTING 7.5 Insert','','Emails','2023-05-09',NULL,'01:15:31',NULL,'0',NULL,NULL,NULL,NULL,NULL,NULL,'0','all',NULL,''),(301,'TKT000090 [ Ticket Id : 290 ] TESTING 7.5 Insert','','Emails','2023-05-09',NULL,'01:15:42',NULL,'0',NULL,NULL,NULL,NULL,NULL,NULL,'0','all',NULL,''),(302,'TKT000090 [ Ticket Id : 290 ] TESTING 7.5 Insert','','Emails','2023-05-09',NULL,'01:15:54',NULL,'0',NULL,NULL,NULL,NULL,NULL,NULL,'0','all',NULL,''),(303,'TKT000090 [ Ticket Id : 290 ] TESTING 7.5 Insert','','Emails','2023-05-09',NULL,'01:30:01',NULL,'0',NULL,NULL,NULL,NULL,NULL,NULL,'0','all',NULL,''),(304,'TKT000090 [ Ticket Id : 290 ] TESTING 7.5 Insert','','Emails','2023-05-09',NULL,'01:30:13',NULL,'0',NULL,NULL,NULL,NULL,NULL,NULL,'0','all',NULL,''),(305,'TKT000090 [ Ticket Id : 290 ] TESTING 7.5 Insert','','Emails','2023-05-09',NULL,'01:30:23',NULL,'0',NULL,NULL,NULL,NULL,NULL,NULL,'0','all',NULL,''),(306,'TKT000090 [ Ticket Id : 290 ] TESTING 7.5 Insert','','Emails','2023-05-09',NULL,'01:30:34',NULL,'0',NULL,NULL,NULL,NULL,NULL,NULL,'0','all',NULL,''),(307,'TKT000090 [ Ticket Id : 290 ] TESTING 7.5 Insert','','Emails','2023-05-09',NULL,'01:30:38',NULL,'0',NULL,NULL,NULL,NULL,NULL,NULL,'0','all',NULL,''),(308,'TKT000090 [ Ticket Id : 290 ] TESTING 7.5 Insert','','Emails','2023-05-09',NULL,'01:30:49',NULL,'0',NULL,NULL,NULL,NULL,NULL,NULL,'0','all',NULL,''),(309,'TKT000090 [ Ticket Id : 290 ] TESTING 7.5 Insert','','Emails','2023-05-09',NULL,'01:45:02',NULL,'0',NULL,NULL,NULL,NULL,NULL,NULL,'0','all',NULL,''),(310,'TKT000090 [ Ticket Id : 290 ] TESTING 7.5 Insert','','Emails','2023-05-09',NULL,'01:45:09',NULL,'0',NULL,NULL,NULL,NULL,NULL,NULL,'0','all',NULL,''),(311,'TKT000090 [ Ticket Id : 290 ] TESTING 7.5 Insert','','Emails','2023-05-09',NULL,'01:45:19',NULL,'0',NULL,NULL,NULL,NULL,NULL,NULL,'0','all',NULL,''),(312,'TKT000090 [ Ticket Id : 290 ] TESTING 7.5 Insert','','Emails','2023-05-09',NULL,'01:45:29',NULL,'0',NULL,NULL,NULL,NULL,NULL,NULL,'0','all',NULL,''),(314,'TKT000090 [ Ticket Id : 290 ] TESTING 7.5 Insert','','Emails','2023-05-09',NULL,'02:45:01',NULL,'0',NULL,NULL,NULL,NULL,NULL,NULL,'0','all',NULL,''),(315,'Ticket Number : TKT000093 tEST 10','','Emails','2023-05-09',NULL,'02:45:12',NULL,'0',NULL,NULL,NULL,NULL,NULL,NULL,'0','all',NULL,''),(316,'Ticket Number : TKT000046 Field Tech Request - NAPA','','Emails','2023-05-09',NULL,'03:00:02',NULL,'0',NULL,NULL,NULL,NULL,NULL,NULL,'0','all',NULL,''),(317,'Ticket Number : TKT000046 Field Tech Request - NAPA','','Emails','2023-05-09',NULL,'03:00:10',NULL,'0',NULL,NULL,NULL,NULL,NULL,NULL,'0','all',NULL,''),(318,'Ticket Number : TKT000060 Hello Blue Technology,   We would like to request a technician for the location below: Address: 2516 Mission St- El Techo and Lolinda Date:  ASAP, If possible today April 5 Time: 9PM PST  Access to Store:  C/o Staff  Dynamix Ref ','','Emails','2023-05-09',NULL,'05:00:02',NULL,'0',NULL,NULL,NULL,NULL,NULL,NULL,'0','all',NULL,''),(319,'Ticket Number : TKT000058 Tech Request at SD Serramonte SDWAN equipment pickup','','Emails','2023-05-09',NULL,'05:00:09',NULL,'0',NULL,NULL,NULL,NULL,NULL,NULL,'0','all',NULL,''),(320,'Ticket Number : TKT000092 Investigate why kitchen printers wouldn\'t print','','Emails','2023-05-09',NULL,'22:45:01',NULL,'0',NULL,NULL,NULL,NULL,NULL,NULL,'0','all',NULL,''),(321,'test','','Emails','2023-05-10',NULL,'14:39',NULL,'0',NULL,NULL,NULL,NULL,NULL,NULL,'0','all',NULL,''),(322,'TKT000090 [ Ticket Id : 290 ] TESTING 7.5 Insert','','Emails','2023-05-10',NULL,'15:00:01',NULL,'0',NULL,NULL,NULL,NULL,NULL,NULL,'0','all',NULL,''),(323,'TKT000090 [ Ticket Id : 290 ] TESTING 7.5 Insert','','Emails','2023-05-10',NULL,'15:00:05',NULL,'0',NULL,NULL,NULL,NULL,NULL,NULL,'0','all',NULL,''),(324,'TKT000090 [ Ticket Id : 290 ] TESTING 7.5 Insert','','Emails','2023-05-10',NULL,'17:30:01',NULL,'0',NULL,NULL,NULL,NULL,NULL,NULL,'0','all',NULL,''),(325,'Ticket Number : TKT000090 TESTING 7.5 Insert','','Emails','2023-05-10',NULL,'17:30:08',NULL,'0',NULL,NULL,NULL,NULL,NULL,NULL,'0','all',NULL,''),(326,'TKT000090 [ Ticket Id : 290 ] TESTING 7.5 Insert','','Emails','2023-05-10',NULL,'17:30:18',NULL,'0',NULL,NULL,NULL,NULL,NULL,NULL,'0','all',NULL,''),(327,'TKT000090 [ Ticket Id : 290 ] TESTING 7.5 Insert','','Emails','2023-05-10',NULL,'17:30:28',NULL,'0',NULL,NULL,NULL,NULL,NULL,NULL,'0','all',NULL,''),(328,'Ticket Number : TKT000090 TESTING 7.5 Insert','','Emails','2023-05-10',NULL,'17:30:38',NULL,'0',NULL,NULL,NULL,NULL,NULL,NULL,'0','all',NULL,''),(329,'TKT000090 [ Ticket Id : 290 ] TESTING 7.5 Insert','','Emails','2023-05-10',NULL,'17:30:48',NULL,'0',NULL,NULL,NULL,NULL,NULL,NULL,'0','all',NULL,''),(330,'Regarding Contact Assignment','','Emails','2023-05-10',NULL,'18:00:02',NULL,'0',NULL,NULL,NULL,NULL,NULL,NULL,'0','all',NULL,''),(331,'Regarding Contact Assignment','','Emails','2023-05-10',NULL,'18:00:09',NULL,'0',NULL,NULL,NULL,NULL,NULL,NULL,'0','all',NULL,''),(332,'TKT000090 [ Ticket Id : 290 ] TESTING 7.5 Insert','','Emails','2023-05-10',NULL,'18:00:14',NULL,'0',NULL,NULL,NULL,NULL,NULL,NULL,'0','all',NULL,''),(333,'TKT000090 [ Ticket Id : 290 ] TESTING 7.5 Insert','','Emails','2023-05-10',NULL,'18:00:15',NULL,'0',NULL,NULL,NULL,NULL,NULL,NULL,'0','all',NULL,''),(334,'TKT000090 [ Ticket Id : 290 ] TESTING 7.5 Insert','','Emails','2023-05-10',NULL,'18:00:17',NULL,'0',NULL,NULL,NULL,NULL,NULL,NULL,'0','all',NULL,''),(335,'Ticket Number : TKT000090 TESTING 7.5 Insert','','Emails','2023-05-10',NULL,'18:00:18',NULL,'0',NULL,NULL,NULL,NULL,NULL,NULL,'0','all',NULL,''),(336,'TKT000090 [ Ticket Id : 290 ] TESTING 7.5 Insert','','Emails','2023-05-10',NULL,'18:00:30',NULL,'0',NULL,NULL,NULL,NULL,NULL,NULL,'0','all',NULL,''),(337,'TKT000090 [ Ticket Id : 290 ] TESTING 7.5 Insert','','Emails','2023-05-10',NULL,'18:00:39',NULL,'0',NULL,NULL,NULL,NULL,NULL,NULL,'0','all',NULL,''),(338,'TKT000090 [ Ticket Id : 290 ] TESTING 7.5 Insert','','Emails','2023-05-10',NULL,'18:00:49',NULL,'0',NULL,NULL,NULL,NULL,NULL,NULL,'0','all',NULL,''),(339,'Ticket Number : TKT000090 TESTING 7.5 Insert','','Emails','2023-05-10',NULL,'18:00:54',NULL,'0',NULL,NULL,NULL,NULL,NULL,NULL,'0','all',NULL,''),(340,'TKT000090 [ Ticket Id : 290 ] TESTING 7.5 Insert','','Emails','2023-05-10',NULL,'18:01:04',NULL,'0',NULL,NULL,NULL,NULL,NULL,NULL,'0','all',NULL,''),(341,'TKT000090 [ Ticket Id : 290 ] TESTING 7.5 Insert','','Emails','2023-05-10',NULL,'18:01:15',NULL,'0',NULL,NULL,NULL,NULL,NULL,NULL,'0','all',NULL,''),(342,'Ticket Number : TKT000090 TESTING 7.5 Insert','','Emails','2023-05-10',NULL,'18:01:21',NULL,'0',NULL,NULL,NULL,NULL,NULL,NULL,'0','all',NULL,''),(343,'TKT000090 [ Ticket Id : 290 ] TESTING 7.5 Insert','','Emails','2023-05-10',NULL,'18:01:23',NULL,'0',NULL,NULL,NULL,NULL,NULL,NULL,'0','all',NULL,''),(345,'[From Portal] TKT000094 [ Ticket Id : 344 ] Creantis','','Emails','2023-05-10',NULL,'18:15:01',NULL,'0',NULL,NULL,NULL,NULL,NULL,NULL,'0','all',NULL,''),(346,'[From Portal] TKT000094 [ Ticket Id : 344 ] Creantis','','Emails','2023-05-10',NULL,'18:15:13',NULL,'0',NULL,NULL,NULL,NULL,NULL,NULL,'0','all',NULL,''),(349,'Ticket Number : TKT000091 Super Duper - NAPA network h','','Emails','2023-05-10',NULL,'18:45:01',NULL,'0',NULL,NULL,NULL,NULL,NULL,NULL,'0','all',NULL,''),(350,'Ticket Number : TKT000091 Super Duper - NAPA network h','','Emails','2023-05-10',NULL,'18:45:03',NULL,'0',NULL,NULL,NULL,NULL,NULL,NULL,'0','all',NULL,''),(351,'Ticket Number : TKT000042 108817 and 108825 / Super Duper – Metreon / Printer not printing and No sound on their Music','','Emails','2023-05-10',NULL,'19:00:02',NULL,'0',NULL,NULL,NULL,NULL,NULL,NULL,'0','all',NULL,''),(352,'Ticket Number : TKT000048 Super Duper - Berkeley / Resolve camera 2','','Emails','2023-05-10',NULL,'19:00:10',NULL,'0',NULL,NULL,NULL,NULL,NULL,NULL,'0','all',NULL,''),(353,'Ticket Number : TKT000085 Wildseed Palo Alto / Printer Replacement','','Emails','2023-05-10',NULL,'19:00:17',NULL,'0',NULL,NULL,NULL,NULL,NULL,NULL,'0','all',NULL,''),(354,'Ticket Number : TKT000040 108772 - aMano network rack','','Emails','2023-05-10',NULL,'19:00:25',NULL,'0',NULL,NULL,NULL,NULL,NULL,NULL,'0','all',NULL,''),(355,'Ticket Number : TKT000051 Installation of replacement KDS at SD Novato','','Emails','2023-05-10',NULL,'19:00:35',NULL,'0',NULL,NULL,NULL,NULL,NULL,NULL,'0','all',NULL,''),(356,'Ticket Number : TKT000071 Napa SD - DayForce Tablet Issues','','Emails','2023-05-10',NULL,'19:00:46',NULL,'0',NULL,NULL,NULL,NULL,NULL,NULL,'0','all',NULL,''),(357,'Ticket Number : TKT000088 Request for BT Tech Dispatch at SD Laurel Village','','Emails','2023-05-10',NULL,'19:00:55',NULL,'0',NULL,NULL,NULL,NULL,NULL,NULL,'0','all',NULL,''),(358,'Ticket Number : TKT000049 Flores Corte Madera / Cameras are offline','','Emails','2023-05-10',NULL,'19:15:01',NULL,'0',NULL,NULL,NULL,NULL,NULL,NULL,'0','all',NULL,''),(360,'Ticket Number : TKT000095 Tech Visit at Dela Rosa Yerba Buena /  Connect Newly Opened Ports to Patch Panel','','Emails','2023-05-10',NULL,'22:00:01',NULL,'0',NULL,NULL,NULL,NULL,NULL,NULL,'0','all',NULL,''),(366,'YOU HAVE BEEN ASSIGNED TO A NEW TICKET - Ticket Number : TKT000096 Network Monitoring - Service Downtime DYNAMIX NUMBER 110647','','Emails','2023-05-11',NULL,'02:00:02',NULL,'0',NULL,NULL,NULL,NULL,NULL,NULL,'0','all',NULL,''),(369,'YOU HAVE BEEN ASSIGNED TO A NEW TICKET - Ticket Number : TKT000097 Dela Rosa Yerba Buena / Wiring issue from Patch DYNAMIX NUMBER 110406','','Emails','2023-05-11',NULL,'02:15:01',NULL,'0',NULL,NULL,NULL,NULL,NULL,NULL,'0','all',NULL,''),(370,'UPDATE Ticket Number : TKT000097 Dela Rosa Yerba Buena / Wiring issue from Patch DYNAMIX Number 110406','','Emails','2023-05-11',NULL,'02:15:09',NULL,'0',NULL,NULL,NULL,NULL,NULL,NULL,'0','all',NULL,''),(372,'YOU HAVE BEEN ASSIGNED TO A NEW TICKET - Ticket Number : TKT000098 110388/Wildseed Palo Alto/Remove 6 Port Switch DYNAMIX NUMBER 110291','','Emails','2023-05-11',NULL,'02:30:01',NULL,'0',NULL,NULL,NULL,NULL,NULL,NULL,'0','all',NULL,''),(379,'YOU HAVE BEEN ASSIGNED TO A NEW TICKET - Ticket Number : TKT000099 Tech Visit Beretta /UPS Replacement DYNAMIX NUMBER 110134','','Emails','2023-05-11',NULL,'02:45:02',NULL,'0',NULL,NULL,NULL,NULL,NULL,NULL,'0','all',NULL,''),(384,'YOU HAVE BEEN ASSIGNED TO A NEW TICKET - Ticket Number : TKT000100 110355/Lolinda/Installation of 2 Handhelds DYNAMIX NUMBER 110355','','Emails','2023-05-11',NULL,'03:00:02',NULL,'0',NULL,NULL,NULL,NULL,NULL,NULL,'0','all',NULL,''),(386,'YOU HAVE BEEN ASSIGNED TO A NEW TICKET - Ticket Number : TKT000101 RE: 110450 / Afterwork Bar / TV sounds and TV outside DYNAMIX NUMBER 11450','','Emails','2023-05-11',NULL,'03:15:01',NULL,'0',NULL,NULL,NULL,NULL,NULL,NULL,'0','all',NULL,''),(388,'UPDATE Ticket Number : TKT000085 Wildseed Palo Alto / Printer Replacement DYNAMIX Number 110291','','Emails','2023-05-11',NULL,'07:15:01',NULL,'0',NULL,NULL,NULL,NULL,NULL,NULL,'0','all',NULL,''),(389,'YOU HAVE BEEN ASSIGNED TO A NEW TICKET - Ticket Number : TKT000102 110450 / Afterwork Bar / TV sounds and TV outside DYNAMIX NUMBER 110450','','Emails','2023-05-11',NULL,'07:15:12',NULL,'0',NULL,NULL,NULL,NULL,NULL,NULL,'0','all',NULL,''),(390,'UPDATE Ticket Number : TKT000098 110388/Wildseed Palo Alto/Remove 6 Port Switch DYNAMIX Number 110388','','Emails','2023-05-11',NULL,'07:30:01',NULL,'0',NULL,NULL,NULL,NULL,NULL,NULL,'0','all',NULL,''),(392,'UPDATE Ticket Number : TKT000098 110388/Wildseed Palo Alto/Remove 6 Port Switch DYNAMIX Number 110388','','Emails','2023-05-11',NULL,'07:45:02',NULL,'0',NULL,NULL,NULL,NULL,NULL,NULL,'0','all',NULL,''),(393,'YOU HAVE BEEN ASSIGNED TO A NEW TICKET - Ticket Number : TKT000103 110352 / Afterwork bar / Reconnect Television to Matrix DYNAMIX NUMBER 110352','','Emails','2023-05-11',NULL,'07:45:11',NULL,'0',NULL,NULL,NULL,NULL,NULL,NULL,'0','all',NULL,''),(395,'YOU HAVE BEEN ASSIGNED TO A NEW TICKET - Ticket Number : TKT000104 Request Tech Visit Switch Installation at SD Concord DYNAMIX NUMBER 999999','','Emails','2023-05-11',NULL,'08:00:01',NULL,'0',NULL,NULL,NULL,NULL,NULL,NULL,'0','all',NULL,''),(397,'YOU HAVE BEEN ASSIGNED TO A NEW TICKET - Ticket Number : TKT000105 Super Duper - Novato/Installation of KDS DYNAMIX NUMBER 110353','','Emails','2023-05-11',NULL,'08:15:02',NULL,'0',NULL,NULL,NULL,NULL,NULL,NULL,'0','all',NULL,''),(398,'UPDATE Ticket Number : TKT000084 BT Tech Request DYNAMIX Number 109070','','Emails','2023-05-11',NULL,'08:15:04',NULL,'0',NULL,NULL,NULL,NULL,NULL,NULL,'0','all',NULL,''),(399,'UPDATE Ticket Number : TKT000104 Request Tech Visit Switch Installation at SD Concord DYNAMIX Number 999999','','Emails','2023-05-11',NULL,'17:28:02',NULL,'0',NULL,NULL,NULL,NULL,NULL,NULL,'0','all',NULL,''),(400,'UPDATE Ticket Number : TKT000097 Dela Rosa Yerba Buena / Wiring issue from Patch DYNAMIX Number 110406','','Emails','2023-05-11',NULL,'17:58:02',NULL,'0',NULL,NULL,NULL,NULL,NULL,NULL,'0','all',NULL,''),(402,'YOU HAVE BEEN ASSIGNED TO A NEW TICKET - Ticket Number : TKT000106 Installation of replacement KDS FWLD002-KDS-001 DYNAMIX NUMBER 110888','','Emails','2023-05-12',NULL,'00:44:01',NULL,'0',NULL,NULL,NULL,NULL,NULL,NULL,'0','all',NULL,''),(406,'UPDATE Ticket Number : TKT000095 Tech Visit at Dela Rosa Yerba Buena /  Connect Newly Opened Ports to Patch Panel DYNAMIX Number 110406','','Emails','2023-05-15',NULL,'18:54:01',NULL,'0',NULL,NULL,NULL,NULL,NULL,NULL,'0','all',NULL,''),(407,'UPDATE Ticket Number : TKT000097 Dela Rosa Yerba Buena / Wiring issue from Patch DYNAMIX Number 110406','','Emails','2023-05-15',NULL,'19:08:01',NULL,'0',NULL,NULL,NULL,NULL,NULL,NULL,'0','all',NULL,''),(408,'UPDATE Ticket Number : TKT000106 Installation of replacement KDS FWLD002-KDS-001 DYNAMIX Number 110888','','Emails','2023-05-17',NULL,'02:24:01',NULL,'0',NULL,NULL,NULL,NULL,NULL,NULL,'0','all',NULL,''),(411,'Regarding Contact Assignment','','Emails','2023-05-17',NULL,'17:18:02',NULL,'0',NULL,NULL,NULL,NULL,NULL,NULL,'0','all',NULL,''),(412,'UPDATE Ticket Number : TKT000084 BT Tech Request DYNAMIX Number 109070','','Emails','2023-05-19',NULL,'02:56:01',NULL,'0',NULL,NULL,NULL,NULL,NULL,NULL,'0','all',NULL,''),(413,'UPDATE Ticket Number : TKT000099 Tech Visit Beretta /UPS Replacement DYNAMIX Number 110134','','Emails','2023-05-19',NULL,'02:56:08',NULL,'0',NULL,NULL,NULL,NULL,NULL,NULL,'0','all',NULL,''),(414,'UPDATE Ticket Number : TKT000101 RE: 110450 / Afterwork Bar / TV sounds and TV outside DYNAMIX Number 110450','','Emails','2023-05-19',NULL,'02:56:13',NULL,'0',NULL,NULL,NULL,NULL,NULL,NULL,'0','all',NULL,''),(415,'UPDATE Ticket Number : TKT000100 110355/Lolinda/Installation of 2 Handhelds DYNAMIX Number 110355','','Emails','2023-05-19',NULL,'02:56:16',NULL,'0',NULL,NULL,NULL,NULL,NULL,NULL,'0','all',NULL,''),(416,'UPDATE Ticket Number : TKT000051 Installation of replacement KDS at SD Novato DYNAMIX Number 109234','','Emails','2023-05-19',NULL,'03:10:01',NULL,'0',NULL,NULL,NULL,NULL,NULL,NULL,'0','all',NULL,''),(417,'UPDATE Ticket Number : TKT000101 RE: 110450 / Afterwork Bar / TV sounds and TV outside DYNAMIX Number 110450','','Emails','2023-05-19',NULL,'03:52:01',NULL,'0',NULL,NULL,NULL,NULL,NULL,NULL,'0','all',NULL,''),(418,'UPDATE Ticket Number : TKT000098 110388/Wildseed Palo Alto/Remove 6 Port Switch DYNAMIX Number 110291','','Emails','2023-05-19',NULL,'04:06:01',NULL,'0',NULL,NULL,NULL,NULL,NULL,NULL,'0','all',NULL,''),(419,'UPDATE Ticket Number : TKT000103 110352 / Afterwork bar / Reconnect Television to Matrix DYNAMIX Number 11450','','Emails','2023-05-19',NULL,'04:20:01',NULL,'0',NULL,NULL,NULL,NULL,NULL,NULL,'0','all',NULL,''),(421,'YOU HAVE BEEN ASSIGNED TO A NEW TICKET - Ticket Number : TKT000107 Super Duper - Novato /  UPS Replacement / 110762 DYNAMIX NUMBER 110762','','Emails','2023-05-21',NULL,'01:48:01',NULL,'0',NULL,NULL,NULL,NULL,NULL,NULL,'0','all',NULL,''),(423,'YOU HAVE BEEN ASSIGNED TO A NEW TICKET - Ticket Number : TKT000108 110406 / Dela Rosa Yerba Buena / Wirirng issue from Patch DYNAMIX NUMBER 110406','','Emails','2023-05-21',NULL,'20:14:01',NULL,'0',NULL,NULL,NULL,NULL,NULL,NULL,'0','all',NULL,''),(424,'UPDATE Ticket Number : TKT000108 110406 / Dela Rosa Yerba Buena / Wirirng issue from Patch DYNAMIX Number 110406','','Emails','2023-05-21',NULL,'20:42:01',NULL,'0',NULL,NULL,NULL,NULL,NULL,NULL,'0','all',NULL,''),(425,'UPDATE Ticket Number : TKT000108 110406 / Dela Rosa Yerba Buena / Wirirng issue from Patch DYNAMIX Number 110406','','Emails','2023-05-21',NULL,'20:42:08',NULL,'0',NULL,NULL,NULL,NULL,NULL,NULL,'0','all',NULL,''),(426,'UPDATE Ticket Number : TKT000040 108772 - aMano network rack DYNAMIX Number 108772','','Emails','2023-05-21',NULL,'22:40:01',NULL,'0',NULL,NULL,NULL,NULL,NULL,NULL,'0','all',NULL,''),(427,'UPDATE Ticket Number : TKT000048 Super Duper - Berkeley / Resolve camera 2 DYNAMIX Number 108769','','Emails','2023-05-21',NULL,'22:54:01',NULL,'0',NULL,NULL,NULL,NULL,NULL,NULL,'0','all',NULL,''),(428,'UPDATE Ticket Number : TKT000024 108064 / Flores Union / Printer Routing Issue DYNAMIX Number 108064','','Emails','2023-05-21',NULL,'23:08:01',NULL,'0',NULL,NULL,NULL,NULL,NULL,NULL,'0','all',NULL,''),(429,'UPDATE Ticket Number : TKT000042 108817 and 108825 / Super Duper – Metreon / Printer not printing and No sound on their Music DYNAMIX Number 108817','','Emails','2023-05-21',NULL,'23:08:13',NULL,'0',NULL,NULL,NULL,NULL,NULL,NULL,'0','all',NULL,''),(430,'UPDATE Ticket Number : TKT000026 107721 / Super Duper - Emeryville / Toast Tap Replacement DYNAMIX Number 107721','','Emails','2023-05-21',NULL,'23:22:01',NULL,'0',NULL,NULL,NULL,NULL,NULL,NULL,'0','all',NULL,''),(431,'UPDATE Ticket Number : TKT000017 After Work Bar / Montaje seguro para televisores de barra DYNAMIX Number 108024','','Emails','2023-05-21',NULL,'23:22:03',NULL,'0',NULL,NULL,NULL,NULL,NULL,NULL,'0','all',NULL,''),(432,'UPDATE Ticket Number : TKT000087 The Tailor\'s Son / Cash Drawer replacement DYNAMIX Number 107807','','Emails','2023-05-21',NULL,'23:22:04',NULL,'0',NULL,NULL,NULL,NULL,NULL,NULL,'0','all',NULL,''),(433,'UPDATE Ticket Number : TKT000086 nstallation of Toast Flex Counter, Receipt Printer and Direct attached Toast Tap DYNAMIX Number 107780','','Emails','2023-05-21',NULL,'23:50:01',NULL,'0',NULL,NULL,NULL,NULL,NULL,NULL,'0','all',NULL,''),(434,'UPDATE Ticket Number : TKT000083 Field Tech Request Urgent DYNAMIX Number 110263','','Emails','2023-05-22',NULL,'00:04:02',NULL,'0',NULL,NULL,NULL,NULL,NULL,NULL,'0','all',NULL,''),(435,'UPDATE Ticket Number : TKT000082 Super Duper -Los Gatos / Intermittent Internet Connection DYNAMIX Number 110158','','Emails','2023-05-22',NULL,'00:04:10',NULL,'0',NULL,NULL,NULL,NULL,NULL,NULL,'0','all',NULL,''),(436,'UPDATE Ticket Number : TKT000081 The Bird Hayes / Reset AV Matrix DYNAMIX Number 110135','','Emails','2023-05-22',NULL,'00:04:12',NULL,'0',NULL,NULL,NULL,NULL,NULL,NULL,'0','all',NULL,''),(437,'UPDATE Ticket Number : TKT000061 Troubleshoot Dayforce Offline-El Techo DYNAMIX Number 109888','','Emails','2023-05-22',NULL,'00:04:14',NULL,'0',NULL,NULL,NULL,NULL,NULL,NULL,'0','all',NULL,''),(438,'UPDATE Ticket Number : TKT000045 Uno Dos Tacos / Connect Yealink Receiver to network DYNAMIX Number 108896','','Emails','2023-05-22',NULL,'00:20:01',NULL,'0',NULL,NULL,NULL,NULL,NULL,NULL,'0','all',NULL,''),(439,'UPDATE Ticket Number : TKT000039 108817 and 108825 / Super Duper – Metreon / Printer not printing and No sound on their Music DYNAMIX Number 108825','','Emails','2023-05-22',NULL,'00:20:09',NULL,'0',NULL,NULL,NULL,NULL,NULL,NULL,'0','all',NULL,''),(440,'UPDATE Ticket Number : TKT000038 108817 and 108825 / Super Duper – Metreon / Printer not printing and No sound on their Music DYNAMIX Number 108817','','Emails','2023-05-22',NULL,'00:34:01',NULL,'0',NULL,NULL,NULL,NULL,NULL,NULL,'0','all',NULL,''),(441,'UPDATE Ticket Number : TKT000015 Comcast Enterprise Services Planned Maintenance Notification - CM004269753 DYNAMIX Number 107832','','Emails','2023-05-22',NULL,'00:34:09',NULL,'0',NULL,NULL,NULL,NULL,NULL,NULL,'0','all',NULL,''),(442,'UPDATE Ticket Number : TKT000014 omcast Enterprise Services Planned Maintenance Notification - CM004269753 DYNAMIX Number 0','','Emails','2023-05-22',NULL,'00:48:01',NULL,'0',NULL,NULL,NULL,NULL,NULL,NULL,'0','all',NULL,''),(443,'UPDATE Ticket Number : TKT000006 Troubleshoot Dayforce Offline-El Techo DYNAMIX Number 109888','','Emails','2023-05-22',NULL,'00:48:09',NULL,'0',NULL,NULL,NULL,NULL,NULL,NULL,'0','all',NULL,''),(444,'UPDATE Ticket Number : TKT000005 SD Serramonte SDWAN equipment pickup DYNAMIX Number 109856','','Emails','2023-05-22',NULL,'01:02:01',NULL,'0',NULL,NULL,NULL,NULL,NULL,NULL,'0','all',NULL,''),(445,'UPDATE Ticket Number : TKT000107 Super Duper - Novato /  UPS Replacement / 110762 DYNAMIX Number 110762','','Emails','2023-05-22',NULL,'15:36:02',NULL,'0',NULL,NULL,NULL,NULL,NULL,NULL,'0','all',NULL,''),(446,'Regarding Contact Assignment','','Emails','2023-05-22',NULL,'21:44:01',NULL,'0',NULL,NULL,NULL,NULL,NULL,NULL,'0','all',NULL,''),(448,'YOU HAVE BEEN ASSIGNED TO A NEW TICKET - Ticket Number : TKT000109 Urgent: Super Duper Laurel Village /  Network Down DYNAMIX NUMBER 111239','','Emails','2023-05-24',NULL,'15:50:02',NULL,'0',NULL,NULL,NULL,NULL,NULL,NULL,'0','all',NULL,''),(451,'UPDATE Ticket Number : TKT000109 Urgent: Super Duper Laurel Village /  Network Down DYNAMIX Number 111239','','Emails','2023-05-25',NULL,'01:06:02',NULL,'0',NULL,NULL,NULL,NULL,NULL,NULL,'0','all',NULL,''),(454,'','','Emails','2023-05-25',NULL,'03:32:01',NULL,'0',NULL,NULL,NULL,NULL,NULL,NULL,'0','all',NULL,''),(455,'A new ticket has been created on the Customer Portal ','','Emails','2023-05-25',NULL,'03:32:01',NULL,'0',NULL,NULL,NULL,NULL,NULL,NULL,'0','all',NULL,''),(456,'UPDATE Ticket Number : TKT000110 FCOR001 Corzetti :  Re: Items for storage DYNAMIX Number 0','','Emails','2023-05-25',NULL,'03:32:03',NULL,'0',NULL,NULL,NULL,NULL,NULL,NULL,'0','all',NULL,''),(457,'YOU HAVE BEEN ASSIGNED TO A NEW TICKET - Ticket Number : TKT000111 Re: Internet Downtime Update DYNAMIX NUMBER 1112861','','Emails','2023-05-25',NULL,'03:32:05',NULL,'0',NULL,NULL,NULL,NULL,NULL,NULL,'0','all',NULL,''),(464,'UPDATE Ticket Number : TKT000110 FCOR001 Corzetti :  Re: Items for storage DYNAMIX Number 0','','Emails','2023-05-25',NULL,'03:46:01',NULL,'0',NULL,NULL,NULL,NULL,NULL,NULL,'0','all',NULL,'');

--
-- Table structure for table `vtiger_activity_recurring_info`
--

CREATE TABLE `vtiger_activity_recurring_info` (
  `activityid` int(11) NOT NULL,
  `recurrenceid` int(11) NOT NULL
) ENGINE=InnoDB DEFAULT CHARSET=utf8 COLLATE=utf8_general_ci;

--
-- Dumping data for table `vtiger_activity_recurring_info`
--


--
-- Table structure for table `vtiger_activity_reminder`
--

CREATE TABLE `vtiger_activity_reminder` (
  `activity_id` int(11) NOT NULL,
  `reminder_time` int(11) NOT NULL,
  `reminder_sent` int(11) NOT NULL,
  `recurringid` int(11) NOT NULL,
  PRIMARY KEY (`activity_id`,`recurringid`),
  CONSTRAINT `fk_activityid_vtiger_activity_reminder` FOREIGN KEY (`activity_id`) REFERENCES `vtiger_activity` (`activityid`) ON DELETE CASCADE
) ENGINE=InnoDB DEFAULT CHARSET=utf8mb4 COLLATE=utf8mb4_general_ci;

--
-- Dumping data for table `vtiger_activity_reminder`
--


--
-- Table structure for table `vtiger_activity_reminder_popup`
--

CREATE TABLE `vtiger_activity_reminder_popup` (
  `reminderid` int(11) NOT NULL AUTO_INCREMENT,
  `semodule` varchar(100) NOT NULL,
  `recordid` int(11) NOT NULL,
  `date_start` date NOT NULL,
  `time_start` varchar(100) NOT NULL,
  `status` int(11) NOT NULL,
  PRIMARY KEY (`reminderid`)
) ENGINE=InnoDB DEFAULT CHARSET=utf8mb4 COLLATE=utf8mb4_general_ci;

--
-- Dumping data for table `vtiger_activity_reminder_popup`
--


--
-- Table structure for table `vtiger_activity_view`
--

CREATE TABLE `vtiger_activity_view` (
  `activity_viewid` int(11) NOT NULL AUTO_INCREMENT,
  `activity_view` varchar(200) NOT NULL,
  `sortorderid` int(11) NOT NULL DEFAULT 0,
  `presence` int(11) NOT NULL DEFAULT 1,
  PRIMARY KEY (`activity_viewid`)
) ENGINE=InnoDB AUTO_INCREMENT=6 DEFAULT CHARSET=utf8mb4 COLLATE=utf8mb4_general_ci;

--
-- Dumping data for table `vtiger_activity_view`
--

INSERT INTO `vtiger_activity_view` VALUES (1,'Today',0,1),(2,'This Week',1,1),(3,'This Month',2,1),(4,'This Year',3,1),(5,'Agenda',4,1);

--
-- Table structure for table `vtiger_activity_view_seq`
--

CREATE TABLE `vtiger_activity_view_seq` (
  `id` int(11) NOT NULL
) ENGINE=InnoDB DEFAULT CHARSET=utf8mb4 COLLATE=utf8mb4_general_ci;

--
-- Dumping data for table `vtiger_activity_view_seq`
--

INSERT INTO `vtiger_activity_view_seq` VALUES (5);

--
-- Table structure for table `vtiger_activitycf`
--

CREATE TABLE `vtiger_activitycf` (
  `activityid` int(11) NOT NULL DEFAULT 0,
  PRIMARY KEY (`activityid`),
  CONSTRAINT `fk_activityid_vtiger_activitycf` FOREIGN KEY (`activityid`) REFERENCES `vtiger_activity` (`activityid`) ON DELETE CASCADE
) ENGINE=InnoDB DEFAULT CHARSET=utf8mb4 COLLATE=utf8mb4_general_ci;

--
-- Dumping data for table `vtiger_activitycf`
--


--
-- Table structure for table `vtiger_activityproductrel`
--

CREATE TABLE `vtiger_activityproductrel` (
  `activityid` int(11) NOT NULL DEFAULT 0,
  `productid` int(11) NOT NULL DEFAULT 0,
  PRIMARY KEY (`activityid`,`productid`),
  KEY `activityproductrel_activityid_idx` (`activityid`),
  KEY `activityproductrel_productid_idx` (`productid`),
  CONSTRAINT `fk_2_vtiger_activityproductrel` FOREIGN KEY (`productid`) REFERENCES `vtiger_products` (`productid`) ON DELETE CASCADE
) ENGINE=InnoDB DEFAULT CHARSET=utf8mb4 COLLATE=utf8mb4_general_ci;

--
-- Dumping data for table `vtiger_activityproductrel`
--


--
-- Table structure for table `vtiger_activitytype`
--

CREATE TABLE `vtiger_activitytype` (
  `activitytypeid` int(11) NOT NULL AUTO_INCREMENT,
  `activitytype` varchar(200) NOT NULL,
  `presence` int(11) NOT NULL DEFAULT 1,
  `picklist_valueid` int(11) NOT NULL DEFAULT 0,
  `sortorderid` int(11) DEFAULT NULL,
  `color` varchar(10) DEFAULT NULL,
  PRIMARY KEY (`activitytypeid`),
  UNIQUE KEY `activitytype_activitytype_idx` (`activitytype`)
) ENGINE=InnoDB AUTO_INCREMENT=4 DEFAULT CHARSET=utf8mb4 COLLATE=utf8mb4_general_ci;

--
-- Dumping data for table `vtiger_activitytype`
--

INSERT INTO `vtiger_activitytype` VALUES (1,'Call',0,12,0,NULL),(2,'Meeting',0,13,1,NULL),(3,'Mobile Call',0,295,1,NULL);

--
-- Table structure for table `vtiger_activitytype_seq`
--

CREATE TABLE `vtiger_activitytype_seq` (
  `id` int(11) NOT NULL
) ENGINE=InnoDB DEFAULT CHARSET=utf8mb4 COLLATE=utf8mb4_general_ci;

--
-- Dumping data for table `vtiger_activitytype_seq`
--

INSERT INTO `vtiger_activitytype_seq` VALUES (3);

--
-- Table structure for table `vtiger_announcement`
--

CREATE TABLE `vtiger_announcement` (
  `creatorid` int(11) NOT NULL,
  `announcement` text DEFAULT NULL,
  `title` varchar(255) DEFAULT NULL,
  `time` timestamp NULL DEFAULT NULL,
  PRIMARY KEY (`creatorid`),
  KEY `announcement_creatorid_idx` (`creatorid`)
) ENGINE=InnoDB DEFAULT CHARSET=utf8mb4 COLLATE=utf8mb4_general_ci;

--
-- Dumping data for table `vtiger_announcement`
--


--
-- Table structure for table `vtiger_app2tab`
--

CREATE TABLE `vtiger_app2tab` (
  `tabid` int(11) DEFAULT NULL,
  `appname` varchar(20) DEFAULT NULL,
  `sequence` int(11) DEFAULT NULL,
  `visible` int(11) DEFAULT 1,
  KEY `vtiger_app2tab_fk_tab` (`tabid`),
  CONSTRAINT `vtiger_app2tab_fk_tab` FOREIGN KEY (`tabid`) REFERENCES `vtiger_tab` (`tabid`) ON DELETE CASCADE
) ENGINE=InnoDB DEFAULT CHARSET=utf8mb4 COLLATE=utf8mb4_general_ci;

--
-- Dumping data for table `vtiger_app2tab`
--

INSERT INTO `vtiger_app2tab` VALUES (34,'TOOLS',5,1),(35,'SUPPORT',2,1),(36,'INVENTORY',2,1),(40,'TOOLS',1,1),(46,'TOOLS',4,1),(49,'SETTINGS',1,1),(2,'SALES',1,1),(20,'SALES',2,1),(4,'SALES',6,1),(6,'SALES',7,1),(14,'SALES',3,1),(36,'SALES',4,1),(4,'MARKETING',3,1),(6,'MARKETING',4,1),(7,'MARKETING',2,1),(26,'MARKETING',1,1),(4,'INVENTORY',8,1),(6,'INVENTORY',9,1),(22,'INVENTORY',5,1),(23,'INVENTORY',4,1),(14,'INVENTORY',1,1),(18,'INVENTORY',7,1),(19,'INVENTORY',3,1),(21,'INVENTORY',6,1),(4,'SUPPORT',4,1),(6,'SUPPORT',5,1),(13,'SUPPORT',1,1),(15,'SUPPORT',2,1),(38,'SUPPORT',4,1),(45,'PROJECT',1,1),(44,'PROJECT',2,1),(43,'PROJECT',3,1),(4,'PROJECT',4,0),(6,'PROJECT',5,0),(47,'SALES',1,1),(47,'SUPPORT',3,1),(24,'TOOLS',2,1),(27,'TOOLS',3,1);

--
-- Table structure for table `vtiger_assets`
--

CREATE TABLE `vtiger_assets` (
  `assetsid` int(11) NOT NULL,
  `asset_no` varchar(30) NOT NULL,
  `account` int(11) DEFAULT NULL,
  `product` int(11) NOT NULL,
  `serialnumber` varchar(200) DEFAULT NULL,
  `datesold` date DEFAULT NULL,
  `dateinservice` date DEFAULT NULL,
  `assetstatus` varchar(200) DEFAULT 'In Service',
  `tagnumber` varchar(300) DEFAULT NULL,
  `invoiceid` int(11) DEFAULT NULL,
  `shippingmethod` varchar(200) DEFAULT NULL,
  `shippingtrackingnumber` varchar(200) DEFAULT NULL,
  `assetname` varchar(100) DEFAULT NULL,
  `contact` int(11) DEFAULT NULL,
  `tags` varchar(1) DEFAULT NULL,
  PRIMARY KEY (`assetsid`),
  CONSTRAINT `fk_1_vtiger_assets` FOREIGN KEY (`assetsid`) REFERENCES `vtiger_crmentity` (`crmid`) ON DELETE CASCADE
) ENGINE=InnoDB DEFAULT CHARSET=utf8 COLLATE=utf8_general_ci;

--
-- Dumping data for table `vtiger_assets`
--


--
-- Table structure for table `vtiger_assetscf`
--

CREATE TABLE `vtiger_assetscf` (
  `assetsid` int(11) NOT NULL,
  PRIMARY KEY (`assetsid`),
  CONSTRAINT `fk_assetsid_vtiger_assetscf` FOREIGN KEY (`assetsid`) REFERENCES `vtiger_assets` (`assetsid`) ON DELETE CASCADE
) ENGINE=InnoDB DEFAULT CHARSET=utf8 COLLATE=utf8_general_ci;

--
-- Dumping data for table `vtiger_assetscf`
--


--
-- Table structure for table `vtiger_assetstatus`
--

CREATE TABLE `vtiger_assetstatus` (
  `assetstatusid` int(11) NOT NULL AUTO_INCREMENT,
  `assetstatus` varchar(200) NOT NULL,
  `presence` int(11) NOT NULL DEFAULT 1,
  `picklist_valueid` int(11) NOT NULL DEFAULT 0,
  `sortorderid` int(11) DEFAULT 0,
  `color` varchar(10) DEFAULT NULL,
  PRIMARY KEY (`assetstatusid`)
) ENGINE=InnoDB AUTO_INCREMENT=3 DEFAULT CHARSET=utf8 COLLATE=utf8_general_ci;

--
-- Dumping data for table `vtiger_assetstatus`
--

INSERT INTO `vtiger_assetstatus` VALUES (1,'In Service',1,235,1,NULL),(2,'Out-of-service',1,236,2,NULL);

--
-- Table structure for table `vtiger_assetstatus_seq`
--

CREATE TABLE `vtiger_assetstatus_seq` (
  `id` int(11) NOT NULL
) ENGINE=InnoDB DEFAULT CHARSET=utf8mb4 COLLATE=utf8mb4_general_ci;

--
-- Dumping data for table `vtiger_assetstatus_seq`
--

INSERT INTO `vtiger_assetstatus_seq` VALUES (2);

--
-- Table structure for table `vtiger_asterisk`
--

CREATE TABLE `vtiger_asterisk` (
  `server` varchar(30) DEFAULT NULL,
  `port` varchar(30) DEFAULT NULL,
  `username` varchar(50) DEFAULT NULL,
  `password` varchar(50) DEFAULT NULL,
  `version` varchar(50) DEFAULT NULL
) ENGINE=InnoDB DEFAULT CHARSET=utf8mb4 COLLATE=utf8mb4_general_ci;

--
-- Dumping data for table `vtiger_asterisk`
--


--
-- Table structure for table `vtiger_asteriskextensions`
--

CREATE TABLE `vtiger_asteriskextensions` (
  `userid` int(11) DEFAULT NULL,
  `asterisk_extension` varchar(50) DEFAULT NULL,
  `use_asterisk` varchar(3) DEFAULT NULL
) ENGINE=InnoDB DEFAULT CHARSET=utf8mb4 COLLATE=utf8mb4_general_ci;

--
-- Dumping data for table `vtiger_asteriskextensions`
--

INSERT INTO `vtiger_asteriskextensions` VALUES (1,NULL,NULL),(5,NULL,NULL),(6,NULL,NULL),(7,NULL,NULL),(8,NULL,NULL),(9,NULL,NULL),(10,NULL,NULL),(11,NULL,NULL),(12,NULL,NULL),(13,NULL,NULL);

--
-- Table structure for table `vtiger_asteriskincomingcalls`
--

CREATE TABLE `vtiger_asteriskincomingcalls` (
  `from_number` varchar(50) DEFAULT NULL,
  `from_name` varchar(50) DEFAULT NULL,
  `to_number` varchar(50) DEFAULT NULL,
  `callertype` varchar(30) DEFAULT NULL,
  `flag` int(11) DEFAULT NULL,
  `timer` int(11) DEFAULT NULL,
  `refuid` varchar(255) DEFAULT NULL
) ENGINE=InnoDB DEFAULT CHARSET=utf8mb4 COLLATE=utf8mb4_general_ci;

--
-- Dumping data for table `vtiger_asteriskincomingcalls`
--


--
-- Table structure for table `vtiger_asteriskincomingevents`
--

CREATE TABLE `vtiger_asteriskincomingevents` (
  `uid` varchar(255) NOT NULL,
  `channel` varchar(100) DEFAULT NULL,
  `from_number` bigint(20) DEFAULT NULL,
  `from_name` varchar(100) DEFAULT NULL,
  `to_number` bigint(20) DEFAULT NULL,
  `callertype` varchar(100) DEFAULT NULL,
  `timer` int(11) DEFAULT NULL,
  `flag` varchar(3) DEFAULT NULL,
  `pbxrecordid` int(11) DEFAULT NULL,
  `relcrmid` int(11) DEFAULT NULL,
  PRIMARY KEY (`uid`)
) ENGINE=InnoDB DEFAULT CHARSET=utf8mb4 COLLATE=utf8mb4_general_ci;

--
-- Dumping data for table `vtiger_asteriskincomingevents`
--


--
-- Table structure for table `vtiger_attachments`
--

CREATE TABLE `vtiger_attachments` (
  `attachmentsid` int(11) NOT NULL,
  `name` varchar(255) NOT NULL,
  `description` text DEFAULT NULL,
  `type` varchar(100) DEFAULT NULL,
  `path` text DEFAULT NULL,
  `storedname` varchar(255) DEFAULT NULL,
  `subject` varchar(255) DEFAULT NULL,
  PRIMARY KEY (`attachmentsid`),
  KEY `attachments_attachmentsid_idx` (`attachmentsid`),
  CONSTRAINT `fk_1_vtiger_attachments` FOREIGN KEY (`attachmentsid`) REFERENCES `vtiger_crmentity` (`crmid`) ON DELETE CASCADE
) ENGINE=InnoDB DEFAULT CHARSET=utf8mb4 COLLATE=utf8mb4_general_ci;

--
-- Dumping data for table `vtiger_attachments`
--

INSERT INTO `vtiger_attachments` VALUES (43,'SD_98_Mission.jpg',NULL,'image/jpeg','storage/2023/February/week3/','af09ddeac2421019ade95512ae639878.jpg',NULL),(46,'SD_98_Mission.jpg','<html>\r\n<head>\r\n	<title></title>\r\n</head>\r\n<body>\r\n<table align=\"center\" border=\"0\" cellpadding=\"0\" cellspacing=\"0\" style=\"font-family: Arial,Helvetica,sans-serif; font-size: 12px; font-weight: normal; text-decoration: none; background-color: rgb(122, 122, 254);\" width=\"700\">\r\n	<tbody>\r\n		<tr>\r\n			<td></td>\r\n			<td></td>\r\n			<td></td>\r\n		</tr>\r\n		<tr>\r\n			<td></td>\r\n			<td></td>\r\n			<td></td>\r\n		</tr>\r\n		<tr>\r\n			<td></td>\r\n			<td></td>\r\n			<td></td>\r\n		</tr>\r\n		<tr>\r\n			<td width=\"50\"></td>\r\n			<td>\r\n			<table border=\"0\" cellpadding=\"0\" cellspacing=\"0\" width=\"100%\">\r\n				<tbody>\r\n					<tr>\r\n						<td>\r\n						<table border=\"0\" cellpadding=\"0\" cellspacing=\"0\" style=\"background-color: rgb(27, 77, 140); font-family: Arial,Helvetica,sans-serif; font-size: 14px; color: rgb(255, 255, 255); font-weight: normal; line-height: 25px;\" width=\"100%\">\r\n							<tbody>\r\n								<tr>\r\n									<td align=\"center\" rowspan=\"4\">$logo$</td>\r\n									<td align=\"center\"></td>\r\n								</tr>\r\n								<tr>\r\n									<td align=\"left\" style=\"background-color: rgb(27, 77, 140); font-family: Arial,Helvetica,sans-serif; font-size: 24px; color: rgb(255, 255, 255); font-weight: bolder; line-height: 35px;\">vtiger CRM</td>\r\n								</tr>\r\n								<tr>\r\n									<td align=\"right\" style=\"padding-right: 100px;\">The honest Open Source CRM</td>\r\n								</tr>\r\n								<tr>\r\n									<td></td>\r\n								</tr>\r\n							</tbody>\r\n						</table>\r\n						</td>\r\n					</tr>\r\n					<tr>\r\n						<td>\r\n						<table border=\"0\" cellpadding=\"0\" cellspacing=\"0\" style=\"font-family: Arial,Helvetica,sans-serif; font-size: 12px; font-weight: normal; color: rgb(0, 0, 0); background-color: rgb(255, 255, 255);\" width=\"100%\">\r\n							<tbody>\r\n								<tr>\r\n									<td valign=\"top\">\r\n									<table border=\"0\" cellpadding=\"5\" cellspacing=\"0\" width=\"100%\">\r\n										<tbody>\r\n											<tr>\r\n												<td align=\"right\" style=\"font-family: Arial,Helvetica,sans-serif; font-size: 12px; font-weight: bolder; text-decoration: none; color: rgb(66, 66, 253);\"></td>\r\n											</tr>\r\n											<tr>\r\n												<td></td>\r\n											</tr>\r\n											<tr>\r\n												<td style=\"font-family: Arial,Helvetica,sans-serif; font-size: 14px; color: rgb(22, 72, 134); font-weight: bolder; line-height: 15px;\">Dear $contacts-lastname$,</td>\r\n											</tr>\r\n											<tr>\r\n												<td style=\"font-family: Arial,Helvetica,sans-serif; font-size: 12px; color: rgb(0, 0, 0); font-weight: normal; text-align: justify; line-height: 20px;\">This is just a notification mail regarding your support end.<br />\r\n												<span style=\"font-weight: bold;\">Priority:</span> Normal<br />\r\n												Your Support is going to expire on next month.<br />\r\n												Please contact support@vtiger.com<br />\r\n												<br />\r\n												&nbsp;</td>\r\n											</tr>\r\n											<tr>\r\n												<td align=\"center\"></td>\r\n											</tr>\r\n											<tr>\r\n												<td align=\"right\"><br />\r\n												<br />\r\n												<strong style=\"padding: 2px; font-family: Arial,Helvetica,sans-serif; font-size: 12px; color: rgb(0, 0, 0); font-weight: bold;\">Sincerly</strong></td>\r\n											</tr>\r\n											<tr>\r\n												<td align=\"right\" style=\"font-family: Arial,Helvetica,sans-serif; font-size: 12px; color: rgb(0, 0, 0); font-weight: normal; line-height: 20px;\">Support Team</td>\r\n											</tr>\r\n											<tr>\r\n												<td align=\"right\"><a href=\"http://www.vtiger.com\" style=\"font-family: Arial,Helvetica,sans-serif; font-size: 12px; font-weight: bolder; text-decoration: none; color: rgb(66, 66, 253);\">www.vtiger.com</a></td>\r\n											</tr>\r\n											<tr>\r\n												<td></td>\r\n											</tr>\r\n										</tbody>\r\n									</table>\r\n									</td>\r\n									<td valign=\"top\" width=\"1%\"></td>\r\n								</tr>\r\n							</tbody>\r\n						</table>\r\n						</td>\r\n					</tr>\r\n					<tr>\r\n						<td>\r\n						<table border=\"0\" cellpadding=\"5\" cellspacing=\"0\" style=\"font-family: Arial,Helvetica,sans-serif; font-size: 12px; color: rgb(255, 255, 255); font-weight: normal; line-height: 15px; background-color: rgb(51, 51, 51);\" width=\"100%\">\r\n							<tbody>\r\n								<tr>\r\n									<td align=\"center\">Shree Narayana Complex, No 11 Sarathy Nagar, Vijaya Nagar , Velachery, Chennai - 600 042 India</td>\r\n								</tr>\r\n								<tr>\r\n									<td align=\"center\">Telephone No: +91 - 44 - 4202 - 1990 Toll Free No: +1 877 788 4437</td>\r\n								</tr>\r\n								<tr>\r\n									<td align=\"center\">Email Id: <a href=\"mailto:info@vtiger.com\" style=\"font-family: Arial,Helvetica,sans-serif; font-size: 12px; font-weight: bolder; text-decoration: none; color: rgb(255, 255, 255);\">info@vtiger.com</a></td>\r\n								</tr>\r\n							</tbody>\r\n						</table>\r\n						</td>\r\n					</tr>\r\n				</tbody>\r\n			</table>\r\n			</td>\r\n			<td width=\"50\"></td>\r\n		</tr>\r\n		<tr>\r\n			<td></td>\r\n			<td></td>\r\n			<td></td>\r\n		</tr>\r\n		<tr>\r\n			<td></td>\r\n			<td></td>\r\n			<td></td>\r\n		</tr>\r\n		<tr>\r\n			<td></td>\r\n			<td></td>\r\n			<td></td>\r\n		</tr>\r\n	</tbody>\r\n</table>\r\n</body>\r\n</html>\r\n','image/jpeg','storage/2023/February/week3/','2c41fd2f29501f7ab354dc87e890d8c3.jpg',NULL),(48,'SD_98_Mission.jpg',NULL,'image/jpeg','storage/2023/February/week3/','ccf365b2a9ee960c5d0f118abd6b7990.jpg',NULL),(196,'BT_Circle.jpg','','image/jpeg','storage/2023/April/week3/','94107bceee3e7b9d34c52363288ef6c7.jpg',NULL),(348,'107054.png',NULL,'image/png','storage/2023/May/week2/','887eca342744a70b7210716a457f16ad.png',NULL),(374,'Palo_Alto_Updated.xlsx',NULL,'application/vnd.openxmlformats-officedocument.spreadsheetml.sheet','storage/2023/May/week2/','a76793a6135ea265bd90b39397648073.xlsx',NULL),(377,'20230427_102522.jpg',NULL,'image/jpeg','storage/2023/May/week2/','d0776e738707d2b42229dbd692193fcf.jpg',NULL),(378,'20230427_110459.jpg',NULL,'image/jpeg','storage/2023/May/week2/','7540f9ebd89e81aca9627352d24f9ccf.jpg',NULL),(382,'20230426_133219.jpg',NULL,'image/jpeg','storage/2023/May/week2/','b7351f695ebbe70c647548adfd87e8aa.jpg',NULL),(383,'20230426_133421.jpg',NULL,'image/jpeg','storage/2023/May/week2/','ff48796df21d3d07105e9eb087dc9df2.jpg',NULL),(404,'Delarosa_direct_connected.jpg',NULL,'image/jpeg','storage/2023/May/week3/','a903c02fc223f4584924e491dc15def1.jpg',NULL),(405,'KDS_Pizza_IP_connected_Switch_port_14.JPEG',NULL,'image/jpeg','storage/2023/May/week3/','9a192c6f85248f3d43ee029957abf69d.JPEG',NULL),(410,'Dynamix_Logo_2019.png','','image/png','storage/2023/May/week3/','6be34dd35b3dad9f1b34666c8375b354.png',NULL),(459,'P1.jpg',NULL,'image/jpeg','storage/2023/May/week4/','67b595b0baef07064cd8517bf6e009fb.jpg',NULL),(460,'p2.jpg',NULL,'image/jpeg','storage/2023/May/week4/','39a9ea2c1caa7d7621d5ac1995daa9e6.jpg',NULL),(461,'p3.jpg',NULL,'image/jpeg','storage/2023/May/week4/','191376d536ed918729a6cfbbbd484875.jpg',NULL),(462,'p4.jpg',NULL,'image/jpeg','storage/2023/May/week4/','d82768623b5688a08f889b7ce4849269.jpg',NULL),(463,'p5.jpg',NULL,'image/jpeg','storage/2023/May/week4/','6d6d236dc406d139b5fdc0f440329faf.jpg',NULL);

--
-- Table structure for table `vtiger_attachmentsfolder`
--

CREATE TABLE `vtiger_attachmentsfolder` (
  `folderid` int(11) NOT NULL AUTO_INCREMENT,
  `foldername` varchar(200) NOT NULL,
  `description` varchar(250) DEFAULT NULL,
  `createdby` int(11) NOT NULL,
  `sequence` int(11) DEFAULT NULL,
  PRIMARY KEY (`folderid`)
) ENGINE=InnoDB AUTO_INCREMENT=2 DEFAULT CHARSET=utf8mb4 COLLATE=utf8mb4_general_ci;

--
-- Dumping data for table `vtiger_attachmentsfolder`
--

INSERT INTO `vtiger_attachmentsfolder` VALUES (1,'Default','This is a Default Folder',1,1);

--
-- Table structure for table `vtiger_attachmentsfolder_seq`
--

CREATE TABLE `vtiger_attachmentsfolder_seq` (
  `id` int(11) NOT NULL
) ENGINE=InnoDB DEFAULT CHARSET=utf8mb4 COLLATE=utf8mb4_general_ci;

--
-- Dumping data for table `vtiger_attachmentsfolder_seq`
--

INSERT INTO `vtiger_attachmentsfolder_seq` VALUES (1);

--
-- Table structure for table `vtiger_audit_trial`
--

CREATE TABLE `vtiger_audit_trial` (
  `auditid` int(11) NOT NULL,
  `userid` int(11) DEFAULT NULL,
  `module` varchar(255) DEFAULT NULL,
  `action` varchar(255) DEFAULT NULL,
  `recordid` varchar(20) DEFAULT NULL,
  `actiondate` datetime DEFAULT NULL,
  PRIMARY KEY (`auditid`)
) ENGINE=InnoDB DEFAULT CHARSET=utf8mb4 COLLATE=utf8mb4_general_ci;

--
-- Dumping data for table `vtiger_audit_trial`
--


--
-- Table structure for table `vtiger_blocks`
--

CREATE TABLE `vtiger_blocks` (
  `blockid` int(11) NOT NULL,
  `tabid` int(11) NOT NULL,
  `blocklabel` varchar(100) NOT NULL,
  `sequence` int(11) DEFAULT NULL,
  `show_title` int(11) DEFAULT NULL,
  `visible` int(11) NOT NULL DEFAULT 0,
  `create_view` int(11) NOT NULL DEFAULT 0,
  `edit_view` int(11) NOT NULL DEFAULT 0,
  `detail_view` int(11) NOT NULL DEFAULT 0,
  `display_status` int(11) NOT NULL DEFAULT 1,
  `iscustom` int(11) NOT NULL DEFAULT 0,
  PRIMARY KEY (`blockid`),
  KEY `block_tabid_idx` (`tabid`),
  CONSTRAINT `fk_1_vtiger_blocks` FOREIGN KEY (`tabid`) REFERENCES `vtiger_tab` (`tabid`) ON DELETE CASCADE
) ENGINE=InnoDB DEFAULT CHARSET=utf8mb4 COLLATE=utf8mb4_general_ci;

--
-- Dumping data for table `vtiger_blocks`
--

INSERT INTO `vtiger_blocks` VALUES (1,2,'LBL_OPPORTUNITY_INFORMATION',1,0,0,0,0,0,1,0),(2,2,'LBL_CUSTOM_INFORMATION',2,0,0,0,0,0,1,0),(3,2,'LBL_DESCRIPTION_INFORMATION',3,0,0,0,0,0,1,0),(4,4,'LBL_CONTACT_INFORMATION',1,0,0,0,0,0,1,0),(5,4,'LBL_CUSTOM_INFORMATION',2,0,0,0,0,0,1,0),(6,4,'LBL_CUSTOMER_PORTAL_INFORMATION',3,0,0,0,0,0,1,0),(7,4,'LBL_ADDRESS_INFORMATION',4,0,0,0,0,0,1,0),(8,4,'LBL_DESCRIPTION_INFORMATION',5,0,0,0,0,0,1,0),(9,6,'LBL_ACCOUNT_INFORMATION',1,0,0,0,0,0,1,0),(10,6,'LBL_CUSTOM_INFORMATION',2,0,0,0,0,0,1,0),(11,6,'LBL_ADDRESS_INFORMATION',3,0,0,0,0,0,1,0),(12,6,'LBL_DESCRIPTION_INFORMATION',4,0,0,0,0,0,1,0),(13,7,'LBL_LEAD_INFORMATION',1,0,0,0,0,0,1,0),(14,7,'LBL_CUSTOM_INFORMATION',2,0,0,0,0,0,1,0),(15,7,'LBL_ADDRESS_INFORMATION',3,0,0,0,0,0,1,0),(16,7,'LBL_DESCRIPTION_INFORMATION',4,0,0,0,0,0,1,0),(17,8,'LBL_NOTE_INFORMATION',1,0,0,0,0,0,1,0),(18,8,'LBL_FILE_INFORMATION',3,1,0,0,0,0,1,0),(19,9,'LBL_TASK_INFORMATION',1,0,0,0,0,0,1,0),(20,9,'LBL_DESCRIPTION_INFORMATION',3,1,0,0,0,0,1,0),(21,10,'LBL_EMAIL_INFORMATION',1,0,0,0,0,0,1,0),(22,10,'Emails_Block1',2,1,0,0,0,0,1,0),(23,10,'Emails_Block2',3,1,0,0,0,0,1,0),(24,10,'Emails_Block3',4,1,0,0,0,0,1,0),(25,13,'LBL_TICKET_INFORMATION',1,0,0,0,0,0,1,0),(26,13,'',5,1,0,0,0,0,1,0),(27,13,'LBL_CUSTOM_INFORMATION',6,0,0,0,0,0,1,0),(28,13,'LBL_DESCRIPTION_INFORMATION',7,0,0,0,0,0,1,0),(29,13,'LBL_TICKET_RESOLUTION',5,0,0,1,0,0,1,0),(30,13,'LBL_COMMENTS',9,0,0,1,0,0,1,0),(31,14,'LBL_PRODUCT_INFORMATION',1,0,0,0,0,0,1,0),(32,14,'LBL_PRICING_INFORMATION',2,0,0,0,0,0,1,0),(33,14,'LBL_STOCK_INFORMATION',3,0,0,0,0,0,1,0),(34,14,'LBL_CUSTOM_INFORMATION',4,0,0,0,0,0,1,0),(35,14,'LBL_IMAGE_INFORMATION',5,0,0,0,0,0,1,0),(36,14,'LBL_DESCRIPTION_INFORMATION',6,0,0,0,0,0,1,0),(37,15,'LBL_FAQ_INFORMATION',1,0,0,0,0,0,1,0),(38,15,'LBL_COMMENT_INFORMATION',4,0,0,1,0,0,1,0),(39,16,'LBL_EVENT_INFORMATION',1,0,0,0,0,0,1,0),(40,16,'LBL_REMINDER_INFORMATION',2,0,0,0,0,0,1,0),(41,16,'LBL_DESCRIPTION_INFORMATION',5,0,0,0,0,0,1,0),(42,18,'LBL_VENDOR_INFORMATION',1,0,0,0,0,0,1,0),(43,18,'LBL_CUSTOM_INFORMATION',2,0,0,0,0,0,1,0),(44,18,'LBL_VENDOR_ADDRESS_INFORMATION',3,0,0,0,0,0,1,0),(45,18,'LBL_DESCRIPTION_INFORMATION',4,0,0,0,0,0,1,0),(46,19,'LBL_PRICEBOOK_INFORMATION',1,0,0,0,0,0,1,0),(47,19,'LBL_CUSTOM_INFORMATION',2,0,0,0,0,0,1,0),(48,19,'LBL_DESCRIPTION_INFORMATION',3,0,0,0,0,0,1,0),(49,20,'LBL_QUOTE_INFORMATION',1,0,0,0,0,0,1,0),(50,20,'LBL_CUSTOM_INFORMATION',2,0,0,0,0,0,1,0),(51,20,'LBL_ADDRESS_INFORMATION',3,0,0,0,0,0,1,0),(52,20,'LBL_RELATED_PRODUCTS',4,0,0,0,0,0,1,0),(53,20,'LBL_TERMS_INFORMATION',5,0,0,0,0,0,1,0),(54,20,'LBL_DESCRIPTION_INFORMATION',6,0,0,0,0,0,1,0),(55,21,'LBL_PO_INFORMATION',1,0,0,0,0,0,1,0),(56,21,'LBL_CUSTOM_INFORMATION',2,0,0,0,0,0,1,0),(57,21,'LBL_ADDRESS_INFORMATION',3,0,0,0,0,0,1,0),(58,21,'LBL_RELATED_PRODUCTS',4,0,0,0,0,0,1,0),(59,21,'LBL_TERMS_INFORMATION',5,0,0,0,0,0,1,0),(60,21,'LBL_DESCRIPTION_INFORMATION',6,0,0,0,0,0,1,0),(61,22,'LBL_SO_INFORMATION',1,0,0,0,0,0,1,0),(62,22,'LBL_CUSTOM_INFORMATION',3,0,0,0,0,0,1,0),(63,22,'LBL_ADDRESS_INFORMATION',4,0,0,0,0,0,1,0),(64,22,'LBL_RELATED_PRODUCTS',5,0,0,0,0,0,1,0),(65,22,'LBL_TERMS_INFORMATION',6,0,0,0,0,0,1,0),(66,22,'LBL_DESCRIPTION_INFORMATION',7,0,0,0,0,0,1,0),(67,23,'LBL_INVOICE_INFORMATION',1,0,0,0,0,0,1,0),(68,23,'LBL_CUSTOM_INFORMATION',2,0,0,0,0,0,1,0),(69,23,'LBL_ADDRESS_INFORMATION',3,0,0,0,0,0,1,0),(70,23,'LBL_RELATED_PRODUCTS',4,0,0,0,0,0,1,0),(71,23,'LBL_TERMS_INFORMATION',5,0,0,0,0,0,1,0),(72,23,'LBL_DESCRIPTION_INFORMATION',6,0,0,0,0,0,1,0),(73,4,'LBL_IMAGE_INFORMATION',6,0,0,0,0,0,1,0),(74,26,'LBL_CAMPAIGN_INFORMATION',1,0,0,0,0,0,1,0),(75,26,'LBL_CUSTOM_INFORMATION',2,0,0,0,0,0,1,0),(76,26,'LBL_EXPECTATIONS_AND_ACTUALS',3,0,0,0,0,0,1,0),(77,29,'LBL_USERLOGIN_ROLE',1,0,0,0,0,0,1,0),(78,29,'LBL_CURRENCY_CONFIGURATION',3,0,0,0,0,0,1,0),(79,29,'LBL_MORE_INFORMATION',4,0,0,0,0,0,1,0),(80,29,'LBL_ADDRESS_INFORMATION',5,0,0,0,0,0,1,0),(81,26,'LBL_DESCRIPTION_INFORMATION',4,0,0,0,0,0,1,0),(82,29,'LBL_USER_IMAGE_INFORMATION',5,0,0,0,0,0,1,0),(83,29,'LBL_USER_ADV_OPTIONS',6,0,0,0,0,0,1,0),(84,8,'LBL_DESCRIPTION',2,0,0,0,0,0,1,0),(85,22,'Recurring Invoice Information',2,0,0,0,0,0,1,0),(86,9,'LBL_CUSTOM_INFORMATION',4,0,0,0,0,0,1,0),(87,16,'LBL_CUSTOM_INFORMATION',6,0,0,0,0,0,1,0),(88,34,'LBL_PBXMANAGER_INFORMATION',1,0,0,0,0,0,1,0),(89,35,'LBL_SERVICE_CONTRACT_INFORMATION',1,0,0,0,0,0,1,0),(90,35,'LBL_CUSTOM_INFORMATION',2,0,0,0,0,0,1,0),(91,36,'LBL_SERVICE_INFORMATION',1,0,0,0,0,0,1,0),(92,36,'LBL_PRICING_INFORMATION',2,0,0,0,0,0,1,0),(93,36,'LBL_CUSTOM_INFORMATION',3,0,0,0,0,0,1,0),(94,36,'LBL_DESCRIPTION_INFORMATION',4,0,0,0,0,0,1,0),(95,38,'LBL_ASSET_INFORMATION',1,0,0,0,0,0,1,0),(96,38,'LBL_CUSTOM_INFORMATION',2,0,0,0,0,0,1,0),(97,38,'LBL_DESCRIPTION_INFORMATION',3,0,0,0,0,0,1,0),(98,42,'LBL_MODCOMMENTS_INFORMATION',1,0,0,0,0,0,1,0),(99,42,'LBL_OTHER_INFORMATION',2,0,0,0,0,0,1,0),(100,42,'LBL_CUSTOM_INFORMATION',3,0,0,0,0,0,1,0),(101,43,'LBL_PROJECT_MILESTONE_INFORMATION',1,0,0,0,0,0,1,0),(102,43,'LBL_CUSTOM_INFORMATION',2,0,0,0,0,0,1,0),(103,43,'LBL_DESCRIPTION_INFORMATION',3,0,0,0,0,0,1,0),(104,44,'LBL_PROJECT_TASK_INFORMATION',1,0,0,0,0,0,1,0),(105,44,'LBL_CUSTOM_INFORMATION',2,0,0,0,0,0,1,0),(106,44,'LBL_DESCRIPTION_INFORMATION',3,0,0,0,0,0,1,0),(107,45,'LBL_PROJECT_INFORMATION',1,0,0,0,0,0,1,0),(108,45,'LBL_CUSTOM_INFORMATION',2,0,0,0,0,0,1,0),(109,45,'LBL_DESCRIPTION_INFORMATION',3,0,0,0,0,0,1,0),(110,47,'LBL_SMSNOTIFIER_INFORMATION',1,0,0,0,0,0,1,0),(111,47,'LBL_CUSTOM_INFORMATION',2,0,0,0,0,0,1,0),(112,47,'StatusInformation',3,0,0,0,0,0,1,0),(113,23,'LBL_ITEM_DETAILS',5,0,0,0,0,0,1,0),(114,22,'LBL_ITEM_DETAILS',5,0,0,0,0,0,1,0),(115,21,'LBL_ITEM_DETAILS',5,0,0,0,0,0,1,0),(116,20,'LBL_ITEM_DETAILS',5,0,0,0,0,0,1,0),(117,16,'LBL_RECURRENCE_INFORMATION',3,0,0,0,0,0,1,0),(118,29,'LBL_CALENDAR_SETTINGS',2,0,0,0,0,0,1,0),(119,16,'LBL_RELATED_TO',4,0,0,0,0,0,1,0),(120,9,'LBL_REMINDER_INFORMATION',2,0,0,0,0,0,1,0),(121,4,'System Information',7,0,0,0,0,0,1,1),(122,6,'System Information',5,0,0,0,0,0,1,1),(123,13,'Time Calculations',3,0,0,0,0,0,1,1),(124,13,'Timing',2,0,0,0,0,0,1,1),(125,13,'Other Charges',4,0,0,0,0,0,1,1);

--
-- Table structure for table `vtiger_blocks_seq`
--

CREATE TABLE `vtiger_blocks_seq` (
  `id` int(11) NOT NULL
) ENGINE=InnoDB DEFAULT CHARSET=utf8mb4 COLLATE=utf8mb4_general_ci;

--
-- Dumping data for table `vtiger_blocks_seq`
--

INSERT INTO `vtiger_blocks_seq` VALUES (125);

--
-- Table structure for table `vtiger_calendar_default_activitytypes`
--

CREATE TABLE `vtiger_calendar_default_activitytypes` (
  `id` int(11) NOT NULL,
  `module` varchar(50) DEFAULT NULL,
  `fieldname` varchar(50) DEFAULT NULL,
  `defaultcolor` varchar(50) DEFAULT NULL,
  `isdefault` int(11) DEFAULT 1,
  `conditions` varchar(255) DEFAULT '',
  PRIMARY KEY (`id`)
) ENGINE=InnoDB DEFAULT CHARSET=utf8mb4 COLLATE=utf8mb4_general_ci;

--
-- Dumping data for table `vtiger_calendar_default_activitytypes`
--

INSERT INTO `vtiger_calendar_default_activitytypes` VALUES (1,'Events','[\"date_start\",\"due_date\"]','#17309A',1,''),(2,'Calendar','[\"date_start\",\"due_date\"]','#3A87AD',1,''),(3,'Potentials','[\"closingdate\"]','#AA6705',1,''),(4,'Contacts','[\"support_end_date\"]','#953B39',1,''),(5,'Contacts','[\"birthday\"]','#545252',1,''),(6,'Invoice','[\"duedate\"]','#87865D',1,''),(7,'Project','[\"startdate\",\"targetenddate\"]','#C71585',1,''),(8,'ProjectTask','[\"startdate\",\"enddate\"]','#006400',1,'');

--
-- Table structure for table `vtiger_calendar_default_activitytypes_seq`
--

CREATE TABLE `vtiger_calendar_default_activitytypes_seq` (
  `id` int(11) NOT NULL
) ENGINE=InnoDB DEFAULT CHARSET=utf8mb4 COLLATE=utf8mb4_general_ci;

--
-- Dumping data for table `vtiger_calendar_default_activitytypes_seq`
--

INSERT INTO `vtiger_calendar_default_activitytypes_seq` VALUES (8);

--
-- Table structure for table `vtiger_calendar_user_activitytypes`
--

CREATE TABLE `vtiger_calendar_user_activitytypes` (
  `id` int(11) NOT NULL,
  `defaultid` int(11) DEFAULT NULL,
  `userid` int(11) DEFAULT NULL,
  `color` varchar(50) DEFAULT NULL,
  `visible` int(11) DEFAULT 1,
  PRIMARY KEY (`id`)
) ENGINE=InnoDB DEFAULT CHARSET=utf8mb4 COLLATE=utf8mb4_general_ci;

--
-- Dumping data for table `vtiger_calendar_user_activitytypes`
--

INSERT INTO `vtiger_calendar_user_activitytypes` VALUES (1,1,1,'#17309A',1),(2,2,1,'#3A87AD',1),(3,3,1,'#AA6705',1),(4,4,1,'#953B39',1),(5,5,1,'#545252',1),(6,6,1,'#87865D',1),(7,7,1,'#C71585',1),(8,8,1,'#006400',1),(9,1,5,'#17309A',1),(10,2,5,'#3A87AD',1),(11,3,5,'#AA6705',1),(12,4,5,'#953B39',1),(13,5,5,'#545252',1),(14,6,5,'#87865D',1),(15,7,5,'#C71585',1),(16,8,5,'#006400',1),(17,1,6,'#17309A',1),(18,2,6,'#3A87AD',1),(19,3,6,'#AA6705',1),(20,4,6,'#953B39',1),(21,5,6,'#545252',1),(22,6,6,'#87865D',1),(23,7,6,'#C71585',1),(24,8,6,'#006400',1),(25,1,7,'#17309A',1),(26,2,7,'#3A87AD',1),(27,3,7,'#AA6705',1),(28,4,7,'#953B39',1),(29,5,7,'#545252',1),(30,6,7,'#87865D',1),(31,7,7,'#C71585',1),(32,8,7,'#006400',1),(33,1,8,'#17309A',1),(34,2,8,'#3A87AD',1),(35,3,8,'#AA6705',1),(36,4,8,'#953B39',1),(37,5,8,'#545252',1),(38,6,8,'#87865D',1),(39,7,8,'#C71585',1),(40,8,8,'#006400',1),(41,1,9,'#17309A',1),(42,2,9,'#3A87AD',1),(43,3,9,'#AA6705',1),(44,4,9,'#953B39',1),(45,5,9,'#545252',1),(46,6,9,'#87865D',1),(47,7,9,'#C71585',1),(48,8,9,'#006400',1),(49,1,10,'#17309A',1),(50,2,10,'#3A87AD',1),(51,3,10,'#AA6705',1),(52,4,10,'#953B39',1),(53,5,10,'#545252',1),(54,6,10,'#87865D',1),(55,7,10,'#C71585',1),(56,8,10,'#006400',1),(57,1,11,'#17309A',1),(58,2,11,'#3A87AD',1),(59,3,11,'#AA6705',1),(60,4,11,'#953B39',1),(61,5,11,'#545252',1),(62,6,11,'#87865D',1),(63,7,11,'#C71585',1),(64,8,11,'#006400',1),(65,1,12,'#17309A',1),(66,2,12,'#3A87AD',1),(67,3,12,'#AA6705',1),(68,4,12,'#953B39',1),(69,5,12,'#545252',1),(70,6,12,'#87865D',1),(71,7,12,'#C71585',1),(72,8,12,'#006400',1),(73,1,13,'#17309A',1),(74,2,13,'#3A87AD',1),(75,3,13,'#AA6705',1),(76,4,13,'#953B39',1),(77,5,13,'#545252',1),(78,6,13,'#87865D',1),(79,7,13,'#C71585',1),(80,8,13,'#006400',1);

--
-- Table structure for table `vtiger_calendar_user_activitytypes_seq`
--

CREATE TABLE `vtiger_calendar_user_activitytypes_seq` (
  `id` int(11) NOT NULL
) ENGINE=InnoDB DEFAULT CHARSET=utf8mb4 COLLATE=utf8mb4_general_ci;

--
-- Dumping data for table `vtiger_calendar_user_activitytypes_seq`
--

INSERT INTO `vtiger_calendar_user_activitytypes_seq` VALUES (80);

--
-- Table structure for table `vtiger_calendarsharedtype`
--

CREATE TABLE `vtiger_calendarsharedtype` (
  `calendarsharedtypeid` int(11) NOT NULL AUTO_INCREMENT,
  `calendarsharedtype` varchar(200) NOT NULL,
  `sortorderid` int(11) DEFAULT NULL,
  `presence` int(11) NOT NULL DEFAULT 1,
  PRIMARY KEY (`calendarsharedtypeid`)
) ENGINE=InnoDB AUTO_INCREMENT=4 DEFAULT CHARSET=utf8 COLLATE=utf8_general_ci;

--
-- Dumping data for table `vtiger_calendarsharedtype`
--

INSERT INTO `vtiger_calendarsharedtype` VALUES (1,'public',0,1),(2,'private',1,1),(3,'seletedusers',2,1);

--
-- Table structure for table `vtiger_calendarsharedtype_seq`
--

CREATE TABLE `vtiger_calendarsharedtype_seq` (
  `id` int(11) NOT NULL
) ENGINE=InnoDB DEFAULT CHARSET=utf8mb4 COLLATE=utf8mb4_general_ci;

--
-- Dumping data for table `vtiger_calendarsharedtype_seq`
--

INSERT INTO `vtiger_calendarsharedtype_seq` VALUES (3);

--
-- Table structure for table `vtiger_callduration`
--

CREATE TABLE `vtiger_callduration` (
  `calldurationid` int(11) NOT NULL AUTO_INCREMENT,
  `callduration` varchar(200) NOT NULL,
  `sortorderid` int(11) DEFAULT NULL,
  `presence` int(11) NOT NULL DEFAULT 1,
  PRIMARY KEY (`calldurationid`)
) ENGINE=InnoDB AUTO_INCREMENT=6 DEFAULT CHARSET=utf8 COLLATE=utf8_general_ci;

--
-- Dumping data for table `vtiger_callduration`
--

INSERT INTO `vtiger_callduration` VALUES (1,'5',0,1),(2,'10',1,1),(3,'30',2,1),(4,'60',3,1),(5,'120',4,1);

--
-- Table structure for table `vtiger_callduration_seq`
--

CREATE TABLE `vtiger_callduration_seq` (
  `id` int(11) NOT NULL
) ENGINE=InnoDB DEFAULT CHARSET=utf8mb4 COLLATE=utf8mb4_general_ci;

--
-- Dumping data for table `vtiger_callduration_seq`
--

INSERT INTO `vtiger_callduration_seq` VALUES (5);

--
-- Table structure for table `vtiger_campaign`
--

CREATE TABLE `vtiger_campaign` (
  `campaign_no` varchar(100) NOT NULL,
  `campaignname` varchar(255) DEFAULT NULL,
  `campaigntype` varchar(200) DEFAULT NULL,
  `campaignstatus` varchar(200) DEFAULT NULL,
  `expectedrevenue` decimal(25,8) DEFAULT NULL,
  `budgetcost` decimal(25,8) DEFAULT NULL,
  `actualcost` decimal(25,8) DEFAULT NULL,
  `expectedresponse` varchar(200) DEFAULT NULL,
  `numsent` decimal(11,0) DEFAULT NULL,
  `product_id` int(11) DEFAULT NULL,
  `sponsor` varchar(255) DEFAULT NULL,
  `targetaudience` varchar(255) DEFAULT NULL,
  `targetsize` int(11) DEFAULT NULL,
  `expectedresponsecount` int(11) DEFAULT NULL,
  `expectedsalescount` int(11) DEFAULT NULL,
  `expectedroi` decimal(25,8) DEFAULT NULL,
  `actualresponsecount` int(11) DEFAULT NULL,
  `actualsalescount` int(11) DEFAULT NULL,
  `actualroi` decimal(25,8) DEFAULT NULL,
  `campaignid` int(11) NOT NULL,
  `closingdate` date DEFAULT NULL,
  `tags` varchar(1) DEFAULT NULL,
  PRIMARY KEY (`campaignid`),
  KEY `campaign_campaignstatus_idx` (`campaignstatus`),
  KEY `campaign_campaignname_idx` (`campaignname`),
  KEY `campaign_campaignid_idx` (`campaignid`),
  CONSTRAINT `fk_crmid_vtiger_campaign` FOREIGN KEY (`campaignid`) REFERENCES `vtiger_crmentity` (`crmid`) ON DELETE CASCADE
) ENGINE=InnoDB DEFAULT CHARSET=utf8mb4 COLLATE=utf8mb4_general_ci;

--
-- Dumping data for table `vtiger_campaign`
--


--
-- Table structure for table `vtiger_campaignaccountrel`
--

CREATE TABLE `vtiger_campaignaccountrel` (
  `campaignid` int(11) DEFAULT NULL,
  `accountid` int(11) DEFAULT NULL,
  `campaignrelstatusid` int(11) DEFAULT NULL
) ENGINE=InnoDB DEFAULT CHARSET=utf8mb4 COLLATE=utf8mb4_general_ci;

--
-- Dumping data for table `vtiger_campaignaccountrel`
--


--
-- Table structure for table `vtiger_campaigncontrel`
--

CREATE TABLE `vtiger_campaigncontrel` (
  `campaignid` int(11) NOT NULL DEFAULT 0,
  `contactid` int(11) NOT NULL DEFAULT 0,
  `campaignrelstatusid` int(11) NOT NULL DEFAULT 0,
  PRIMARY KEY (`campaignid`,`contactid`,`campaignrelstatusid`),
  KEY `campaigncontrel_contractid_idx` (`contactid`),
  CONSTRAINT `fk_2_vtiger_campaigncontrel` FOREIGN KEY (`contactid`) REFERENCES `vtiger_contactdetails` (`contactid`) ON DELETE CASCADE
) ENGINE=InnoDB DEFAULT CHARSET=utf8mb4 COLLATE=utf8mb4_general_ci;

--
-- Dumping data for table `vtiger_campaigncontrel`
--


--
-- Table structure for table `vtiger_campaignleadrel`
--

CREATE TABLE `vtiger_campaignleadrel` (
  `campaignid` int(11) NOT NULL DEFAULT 0,
  `leadid` int(11) NOT NULL DEFAULT 0,
  `campaignrelstatusid` int(11) NOT NULL DEFAULT 0,
  PRIMARY KEY (`campaignid`,`leadid`,`campaignrelstatusid`),
  KEY `campaignleadrel_leadid_campaignid_idx` (`leadid`,`campaignid`),
  CONSTRAINT `fk_2_vtiger_campaignleadrel` FOREIGN KEY (`leadid`) REFERENCES `vtiger_leaddetails` (`leadid`) ON DELETE CASCADE
) ENGINE=InnoDB DEFAULT CHARSET=utf8mb4 COLLATE=utf8mb4_general_ci;

--
-- Dumping data for table `vtiger_campaignleadrel`
--


--
-- Table structure for table `vtiger_campaignrelstatus`
--

CREATE TABLE `vtiger_campaignrelstatus` (
  `campaignrelstatusid` int(11) DEFAULT NULL,
  `campaignrelstatus` varchar(256) DEFAULT NULL,
  `sortorderid` int(11) DEFAULT NULL,
  `presence` int(11) DEFAULT NULL,
  `color` varchar(10) DEFAULT NULL
) ENGINE=InnoDB DEFAULT CHARSET=utf8mb4 COLLATE=utf8mb4_general_ci;

--
-- Dumping data for table `vtiger_campaignrelstatus`
--

INSERT INTO `vtiger_campaignrelstatus` VALUES (2,'Contacted - Successful',1,1,NULL),(3,'Contacted - Unsuccessful',2,1,NULL),(4,'Contacted - Never Contact Again',3,1,NULL);

--
-- Table structure for table `vtiger_campaignrelstatus_seq`
--

CREATE TABLE `vtiger_campaignrelstatus_seq` (
  `id` int(11) NOT NULL
) ENGINE=InnoDB DEFAULT CHARSET=utf8mb4 COLLATE=utf8mb4_general_ci;

--
-- Dumping data for table `vtiger_campaignrelstatus_seq`
--

INSERT INTO `vtiger_campaignrelstatus_seq` VALUES (4);

--
-- Table structure for table `vtiger_campaignscf`
--

CREATE TABLE `vtiger_campaignscf` (
  `campaignid` int(11) NOT NULL DEFAULT 0,
  PRIMARY KEY (`campaignid`),
  CONSTRAINT `fk_1_vtiger_campaignscf` FOREIGN KEY (`campaignid`) REFERENCES `vtiger_campaign` (`campaignid`) ON DELETE CASCADE
) ENGINE=InnoDB DEFAULT CHARSET=utf8mb4 COLLATE=utf8mb4_general_ci;

--
-- Dumping data for table `vtiger_campaignscf`
--


--
-- Table structure for table `vtiger_campaignstatus`
--

CREATE TABLE `vtiger_campaignstatus` (
  `campaignstatusid` int(11) NOT NULL AUTO_INCREMENT,
  `campaignstatus` varchar(200) NOT NULL,
  `presence` int(11) NOT NULL DEFAULT 1,
  `picklist_valueid` int(11) NOT NULL DEFAULT 0,
  `sortorderid` int(11) DEFAULT NULL,
  `color` varchar(10) DEFAULT NULL,
  PRIMARY KEY (`campaignstatusid`),
  KEY `campaignstatus_campaignstatus_idx` (`campaignstatus`)
) ENGINE=InnoDB AUTO_INCREMENT=7 DEFAULT CHARSET=utf8mb4 COLLATE=utf8mb4_general_ci;

--
-- Dumping data for table `vtiger_campaignstatus`
--

INSERT INTO `vtiger_campaignstatus` VALUES (2,'Planning',1,15,1,NULL),(3,'Active',1,16,2,NULL),(4,'Inactive',1,17,3,NULL),(5,'Completed',1,18,4,NULL),(6,'Cancelled',1,19,5,NULL);

--
-- Table structure for table `vtiger_campaignstatus_seq`
--

CREATE TABLE `vtiger_campaignstatus_seq` (
  `id` int(11) NOT NULL
) ENGINE=InnoDB DEFAULT CHARSET=utf8mb4 COLLATE=utf8mb4_general_ci;

--
-- Dumping data for table `vtiger_campaignstatus_seq`
--

INSERT INTO `vtiger_campaignstatus_seq` VALUES (6);

--
-- Table structure for table `vtiger_campaigntype`
--

CREATE TABLE `vtiger_campaigntype` (
  `campaigntypeid` int(11) NOT NULL AUTO_INCREMENT,
  `campaigntype` varchar(200) NOT NULL,
  `presence` int(11) NOT NULL DEFAULT 1,
  `picklist_valueid` int(11) NOT NULL DEFAULT 0,
  `sortorderid` int(11) DEFAULT NULL,
  `color` varchar(10) DEFAULT NULL,
  PRIMARY KEY (`campaigntypeid`),
  UNIQUE KEY `campaigntype_campaigntype_idx` (`campaigntype`)
) ENGINE=InnoDB AUTO_INCREMENT=14 DEFAULT CHARSET=utf8mb4 COLLATE=utf8mb4_general_ci;

--
-- Dumping data for table `vtiger_campaigntype`
--

INSERT INTO `vtiger_campaigntype` VALUES (2,'Conference',1,21,1,NULL),(3,'Webinar',1,22,2,NULL),(4,'Trade Show',1,23,3,NULL),(5,'Public Relations',1,24,4,NULL),(6,'Partners',1,25,5,NULL),(7,'Referral Program',1,26,6,NULL),(8,'Advertisement',1,27,7,NULL),(9,'Banner Ads',1,28,8,NULL),(10,'Direct Mail',1,29,9,NULL),(11,'Email',1,30,10,NULL),(12,'Telemarketing',1,31,11,NULL),(13,'Others',1,32,12,NULL);

--
-- Table structure for table `vtiger_campaigntype_seq`
--

CREATE TABLE `vtiger_campaigntype_seq` (
  `id` int(11) NOT NULL
) ENGINE=InnoDB DEFAULT CHARSET=utf8mb4 COLLATE=utf8mb4_general_ci;

--
-- Dumping data for table `vtiger_campaigntype_seq`
--

INSERT INTO `vtiger_campaigntype_seq` VALUES (13);

--
-- Table structure for table `vtiger_carrier`
--

CREATE TABLE `vtiger_carrier` (
  `carrierid` int(11) NOT NULL AUTO_INCREMENT,
  `carrier` varchar(200) NOT NULL,
  `presence` int(11) NOT NULL DEFAULT 1,
  `picklist_valueid` int(11) NOT NULL DEFAULT 0,
  `sortorderid` int(11) DEFAULT NULL,
  `color` varchar(10) DEFAULT NULL,
  PRIMARY KEY (`carrierid`),
  UNIQUE KEY `carrier_carrier_idx` (`carrier`)
) ENGINE=InnoDB AUTO_INCREMENT=6 DEFAULT CHARSET=utf8mb4 COLLATE=utf8mb4_general_ci;

--
-- Dumping data for table `vtiger_carrier`
--

INSERT INTO `vtiger_carrier` VALUES (1,'FedEx',1,33,0,NULL),(2,'UPS',1,34,1,NULL),(3,'USPS',1,35,2,NULL),(4,'DHL',1,36,3,NULL),(5,'BlueDart',1,37,4,NULL);

--
-- Table structure for table `vtiger_carrier_seq`
--

CREATE TABLE `vtiger_carrier_seq` (
  `id` int(11) NOT NULL
) ENGINE=InnoDB DEFAULT CHARSET=utf8mb4 COLLATE=utf8mb4_general_ci;

--
-- Dumping data for table `vtiger_carrier_seq`
--

INSERT INTO `vtiger_carrier_seq` VALUES (5);

--
-- Table structure for table `vtiger_cntactivityrel`
--

CREATE TABLE `vtiger_cntactivityrel` (
  `contactid` int(11) NOT NULL DEFAULT 0,
  `activityid` int(11) NOT NULL DEFAULT 0,
  PRIMARY KEY (`contactid`,`activityid`),
  KEY `cntactivityrel_contactid_idx` (`contactid`),
  KEY `cntactivityrel_activityid_idx` (`activityid`),
  CONSTRAINT `fk_2_vtiger_cntactivityrel` FOREIGN KEY (`contactid`) REFERENCES `vtiger_contactdetails` (`contactid`) ON DELETE CASCADE
) ENGINE=InnoDB DEFAULT CHARSET=utf8mb4 COLLATE=utf8mb4_general_ci;

--
-- Dumping data for table `vtiger_cntactivityrel`
--


--
-- Table structure for table `vtiger_contactaddress`
--

CREATE TABLE `vtiger_contactaddress` (
  `contactaddressid` int(11) NOT NULL DEFAULT 0,
  `mailingcity` varchar(40) DEFAULT NULL,
  `mailingstreet` varchar(250) DEFAULT NULL,
  `mailingcountry` varchar(40) DEFAULT NULL,
  `othercountry` varchar(30) DEFAULT NULL,
  `mailingstate` varchar(30) DEFAULT NULL,
  `mailingpobox` varchar(30) DEFAULT NULL,
  `othercity` varchar(40) DEFAULT NULL,
  `otherstate` varchar(50) DEFAULT NULL,
  `mailingzip` varchar(30) DEFAULT NULL,
  `otherzip` varchar(30) DEFAULT NULL,
  `otherstreet` varchar(250) DEFAULT NULL,
  `otherpobox` varchar(30) DEFAULT NULL,
  PRIMARY KEY (`contactaddressid`),
  CONSTRAINT `fk_1_vtiger_contactaddress` FOREIGN KEY (`contactaddressid`) REFERENCES `vtiger_contactdetails` (`contactid`) ON DELETE CASCADE
) ENGINE=InnoDB DEFAULT CHARSET=utf8mb4 COLLATE=utf8mb4_general_ci;

--
-- Dumping data for table `vtiger_contactaddress`
--

INSERT INTO `vtiger_contactaddress` VALUES (53,'','','','','','','','','','','',''),(66,'','','','','','','','','','','',''),(67,'Barquisimeto','Orinoco Av Capanaparo Transv 2 Casa 84 Fundalara\nFundalara','','','Lima','','','','3001','','Orinoco Av Capanaparo Transv 2 Casa 84 Fundalara\nFundalara',''),(68,'','','','','','','','','','','',''),(70,'','','','','','','','','','','',''),(71,'','','','','','','','','','','',''),(72,'Barquisimeto','Orinoco Av Capanaparo Transv 2 Casa 84 Fundalara\nFundalara','','','Lima','','','','3001','','Orinoco Av Capanaparo Transv 2 Casa 84 Fundalara\nFundalara',''),(73,'','','','','','','','','','','',''),(132,'','','','','','','','','','','',''),(198,'','','','','','','','','','','',''),(207,'','','','','','','','','','','',''),(409,'','','','','','','','','','','','');

--
-- Table structure for table `vtiger_contactdetails`
--

CREATE TABLE `vtiger_contactdetails` (
  `contactid` int(11) NOT NULL DEFAULT 0,
  `contact_no` varchar(100) NOT NULL,
  `accountid` int(11) DEFAULT NULL,
  `salutation` varchar(200) DEFAULT NULL,
  `firstname` varchar(40) DEFAULT NULL,
  `lastname` varchar(80) NOT NULL,
  `email` varchar(100) DEFAULT NULL,
  `phone` varchar(50) DEFAULT NULL,
  `mobile` varchar(50) DEFAULT NULL,
  `title` varchar(50) DEFAULT NULL,
  `department` varchar(30) DEFAULT NULL,
  `fax` varchar(50) DEFAULT NULL,
  `reportsto` varchar(30) DEFAULT NULL,
  `training` varchar(50) DEFAULT NULL,
  `usertype` varchar(50) DEFAULT NULL,
  `contacttype` varchar(50) DEFAULT NULL,
  `otheremail` varchar(100) DEFAULT NULL,
  `secondaryemail` varchar(100) DEFAULT NULL,
  `donotcall` varchar(3) DEFAULT NULL,
  `emailoptout` varchar(3) DEFAULT '0',
  `imagename` varchar(150) DEFAULT NULL,
  `reference` varchar(3) DEFAULT NULL,
  `notify_owner` varchar(3) DEFAULT '0',
  `isconvertedfromlead` varchar(3) DEFAULT '0',
  `tags` varchar(1) DEFAULT NULL,
  PRIMARY KEY (`contactid`),
  KEY `contactdetails_accountid_idx` (`accountid`),
  KEY `email_idx` (`email`),
  CONSTRAINT `fk_1_vtiger_contactdetails` FOREIGN KEY (`contactid`) REFERENCES `vtiger_crmentity` (`crmid`) ON DELETE CASCADE
) ENGINE=InnoDB DEFAULT CHARSET=utf8mb4 COLLATE=utf8mb4_general_ci;

--
-- Dumping data for table `vtiger_contactdetails`
--

INSERT INTO `vtiger_contactdetails` VALUES (53,'CON000001',0,'','Christian Daniel','garcia','cgarcia@creantis.com','','','','',NULL,'0',NULL,NULL,NULL,NULL,'',NULL,'0','',NULL,'0','0',''),(66,'CON000002',0,'Mr.','Christian Daniel','garcia','chdgp1988@gmail.com','','','','',NULL,'0',NULL,NULL,NULL,NULL,'',NULL,'0','',NULL,'0','0',''),(67,'CON000003',0,'Mr.','Christian Daniel','garcia','chdgp1988@gmail.com','916168746','','','',NULL,'0',NULL,NULL,NULL,NULL,'cgarcia@creantis.com',NULL,'0','',NULL,'0','0',''),(68,'CON000004',0,'Mr.','Christian Daniel','garcia','chdgp1988@gmail.com','916168746','','','',NULL,'0',NULL,NULL,NULL,NULL,'',NULL,'0','',NULL,'0','0',''),(70,'CON000005',0,'','Kimssss','garcia','chdgp1988@gmail.com','','','','',NULL,'0',NULL,NULL,NULL,NULL,'cgarcia@creantis.com',NULL,'0','',NULL,'0','0',''),(71,'CON000006',0,'Mr.','Christian Daniel','feijoo valdivia','chdgp1988@gmail.com','916168746','','','',NULL,'0',NULL,NULL,NULL,NULL,'cgarcia@creantis.com',NULL,'0','',NULL,'0','0',''),(72,'CON000007',0,'Mr.','Kimssss','feijoo valdivia','chdgp1988@gmail.com','999 300 275','','','',NULL,'0',NULL,NULL,NULL,NULL,'chdgp1988@gmail.com',NULL,'0','',NULL,'0','0',''),(73,'CON000008',0,'Mr.','Kimssss','garcia','chdgp1988@gmail.com','916168746','','','',NULL,'0',NULL,NULL,NULL,NULL,'',NULL,'0','',NULL,'0','0',''),(132,'CON000009',2,'','Nuranne','JC','admin@mybluetechnology.com','9167412707','','','IT',NULL,'0',NULL,NULL,NULL,NULL,'',NULL,'0','',NULL,'0','0',''),(198,'CON000010',2,'Prof.','creantis','admin','cgarcia@creantis.com','','','','',NULL,'0',NULL,NULL,NULL,NULL,'',NULL,'0','',NULL,'0','0',''),(207,'CON000011',16,'','Nuranne','Dayrkee','admin@mybluetechnology.com','9167412707','9167412707','Manager','',NULL,'0',NULL,NULL,NULL,NULL,'',NULL,'0','',NULL,'0','0',''),(409,'CON000012',2,'','Dynamix','Support','dynamix@mybluetechnology.com','','','Support Management','',NULL,'0',NULL,NULL,NULL,NULL,'',NULL,'0','Dynamix_Logo_2019.png',NULL,'0','0','');

--
-- Table structure for table `vtiger_contactscf`
--

CREATE TABLE `vtiger_contactscf` (
  `contactid` int(11) NOT NULL DEFAULT 0,
  `cf_867` varchar(100) DEFAULT '',
  PRIMARY KEY (`contactid`),
  CONSTRAINT `fk_1_vtiger_contactscf` FOREIGN KEY (`contactid`) REFERENCES `vtiger_contactdetails` (`contactid`) ON DELETE CASCADE
) ENGINE=InnoDB DEFAULT CHARSET=utf8mb4 COLLATE=utf8mb4_general_ci;

--
-- Dumping data for table `vtiger_contactscf`
--

INSERT INTO `vtiger_contactscf` VALUES (53,''),(66,''),(67,''),(68,''),(70,''),(71,''),(72,''),(73,''),(132,''),(198,''),(207,''),(409,'Back of the House');

--
-- Table structure for table `vtiger_contactsubdetails`
--

CREATE TABLE `vtiger_contactsubdetails` (
  `contactsubscriptionid` int(11) NOT NULL DEFAULT 0,
  `homephone` varchar(50) DEFAULT NULL,
  `otherphone` varchar(50) DEFAULT NULL,
  `assistant` varchar(30) DEFAULT NULL,
  `assistantphone` varchar(50) DEFAULT NULL,
  `birthday` date DEFAULT NULL,
  `laststayintouchrequest` int(11) DEFAULT 0,
  `laststayintouchsavedate` int(11) DEFAULT 0,
  `leadsource` varchar(200) DEFAULT NULL,
  PRIMARY KEY (`contactsubscriptionid`),
  CONSTRAINT `fk_1_vtiger_contactsubdetails` FOREIGN KEY (`contactsubscriptionid`) REFERENCES `vtiger_contactdetails` (`contactid`) ON DELETE CASCADE
) ENGINE=InnoDB DEFAULT CHARSET=utf8mb4 COLLATE=utf8mb4_general_ci;

--
-- Dumping data for table `vtiger_contactsubdetails`
--

INSERT INTO `vtiger_contactsubdetails` VALUES (53,'','',NULL,NULL,NULL,0,0,NULL),(66,'','',NULL,NULL,NULL,0,0,NULL),(67,'','',NULL,NULL,NULL,0,0,NULL),(68,'','',NULL,NULL,NULL,0,0,NULL),(70,'','',NULL,NULL,NULL,0,0,NULL),(71,'','',NULL,NULL,NULL,0,0,NULL),(72,'','',NULL,NULL,NULL,0,0,NULL),(73,'','',NULL,NULL,NULL,0,0,NULL),(132,'','',NULL,NULL,NULL,0,0,NULL),(198,'','',NULL,NULL,NULL,0,0,NULL),(207,'','',NULL,NULL,NULL,0,0,NULL),(409,'','',NULL,NULL,NULL,0,0,NULL);

--
-- Table structure for table `vtiger_contpotentialrel`
--

CREATE TABLE `vtiger_contpotentialrel` (
  `contactid` int(11) NOT NULL DEFAULT 0,
  `potentialid` int(11) NOT NULL DEFAULT 0,
  PRIMARY KEY (`contactid`,`potentialid`),
  KEY `contpotentialrel_potentialid_idx` (`potentialid`),
  KEY `contpotentialrel_contactid_idx` (`contactid`),
  CONSTRAINT `fk_2_vtiger_contpotentialrel` FOREIGN KEY (`potentialid`) REFERENCES `vtiger_potential` (`potentialid`) ON DELETE CASCADE
) ENGINE=InnoDB DEFAULT CHARSET=utf8mb4 COLLATE=utf8mb4_general_ci;

--
-- Dumping data for table `vtiger_contpotentialrel`
--


--
-- Table structure for table `vtiger_contract_priority`
--

CREATE TABLE `vtiger_contract_priority` (
  `contract_priorityid` int(11) NOT NULL AUTO_INCREMENT,
  `contract_priority` varchar(200) NOT NULL,
  `presence` int(11) NOT NULL DEFAULT 1,
  `picklist_valueid` int(11) NOT NULL DEFAULT 0,
  `sortorderid` int(11) DEFAULT 0,
  `color` varchar(10) DEFAULT NULL,
  PRIMARY KEY (`contract_priorityid`)
) ENGINE=InnoDB AUTO_INCREMENT=4 DEFAULT CHARSET=utf8 COLLATE=utf8_general_ci;

--
-- Dumping data for table `vtiger_contract_priority`
--

INSERT INTO `vtiger_contract_priority` VALUES (1,'Low',1,220,1,NULL),(2,'Normal',1,221,2,NULL),(3,'High',1,222,3,NULL);

--
-- Table structure for table `vtiger_contract_priority_seq`
--

CREATE TABLE `vtiger_contract_priority_seq` (
  `id` int(11) NOT NULL
) ENGINE=InnoDB DEFAULT CHARSET=utf8mb4 COLLATE=utf8mb4_general_ci;

--
-- Dumping data for table `vtiger_contract_priority_seq`
--

INSERT INTO `vtiger_contract_priority_seq` VALUES (3);

--
-- Table structure for table `vtiger_contract_status`
--

CREATE TABLE `vtiger_contract_status` (
  `contract_statusid` int(11) NOT NULL AUTO_INCREMENT,
  `contract_status` varchar(200) NOT NULL,
  `presence` int(11) NOT NULL DEFAULT 1,
  `picklist_valueid` int(11) NOT NULL DEFAULT 0,
  `sortorderid` int(11) DEFAULT 0,
  `color` varchar(10) DEFAULT NULL,
  PRIMARY KEY (`contract_statusid`)
) ENGINE=InnoDB AUTO_INCREMENT=7 DEFAULT CHARSET=utf8 COLLATE=utf8_general_ci;

--
-- Dumping data for table `vtiger_contract_status`
--

INSERT INTO `vtiger_contract_status` VALUES (1,'Undefined',1,214,1,NULL),(2,'In Planning',1,215,2,NULL),(3,'In Progress',1,216,3,NULL),(4,'On Hold',1,217,4,NULL),(5,'Complete',0,218,5,NULL),(6,'Archived',1,219,6,NULL);

--
-- Table structure for table `vtiger_contract_status_seq`
--

CREATE TABLE `vtiger_contract_status_seq` (
  `id` int(11) NOT NULL
) ENGINE=InnoDB DEFAULT CHARSET=utf8mb4 COLLATE=utf8mb4_general_ci;

--
-- Dumping data for table `vtiger_contract_status_seq`
--

INSERT INTO `vtiger_contract_status_seq` VALUES (6);

--
-- Table structure for table `vtiger_contract_type`
--

CREATE TABLE `vtiger_contract_type` (
  `contract_typeid` int(11) NOT NULL AUTO_INCREMENT,
  `contract_type` varchar(200) NOT NULL,
  `presence` int(11) NOT NULL DEFAULT 1,
  `picklist_valueid` int(11) NOT NULL DEFAULT 0,
  `sortorderid` int(11) DEFAULT 0,
  `color` varchar(10) DEFAULT NULL,
  PRIMARY KEY (`contract_typeid`)
) ENGINE=InnoDB AUTO_INCREMENT=4 DEFAULT CHARSET=utf8 COLLATE=utf8_general_ci;

--
-- Dumping data for table `vtiger_contract_type`
--

INSERT INTO `vtiger_contract_type` VALUES (1,'Support',1,223,1,NULL),(2,'Services',1,224,2,NULL),(3,'Administrative',1,225,3,NULL);

--
-- Table structure for table `vtiger_contract_type_seq`
--

CREATE TABLE `vtiger_contract_type_seq` (
  `id` int(11) NOT NULL
) ENGINE=InnoDB DEFAULT CHARSET=utf8mb4 COLLATE=utf8mb4_general_ci;

--
-- Dumping data for table `vtiger_contract_type_seq`
--

INSERT INTO `vtiger_contract_type_seq` VALUES (3);

--
-- Table structure for table `vtiger_convertleadmapping`
--

CREATE TABLE `vtiger_convertleadmapping` (
  `cfmid` int(11) NOT NULL AUTO_INCREMENT,
  `leadfid` int(11) NOT NULL,
  `accountfid` int(11) DEFAULT NULL,
  `contactfid` int(11) DEFAULT NULL,
  `potentialfid` int(11) DEFAULT NULL,
  `editable` int(11) DEFAULT 1,
  PRIMARY KEY (`cfmid`)
) ENGINE=InnoDB AUTO_INCREMENT=31 DEFAULT CHARSET=utf8mb4 COLLATE=utf8mb4_general_ci;

--
-- Dumping data for table `vtiger_convertleadmapping`
--

INSERT INTO `vtiger_convertleadmapping` VALUES (1,43,1,0,110,0),(2,49,14,0,0,1),(3,40,3,69,0,1),(4,44,5,77,0,1),(5,52,13,0,0,1),(6,46,9,80,0,0),(7,48,4,0,0,1),(8,61,26,98,0,1),(9,60,30,0,0,1),(10,62,32,104,0,1),(11,63,28,100,0,1),(12,59,24,96,0,1),(13,64,34,106,0,1),(14,61,27,0,0,1),(15,60,31,0,0,1),(16,62,33,0,0,1),(17,63,29,0,0,1),(18,59,25,0,0,1),(19,64,35,0,0,1),(20,65,36,109,125,1),(21,37,0,66,0,1),(22,38,0,67,0,0),(23,41,0,70,0,0),(24,42,0,71,0,1),(25,45,0,76,0,1),(26,55,0,83,0,1),(27,47,0,74,117,1),(28,50,0,0,0,1),(29,53,10,0,0,1),(30,51,17,0,0,1);

--
-- Table structure for table `vtiger_convertpotentialmapping`
--

CREATE TABLE `vtiger_convertpotentialmapping` (
  `cfmid` int(11) NOT NULL AUTO_INCREMENT,
  `potentialfid` int(11) NOT NULL,
  `projectfid` int(11) DEFAULT NULL,
  `editable` int(11) DEFAULT 1,
  PRIMARY KEY (`cfmid`)
) ENGINE=InnoDB AUTO_INCREMENT=3 DEFAULT CHARSET=utf8 COLLATE=utf8_general_ci;

--
-- Dumping data for table `vtiger_convertpotentialmapping`
--

INSERT INTO `vtiger_convertpotentialmapping` VALUES (1,110,648,NULL),(2,125,664,NULL);

--
-- Table structure for table `vtiger_crmentity`
--

CREATE TABLE `vtiger_crmentity` (
  `crmid` int(11) NOT NULL,
  `smcreatorid` int(11) NOT NULL DEFAULT 0,
  `smownerid` int(11) NOT NULL DEFAULT 0,
  `modifiedby` int(11) NOT NULL DEFAULT 0,
  `setype` varchar(100) DEFAULT NULL,
  `description` mediumtext DEFAULT NULL,
  `createdtime` datetime NOT NULL,
  `modifiedtime` datetime NOT NULL,
  `viewedtime` datetime DEFAULT NULL,
  `status` varchar(50) DEFAULT NULL,
  `version` int(11) NOT NULL DEFAULT 0,
  `presence` int(11) DEFAULT 1,
  `deleted` int(11) NOT NULL DEFAULT 0,
  `smgroupid` int(11) DEFAULT NULL,
  `source` varchar(100) DEFAULT NULL,
  `label` varchar(255) DEFAULT NULL,
  PRIMARY KEY (`crmid`),
  KEY `crmentity_smcreatorid_idx` (`smcreatorid`),
  KEY `crmentity_modifiedby_idx` (`modifiedby`),
  KEY `crmentity_deleted_idx` (`deleted`),
  KEY `crm_ownerid_del_setype_idx` (`smownerid`,`deleted`,`setype`),
  KEY `vtiger_crmentity_labelidx` (`label`)
) ENGINE=InnoDB DEFAULT CHARSET=utf8mb4 COLLATE=utf8mb4_general_ci;

--
-- Dumping data for table `vtiger_crmentity`
--

INSERT INTO `vtiger_crmentity` VALUES (2,1,6,6,'Accounts','','2023-02-16 17:52:01','2023-04-06 03:30:24',NULL,NULL,0,1,0,0,'CRM','Back Of the House'),(3,1,6,6,'Accounts','','2023-02-16 17:58:54','2023-04-05 20:15:32',NULL,NULL,0,1,0,0,'IMPORT','CBRD001-The Bird - New Montgomery'),(4,1,6,6,'Accounts','','2023-02-16 17:58:54','2023-04-06 03:20:20',NULL,NULL,0,1,0,0,'IMPORT','CBRD002-The Bird Hayes-AWB'),(5,1,6,6,'Accounts','','2023-02-16 17:58:54','2023-04-06 03:16:03',NULL,NULL,0,1,0,0,'IMPORT','CSD001-SD Castro (Mburger LLC)'),(6,1,6,6,'Accounts','','2023-02-16 17:58:55','2023-04-06 03:14:24',NULL,NULL,0,1,0,0,'IMPORT','CSD002-SD FIDI (JBURGER LLC)'),(7,1,6,6,'Accounts','','2023-02-16 17:58:55','2023-04-06 03:13:21',NULL,NULL,0,1,0,0,'IMPORT','CSD003-SD Chestnut  (Eburger LLC)'),(8,1,6,6,'Accounts','','2023-02-16 17:58:55','2023-04-06 03:16:50',NULL,NULL,0,1,0,0,'IMPORT','CSD004-SD Mill Valley (Dburger LLC)'),(9,1,6,6,'Accounts','','2023-02-16 17:58:55','2023-04-06 03:15:06',NULL,NULL,0,1,0,0,'IMPORT','CSD005-SD Metreon (Metburger LLC)'),(10,1,6,6,'Accounts','','2023-02-16 17:58:55','2023-04-06 03:14:02',NULL,NULL,0,1,0,0,'IMPORT','CSD007-SD Embarcadero (Mission 98 Super LLC)'),(11,1,6,6,'Accounts','','2023-02-16 17:58:55','2023-04-06 03:10:17',NULL,NULL,0,1,0,0,'IMPORT','CSD008-SD Novato (Super Novato LLC)'),(12,1,6,6,'Accounts','','2023-02-16 17:58:55','2023-04-06 03:27:05',NULL,NULL,0,1,0,0,'IMPORT','CSD010-SD Los Gatos (Super Los Gatos)'),(13,1,6,6,'Accounts','','2023-02-16 17:58:55','2023-04-06 03:27:20',NULL,NULL,0,1,0,0,'IMPORT','CSD011-SD Concord - The Veranda Super LLC'),(14,1,6,6,'Accounts','','2023-02-16 17:58:55','2023-04-06 03:27:31',NULL,NULL,0,1,0,0,'IMPORT','CSD012-SD Berkeley (2355 Telegraph LLC)'),(15,1,6,6,'Accounts','','2023-02-16 17:58:55','2023-04-06 03:09:49',NULL,NULL,0,1,0,0,'IMPORT','CSD013-SD Westgate (5399 Prospect Road LLC)'),(16,1,6,6,'Accounts','','2023-02-16 17:58:55','2023-04-06 03:14:14',NULL,NULL,0,1,0,0,'IMPORT','CSD014-SD Emeryville - SuperEmeryvilleLLC'),(17,1,6,6,'Accounts','','2023-02-16 17:58:55','2023-04-06 03:27:48',NULL,NULL,0,1,0,0,'IMPORT','CSD019-SD Laurel Village (3401 California LLC)'),(18,1,6,6,'Accounts','','2023-02-16 17:58:55','2023-04-06 03:19:38',NULL,NULL,0,1,0,0,'IMPORT','CSD020 - SD Serramonte - (Super Serramonte LLC)'),(19,1,6,6,'Accounts','','2023-02-16 17:58:55','2023-04-06 03:28:00',NULL,NULL,0,1,0,0,'IMPORT','CSD021-SD Napa (Super Napa LLC)'),(20,1,6,6,'Accounts','','2023-02-16 17:58:55','2023-04-06 03:28:12',NULL,NULL,0,1,0,0,'IMPORT','CUDT001-Unos Dos Tacos'),(21,1,6,6,'Accounts','','2023-02-16 17:58:55','2023-04-06 03:20:02',NULL,NULL,0,1,0,0,'IMPORT','FAMA001-aMano SF'),(22,1,6,6,'Accounts','','2023-02-16 17:58:55','2023-04-06 03:15:19',NULL,NULL,0,1,0,0,'IMPORT','FBER001-Beretta'),(23,1,6,6,'Accounts','','2023-02-16 17:58:55','2023-04-06 03:13:47',NULL,NULL,0,1,0,0,'IMPORT','FBER002-Beretta Popup'),(24,1,6,6,'Accounts','','2023-02-16 17:58:55','2023-04-06 03:17:22',NULL,NULL,0,1,0,0,'IMPORT','FDLA001-DeLaRosa Chestnut'),(25,1,6,6,'Accounts','','2023-02-16 17:58:55','2023-04-06 03:15:41',NULL,NULL,0,1,0,0,'IMPORT','FDLA002-DeLaRosa-Yerba Buena'),(26,1,6,6,'Accounts','','2023-02-16 17:58:55','2023-04-06 03:14:37',NULL,NULL,0,1,0,0,'IMPORT','FDLA003-DelaRosa San Ramon'),(27,1,6,6,'Accounts','','2023-02-16 17:58:55','2023-04-06 03:10:35',NULL,NULL,0,1,0,0,'IMPORT','FFLR001-Flores Union'),(28,1,6,6,'Accounts','','2023-02-16 17:58:55','2023-04-05 20:15:32',NULL,NULL,0,1,0,0,'IMPORT','FFLR002-Flores Corte Madera'),(29,1,6,1,'Accounts','','2023-02-16 17:58:55','2023-04-15 01:40:59',NULL,NULL,0,1,0,0,'IMPORT','FLOL001-Lolinda'),(30,1,6,6,'Accounts','','2023-02-16 17:58:55','2023-04-05 20:15:32',NULL,NULL,0,1,0,0,'IMPORT','FRDR001 - Rad Radish'),(31,1,6,6,'Accounts','','2023-02-16 17:58:55','2023-04-05 20:15:32',NULL,NULL,0,1,0,0,'IMPORT','FSRB001-Starbelly'),(32,1,6,6,'Accounts','','2023-02-16 17:58:55','2023-04-06 03:13:36',NULL,NULL,0,1,0,0,'IMPORT','FTAI001-Tailors Son'),(33,1,6,6,'Accounts','','2023-02-16 17:58:55','2023-04-05 20:15:32',NULL,NULL,0,1,0,0,'IMPORT','FWLD001 - Wildseed Union'),(34,1,6,6,'Accounts','','2023-02-16 17:58:55','2023-04-06 03:15:52',NULL,NULL,0,1,0,0,'IMPORT','FWLD002-Wildseed-PaloAlto'),(35,1,6,6,'Accounts','','2023-02-16 17:58:55','2023-04-05 20:15:32',NULL,NULL,0,1,0,0,'IMPORT','Back of the House Inc. Headquarter'),(36,1,5,6,'HelpDesk','Internet connection is coming from de Sonic backup line, no internet connected to Mirakee','2023-02-16 19:26:53','2023-04-05 21:00:20',NULL,NULL,0,1,1,0,'CRM','Internet connection'),(37,1,6,6,'Emails','<html>\r\n<head>\r\n	<title></title>\r\n</head>\r\n<body data-gr-ext-installed=\"\" data-new-gr-c-s-check-loaded=\"14.1027.0\"></body>\r\n<grammarly-desktop-integration data-grammarly-shadow-root=\"true\"></grammarly-desktop-integration></html>\r\n','2023-02-16 21:33:06','2023-04-05 20:15:32',NULL,NULL,0,1,0,0,'CRM','test'),(38,1,5,6,'HelpDesk','','2023-02-16 22:06:26','2023-04-05 21:00:03',NULL,NULL,0,1,1,0,'CRM','Test Call'),(39,1,6,6,'ServiceContracts',NULL,'2023-02-16 22:08:58','2023-02-16 22:08:58',NULL,NULL,0,1,0,0,'CRM','Contract with BOH'),(40,6,6,6,'HelpDesk','','2023-02-16 22:24:12','2023-04-05 21:00:03',NULL,NULL,0,1,1,0,'CRM','test 2'),(41,6,6,6,'ModComments',NULL,'2023-02-16 22:28:03','2023-02-16 22:28:03',NULL,NULL,0,1,0,0,'CRM','test comment'),(42,6,6,6,'ModComments',NULL,'2023-02-16 22:28:27','2023-02-16 22:28:27',NULL,NULL,0,1,0,0,'CRM','Comment 2'),(43,6,6,0,'ModComments Attachment',NULL,'2023-02-16 22:28:27','2023-02-16 22:28:27',NULL,NULL,0,1,0,NULL,NULL,NULL),(44,6,6,6,'Emails','<html>\r\n<head>\r\n	<title></title>\r\n</head>\r\n<body data-gr-ext-installed=\"\" data-new-gr-c-s-check-loaded=\"14.1027.0\">Comments</body>\r\n<grammarly-desktop-integration data-grammarly-shadow-root=\"true\"></grammarly-desktop-integration></html>\r\n','2023-02-16 22:29:17','2023-02-16 22:29:17',NULL,NULL,0,1,0,0,'CRM','Test 2'),(45,6,6,6,'Emails','<html>\r\n<head>\r\n	<title></title>\r\n</head>\r\n<body>\r\n<table align=\"center\" border=\"0\" cellpadding=\"0\" cellspacing=\"0\" style=\"font-family: Arial,Helvetica,sans-serif; font-size: 12px; font-weight: normal; text-decoration: none; background-color: rgb(122, 122, 254);\" width=\"700\">\r\n	<tbody>\r\n		<tr>\r\n			<td></td>\r\n			<td></td>\r\n			<td></td>\r\n		</tr>\r\n		<tr>\r\n			<td></td>\r\n			<td></td>\r\n			<td></td>\r\n		</tr>\r\n		<tr>\r\n			<td></td>\r\n			<td></td>\r\n			<td></td>\r\n		</tr>\r\n		<tr>\r\n			<td width=\"50\"></td>\r\n			<td>\r\n			<table border=\"0\" cellpadding=\"0\" cellspacing=\"0\" width=\"100%\">\r\n				<tbody>\r\n					<tr>\r\n						<td>\r\n						<table border=\"0\" cellpadding=\"0\" cellspacing=\"0\" style=\"background-color: rgb(27, 77, 140); font-family: Arial,Helvetica,sans-serif; font-size: 14px; color: rgb(255, 255, 255); font-weight: normal; line-height: 25px;\" width=\"100%\">\r\n							<tbody>\r\n								<tr>\r\n									<td align=\"center\" rowspan=\"4\">$logo$</td>\r\n									<td align=\"center\"></td>\r\n								</tr>\r\n								<tr>\r\n									<td align=\"left\" style=\"background-color: rgb(27, 77, 140); font-family: Arial,Helvetica,sans-serif; font-size: 24px; color: rgb(255, 255, 255); font-weight: bolder; line-height: 35px;\">vtiger CRM</td>\r\n								</tr>\r\n								<tr>\r\n									<td align=\"right\" style=\"padding-right: 100px;\">The honest Open Source CRM</td>\r\n								</tr>\r\n								<tr>\r\n									<td></td>\r\n								</tr>\r\n							</tbody>\r\n						</table>\r\n						</td>\r\n					</tr>\r\n					<tr>\r\n						<td>\r\n						<table border=\"0\" cellpadding=\"0\" cellspacing=\"0\" style=\"font-family: Arial,Helvetica,sans-serif; font-size: 12px; font-weight: normal; color: rgb(0, 0, 0); background-color: rgb(255, 255, 255);\" width=\"100%\">\r\n							<tbody>\r\n								<tr>\r\n									<td valign=\"top\">\r\n									<table border=\"0\" cellpadding=\"5\" cellspacing=\"0\" width=\"100%\">\r\n										<tbody>\r\n											<tr>\r\n												<td align=\"right\" style=\"font-family: Arial,Helvetica,sans-serif; font-size: 12px; font-weight: bolder; text-decoration: none; color: rgb(66, 66, 253);\"></td>\r\n											</tr>\r\n											<tr>\r\n												<td></td>\r\n											</tr>\r\n											<tr>\r\n												<td style=\"font-family: Arial,Helvetica,sans-serif; font-size: 14px; color: rgb(22, 72, 134); font-weight: bolder; line-height: 15px;\">Dear $contacts-lastname$,</td>\r\n											</tr>\r\n											<tr>\r\n												<td style=\"font-family: Arial,Helvetica,sans-serif; font-size: 12px; color: rgb(0, 0, 0); font-weight: normal; text-align: justify; line-height: 20px;\">This is just a notification mail regarding your support end.<br />\r\n												<span style=\"font-weight: bold;\">Priority:</span> Normal<br />\r\n												Your Support is going to expire on next month.<br />\r\n												Please contact support@vtiger.com<br />\r\n												<br />\r\n												&nbsp;</td>\r\n											</tr>\r\n											<tr>\r\n												<td align=\"center\"></td>\r\n											</tr>\r\n											<tr>\r\n												<td align=\"right\"><br />\r\n												<br />\r\n												<strong style=\"padding: 2px; font-family: Arial,Helvetica,sans-serif; font-size: 12px; color: rgb(0, 0, 0); font-weight: bold;\">Sincerly</strong></td>\r\n											</tr>\r\n											<tr>\r\n												<td align=\"right\" style=\"font-family: Arial,Helvetica,sans-serif; font-size: 12px; color: rgb(0, 0, 0); font-weight: normal; line-height: 20px;\">Support Team</td>\r\n											</tr>\r\n											<tr>\r\n												<td align=\"right\"><a href=\"http://www.vtiger.com\" style=\"font-family: Arial,Helvetica,sans-serif; font-size: 12px; font-weight: bolder; text-decoration: none; color: rgb(66, 66, 253);\">www.vtiger.com</a></td>\r\n											</tr>\r\n											<tr>\r\n												<td></td>\r\n											</tr>\r\n										</tbody>\r\n									</table>\r\n									</td>\r\n									<td valign=\"top\" width=\"1%\"></td>\r\n								</tr>\r\n							</tbody>\r\n						</table>\r\n						</td>\r\n					</tr>\r\n					<tr>\r\n						<td>\r\n						<table border=\"0\" cellpadding=\"5\" cellspacing=\"0\" style=\"font-family: Arial,Helvetica,sans-serif; font-size: 12px; color: rgb(255, 255, 255); font-weight: normal; line-height: 15px; background-color: rgb(51, 51, 51);\" width=\"100%\">\r\n							<tbody>\r\n								<tr>\r\n									<td align=\"center\">Shree Narayana Complex, No 11 Sarathy Nagar, Vijaya Nagar , Velachery, Chennai - 600 042 India</td>\r\n								</tr>\r\n								<tr>\r\n									<td align=\"center\">Telephone No: +91 - 44 - 4202 - 1990 Toll Free No: +1 877 788 4437</td>\r\n								</tr>\r\n								<tr>\r\n									<td align=\"center\">Email Id: <a href=\"mailto:info@vtiger.com\" style=\"font-family: Arial,Helvetica,sans-serif; font-size: 12px; font-weight: bolder; text-decoration: none; color: rgb(255, 255, 255);\">info@vtiger.com</a></td>\r\n								</tr>\r\n							</tbody>\r\n						</table>\r\n						</td>\r\n					</tr>\r\n				</tbody>\r\n			</table>\r\n			</td>\r\n			<td width=\"50\"></td>\r\n		</tr>\r\n		<tr>\r\n			<td></td>\r\n			<td></td>\r\n			<td></td>\r\n		</tr>\r\n		<tr>\r\n			<td></td>\r\n			<td></td>\r\n			<td></td>\r\n		</tr>\r\n		<tr>\r\n			<td></td>\r\n			<td></td>\r\n			<td></td>\r\n		</tr>\r\n	</tbody>\r\n</table>\r\n</body>\r\n</html>\r\n','2023-02-16 22:30:55','2023-02-16 22:30:55',NULL,NULL,0,1,0,0,'CRM','VtigerCRM Support Notification'),(46,6,6,0,'Emails Attachment','<html>\r\n<head>\r\n	<title></title>\r\n</head>\r\n<body>\r\n<table align=\"center\" border=\"0\" cellpadding=\"0\" cellspacing=\"0\" style=\"font-family: Arial,Helvetica,sans-serif; font-size: 12px; font-weight: normal; text-decoration: none; background-color: rgb(122, 122, 254);\" width=\"700\">\r\n	<tbody>\r\n		<tr>\r\n			<td></td>\r\n			<td></td>\r\n			<td></td>\r\n		</tr>\r\n		<tr>\r\n			<td></td>\r\n			<td></td>\r\n			<td></td>\r\n		</tr>\r\n		<tr>\r\n			<td></td>\r\n			<td></td>\r\n			<td></td>\r\n		</tr>\r\n		<tr>\r\n			<td width=\"50\"></td>\r\n			<td>\r\n			<table border=\"0\" cellpadding=\"0\" cellspacing=\"0\" width=\"100%\">\r\n				<tbody>\r\n					<tr>\r\n						<td>\r\n						<table border=\"0\" cellpadding=\"0\" cellspacing=\"0\" style=\"background-color: rgb(27, 77, 140); font-family: Arial,Helvetica,sans-serif; font-size: 14px; color: rgb(255, 255, 255); font-weight: normal; line-height: 25px;\" width=\"100%\">\r\n							<tbody>\r\n								<tr>\r\n									<td align=\"center\" rowspan=\"4\">$logo$</td>\r\n									<td align=\"center\"></td>\r\n								</tr>\r\n								<tr>\r\n									<td align=\"left\" style=\"background-color: rgb(27, 77, 140); font-family: Arial,Helvetica,sans-serif; font-size: 24px; color: rgb(255, 255, 255); font-weight: bolder; line-height: 35px;\">vtiger CRM</td>\r\n								</tr>\r\n								<tr>\r\n									<td align=\"right\" style=\"padding-right: 100px;\">The honest Open Source CRM</td>\r\n								</tr>\r\n								<tr>\r\n									<td></td>\r\n								</tr>\r\n							</tbody>\r\n						</table>\r\n						</td>\r\n					</tr>\r\n					<tr>\r\n						<td>\r\n						<table border=\"0\" cellpadding=\"0\" cellspacing=\"0\" style=\"font-family: Arial,Helvetica,sans-serif; font-size: 12px; font-weight: normal; color: rgb(0, 0, 0); background-color: rgb(255, 255, 255);\" width=\"100%\">\r\n							<tbody>\r\n								<tr>\r\n									<td valign=\"top\">\r\n									<table border=\"0\" cellpadding=\"5\" cellspacing=\"0\" width=\"100%\">\r\n										<tbody>\r\n											<tr>\r\n												<td align=\"right\" style=\"font-family: Arial,Helvetica,sans-serif; font-size: 12px; font-weight: bolder; text-decoration: none; color: rgb(66, 66, 253);\"></td>\r\n											</tr>\r\n											<tr>\r\n												<td></td>\r\n											</tr>\r\n											<tr>\r\n												<td style=\"font-family: Arial,Helvetica,sans-serif; font-size: 14px; color: rgb(22, 72, 134); font-weight: bolder; line-height: 15px;\">Dear $contacts-lastname$,</td>\r\n											</tr>\r\n											<tr>\r\n												<td style=\"font-family: Arial,Helvetica,sans-serif; font-size: 12px; color: rgb(0, 0, 0); font-weight: normal; text-align: justify; line-height: 20px;\">This is just a notification mail regarding your support end.<br />\r\n												<span style=\"font-weight: bold;\">Priority:</span> Normal<br />\r\n												Your Support is going to expire on next month.<br />\r\n												Please contact support@vtiger.com<br />\r\n												<br />\r\n												&nbsp;</td>\r\n											</tr>\r\n											<tr>\r\n												<td align=\"center\"></td>\r\n											</tr>\r\n											<tr>\r\n												<td align=\"right\"><br />\r\n												<br />\r\n												<strong style=\"padding: 2px; font-family: Arial,Helvetica,sans-serif; font-size: 12px; color: rgb(0, 0, 0); font-weight: bold;\">Sincerly</strong></td>\r\n											</tr>\r\n											<tr>\r\n												<td align=\"right\" style=\"font-family: Arial,Helvetica,sans-serif; font-size: 12px; color: rgb(0, 0, 0); font-weight: normal; line-height: 20px;\">Support Team</td>\r\n											</tr>\r\n											<tr>\r\n												<td align=\"right\"><a href=\"http://www.vtiger.com\" style=\"font-family: Arial,Helvetica,sans-serif; font-size: 12px; font-weight: bolder; text-decoration: none; color: rgb(66, 66, 253);\">www.vtiger.com</a></td>\r\n											</tr>\r\n											<tr>\r\n												<td></td>\r\n											</tr>\r\n										</tbody>\r\n									</table>\r\n									</td>\r\n									<td valign=\"top\" width=\"1%\"></td>\r\n								</tr>\r\n							</tbody>\r\n						</table>\r\n						</td>\r\n					</tr>\r\n					<tr>\r\n						<td>\r\n						<table border=\"0\" cellpadding=\"5\" cellspacing=\"0\" style=\"font-family: Arial,Helvetica,sans-serif; font-size: 12px; color: rgb(255, 255, 255); font-weight: normal; line-height: 15px; background-color: rgb(51, 51, 51);\" width=\"100%\">\r\n							<tbody>\r\n								<tr>\r\n									<td align=\"center\">Shree Narayana Complex, No 11 Sarathy Nagar, Vijaya Nagar , Velachery, Chennai - 600 042 India</td>\r\n								</tr>\r\n								<tr>\r\n									<td align=\"center\">Telephone No: +91 - 44 - 4202 - 1990 Toll Free No: +1 877 788 4437</td>\r\n								</tr>\r\n								<tr>\r\n									<td align=\"center\">Email Id: <a href=\"mailto:info@vtiger.com\" style=\"font-family: Arial,Helvetica,sans-serif; font-size: 12px; font-weight: bolder; text-decoration: none; color: rgb(255, 255, 255);\">info@vtiger.com</a></td>\r\n								</tr>\r\n							</tbody>\r\n						</table>\r\n						</td>\r\n					</tr>\r\n				</tbody>\r\n			</table>\r\n			</td>\r\n			<td width=\"50\"></td>\r\n		</tr>\r\n		<tr>\r\n			<td></td>\r\n			<td></td>\r\n			<td></td>\r\n		</tr>\r\n		<tr>\r\n			<td></td>\r\n			<td></td>\r\n			<td></td>\r\n		</tr>\r\n		<tr>\r\n			<td></td>\r\n			<td></td>\r\n			<td></td>\r\n		</tr>\r\n	</tbody>\r\n</table>\r\n</body>\r\n</html>\r\n','2023-02-16 22:30:55','2023-02-16 22:30:55',NULL,NULL,0,1,0,NULL,NULL,NULL),(47,1,1,6,'ModComments',NULL,'2023-02-17 05:13:22','2023-04-05 20:14:40',NULL,NULL,0,1,0,0,'CRM','Pivture 1'),(48,1,6,0,'ModComments Attachment',NULL,'2023-02-17 05:13:22','2023-04-05 20:15:32',NULL,NULL,0,1,0,NULL,NULL,NULL),(49,6,6,6,'ModComments',NULL,'2023-02-17 05:14:45','2023-02-17 05:14:45',NULL,NULL,0,1,0,0,'CRM','@SecondTechnician OK'),(50,1,1,6,'ModComments',NULL,'2023-02-17 05:16:16','2023-04-05 20:14:40',NULL,NULL,0,1,0,0,'CRM','@JCIsmodes ok gtfdres'),(51,1,6,6,'HelpDesk','','2023-03-01 23:13:51','2023-04-05 21:00:03',NULL,NULL,0,1,1,0,'CRM','prueba creantis'),(52,1,6,6,'Emails','<html>\r\n<head>\r\n	<title></title>\r\n</head>\r\n<body>saludos</body>\r\n</html>\r\n','2023-03-01 23:14:22','2023-04-05 20:15:32',NULL,NULL,0,1,0,0,'CRM','prueba de envio de correo de Creantis'),(53,1,6,6,'Contacts','','2023-03-16 22:24:10','2023-04-05 20:15:32',NULL,NULL,0,1,1,0,'CRM','Christian Daniel garcia'),(54,1,6,6,'Emails','<!DOCTYPE HTML PUBLIC \"-//W3C//DTD HTML 4.01//EN\" \"http://www.w3.org/TR/html4/strict.dtd\">\r\n<html>\r\n<head>\r\n	<title></title>\r\n</head>\r\n<body class=\"scayt-enabled\"><!-- <center> -->\r\n<table border=\"0\" cellpadding=\"0\" cellspacing=\"0\" class=\"borderGrey\" style=\"margin-left:0px;\" width=\"600px\">\r\n	<tbody>\r\n		<tr style=\"height:50px;\">\r\n			<td colspan=\"6\" style=\"\r\n                  font-family: Helvetica,Verdana,sans-serif\">\r\n			<div style=\"margin-top:10px;color: rgb(34, 34, 34); font-family: arial, sans-serif; font-size: 14px; background-color: rgb(255, 255, 255);\">$URL$ to login to the portal, with the credentials below.</div>\r\n\r\n			<div style=\"margin-top:20px;color: rgb(34, 34, 34); font-family: arial, sans-serif; font-size: 14px; background-color: rgb(255, 255, 255);\">Your Username: $login_name$</div>\r\n\r\n			<div style=\"margin-bottom:20px;color: rgb(34, 34, 34); font-family: arial, sans-serif; font-size: 14px; background-color: rgb(255, 255, 255);\">Your Password: $password$</div>\r\n			</td>\r\n		</tr>\r\n	</tbody>\r\n</table>\r\n<br />\r\n<!-- </center> --></body>\r\n</html>\r\n','2023-03-16 22:36:48','2023-04-05 20:15:32',NULL,NULL,0,1,0,0,'CRM','Customer Portal Login Details'),(55,1,6,6,'Emails','Ticket ID : 36<br>Ticket Title : Internet connection<br><br>\n								Dear Dalrymple Yann,<br><br>\n								The Ticket is replied the details are :<br><br>\n								Ticket No : TKT000001<br>\n								Status : Open<br>\n								Category : Small Problem<br>\n								Severity : Minor<br>\n								Priority : High<br><br>\n								Description : <br>Internet connection is coming from de Sonic backup line, no internet connected to Mirakee<br><br>\n								Solution : <br>\n								<br><br>\n								Regards<br>Support Administrator<br><br>','2023-03-20 21:50:02','2023-04-05 20:15:32',NULL,NULL,0,1,0,0,'CRM','Ticket Number : TKT000001 Internet connection'),(56,1,6,6,'Emails','Ticket ID : 38<br>Ticket Title : Test Call<br><br>\n								Dear Dalrymple Yann,<br><br>\n								The Ticket is replied the details are :<br><br>\n								Ticket No : TKT000002<br>\n								Status : Open<br>\n								Category : Big Problem<br>\n								Severity : Major<br>\n								Priority : Urgent<br><br>\n								Description : <br><br><br>\n								Solution : <br>\n								<br><br>\n								Regards<br>Support Administrator<br><br>','2023-03-20 21:50:02','2023-04-05 20:15:32',NULL,NULL,0,1,0,0,'CRM','Ticket Number : TKT000002 Test Call'),(57,1,6,6,'Emails','Ticket ID : 40<br>Ticket Title : test 2<br><br>\n								Dear Dalrymple Yann,<br><br>\n								The Ticket is replied the details are :<br><br>\n								Ticket No : TKT000003<br>\n								Status : Open<br>\n								Category : Big Problem<br>\n								Severity : Major<br>\n								Priority : High<br><br>\n								Description : <br><br><br>\n								Solution : <br>\n								<br><br>\n								Regards<br>Support Administrator<br><br>','2023-03-20 21:50:02','2023-04-05 20:15:32',NULL,NULL,0,1,0,0,'CRM','Ticket Number : TKT000003 test 2'),(58,1,6,6,'Emails','Ticket ID : 40<br>Ticket Title : test 2<br><br>\n								Dear Technician Second,<br><br>\n								The Ticket is replied the details are :<br><br>\n								Ticket No : TKT000003<br>\n								Status : Open<br>\n								Category : Big Problem<br>\n								Severity : Major<br>\n								Priority : High<br><br>\n								Description : <br><br><br>\n								Solution : <br>\n								Comment 2<br>JC Ismodes Commented at:<small>02-16-2023 2:28 PM ((UTC-08:00) Tijuana, Baja California)</small><br><br>test comment<br>JC Ismodes Commented at:<small>02-16-2023 2:28 PM ((UTC-08:00) Tijuana, Baja California)</small><br><br><br><br>\n								Regards<br>Support Administrator<br><br>','2023-03-20 21:50:03','2023-04-05 20:15:32',NULL,NULL,0,1,0,0,'CRM','Ticket Number : TKT000003 test 2'),(59,1,6,6,'Emails','Ticket ID : 51<br>Ticket Title : prueba creantis<br><br>\n								Dear Garcia Christian,<br><br>\n								The Ticket is replied the details are :<br><br>\n								Ticket No : TKT000004<br>\n								Status : Open<br>\n								Category : Big Problem<br>\n								Severity : Minor<br>\n								Priority : Low<br><br>\n								Description : <br><br><br>\n								Solution : <br>\n								<br><br>\n								Regards<br>Support Administrator<br><br>','2023-03-20 21:50:03','2023-04-05 20:15:32',NULL,NULL,0,1,0,0,'CRM','Ticket Number : TKT000004 prueba creantis'),(60,1,6,6,'Emails','An Contact has been assigned to you on vtigerCRM<br>Details of Contact are :<br><br>Contact Id:<b>CON000001</b><br>LastName:<b>garcia</b><br>FirstName:<b>Christian Daniel</b><br>Lead Source:<b></b><br>Department:<b></b><br>Description:<b></b><br><br><br>And <b>CustomerPortal Login Details</b> is sent to the EmailID :-cgarcia@creantis.com<br><br>Thank You<br>Admin<br><br>','2023-03-20 21:50:03','2023-04-05 20:15:32',NULL,NULL,0,1,0,0,'CRM','Regarding Contact Assignment'),(61,1,6,6,'Emails','<!DOCTYPE HTML PUBLIC \"-//W3C//DTD HTML 4.01//EN\" \"http://www.w3.org/TR/html4/strict.dtd\">\r\n<html>\r\n<head>\r\n	<title></title>\r\n</head>\r\n<body class=\"scayt-enabled\"><!-- <center> -->\r\n<table border=\"0\" cellpadding=\"0\" cellspacing=\"0\" class=\"borderGrey\" style=\"margin-left:0px;\" width=\"600px\">\r\n	<tbody>\r\n		<tr>\r\n			<td colspan=\"6\"><!-- Begin Pre header --><!-- // End Pre header \\ --></td>\r\n		</tr>\r\n		<tr style=\"height:50px;\">\r\n			<td colspan=\"6\" style=\"\r\n                  font-family: Helvetica,Verdana,sans-serif\">\r\n			<div style=\"margin-bottom:10px;color: rgb(34, 34, 34); font-family: arial, sans-serif; font-size: 14px; background-color: rgb(255, 255, 255);\"><br />\r\n			<font style=\"vertical-align: inherit;\"><font style=\"vertical-align: inherit;\">Estimado $contactos-nombre$ $contactos-apellido$,</font></font></div>\r\n\r\n			<div style=\"margin-top:10px;color: rgb(34, 34, 34); font-family: arial, sans-serif; font-size: 14px; background-color: rgb(255, 255, 255);\"><font style=\"vertical-align: inherit;\"><font style=\"vertical-align: inherit;\">$URL$ para iniciar sesión en el portal, con las credenciales a continuación.</font></font></div>\r\n\r\n			<div style=\"margin-top:20px;color: rgb(34, 34, 34); font-family: arial, sans-serif; font-size: 14px; background-color: rgb(255, 255, 255);\"><font style=\"vertical-align: inherit;\"><font style=\"vertical-align: inherit;\">Su nombre de usuario: $login_name$</font></font></div>\r\n\r\n			<div style=\"margin-bottom:20px;color: rgb(34, 34, 34); font-family: arial, sans-serif; font-size: 14px; background-color: rgb(255, 255, 255);\"><font style=\"vertical-align: inherit;\"><font style=\"vertical-align: inherit;\">Tu contraseña: $contraseña$</font></font></div>\r\n\r\n			<div class=\"gmail_extra\" style=\"margin-top:10px;color: rgb(34, 34, 34); font-family: arial, sans-serif; font-size: 14px; background-color: rgb(255, 255, 255);\"><font style=\"vertical-align: inherit;\"><font style=\"vertical-align: inherit;\">Gracias, </font></font><br />\r\n			<font style=\"vertical-align: inherit;\"><font style=\"vertical-align: inherit;\">$contacts-smowerid$</font></font></div>\r\n			</td>\r\n		</tr>\r\n		<tr>\r\n			<td colspan=\"6\" style=\"font-family: Helvetica,Verdana,sans-serif;font-size: 11px;color: #666666;\">\r\n			<table border=\"0\" cellpadding=\"4\" cellspacing=\"0\" width=\"100%\">\r\n				<tbody><!--copy right data-->\r\n					<tr>\r\n						<td style=\"\r\n                            padding-left: 0px;\r\n                            padding-right: 0px;\r\n                            width:350px\" valign=\"top\">\r\n						<div style=\"margin-top:20px;\"><em><font style=\"vertical-align: inherit;\"><font style=\"vertical-align: inherit;\">Desarrollado por </font></font><a href=\"http://www.vtiger.com\"><font style=\"vertical-align: inherit;\"><font style=\"vertical-align: inherit;\">Vtiger</font></font></a></em>\r\n						<div></div>\r\n						</div>\r\n						</td>\r\n					</tr>\r\n					<!--subscribers links-->\r\n				</tbody>\r\n			</table>\r\n			</td>\r\n		</tr>\r\n	</tbody>\r\n</table>\r\n<!-- </center> --></body>\r\n</html>\r\n','2023-03-21 14:51:43','2023-04-05 20:15:32',NULL,NULL,0,1,0,0,'CRM','Customer Portal Login Details'),(62,1,6,6,'Emails','<html>\r\n<head>\r\n	<title></title>\r\n</head>\r\n<body><span style=\"color: rgb(51, 51, 51); font-family: OpenSans-Regular, sans-serif; font-size: 12px; background-color: rgb(249, 237, 190);\">$contacts-lastname$</span></body>\r\n</html>\r\n','2023-03-21 15:13:45','2023-04-05 20:15:32',NULL,NULL,0,1,0,0,'CRM','testing'),(63,1,6,6,'Emails','<html>\r\n<head>\r\n	<title></title>\r\n</head>\r\n<body>Dear $contacts-firstname$ $contacts-lastname$,<br />\r\n<br />\r\n$URL$ to login to the portal, with the credentials below.<br />\r\nYour Username: $login_name$<br />\r\nYour Password: $password$<br />\r\n<br />\r\nYour Username: $contacts-login_name$<br />\r\nYour Password: $contacts-password$<br />\r\n<br />\r\nYour Username: $portal-login_name$<br />\r\nYour Password: $portal-password$<br />\r\n<br />\r\nThank you,<br />\r\n$contacts-smownerid$</body>\r\n</html>\r\n','2023-03-21 15:18:08','2023-04-05 20:15:32',NULL,NULL,0,1,0,0,'CRM','test 2'),(64,1,6,6,'Emails','<!DOCTYPE HTML PUBLIC \"-//W3C//DTD HTML 4.01//EN\" \"http://www.w3.org/TR/html4/strict.dtd\">\r\n<html>\r\n<head>\r\n	<title></title>\r\n</head>\r\n<body class=\"scayt-enabled\">\r\n<div style=\"margin-bottom: 10px; color: rgb(34, 34, 34); font-family: arial, sans-serif; font-size: 14px; background-color: rgb(255, 255, 255);\">Dear $contacts-firstname$ $contacts-lastname$,<br />\r\n<br />\r\n$URL$ to login to the portal, with the credentials below.<br />\r\nYour Username: $login_name$<br />\r\nYour Password: $password$<br />\r\nThank you,<br />\r\n$contacts-smownerid$<br />\r\n<br />\r\nLBL_CUSTOMER_PORTAL_INFORMATION<br />\r\n<br />\r\n$LBL_CUSTOMER_PORTAL_INFORMATION$</div>\r\n\r\n<p></p>\r\n</body>\r\n</html>\r\n','2023-03-21 23:49:50','2023-04-05 20:15:32',NULL,NULL,0,1,0,0,'CRM','Customer Portal Login Details'),(65,1,6,6,'Emails','<html>\r\n<head>\r\n	<title></title>\r\n</head>\r\n<body>Dear $contacts-firstname$ $contacts-lastname$,<br />\r\n$URL$ to login to the portal, with the credentials below.<br />\r\nYour Username: $login_name$<br />\r\nYour Password: $password$<br />\r\nThank you,<br />\r\n$contacts-smownerid$<br />\r\n<br />\r\nLBL_CUSTOMER_PORTAL_INFORMATION<br />\r\n<br />\r\n$LBL_CUSTOMER_PORTAL_INFORMATION$</body>\r\n</html>\r\n','2023-03-21 23:53:17','2023-04-05 20:15:32',NULL,NULL,0,1,0,0,'CRM','test2'),(66,1,6,6,'Contacts','','2023-03-21 23:57:57','2023-04-05 20:15:32',NULL,NULL,0,1,1,0,'CRM','Christian Daniel garcia'),(67,1,6,6,'Contacts','','2023-03-22 00:14:08','2023-04-05 20:15:32',NULL,NULL,0,1,1,0,'CRM','Christian Daniel garcia'),(68,1,6,6,'Contacts','','2023-03-22 00:18:03','2023-04-05 20:15:32',NULL,NULL,0,1,1,0,'CRM','Christian Daniel garcia'),(69,1,6,6,'Emails','An Contact has been assigned to you on vtigerCRM<br>Details of Contact are :<br><br>Contact Id:<b>CON000004</b><br>LastName:<b>garcia</b><br>FirstName:<b>Christian Daniel</b><br>Lead Source:<b></b><br>Department:<b></b><br>Description:<b></b><br><br><br>And <b>CustomerPortal Login Details</b> is sent to the EmailID :-chdgp1988@gmail.com<br><br>Thank You<br>Admin<br><br>','2023-03-22 00:21:22','2023-04-05 20:15:32',NULL,NULL,0,1,0,0,'CRM','Regarding Contact Assignment'),(70,1,6,6,'Contacts','','2023-03-22 00:23:00','2023-04-05 20:15:32',NULL,NULL,0,1,1,0,'CRM','Kimssss garcia'),(71,1,6,6,'Contacts','','2023-03-22 00:24:23','2023-04-05 20:15:32',NULL,NULL,0,1,1,0,'CRM','Christian Daniel feijoo valdivia'),(72,1,6,6,'Contacts','','2023-03-22 00:29:22','2023-04-05 20:15:32',NULL,NULL,0,1,1,0,'CRM','Kimssss feijoo valdivia'),(73,1,6,1,'Contacts','','2023-03-22 00:31:21','2023-04-15 03:40:03',NULL,NULL,0,1,0,0,'CRM','Kimssss garcia'),(74,6,5,1,'HelpDesk','Hello Blue Technology, \n\n\nWe would like to request a technician for the location below:\n\n\nAddress: 3 Serramonte Center, Space #662 Dally City- SD Serramonte\n\nDate:  April 5, 2023\n\nTime: 7:45 AM PST\n\nAccess to Store:  Granted c/o Kitchen Staff\n\nDynamix Ref Number: 109856\n\nDevice Type: SDWAN equipment\n\n \n\nWork Needed:\n Task 1: Prio to heading To Serramonte, kindly proceed to 2030 Union St. to retrieve the keys that have been left in the lockbox situated at the back of the stairs at 2030 Union St.\nTask 2: Record the equipment information being picked up by Comcast schedule between 8-10 AM which includes : 2 device Advantech and  Cradlepoint  of  3 Serramonte Center, Space #662\n\n\nRegards, \nAlexandra','2023-04-05 19:53:00','2023-05-22 01:02:01',NULL,NULL,0,1,0,0,'CRM','SD Serramonte SDWAN equipment pickup'),(75,6,6,6,'Documents',NULL,'2023-04-05 20:01:38','2023-04-05 20:01:38',NULL,NULL,0,1,0,0,'CRM','DLRYB02'),(76,6,5,6,'HelpDesk','Dear Dalrymple Yann,\n\n\nThere is an update to:\n\nTicket ID : 131\nTicket Title : Troubleshoot Dayforce Offline-El Techo\n\n\nTicket No : TKT000061\nStatus : Closed\nCategory : Small Problem\nSeverity : Minor\nPriority : Normal\n\nDescription :\nHello Blue Technology,\n\n\nWe would like to request a technician for the location below:\nAddress: 2516 Mission St- El Techo and Lolinda\nDate: ASAP, If possible today April 5\nTime: 9PM PST\nAccess to Store: C/o Staff\nDynamix Ref Number: 109888\nDevice Type: Dayforce Touch Clock\nConnection Type: Wireless\n\n\n\nWork Needed:\nTask : Determine if it\'s a connection problem or a hardware issue.\nWorked with support team to ascertain whether the clock has an IP address or not\n\n\nRegards,\nAlexandra','2023-04-05 20:24:43','2023-05-23 19:34:27',NULL,NULL,0,1,0,0,'CRM','Troubleshoot Dayforce Offline-El Techo'),(77,6,6,1,'HelpDesk','','2023-04-05 20:40:06','2023-04-15 03:02:31',NULL,NULL,0,1,0,0,'CRM','Comcast Enterprise Services Planned Maintenance Notification - CM004269753'),(78,6,6,6,'HelpDesk','','2023-04-05 20:42:37','2023-04-19 16:21:16',NULL,NULL,0,1,0,0,'CRM','Comcast Enterprise Services Planned Maintenance Notification - CM004269753'),(79,6,6,1,'HelpDesk','','2023-04-05 20:44:13','2023-04-15 03:02:51',NULL,NULL,0,1,0,0,'CRM','Comcast Enterprise Services Planned Maintenance Notification - CM004269753'),(80,6,9,1,'HelpDesk','','2023-04-05 20:46:59','2023-04-15 03:02:56',NULL,NULL,0,1,0,0,'CRM','omcast Enterprise Services Planned Maintenance Notification - CM004269753'),(81,6,9,1,'HelpDesk','','2023-04-05 20:49:15','2023-04-15 03:03:05',NULL,NULL,0,1,0,0,'CRM','Comcast Enterprise Services Planned Maintenance Notification - CM004269753'),(82,6,9,1,'HelpDesk','','2023-04-05 20:50:36','2023-04-15 03:03:15',NULL,NULL,0,1,0,0,'CRM','Comcast Enterprise Services Planned Maintenance Notification - CM004269753'),(83,6,9,1,'HelpDesk','','2023-04-05 20:51:39','2023-04-15 03:03:25',NULL,NULL,0,1,0,0,'CRM','Comcast Enterprise Services Planned Maintenance Notification - CM004269753'),(84,6,5,1,'HelpDesk','Checking on internet issue on site.  Details				\nof issues detailled with Dynamix Support 				\nIncludes travel time and Toll fee','2023-04-05 20:52:35','2023-05-22 00:48:01',NULL,NULL,0,1,0,0,'CRM','omcast Enterprise Services Planned Maintenance Notification - CM004269753'),(85,6,5,1,'HelpDesk','I think we all have confused a few things, let me clarify.\n\n \n\nTicket 00107907- Comcast Maintenace for Flores Emeryville\nTicket 00107832 - CSD014 Site Down \n Site is up\nWe attempted to call store. We will call back when they open in 1 hour.\n\nI checked with my NOC, and they said this outage is most likely related to the Maintenace window, however we do not have this in writing from Comcast.\n\n \n\n\n@jc@mybluetechnology.com - If Yann is in the area, let\'s have him do a quick check at CSD014 and then we handle Flores as it happens. I will email Yann from both tickets and CC you. Please make sure he responds to those specific tickets with each site update.','2023-04-05 20:59:53','2023-05-22 00:34:09',NULL,NULL,0,1,0,0,'CRM','Comcast Enterprise Services Planned Maintenance Notification - CM004269753'),(86,6,6,6,'HelpDesk','','2023-04-05 21:15:32','2023-04-21 20:42:28',NULL,NULL,0,1,0,0,'CRM','Internet Disruption at A Mano'),(87,6,5,1,'HelpDesk','Hello,\n\n \n\nWe would like to request a technician for the location below:\n\nAddress: 409 Gough Street, San Francisco, CA 94102\n\nTime: 10 AM PST\n\nAccess to Store:  Manager on duty\n\nDynamix Ref Number: 108024\n\n\nWork Needed:\n\nTask : Make sure that the Mounting of the Bar TVs are secure\n\n\nThank you for your assistance on this.\n\nRegards,\n\nWarren','2023-04-05 21:25:43','2023-05-21 23:22:03',NULL,NULL,0,1,0,0,'CRM','After Work Bar / Montaje seguro para televisores de barra'),(88,6,6,1,'HelpDesk','','2023-04-05 21:30:13','2023-04-15 03:04:21',NULL,NULL,0,1,0,0,'CRM','Super Duper-Castro / Toast Tap Installation'),(89,6,6,1,'HelpDesk','','2023-04-05 21:32:08','2023-04-15 03:04:26',NULL,NULL,0,1,0,0,'CRM','Cash Drawer Tech Install'),(90,6,9,1,'HelpDesk','','2023-04-05 21:34:18','2023-04-15 03:04:36',NULL,NULL,0,1,0,0,'CRM','Super Duper-Castro / Toast Tap Installation'),(91,6,9,6,'HelpDesk','Hello Blue Technology, \n\n\nWe would like to request a technician for the location below:\n\nAddress: 2304 Market Street\nTime:  Between 6AM- 10:30AM PST\nAccess to Store:  Granted c/o Kitchen Staff \nDynamix Ref Number: 107815\n\nTask:\n\nConnect the Toast Tap(purple cable) to Toast Flex or Toast Hub (depending what\'s the store set up)\nDrop off the defective Toast tap using the label kit.\nSend us the tracking number.\n\n\nThank you for your assistance. \n\n\nRegards, \nClaudette','2023-04-05 21:47:02','2023-04-21 21:10:11',NULL,NULL,0,1,0,0,'CRM','Super Duper-Castro / Toast Tap Installation / Tech No Show'),(92,6,6,6,'HelpDesk','','2023-04-05 21:49:00','2023-04-21 21:11:13',NULL,NULL,0,1,1,0,'CRM','107721 / Super Duper - Emeryville / Toast Tap Replacement'),(93,6,6,1,'HelpDesk','Hello,\n\nWe would like to request a technician for the location below:\n\nAddress: 2304 Market Street San Francisco, CA 94114\n\nTime: 6:00 AM PST\n\nAccess to Store:  Main Door\n\nDynamix Ref Number: 108059\n\n \n\nWork Needed:\n\nTask : Ensure all systems are operational after the PG&E Electrical service interruption / Power Outage. \n\n\nThank you.\n\nRegards,\n\nWarren','2023-04-05 21:53:37','2023-04-21 21:30:01',NULL,NULL,0,1,0,0,'CRM','Super Duper Castro / PG&E Electrical service interruption.'),(94,6,5,1,'HelpDesk','Hello Blue Technology,\n\n \n\nWe would like to request a technician for the location below:\n\nAddress: 2030 Union Street, 94123 San Francisco CA\nTime: Between 9:00 AM - 11:30 AM PST \nDate: February 8, 2023\nAccess to Store: Granted c/o GM\nDynamix Ref Number: 108064\n \n\nTask:\n\nCheck the Bar printer and use the backup printer if needed\nCheck all other printers if it is routed correctly\nTest all the printers and make sure tickets are printing to the correct printer\n \n\n \n\nTroubleshooting steps were taken on the Bar Printer:\n\npower cycle the bar printer - done\nunplugged and replugged the ethernet cable - done\ntried to print - no go\nprinted a test page - done\nprinted a feed test page - no IP address found\n \n\nThank you for your assistance.\n\n \n\n \n\nRegards,\n\nDianah','2023-04-05 21:55:02','2023-05-21 23:08:01',NULL,NULL,0,1,0,0,'CRM','108064 / Flores Union / Printer Routing Issue'),(95,6,6,6,'HelpDesk','','2023-04-05 21:55:52','2023-04-21 21:14:19',NULL,NULL,0,1,1,0,'CRM','Super Duper Castro / PG&E Electrical service interruption.'),(96,6,5,1,'HelpDesk','Hello Blue Technology,\n\n \n\nWe would like to request a technician for the location below:\n\nAddress: 5959 Shellmound Street, 94608 Emeryville CA\nTime: 9:30 AM PST\nAccess to Store: Granted c/o store Key holder and their Janitor\nDynamix Ref Number: 107721\n \n\nTask:\n\nConnect the Replacement Toast Tap(purple cable) to Toast Flex or Toast Hub (depending what the store set up)\nTest all Toast Tap functionality\nDrop off the defective Toast tap using the label kit.\nSend us the tracking number\n \n\nThank you for your assistance.','2023-04-05 21:57:29','2023-05-21 23:22:01',NULL,NULL,0,1,0,0,'CRM','107721 / Super Duper - Emeryville / Toast Tap Replacement'),(97,6,6,6,'HelpDesk','','2023-04-05 22:05:25','2023-04-21 21:14:04',NULL,NULL,0,1,1,0,'CRM','Super Duper Castro / PG&E Electrical service interruption.'),(98,6,6,1,'HelpDesk','','2023-04-05 22:08:08','2023-04-15 03:05:37',NULL,NULL,0,1,0,0,'CRM','108232 / After Work Bar / To troubleshoot the Cash Drawer and Printer'),(99,6,6,6,'HelpDesk','','2023-04-05 22:08:44','2023-04-21 21:13:49',NULL,NULL,0,1,1,0,'CRM','108059 / Super Duper - Castro / Schedule Power Interruption'),(100,6,6,1,'HelpDesk','','2023-04-05 22:10:17','2023-04-15 03:05:48',NULL,NULL,0,1,0,0,'CRM','The Tailor\'s Son / Onboarding of Handhelds'),(101,6,6,1,'HelpDesk','','2023-04-05 23:31:51','2023-04-15 03:05:58',NULL,NULL,0,1,0,0,'CRM','DVR/Camera Setup'),(102,6,6,1,'HelpDesk','','2023-04-05 23:38:55','2023-04-15 03:06:07',NULL,NULL,0,1,0,0,'CRM','Super Duper - Castro / Scheduled Power Interruption'),(103,6,6,1,'HelpDesk','','2023-04-05 23:40:22','2023-04-15 03:06:18',NULL,NULL,0,1,0,0,'CRM','Field Tech Visit Request'),(104,6,6,1,'HelpDesk','','2023-04-05 23:44:04','2023-04-15 03:06:23',NULL,NULL,0,1,0,0,'CRM','00108672 / Delarosa Yerba Buena / Printer issue'),(105,6,6,1,'HelpDesk','','2023-04-06 00:11:44','2023-04-15 03:06:34',NULL,NULL,0,1,0,0,'CRM','108772 - aMano network rack'),(106,6,6,1,'HelpDesk','','2023-04-06 00:12:36','2023-04-15 03:06:44',NULL,NULL,0,1,0,0,'CRM','Troubleshoot KDS 2 (kept on rebooting)'),(107,6,6,1,'HelpDesk','','2023-04-06 00:13:44','2023-04-15 03:06:54',NULL,NULL,0,1,0,0,'CRM','108772 - aMano network rack'),(108,6,5,1,'HelpDesk','Ticket ID : 112\nTicket Title : 108817 and 108825 / Super Duper – Metreon / Printer not printing and No sound on their Music\n\n\nTicket No : TKT000042\nStatus : Closed\nCategory : Small Problem\nSeverity : Minor\nPriority : Normal\n\nDescription :\nHello Blue Technology,\n\nWe would like to request a technician for the location below:\n\n � Address: 783 Mission Street, San Francisco CA 94103\n\n � Date: March 8, 2023 (Wednesday)\n\n � Time: 8:00 AM PST\n\n � Access to Store: Granted c/o Janitor\n\n � Dynamix Ref Number: 108817 and 108825\n\n\nWork Needed:\nTask 1: Check the printer\'s physical connection\nTask 2: Check Kiosk connectivity\nTask 3: Run a test order and confirm that the printer is working\nTask 4: Check Music for no sounds\n\nTroubleshooting Steps were taken:\nRestarted the kiosk - no go\nPower cycle the printer - no go\nCheck physical connection\nCables are firmly connected\nThen tried the backup printer - no go\nPrinted test page – ok\nCheck Kiosk\'s network settings:\nWi-fi off\nEthernet 0 (USB-C)\nEthernet 1 (RJ-45)\nIP: 192.168.192.222\nTried printing from Kiosk 1 it will print to SSUP05-RP-K01 instead of SSUP05-RP-TE1\nOn Music system:\nCheck if its on mute - no\nCheck volume - still no go\n\nPlease let us know if you have any questions.','2023-04-06 00:15:57','2023-05-22 00:34:01',NULL,NULL,0,1,0,0,'CRM','108817 and 108825 / Super Duper – Metreon / Printer not printing and No sound on their Music'),(109,6,5,1,'HelpDesk','Hello Blue Technology,\n\nWe would like to request a technician for the location below:\n\n � Address: 783 Mission Street, San Francisco CA 94103\n\n � Date: March 8, 2023 (Wednesday)\n\n � Time: 8:00 AM PST\n\n � Access to Store: Granted c/o Janitor\n\n � Dynamix Ref Number: 108817 and 108825\n\n\nWork Needed:\nTask 1: Check the printer\'s physical connection\nTask 2: Check Kiosk connectivity\nTask 3: Run a test order and confirm that the printer is working\nTask 4: Check Music for no sounds\n\nTroubleshooting Steps were taken:\nRestarted the kiosk - no go\nPower cycle the printer - no go\nCheck physical connection\nCables are firmly connected\nThen tried the backup printer - no go\nPrinted test page – ok\nCheck Kiosk\'s network settings:\nWi-fi off\nEthernet 0 (USB-C)\nEthernet 1 (RJ-45)\nIP: 192.168.192.222\nTried printing from Kiosk 1 it will print to SSUP05-RP-K01 instead of SSUP05-RP-TE1\nOn Music system:\nCheck if its on mute - no\nCheck volume - still no go\n\nPlease let us know if you have any questions.\n\nRegards,','2023-04-06 00:17:29','2023-05-22 00:20:09',NULL,NULL,0,1,0,0,'CRM','108817 and 108825 / Super Duper – Metreon / Printer not printing and No sound on their Music'),(110,6,5,1,'HelpDesk','BT Support,\n\n \n\nRequest a technician for the following:\n\nAddress: 450 Hayes St, SF, CA 94102\n\nDate: Monday, 3/6/23\n\nTime: 8-10am\n\nAccess to store: granted by kitchen staff (in at 8am)\n\nDynamix reference number: 108772\n\n \n\nWork to be completed (NOTE - all hardware is onsite, underneath network rack)\n\nadd monitor and mouse to DVR – place on top of dehydrator, to the right of the rack.\nadd battery backup and devices set according to BOH standard\nadd CloudCover\nNOTE: device should be powered on and plugged into switch\n*** NOC will designate which port to use for music licensing***\n\nSonos system to remain as is – no changes should be made to AV system\n \n\nThere is a lockbox upstairs – when facing office door,  to the left, near the ceiling. Code is 1987.\n\n \n\nYann was originally scheduled at 98 Mission at this time – I want that changed. Yann should take this aMano call and let’s have Angel take care of 98 Mission.\n\n \n\nPlease reach out with any questions or concerns.\n\n \n\nThank you,','2023-04-06 00:19:03','2023-05-21 22:40:02',NULL,NULL,0,1,0,0,'CRM','108772 - aMano network rack'),(111,6,6,1,'HelpDesk','','2023-04-06 00:20:44','2023-04-15 03:07:14',NULL,NULL,0,1,0,0,'CRM','SD Downtown - Printer offline/Device Irregularities'),(112,6,5,1,'HelpDesk','Hello Blue Technology,\n \nWe would like to request a technician for the location below:\n\n·     Address: 783 Mission Street, San Francisco CA 94103\n\n·     Date: March 8, 2023 (Wednesday)\n\n·     Time: 8:00 AM PST\n\n·     Access to Store:  Granted c/o Janitor\n\n·     Dynamix Ref Number: 108817 and 108825\n\n \nWork Needed:\nTask 1: Check the printer\'s physical connection  \nTask 2: Check Kiosk connectivity\nTask 3: Run a test order and confirm that the printer is working\nTask 4: Check Music for no sounds\n \nTroubleshooting Steps were taken:\nRestarted the kiosk - no go\nPower cycle the printer - no go\nCheck physical connection\nCables are firmly connected\nThen tried the backup printer - no go\nPrinted test page – ok\nCheck Kiosk\'s network settings:\nWi-fi off\nEthernet 0 (USB-C)\nEthernet 1 (RJ-45)\nIP: 192.168.192.222\nTried printing from Kiosk 1 it will print to SSUP05-RP-K01 instead of SSUP05-RP-TE1\nOn Music system:\nCheck if its on mute - no\nCheck volume - still no go\n\nPlease let us know if you have any questions.\n\nRegards,','2023-04-06 00:23:48','2023-05-21 23:08:13',NULL,NULL,0,1,0,0,'CRM','108817 and 108825 / Super Duper – Metreon / Printer not printing and No sound on their Music'),(113,6,6,1,'HelpDesk','','2023-04-06 00:25:24','2023-04-15 03:07:36',NULL,NULL,0,1,0,0,'CRM','108410 / Super Duper Los Gatos / installation of replacement KDS'),(114,6,6,1,'HelpDesk','','2023-04-06 00:26:47','2023-04-15 03:07:46',NULL,NULL,0,1,0,0,'CRM','Beretta - Pop Up / Troubleshoot wireless phone'),(115,6,5,5,'HelpDesk','Hello Team, \n\nWe would like to request a technician for the location below: \n\nAddress: 595 Market Street\nDate:Time:  Today if possible / tomorrow Herman will be on site 9AM\nAccess to Store: Managers office\nDynamix Ref Number: 00108896\nDevice Type: Phone \nConnection Type: Wired / Wireless\n\nWork Needed:\nTask 1: Connect Yealink Receiver to the internet\nTask 2: Check 2 phones pairing if connected properly to the receiver \nTask 3: Make sure phone docking is connected and has power\nTask 4: Test phones if its connected and working\n\nTroubleshooting Steps taken:\n· Rebooted phone manually\n· Hard reset\n\nLet us know if you have other questions.\n\nRegards,\nJeremy.','2023-04-06 00:28:23','2023-05-22 00:20:07',NULL,NULL,0,1,0,0,'CRM','Uno Dos Tacos / Connect Yealink Receiver to network'),(116,6,5,1,'HelpDesk','We would like to schedule a technician for the location below:\n\nAddress: 3900 Bel Aire Plaza Napa, Ca 94558\nDate: 3/20/2023\nTime: 7:00AM PST\nAccess to Store: Granted by Nuranne \nDynamix Ref Number: 107054 \n\nWork Needed:\nTask 1: Assistance with moving rack equipment \nTask 2: Assistance with ATT Ciena install/Activation as needed\nTask 3: Cienna Speed Test\n\nPlease advise if this is possible.\n\nThank you,\nChristian Cruz','2023-04-06 00:30:17','2023-05-09 03:00:10',NULL,NULL,0,1,0,0,'CRM','Field Tech Request - NAPA'),(117,6,6,1,'HelpDesk','','2023-04-06 00:31:45','2023-04-15 03:08:22',NULL,NULL,0,1,0,0,'CRM','108892 / SD Castro / Cash Drawer not opening automatically'),(118,6,5,1,'HelpDesk','Hello Team,\n\nSorry for the short notice. We would like to check if we could send someone onsite today at 10AM PST for the below location. if not, we would like to request to send one for tomorrow at the same time.\n\nAddress: 2355 Telegraph Avenue\nDate:Time:  10AM PST 3/20/2023\nAccess to Store: Managers office\nDynamix Ref Number: 00108769\nDevice Type: Security Camera\nConnection Type: Wired\n\nWork Needed:\nTask 1: Restart camera 2\nTask 2: Test camera 2 if can be remote options via IVMS are working ex. change camera name / reboot etc.\nTask 3: Test playback option for camera 2 if working\n\nTroubleshooting Steps taken:\n· Tried remote restart for camera 2 / not working\n· Tried resetting camera 2 / not working\n- All remote functions for camera 2 are not responsive\n\nLet us know if you other questions.\n\nRegards,\nJeremy.','2023-04-06 00:34:39','2023-05-21 22:54:01',NULL,NULL,0,1,0,0,'CRM','Super Duper - Berkeley / Resolve camera 2'),(119,6,9,1,'HelpDesk','','2023-04-06 00:35:46','2023-05-10 19:15:02',NULL,NULL,0,1,0,0,'CRM','Flores Corte Madera / Cameras are offline'),(120,6,6,1,'HelpDesk','','2023-04-06 00:37:17','2023-04-15 03:08:42',NULL,NULL,0,1,0,0,'CRM','Super Duper - Emeryville /  Phone Setup'),(121,6,5,1,'HelpDesk','Hello Blue Technology, \nWe would like to request a technician for the location below:\n\n \n\nAddress: 5800 Nave Drive, Suite C, Novato\n\nDate: March 27, 2023\n\nTime: 7:00 AM PST\n\nAccess to Store:  Granted c/o Kitchen Staff \n\nDynamix Ref Number: 109234\n\nDevice Type: KDS\n\nConnection Type: Hardwired \n \n\nWork Needed:\n\nTask 1: Install the replacement KDS\nTask 2: Make sure label is added to the device CSD008-KDS-002\nTask 3: If RMA, drop off the defective unit.','2023-04-06 00:38:31','2023-05-19 03:10:01',NULL,NULL,0,1,0,0,'CRM','Installation of replacement KDS at SD Novato'),(122,6,6,1,'HelpDesk','','2023-04-06 00:40:19','2023-04-15 03:08:58',NULL,NULL,0,1,0,0,'CRM','Tech Request: Damage outside cable TV / After work Bar'),(123,6,6,1,'HelpDesk','','2023-04-06 00:41:45','2023-04-15 03:09:07',NULL,NULL,0,1,0,0,'CRM','nstallation of replacement KDS at SD Novato'),(124,6,6,1,'HelpDesk','','2023-04-06 00:44:57','2023-04-15 03:09:14',NULL,NULL,0,1,0,0,'CRM','SD Downtown Replacement Kitchen Printer Onboarding'),(125,6,6,1,'HelpDesk','','2023-04-06 00:46:14','2023-04-15 03:09:16',NULL,NULL,0,1,0,0,'CRM','SD Downtown Replacement Kitchen Printer Onboarding'),(126,6,6,6,'HelpDesk','','2023-04-06 00:48:14','2023-04-18 17:25:35',NULL,NULL,0,1,0,0,'CRM','Uno Dos Tacos / Phone installation and activation'),(127,6,9,6,'HelpDesk','Hello Blue Technology,\n\n\nWe would like to request a technician for the location below:\n\n \n\nAddress: 301 Hayes St. Rad Radish\nDate: April 3, 2023 Thursday\nTime: 8:00 AM PST\nAccess to Store:  Granted c/o GM\nDynamix Ref Number: 109677\nDevice Type: Equipment relevant to the pagers\nConnection Type: Wireless\n\n \n\nWork Needed\n*All equipment this includes pagers, bases, repeaters, extra circuits and iPads, relevant to the pager system removed, \n*Packaged should be brought to storage (Super Duper-Novato 5800 Nave Dr, Suite C\n*The equipemnt mention above should be place inside 3 separate boxes\n*A manager should be present at the store to confirmed all device before delivered to the storage \n*To ensure the GM availablity we will colaborate with her\n\n\nRegards,\nAlexandra','2023-04-06 00:50:15','2023-04-20 21:49:19',NULL,NULL,0,1,0,0,'CRM','Request Tech Visit LRS Pager'),(128,6,5,1,'HelpDesk','Hello Blue Technology, \n\n\nWe would like to request a technician for the location below:\n\n\nAddress: 3 Serramonte Center, Space #662 Dally City- SD Serramonte\n\nDate:  April 5, 2023\n\nTime: 7:45 AM PST\n\nAccess to Store:  Granted c/o Kitchen Staff\n\nDynamix Ref Number: 109856\n\nDevice Type: SDWAN equipment\n\n \n\nWork Needed:\n Task 1: Prio to heading To Serramonte, kindly proceed to 2030 Union St. to retrieve the keys that have been left in the lockbox situated at the back of the stairs at 2030 Union St.\nTask 2: Record the equipment information being picked up by Comcast schedule between 8-10 AM which includes : 2 device Advantech and  Cradlepoint  of  3 Serramonte Center, Space #662\n\n\nRegards, \nAlexandra','2023-04-06 00:53:41','2023-05-09 05:00:09',NULL,NULL,0,1,0,0,'CRM','Tech Request at SD Serramonte SDWAN equipment pickup'),(129,6,6,1,'HelpDesk','','2023-04-06 00:56:40','2023-04-15 03:09:43',NULL,NULL,0,1,0,0,'CRM','The Tailor\'s Son / Outdoor speaker issue'),(130,6,10,1,'HelpDesk','Hello Team, \n\nWe would like to request a technician for the location below: \n\nAddress: 2049 Fillmore Street\nDate:Time: 4/5/2023 3 PM PST (Wednesday)\nAccess to Store: Store\nDynamix Ref Number: 00109745\nDevice Type: Sound System / Speakers\nConnection Type: Wired\nContact person on the store: Collin 9495846168\n\nWork Needed:\nTask 1: check Outdoor speakers\nTask 2: check Speaker wiring\nTask 3: check the Outdoor speaker volume control\n\nTroubleshooting Steps taken:\n· Checked outdoor speaker volume / not working\n\nLet us know if you have other questions.\n\nRegards,\nJeremy.','2023-04-06 01:00:51','2023-05-09 05:00:02',NULL,NULL,0,1,0,0,'CRM','Hello Blue Technology,   We would like to request a technician for the location below: Address: 2516 Mission St- El Techo and Lolinda Date:  ASAP, If possible today April 5 Time: 9PM PST  Access to Store:  C/o Staff  Dynamix Ref Number: 109888 Device Type'),(131,6,5,5,'HelpDesk','Hello Blue Technology,\n\n\nWe would like to request a technician for the location below:\nAddress: 2516 Mission St- El Techo and Lolinda\nDate:  ASAP, If possible today April 5\nTime: 9PM PST \nAccess to Store:  C/o Staff \nDynamix Ref Number: 109888\nDevice Type: Dayforce Touch Clock\nConnection Type: Wireless\n\n \n\nWork Needed:\nTask : Determine if it\'s a connection problem or a hardware issue.\nWorked with support team to  ascertain whether the clock has an IP address or not\n\n\nRegards, \nAlexandra','2023-04-06 01:02:59','2023-05-22 00:22:19',NULL,NULL,0,1,0,0,'CRM','Troubleshoot Dayforce Offline-El Techo'),(132,6,6,6,'Contacts','','2023-04-15 01:30:19','2023-04-19 15:52:49',NULL,NULL,0,1,1,0,'CRM','Nuranne JC'),(133,1,1,1,'Emails','Ticket ID : 74<br>Ticket Title : SD Serramonte SDWAN equipment pickup<br><br>\n								Dear Dalrymple Yann,<br><br>\n								The Ticket is replied the details are :<br><br>\n								Ticket No : TKT000005<br>\n								Status : Closed<br>\n								Category : Other Problem<br>\n								Severity : Minor<br>\n								Priority : Normal<br><br>\n								Description : <br><br><br>\n								Solution : <br>Cradlepoint<br />\nSN MM214800003658<br />\nMAC 003044758c74<br />\nIMEI 357926103386384<br />\n <br />\nAdvantech<br />\nKSA3855737\n								<br><br>\n								Regards<br>Support Administrator<br><br>','2023-04-15 03:02:11','2023-04-15 03:02:11',NULL,NULL,0,1,0,0,'CRM','Ticket Number : TKT000005 SD Serramonte SDWAN equipment pickup'),(134,1,1,1,'Emails','Ticket ID : 76<br>Ticket Title : Troubleshoot Dayforce Offline-El Techo<br><br>\n								Dear Dalrymple Yann,<br><br>\n								The Ticket is replied the details are :<br><br>\n								Ticket No : TKT000006<br>\n								Status : In Progress<br>\n								Category : Small Problem<br>\n								Severity : Minor<br>\n								Priority : Normal<br><br>\n								Description : <br><br><br>\n								Solution : <br>\n								<br><br>\n								Regards<br>Support Administrator<br><br>','2023-04-15 03:02:20','2023-04-15 03:02:20',NULL,NULL,0,1,0,0,'CRM','Ticket Number : TKT000006 Troubleshoot Dayforce Offline-El Techo'),(135,1,1,1,'Emails','Ticket ID : 77<br>Ticket Title : Comcast Enterprise Services Planned Maintenance Notification - CM004269753<br><br>\n								Dear Ismodes JC,<br><br>\n								The Ticket is replied the details are :<br><br>\n								Ticket No : TKT000007<br>\n								Status : Closed<br>\n								Category : Small Problem<br>\n								Severity : Minor<br>\n								Priority : Normal<br><br>\n								Description : <br><br><br>\n								Solution : <br>\n								<br><br>\n								Regards<br>Support Administrator<br><br>','2023-04-15 03:02:31','2023-04-15 03:02:31',NULL,NULL,0,1,0,0,'CRM','Ticket Number : TKT000007 Comcast Enterprise Services Planned Maintenance Notification - CM004269753'),(136,1,1,1,'Emails','Ticket ID : 78<br>Ticket Title : Comcast Enterprise Services Planned Maintenance Notification - CM004269753<br><br>\n								Dear Ismodes JC,<br><br>\n								The Ticket is replied the details are :<br><br>\n								Ticket No : TKT000008<br>\n								Status : Closed<br>\n								Category : Small Problem<br>\n								Severity : Minor<br>\n								Priority : Normal<br><br>\n								Description : <br><br><br>\n								Solution : <br>\n								<br><br>\n								Regards<br>Support Administrator<br><br>','2023-04-15 03:02:40','2023-04-15 03:02:40',NULL,NULL,0,1,0,0,'CRM','Ticket Number : TKT000008 Comcast Enterprise Services Planned Maintenance Notification - CM004269753'),(137,1,1,1,'Emails','Ticket ID : 79<br>Ticket Title : Comcast Enterprise Services Planned Maintenance Notification - CM004269753<br><br>\n								Dear Ismodes JC,<br><br>\n								The Ticket is replied the details are :<br><br>\n								Ticket No : TKT000009<br>\n								Status : Closed<br>\n								Category : Small Problem<br>\n								Severity : Minor<br>\n								Priority : Normal<br><br>\n								Description : <br><br><br>\n								Solution : <br>\n								<br><br>\n								Regards<br>Support Administrator<br><br>','2023-04-15 03:02:51','2023-04-15 03:02:51',NULL,NULL,0,1,0,0,'CRM','Ticket Number : TKT000009 Comcast Enterprise Services Planned Maintenance Notification - CM004269753'),(138,1,1,1,'Emails','Ticket ID : 80<br>Ticket Title : omcast Enterprise Services Planned Maintenance Notification - CM004269753<br><br>\n								Dear Solorzano Angel,<br><br>\n								The Ticket is replied the details are :<br><br>\n								Ticket No : TKT000010<br>\n								Status : Closed<br>\n								Category : Small Problem<br>\n								Severity : Minor<br>\n								Priority : Normal<br><br>\n								Description : <br><br><br>\n								Solution : <br>\n								<br><br>\n								Regards<br>Support Administrator<br><br>','2023-04-15 03:02:56','2023-04-15 03:02:56',NULL,NULL,0,1,0,0,'CRM','Ticket Number : TKT000010 omcast Enterprise Services Planned Maintenance Notification - CM004269753'),(139,1,1,1,'Emails','Ticket ID : 81<br>Ticket Title : Comcast Enterprise Services Planned Maintenance Notification - CM004269753<br><br>\n								Dear Solorzano Angel,<br><br>\n								The Ticket is replied the details are :<br><br>\n								Ticket No : TKT000011<br>\n								Status : Closed<br>\n								Category : Small Problem<br>\n								Severity : Minor<br>\n								Priority : Normal<br><br>\n								Description : <br><br><br>\n								Solution : <br>\n								<br><br>\n								Regards<br>Support Administrator<br><br>','2023-04-15 03:03:05','2023-04-15 03:03:05',NULL,NULL,0,1,0,0,'CRM','Ticket Number : TKT000011 Comcast Enterprise Services Planned Maintenance Notification - CM004269753'),(140,1,1,1,'Emails','Ticket ID : 82<br>Ticket Title : Comcast Enterprise Services Planned Maintenance Notification - CM004269753<br><br>\n								Dear Solorzano Angel,<br><br>\n								The Ticket is replied the details are :<br><br>\n								Ticket No : TKT000012<br>\n								Status : Closed<br>\n								Category : Small Problem<br>\n								Severity : Minor<br>\n								Priority : Normal<br><br>\n								Description : <br><br><br>\n								Solution : <br>\n								<br><br>\n								Regards<br>Support Administrator<br><br>','2023-04-15 03:03:15','2023-04-15 03:03:15',NULL,NULL,0,1,0,0,'CRM','Ticket Number : TKT000012 Comcast Enterprise Services Planned Maintenance Notification - CM004269753'),(141,1,1,1,'Emails','Ticket ID : 83<br>Ticket Title : Comcast Enterprise Services Planned Maintenance Notification - CM004269753<br><br>\n								Dear Solorzano Angel,<br><br>\n								The Ticket is replied the details are :<br><br>\n								Ticket No : TKT000013<br>\n								Status : Closed<br>\n								Category : Small Problem<br>\n								Severity : Minor<br>\n								Priority : Normal<br><br>\n								Description : <br><br><br>\n								Solution : <br>\n								<br><br>\n								Regards<br>Support Administrator<br><br>','2023-04-15 03:03:25','2023-04-15 03:03:25',NULL,NULL,0,1,0,0,'CRM','Ticket Number : TKT000013 Comcast Enterprise Services Planned Maintenance Notification - CM004269753'),(142,1,1,1,'Emails','Ticket ID : 84<br>Ticket Title : omcast Enterprise Services Planned Maintenance Notification - CM004269753<br><br>\n								Dear Solorzano Angel,<br><br>\n								The Ticket is replied the details are :<br><br>\n								Ticket No : TKT000014<br>\n								Status : Closed<br>\n								Category : Small Problem<br>\n								Severity : Minor<br>\n								Priority : Normal<br><br>\n								Description : <br><br><br>\n								Solution : <br>\n								<br><br>\n								Regards<br>Support Administrator<br><br>','2023-04-15 03:03:35','2023-04-15 03:03:35',NULL,NULL,0,1,0,0,'CRM','Ticket Number : TKT000014 omcast Enterprise Services Planned Maintenance Notification - CM004269753'),(143,1,1,1,'Emails','Ticket ID : 84<br>Ticket Title : omcast Enterprise Services Planned Maintenance Notification - CM004269753<br><br>\n								Dear Dalrymple Yann,<br><br>\n								The Ticket is replied the details are :<br><br>\n								Ticket No : TKT000014<br>\n								Status : Closed<br>\n								Category : Small Problem<br>\n								Severity : Minor<br>\n								Priority : Normal<br><br>\n								Description : <br><br><br>\n								Solution : <br>\n								<br><br>\n								Regards<br>Support Administrator<br><br>','2023-04-15 03:03:45','2023-04-15 03:03:45',NULL,NULL,0,1,0,0,'CRM','Ticket Number : TKT000014 omcast Enterprise Services Planned Maintenance Notification - CM004269753'),(144,1,1,1,'Emails','Ticket ID : 85<br>Ticket Title : Comcast Enterprise Services Planned Maintenance Notification - CM004269753<br><br>\n								Dear Dalrymple Yann,<br><br>\n								The Ticket is replied the details are :<br><br>\n								Ticket No : TKT000015<br>\n								Status : Closed<br>\n								Category : Small Problem<br>\n								Severity : Minor<br>\n								Priority : Normal<br><br>\n								Description : <br><br><br>\n								Solution : <br>I think we all have confused a few things, let me clarify.<br />\n<br />\n <br />\n<br />\nTicket 00107907- Comcast Maintenace for Flores Emeryville<br />\nTicket 00107832 - CSD014 Site Down <br />\n Site is up<br />\nWe attempted to call store. We will call back when they open in 1 hour.<br />\n<br />\nI checked with my NOC, and they said this outage is most likely related to the Maintenace window, however we do not have this in writing from Comcast.<br />\n<br />\n <br />\n<br />\n<br />\n@jc@mybluetechnology.com - If Yann is in the area, let\'s have him do a quick check at CSD014 and then we handle Flores as it happens. I will email Yann from both tickets and CC you. Please make sure he responds to those specific tickets with each site update.\n								<br><br>\n								Regards<br>Support Administrator<br><br>','2023-04-15 03:03:55','2023-04-15 03:03:55',NULL,NULL,0,1,0,0,'CRM','Ticket Number : TKT000015 Comcast Enterprise Services Planned Maintenance Notification - CM004269753'),(145,1,1,1,'Emails','Ticket ID : 86<br>Ticket Title : Internet Disruption at A Mano<br><br>\n								Dear Ismodes JC,<br><br>\n								The Ticket is replied the details are :<br><br>\n								Ticket No : TKT000016<br>\n								Status : Closed<br>\n								Category : Small Problem<br>\n								Severity : Minor<br>\n								Priority : Normal<br><br>\n								Description : <br><br><br>\n								Solution : <br>Comcast has reported that this is a possible modem replacement<br />\nETA for comcast tech is between 6-8 PM<br />\nWe will contact the tech once we get a narrow time from COMCAST\n								<br><br>\n								Regards<br>Support Administrator<br><br>','2023-04-15 03:04:02','2023-04-15 03:04:02',NULL,NULL,0,1,0,0,'CRM','Ticket Number : TKT000016 Internet Disruption at A Mano'),(146,1,1,1,'Emails','Ticket ID : 87<br>Ticket Title : After Work Bar / Montaje seguro para televisores de barra<br><br>\n								Dear Ismodes JC,<br><br>\n								The Ticket is replied the details are :<br><br>\n								Ticket No : TKT000017<br>\n								Status : Closed<br>\n								Category : Small Problem<br>\n								Severity : Minor<br>\n								Priority : Normal<br><br>\n								Description : <br><br><br>\n								Solution : <br>\n								<br><br>\n								Regards<br>Support Administrator<br><br>','2023-04-15 03:04:11','2023-04-15 03:04:11',NULL,NULL,0,1,0,0,'CRM','Ticket Number : TKT000017 After Work Bar / Montaje seguro para televisores de barra'),(147,1,1,1,'Emails','Ticket ID : 88<br>Ticket Title : Super Duper-Castro / Toast Tap Installation<br><br>\n								Dear Ismodes JC,<br><br>\n								The Ticket is replied the details are :<br><br>\n								Ticket No : TKT000018<br>\n								Status : Closed<br>\n								Category : Small Problem<br>\n								Severity : Minor<br>\n								Priority : Normal<br><br>\n								Description : <br><br><br>\n								Solution : <br>\n								<br><br>\n								Regards<br>Support Administrator<br><br>','2023-04-15 03:04:21','2023-04-15 03:04:21',NULL,NULL,0,1,0,0,'CRM','Ticket Number : TKT000018 Super Duper-Castro / Toast Tap Installation'),(148,1,1,1,'Emails','Ticket ID : 89<br>Ticket Title : Cash Drawer Tech Install<br><br>\n								Dear Ismodes JC,<br><br>\n								The Ticket is replied the details are :<br><br>\n								Ticket No : TKT000019<br>\n								Status : Closed<br>\n								Category : Small Problem<br>\n								Severity : Minor<br>\n								Priority : Normal<br><br>\n								Description : <br><br><br>\n								Solution : <br>\n								<br><br>\n								Regards<br>Support Administrator<br><br>','2023-04-15 03:04:26','2023-04-15 03:04:26',NULL,NULL,0,1,0,0,'CRM','Ticket Number : TKT000019 Cash Drawer Tech Install'),(149,1,1,1,'Emails','Ticket ID : 90<br>Ticket Title : Super Duper-Castro / Toast Tap Installation<br><br>\n								Dear Solorzano Angel,<br><br>\n								The Ticket is replied the details are :<br><br>\n								Ticket No : TKT000020<br>\n								Status : Closed<br>\n								Category : Small Problem<br>\n								Severity : Minor<br>\n								Priority : Normal<br><br>\n								Description : <br><br><br>\n								Solution : <br>\n								<br><br>\n								Regards<br>Support Administrator<br><br>','2023-04-15 03:04:36','2023-04-15 03:04:36',NULL,NULL,0,1,0,0,'CRM','Ticket Number : TKT000020 Super Duper-Castro / Toast Tap Installation'),(150,1,1,1,'Emails','Ticket ID : 91<br>Ticket Title : Super Duper-Castro / Toast Tap Installation / Tech No Show<br><br>\n								Dear Solorzano Angel,<br><br>\n								The Ticket is replied the details are :<br><br>\n								Ticket No : TKT000021<br>\n								Status : Closed<br>\n								Category : Small Problem<br>\n								Severity : Minor<br>\n								Priority : Low<br><br>\n								Description : <br><br><br>\n								Solution : <br>\n								<br><br>\n								Regards<br>Support Administrator<br><br>','2023-04-15 03:04:43','2023-04-15 03:04:43',NULL,NULL,0,1,0,0,'CRM','Ticket Number : TKT000021 Super Duper-Castro / Toast Tap Installation / Tech No Show'),(151,1,1,1,'Emails','Ticket ID : 92<br>Ticket Title : 107721 / Super Duper - Emeryville / Toast Tap Replacement<br><br>\n								Dear Ismodes JC,<br><br>\n								The Ticket is replied the details are :<br><br>\n								Ticket No : TKT000022<br>\n								Status : Closed<br>\n								Category : Small Problem<br>\n								Severity : Minor<br>\n								Priority : Normal<br><br>\n								Description : <br><br><br>\n								Solution : <br>\n								<br><br>\n								Regards<br>Support Administrator<br><br>','2023-04-15 03:04:49','2023-04-15 03:04:49',NULL,NULL,0,1,0,0,'CRM','Ticket Number : TKT000022 107721 / Super Duper - Emeryville / Toast Tap Replacement'),(152,1,1,1,'Emails','Ticket ID : 93<br>Ticket Title : Super Duper Castro / PG&E Electrical service interruption.<br><br>\n								Dear Ismodes JC,<br><br>\n								The Ticket is replied the details are :<br><br>\n								Ticket No : TKT000023<br>\n								Status : Closed<br>\n								Category : Small Problem<br>\n								Severity : Minor<br>\n								Priority : Normal<br><br>\n								Description : <br><br><br>\n								Solution : <br>\n								<br><br>\n								Regards<br>Support Administrator<br><br>','2023-04-15 03:04:51','2023-04-15 03:04:51',NULL,NULL,0,1,0,0,'CRM','Ticket Number : TKT000023 Super Duper Castro / PG&E Electrical service interruption.'),(153,1,1,1,'Emails','Ticket ID : 94<br>Ticket Title : 108064 / Flores Union / Printer Routing Issue<br><br>\n								Dear Ismodes JC,<br><br>\n								The Ticket is replied the details are :<br><br>\n								Ticket No : TKT000024<br>\n								Status : Closed<br>\n								Category : Small Problem<br>\n								Severity : Minor<br>\n								Priority : Normal<br><br>\n								Description : <br><br><br>\n								Solution : <br>\n								<br><br>\n								Regards<br>Support Administrator<br><br>','2023-04-15 03:05:02','2023-04-15 03:05:02',NULL,NULL,0,1,0,0,'CRM','Ticket Number : TKT000024 108064 / Flores Union / Printer Routing Issue'),(154,1,1,1,'Emails','Ticket ID : 95<br>Ticket Title : Super Duper Castro / PG&E Electrical service interruption.<br><br>\n								Dear Ismodes JC,<br><br>\n								The Ticket is replied the details are :<br><br>\n								Ticket No : TKT000025<br>\n								Status : Closed<br>\n								Category : Small Problem<br>\n								Severity : Minor<br>\n								Priority : Normal<br><br>\n								Description : <br><br><br>\n								Solution : <br>\n								<br><br>\n								Regards<br>Support Administrator<br><br>','2023-04-15 03:05:12','2023-04-15 03:05:12',NULL,NULL,0,1,0,0,'CRM','Ticket Number : TKT000025 Super Duper Castro / PG&E Electrical service interruption.'),(155,1,1,1,'Emails','Ticket ID : 96<br>Ticket Title : 107721 / Super Duper - Emeryville / Toast Tap Replacement<br><br>\n								Dear Dalrymple Yann,<br><br>\n								The Ticket is replied the details are :<br><br>\n								Ticket No : TKT000026<br>\n								Status : Closed<br>\n								Category : Small Problem<br>\n								Severity : Minor<br>\n								Priority : Normal<br><br>\n								Description : <br><br><br>\n								Solution : <br>\n								<br><br>\n								Regards<br>Support Administrator<br><br>','2023-04-15 03:05:22','2023-04-15 03:05:22',NULL,NULL,0,1,0,0,'CRM','Ticket Number : TKT000026 107721 / Super Duper - Emeryville / Toast Tap Replacement'),(156,1,1,1,'Emails','Ticket ID : 97<br>Ticket Title : Super Duper Castro / PG&E Electrical service interruption.<br><br>\n								Dear Ismodes JC,<br><br>\n								The Ticket is replied the details are :<br><br>\n								Ticket No : TKT000027<br>\n								Status : Closed<br>\n								Category : Small Problem<br>\n								Severity : Minor<br>\n								Priority : Normal<br><br>\n								Description : <br><br><br>\n								Solution : <br>\n								<br><br>\n								Regards<br>Support Administrator<br><br>','2023-04-15 03:05:32','2023-04-15 03:05:32',NULL,NULL,0,1,0,0,'CRM','Ticket Number : TKT000027 Super Duper Castro / PG&E Electrical service interruption.'),(157,1,1,1,'Emails','Ticket ID : 98<br>Ticket Title : 108232 / After Work Bar / To troubleshoot the Cash Drawer and Printer<br><br>\n								Dear Ismodes JC,<br><br>\n								The Ticket is replied the details are :<br><br>\n								Ticket No : TKT000028<br>\n								Status : Closed<br>\n								Category : Small Problem<br>\n								Severity : Minor<br>\n								Priority : Normal<br><br>\n								Description : <br><br><br>\n								Solution : <br>\n								<br><br>\n								Regards<br>Support Administrator<br><br>','2023-04-15 03:05:37','2023-04-15 03:05:37',NULL,NULL,0,1,0,0,'CRM','Ticket Number : TKT000028 108232 / After Work Bar / To troubleshoot the Cash Drawer and Printer'),(158,1,1,1,'Emails','Ticket ID : 99<br>Ticket Title : 108059 / Super Duper - Castro / Schedule Power Interruption<br><br>\n								Dear Ismodes JC,<br><br>\n								The Ticket is replied the details are :<br><br>\n								Ticket No : TKT000029<br>\n								Status : Closed<br>\n								Category : Small Problem<br>\n								Severity : Minor<br>\n								Priority : Normal<br><br>\n								Description : <br><br><br>\n								Solution : <br>\n								<br><br>\n								Regards<br>Support Administrator<br><br>','2023-04-15 03:05:47','2023-04-15 03:05:47',NULL,NULL,0,1,0,0,'CRM','Ticket Number : TKT000029 108059 / Super Duper - Castro / Schedule Power Interruption'),(159,1,1,1,'Emails','Ticket ID : 100<br>Ticket Title : The Tailor\'s Son / Onboarding of Handhelds<br><br>\n								Dear Ismodes JC,<br><br>\n								The Ticket is replied the details are :<br><br>\n								Ticket No : TKT000030<br>\n								Status : Closed<br>\n								Category : Small Problem<br>\n								Severity : Minor<br>\n								Priority : Normal<br><br>\n								Description : <br><br><br>\n								Solution : <br>\n								<br><br>\n								Regards<br>Support Administrator<br><br>','2023-04-15 03:05:48','2023-04-15 03:05:48',NULL,NULL,0,1,0,0,'CRM','Ticket Number : TKT000030 The Tailor\'s Son / Onboarding of Handhelds'),(160,1,1,1,'Emails','Ticket ID : 101<br>Ticket Title : DVR/Camera Setup<br><br>\n								Dear Ismodes JC,<br><br>\n								The Ticket is replied the details are :<br><br>\n								Ticket No : TKT000031<br>\n								Status : Closed<br>\n								Category : Small Problem<br>\n								Severity : Minor<br>\n								Priority : Normal<br><br>\n								Description : <br><br><br>\n								Solution : <br>Hello Team,<br />\n<br />\n <br />\n<br />\nWe would like to request a technician for the location below:<br />\n<br />\nAddress: 5399 Prospect Road<br />\n<br />\nTime: Earliest tomorrow. <br />\n<br />\nAccess to Store:  Granted c/o Kitchen Staff <br />\n<br />\nDynamix Ref Number: 108341<br />\n<br />\n <br />\n<br />\nWork Needed:<br />\nTask 1: Work with Dynamix TAC Team to configure/install iVMS software<br />\nTask 2: Check functionality with Support and GM<br />\n<br />\n <br />\n<br />\nManager currently cannot access cameras but iVMS should already be installed. <br />\n<br />\nRegards,<br />\nEarl\n								<br><br>\n								Regards<br>Support Administrator<br><br>','2023-04-15 03:05:57','2023-04-15 03:05:57',NULL,NULL,0,1,0,0,'CRM','Ticket Number : TKT000031 DVR/Camera Setup'),(161,1,1,1,'Emails','Ticket ID : 102<br>Ticket Title : Super Duper - Castro / Scheduled Power Interruption<br><br>\n								Dear Ismodes JC,<br><br>\n								The Ticket is replied the details are :<br><br>\n								Ticket No : TKT000032<br>\n								Status : Closed<br>\n								Category : Small Problem<br>\n								Severity : Minor<br>\n								Priority : Normal<br><br>\n								Description : <br><br><br>\n								Solution : <br>\n								<br><br>\n								Regards<br>Support Administrator<br><br>','2023-04-15 03:06:07','2023-04-15 03:06:07',NULL,NULL,0,1,0,0,'CRM','Ticket Number : TKT000032 Super Duper - Castro / Scheduled Power Interruption'),(162,1,1,1,'Emails','Ticket ID : 103<br>Ticket Title : Field Tech Visit Request<br><br>\n								Dear Ismodes JC,<br><br>\n								The Ticket is replied the details are :<br><br>\n								Ticket No : TKT000033<br>\n								Status : Closed<br>\n								Category : Small Problem<br>\n								Severity : Minor<br>\n								Priority : Normal<br><br>\n								Description : <br><br><br>\n								Solution : <br>Hello Blue Technology,<br />\n <br />\nWe would like to request that the technician be available on February 28, 2023, at the following location:<br />\n <br />\n<br />\nDynamix Ref: 00108412<br />\nAddress: 5959 Shellmound Street, San Francisco, CA 94608<br />\nStore: Super Duper - Emeryville<br />\nDate: February 28, 2023 (Tuesday)<br />\nTime: 10:00 AM PST<br />\n<br />\n<br />\nHere are the primary goals:<br />\n<br />\n1. Install the replacement Toast Tap device<br />\n2. Test all Toast-Tap functionality.<br />\n3. Drop off the defective Toast Tap device using the label kit.<br />\n4. Send us the tracking number from the return label kit.<br />\n<br />\nPlease confirm the availability of the schedule.<br />\n<br />\nThank you.<br />\n<br />\nBest,\n								<br><br>\n								Regards<br>Support Administrator<br><br>','2023-04-15 03:06:17','2023-04-15 03:06:17',NULL,NULL,0,1,0,0,'CRM','Ticket Number : TKT000033 Field Tech Visit Request'),(163,1,1,1,'Emails','Ticket ID : 104<br>Ticket Title : 00108672 / Delarosa Yerba Buena / Printer issue<br><br>\n								Dear Ismodes JC,<br><br>\n								The Ticket is replied the details are :<br><br>\n								Ticket No : TKT000034<br>\n								Status : Closed<br>\n								Category : Small Problem<br>\n								Severity : Minor<br>\n								Priority : Normal<br><br>\n								Description : <br><br><br>\n								Solution : <br>Adding Troubleshooting steps done:<br />\n<br />\nCheck Physical connection: power and ethernet cable – firmly connected<br />\nThe green light is on at the ethernet port<br />\nTest print – ok<br />\nTried printing from the POS – no go<br />\nPower cycle the printer – done<br />\nTried printing again – still no go<br />\nLocate the reset button and tried to print – no IP address<br />\nCheck for the backup printer<br />\nThey have the TP 200 printer<br />\nTried to connect the printer but still not printing and still no IP address upon printing the test print<br />\n<br />\nPlease let us know if you have other questions.<br />\n<br />\nRegards,<br />\nDianah\n								<br><br>\n								Regards<br>Support Administrator<br><br>','2023-04-15 03:06:23','2023-04-15 03:06:23',NULL,NULL,0,1,0,0,'CRM','Ticket Number : TKT000034 00108672 / Delarosa Yerba Buena / Printer issue'),(164,1,1,1,'Emails','Ticket ID : 105<br>Ticket Title : 108772 - aMano network rack<br><br>\n								Dear Ismodes JC,<br><br>\n								The Ticket is replied the details are :<br><br>\n								Ticket No : TKT000035<br>\n								Status : Closed<br>\n								Category : Small Problem<br>\n								Severity : Minor<br>\n								Priority : Normal<br><br>\n								Description : <br><br><br>\n								Solution : <br>BT Support,<br />\n<br />\n <br />\n<br />\nRequest a technician for the following:<br />\n<br />\nAddress: 450 Hayes St, SF, CA 94102<br />\n<br />\nDate: Monday, 3/6/23<br />\n<br />\nTime: 8-10am<br />\n<br />\nAccess to store: granted by kitchen staff (in at 8am)<br />\n<br />\nDynamix reference number: 108772<br />\n<br />\n <br />\n<br />\nWork to be completed (NOTE - all hardware is onsite, underneath network rack)<br />\n<br />\nadd monitor and mouse to DVR – place on top of dehydrator, to the right of the rack.<br />\nadd battery backup and devices set according to BOH standard<br />\nadd CloudCover<br />\nNOTE: device should be powered on and plugged into switch<br />\n*** NOC will designate which port to use for music licensing***<br />\n<br />\nSonos system to remain as is – no changes should be made to AV system<br />\n <br />\n<br />\nThere is a lockbox upstairs – when facing office door,  to the left, near the ceiling. Code is 1987.<br />\n<br />\n <br />\n<br />\nYann was originally scheduled at 98 Mission at this time – I want that changed. Yann should take this aMano call and let’s have Angel take care of 98 Mission.<br />\n<br />\n <br />\n<br />\nPlease reach out with any questions or concerns.<br />\n<br />\n <br />\n<br />\nThank you,\n								<br><br>\n								Regards<br>Support Administrator<br><br>','2023-04-15 03:06:33','2023-04-15 03:06:33',NULL,NULL,0,1,0,0,'CRM','Ticket Number : TKT000035 108772 - aMano network rack'),(165,1,1,1,'Emails','Ticket ID : 106<br>Ticket Title : Troubleshoot KDS 2 (kept on rebooting)<br><br>\n								Dear Ismodes JC,<br><br>\n								The Ticket is replied the details are :<br><br>\n								Ticket No : TKT000036<br>\n								Status : Closed<br>\n								Category : Small Problem<br>\n								Severity : Minor<br>\n								Priority : Normal<br><br>\n								Description : <br><br><br>\n								Solution : <br>Hello Blue Technology, <br />\n<br />\nWe would like to request a technician for the location below:<br />\nStore Name: Super Duper - Los Gatos<br />\nStore Address: 15991 Los Gatos Blvd., Bldg 3<br />\nDate & Time: March 8, Wednesday at  8AM<br />\nAccess to the store: Granted Janitor <br />\nDynamix Reference number: 108410<br />\n<br />\nWork Needed: <br />\nInstall the replacement KDS<br />\nReturn the defective KDS<br />\nProvide the inbound tracking number to FLS<br />\n<br />\n<br />\n<br />\nRegards, <br />\nClaudette\n								<br><br>\n								Regards<br>Support Administrator<br><br>','2023-04-15 03:06:44','2023-04-15 03:06:44',NULL,NULL,0,1,0,0,'CRM','Ticket Number : TKT000036 Troubleshoot KDS 2 (kept on rebooting)'),(166,1,1,1,'Emails','Ticket ID : 107<br>Ticket Title : 108772 - aMano network rack<br><br>\n								Dear Ismodes JC,<br><br>\n								The Ticket is replied the details are :<br><br>\n								Ticket No : TKT000037<br>\n								Status : Closed<br>\n								Category : Small Problem<br>\n								Severity : Minor<br>\n								Priority : Normal<br><br>\n								Description : <br><br><br>\n								Solution : <br>Hello Yann,<br />\n<br />\nHere\'s the bridge information:<br />\n<br />\n510-982-2796<br />\nParticipant pin # 6694<br />\n<br />\nAnd it is now open.<br />\nPlease join the conference when you can for the check-in.<br />\n<br />\n <br />\n<br />\nBest regards,<br />\nDianah\n								<br><br>\n								Regards<br>Support Administrator<br><br>','2023-04-15 03:06:54','2023-04-15 03:06:54',NULL,NULL,0,1,0,0,'CRM','Ticket Number : TKT000037 108772 - aMano network rack'),(167,1,1,1,'Emails','Ticket ID : 108<br>Ticket Title : 108817 and 108825 / Super Duper – Metreon / Printer not printing and No sound on their Music<br><br>\n								Dear Dalrymple Yann,<br><br>\n								The Ticket is replied the details are :<br><br>\n								Ticket No : TKT000038<br>\n								Status : Closed<br>\n								Category : Small Problem<br>\n								Severity : Minor<br>\n								Priority : Normal<br><br>\n								Description : <br><br><br>\n								Solution : <br>Hello Yann,<br />\n<br />\n <br />\n<br />\nKindly see the bridge information below:<br />\n<br />\n <br />\n<br />\nConference Bridge Phone # 510-982-2796<br />\n<br />\nParticipant pin # 6694<br />\n<br />\n <br />\n<br />\nBest regards,<br />\n<br />\nDianah\n								<br><br>\n								Regards<br>Support Administrator<br><br>','2023-04-15 03:07:04','2023-04-15 03:07:04',NULL,NULL,0,1,0,0,'CRM','Ticket Number : TKT000038 108817 and 108825 / Super Duper – Metreon / Printer not printing and No sound on their Music'),(168,1,1,1,'Emails','Ticket ID : 109<br>Ticket Title : 108817 and 108825 / Super Duper – Metreon / Printer not printing and No sound on their Music<br><br>\n								Dear Dalrymple Yann,<br><br>\n								The Ticket is replied the details are :<br><br>\n								Ticket No : TKT000039<br>\n								Status : Closed<br>\n								Category : Small Problem<br>\n								Severity : Minor<br>\n								Priority : Normal<br><br>\n								Description : <br><br><br>\n								Solution : <br>Hello Blue Technology,<br />\n <br />\nWe would like to request a technician for the location below:<br />\n<br />\n·     Address: 783 Mission Street, San Francisco CA 94103<br />\n<br />\n·     Date: March 8, 2023 (Wednesday)<br />\n<br />\n·     Time: 8:00 AM PST<br />\n<br />\n·     Access to Store:  Granted c/o Janitor<br />\n<br />\n·     Dynamix Ref Number: 108817 and 108825<br />\n<br />\n <br />\nWork Needed:<br />\nTask 1: Check the printer\'s physical connection  <br />\nTask 2: Check Kiosk connectivity<br />\nTask 3: Run a test order and confirm that the printer is working<br />\nTask 4: Check Music for no sounds<br />\n <br />\nTroubleshooting Steps were taken:<br />\nRestarted the kiosk - no go<br />\nPower cycle the printer - no go<br />\nCheck physical connection<br />\nCables are firmly connected<br />\nThen tried the backup printer - no go<br />\nPrinted test page – ok<br />\nCheck Kiosk\'s network settings:<br />\nWi-fi off<br />\nEthernet 0 (USB-C)<br />\nEthernet 1 (RJ-45)<br />\nIP: 192.168.192.222<br />\nTried printing from Kiosk 1 it will print to SSUP05-RP-K01 instead of SSUP05-RP-TE1<br />\nOn Music system:<br />\nCheck if its on mute - no<br />\nCheck volume - still no go<br />\n<br />\nPlease let us know if you have any questions.\n								<br><br>\n								Regards<br>Support Administrator<br><br>','2023-04-15 03:07:05','2023-04-15 03:07:05',NULL,NULL,0,1,0,0,'CRM','Ticket Number : TKT000039 108817 and 108825 / Super Duper – Metreon / Printer not printing and No sound on their Music'),(169,1,1,1,'Emails','Ticket ID : 110<br>Ticket Title : 108772 - aMano network rack<br><br>\n								Dear Ismodes JC,<br><br>\n								The Ticket is replied the details are :<br><br>\n								Ticket No : TKT000040<br>\n								Status : Closed<br>\n								Category : Small Problem<br>\n								Severity : Minor<br>\n								Priority : Normal<br><br>\n								Description : <br><br><br>\n								Solution : <br>Hello Nuranne,<br />\n<br />\nPlease see Yann\'s report below. <br />\n<br />\nFor now, we will close this ticket. I kindly request that you review the report and let us know if there are any further actions required.<br />\n<br />\nBest regards,<br />\n<br />\nDale\n								<br><br>\n								Regards<br>Support Administrator<br><br>','2023-04-15 03:07:07','2023-04-15 03:07:07',NULL,NULL,0,1,0,0,'CRM','Ticket Number : TKT000040 108772 - aMano network rack'),(170,1,1,1,'Emails','Ticket ID : 111<br>Ticket Title : SD Downtown - Printer offline/Device Irregularities<br><br>\n								Dear Ismodes JC,<br><br>\n								The Ticket is replied the details are :<br><br>\n								Ticket No : TKT000041<br>\n								Status : Closed<br>\n								Category : Small Problem<br>\n								Severity : Minor<br>\n								Priority : Normal<br><br>\n								Description : <br><br><br>\n								Solution : <br>Hello Team,<br />\n<br />\nWe would like to request a technician for the location below:<br />\n<br />\nAddress: 37 Yerba Buena, San Francisco, CA 94103<br />\n<br />\nDate: Earliest availbility<br />\n<br />\nTime: Earliest availbility<br />\n<br />\nAccess to Store:  TBD<br />\n<br />\nDynamix Ref Number: 108844<br />\n<br />\n <br />\n<br />\nWork Needed:<br />\nTask 1: Check/troubleshoot why printer is offline<br />\nTask 2: Check other devices that are not compliant with IP convention<br />\n <br />\n<br />\nTroubleshooting Steps taken:<br />\n· Checked printer connections & reboot<br />\n· Verified printer is not being picked-up in the network<br />\n· Staff Andi mentioned they\'ve tried everything to get it to work but to no avail<br />\n· Requesting immediate assistance if at all possible.<br />\n<br />\nRegards,<br />\nEarl\n								<br><br>\n								Regards<br>Support Administrator<br><br>','2023-04-15 03:07:14','2023-04-15 03:07:14',NULL,NULL,0,1,0,0,'CRM','Ticket Number : TKT000041 SD Downtown - Printer offline/Device Irregularities'),(171,1,1,1,'Emails','Ticket ID : 112<br>Ticket Title : 108817 and 108825 / Super Duper – Metreon / Printer not printing and No sound on their Music<br><br>\n								Dear Ismodes JC,<br><br>\n								The Ticket is replied the details are :<br><br>\n								Ticket No : TKT000042<br>\n								Status : Closed<br>\n								Category : Small Problem<br>\n								Severity : Minor<br>\n								Priority : Normal<br><br>\n								Description : <br><br><br>\n								Solution : <br>To all,<br />\nWent on site this morning and this is what I did :<br />\n- Joined the Bridge<br />\n- Tested both Receipt printers and  they appear\\s to test print correctly<br />\n- Got the IP address for both printers<br />\n- Did some tests with Tech Minerva to validate the problem<br />\n- Realized that Receipts Printers between Kiosk and Term1 has been swapped between the two Workstations<br />\n- Swapped Printers back to proper locations and reconnected both of them<br />\n- Tested Kiosk Workstation again and Kiosk finally printted correctly<br />\n- Tested Term1 Workstation and Receipt printer still printed at Kiosk  <br />\n-  Minerva checked her Workstation Term1 Configurations and it all looked good on her side but we still had issue<br />\n-  Minerva called Toast Support and Toast Support pointed out that the Printer was not setup correctly on the device itself (Printer setup of the actual Workstation in location) and that were it needed to be changed.  We both learned something today about the Toast printing setting<br />\n- Tested that Term 1 Worstation as well and it finally printed correctly<br />\n- Tested the third Workstation (Term 2)  for validation and it tested correctly as well. <br />\n- When Manager came in, Minerva had him test again so he could see for himself that all Workstations were printing correctly.  All good. <br />\n- Manager to void all checks used for test purposes<br />\n- Fixed the music issue as well <br />\n- Left the Bridge.<br />\n <br />\nPs:  Got an error message on Kiosk Workstation (Error starting Toast App.  Saw that message a few times/see attached picture).  Unit did a software update <br />\n <br />\nThank you.\n								<br><br>\n								Regards<br>Support Administrator<br><br>','2023-04-15 03:07:25','2023-04-15 03:07:25',NULL,NULL,0,1,0,0,'CRM','Ticket Number : TKT000042 108817 and 108825 / Super Duper – Metreon / Printer not printing and No sound on their Music'),(172,1,1,1,'Emails','Ticket ID : 113<br>Ticket Title : 108410 / Super Duper Los Gatos / installation of replacement KDS<br><br>\n								Dear Ismodes JC,<br><br>\n								The Ticket is replied the details are :<br><br>\n								Ticket No : TKT000043<br>\n								Status : Closed<br>\n								Category : Small Problem<br>\n								Severity : Minor<br>\n								Priority : Normal<br><br>\n								Description : <br><br><br>\n								Solution : <br>Hello Blue Technology, <br />\n<br />\nWe would like to request a technician for the location below:<br />\nDate & Time: March 13, Monday at  8 AM<br />\nStore Name: Super Duper - Los Gatos<br />\nStore Address: 15991 Los Gatos Blvd., Bldg 3<br />\nAccess to the store: Granted Janitor <br />\nDynamix Reference number: 108410<br />\n<br />\nTasks: <br />\nInstall the replacement KDS<br />\nReturn the defective KDS<br />\nProvide the inbound tracking number to FLS<br />\n<br />\n<br />\n<br />\nRegards, <br />\nDianah\n								<br><br>\n								Regards<br>Support Administrator<br><br>','2023-04-15 03:07:35','2023-04-15 03:07:35',NULL,NULL,0,1,0,0,'CRM','Ticket Number : TKT000043 108410 / Super Duper Los Gatos / installation of replacement KDS'),(173,1,1,1,'Emails','Ticket ID : 114<br>Ticket Title : Beretta - Pop Up / Troubleshoot wireless phone<br><br>\n								Dear Ismodes JC,<br><br>\n								The Ticket is replied the details are :<br><br>\n								Ticket No : TKT000044<br>\n								Status : Closed<br>\n								Category : Small Problem<br>\n								Severity : Minor<br>\n								Priority : Normal<br><br>\n								Description : <br><br><br>\n								Solution : <br>Hello Team, <br />\n<br />\nWe would like to request a technician for the location below: <br />\n<br />\nAddress: 661 Divisadero Street<br />\nDate:Time:  Today if possible<br />\nAccess to Store: Managers office<br />\nDynamix Ref Number: 00108826<br />\nDevice Type: Phone <br />\nConnection Type: Wired / Wireless<br />\n<br />\nWork Needed:<br />\nTask 1: Connect / Pair Yealink wireless phone to the Receiver <br />\nTask 2: Make Test calls both inbound and outbound<br />\n<br />\nTroubleshooting Steps taken:<br />\n· Rebooted phone manually<br />\n· Hard reset<br />\n<br />\nLet us know if you have other questions.<br />\n<br />\nRegards,<br />\nJeremy.\n								<br><br>\n								Regards<br>Support Administrator<br><br>','2023-04-15 03:07:46','2023-04-15 03:07:46',NULL,NULL,0,1,0,0,'CRM','Ticket Number : TKT000044 Beretta - Pop Up / Troubleshoot wireless phone'),(174,1,1,1,'Emails','Ticket ID : 115<br>Ticket Title : Uno Dos Tacos / Connect Yealink Receiver to network<br><br>\n								Dear Ismodes JC,<br><br>\n								The Ticket is replied the details are :<br><br>\n								Ticket No : TKT000045<br>\n								Status : Closed<br>\n								Category : Small Problem<br>\n								Severity : Minor<br>\n								Priority : Normal<br><br>\n								Description : <br><br><br>\n								Solution : <br>Hello Team, <br />\n<br />\nWe would like to request a technician for the location below: <br />\n<br />\nAddress: 661 Divisadero Street<br />\nDate:Time:  Today if possible<br />\nAccess to Store: Managers office<br />\nDynamix Ref Number: 00108826<br />\nDevice Type: Phone <br />\nConnection Type: Wired / Wireless<br />\n<br />\nWork Needed:<br />\nTask 1: Connect / Pair Yealink wireless phone to the Receiver <br />\nTask 2: Make Test calls both inbound and outbound<br />\n<br />\nTroubleshooting Steps taken:<br />\n· Rebooted phone manually<br />\n· Hard reset<br />\n<br />\nLet us know if you have other questions.<br />\n<br />\nRegards,<br />\nJeremy.\n								<br><br>\n								Regards<br>Support Administrator<br><br>','2023-04-15 03:07:52','2023-04-15 03:07:52',NULL,NULL,0,1,0,0,'CRM','Ticket Number : TKT000045 Uno Dos Tacos / Connect Yealink Receiver to network'),(175,1,1,1,'Emails','Ticket ID : 115<br>Ticket Title : Uno Dos Tacos / Connect Yealink Receiver to network<br><br>\n								Dear Dalrymple Yann,<br><br>\n								The Ticket is replied the details are :<br><br>\n								Ticket No : TKT000045<br>\n								Status : Closed<br>\n								Category : Small Problem<br>\n								Severity : Minor<br>\n								Priority : Normal<br><br>\n								Description : <br><br><br>\n								Solution : <br>Hello Team, <br />\n<br />\nWe would like to request a technician for the location below: <br />\n<br />\nAddress: 661 Divisadero Street<br />\nDate:Time:  Today if possible<br />\nAccess to Store: Managers office<br />\nDynamix Ref Number: 00108826<br />\nDevice Type: Phone <br />\nConnection Type: Wired / Wireless<br />\n<br />\nWork Needed:<br />\nTask 1: Connect / Pair Yealink wireless phone to the Receiver <br />\nTask 2: Make Test calls both inbound and outbound<br />\n<br />\nTroubleshooting Steps taken:<br />\n· Rebooted phone manually<br />\n· Hard reset<br />\n<br />\nLet us know if you have other questions.<br />\n<br />\nRegards,<br />\nJeremy.\n								<br><br>\n								Regards<br>Support Administrator<br><br>','2023-04-15 03:08:01','2023-04-15 03:08:01',NULL,NULL,0,1,0,0,'CRM','Ticket Number : TKT000045 Uno Dos Tacos / Connect Yealink Receiver to network'),(176,1,1,1,'Emails','Ticket ID : 116<br>Ticket Title : Field Tech Request - NAPA<br><br>\n								Dear Ismodes JC,<br><br>\n								The Ticket is replied the details are :<br><br>\n								Ticket No : TKT000046<br>\n								Status : Closed<br>\n								Category : Small Problem<br>\n								Severity : Minor<br>\n								Priority : Normal<br><br>\n								Description : <br><br><br>\n								Solution : <br>Good afternoon,<br />\n<br />\nWe would like to schedule a technician for the location below:<br />\n<br />\nAddress: 3900 Bel Aire Plaza Napa, Ca 94558<br />\nDate: 3/20/2023<br />\nTime: 7:00AM PST<br />\nAccess to Store: Granted by Nuranne <br />\nDynamix Ref Number: 107054 <br />\n<br />\nWork Needed:<br />\nTask 1: Assistance with moving rack equipment <br />\nTask 2: Assistance with ATT Ciena install/Activation as needed<br />\nTask 3: Cienna Speed Test<br />\n<br />\nPlease advise if this is possible.<br />\n<br />\nThank you,<br />\nChristian Cruz\n								<br><br>\n								Regards<br>Support Administrator<br><br>','2023-04-15 03:08:11','2023-04-15 03:08:11',NULL,NULL,0,1,0,0,'CRM','Ticket Number : TKT000046 Field Tech Request - NAPA'),(177,1,1,1,'Emails','Ticket ID : 117<br>Ticket Title : 108892 / SD Castro / Cash Drawer not opening automatically<br><br>\n								Dear Ismodes JC,<br><br>\n								The Ticket is replied the details are :<br><br>\n								Ticket No : TKT000047<br>\n								Status : Closed<br>\n								Category : Small Problem<br>\n								Severity : Minor<br>\n								Priority : Normal<br><br>\n								Description : <br><br><br>\n								Solution : <br>Hello Blue Technology,<br />\n<br />\n<br />\nWe would like to request a technician for the location below:<br />\n<br />\n<br />\nAddress: SD Castro / 2304 Market Street, San Francisco CA 94119<br />\nTime: 8:00 AM PST<br />\nDate: March 20, 2023 (Monday)<br />\nAccess to Store: Granted c/o store Janitor Daniel (Contact #: 4152907072)<br />\nDynamix Ref Number: 108892<br />\n<br />\n<br />\n<br />\nWork Needed:<br />\nCheck the Cash Drawer not opening automatically<br />\nCheck the Cash Drawer\'s physical connection<br />\nTest Cash Drawer Functionality<br />\n<br />\n<br />\nTroubleshooting Steps were taken:<br />\nRestarted the register<br />\n<br />\n<br />\nThank you and looking forward to your response.<br />\n<br />\n<br />\nRegards,<br />\nDianah\n								<br><br>\n								Regards<br>Support Administrator<br><br>','2023-04-15 03:08:22','2023-04-15 03:08:22',NULL,NULL,0,1,0,0,'CRM','Ticket Number : TKT000047 108892 / SD Castro / Cash Drawer not opening automatically'),(178,1,1,1,'Emails','Ticket ID : 118<br>Ticket Title : Super Duper - Berkeley / Resolve camera 2<br><br>\n								Dear Ismodes JC,<br><br>\n								The Ticket is replied the details are :<br><br>\n								Ticket No : TKT000048<br>\n								Status : Closed<br>\n								Category : Small Problem<br>\n								Severity : Minor<br>\n								Priority : Normal<br><br>\n								Description : <br><br><br>\n								Solution : <br>Hello Team,<br />\n<br />\nSorry for the short notice. We would like to check if we could send someone onsite today at 10AM PST for the below location. if not, we would like to request to send one for tomorrow at the same time.<br />\n<br />\nAddress: 2355 Telegraph Avenue<br />\nDate:Time:  10AM PST 3/20/2023<br />\nAccess to Store: Managers office<br />\nDynamix Ref Number: 00108769<br />\nDevice Type: Security Camera<br />\nConnection Type: Wired<br />\n<br />\nWork Needed:<br />\nTask 1: Restart camera 2<br />\nTask 2: Test camera 2 if can be remote options via IVMS are working ex. change camera name / reboot etc.<br />\nTask 3: Test playback option for camera 2 if working<br />\n<br />\nTroubleshooting Steps taken:<br />\n· Tried remote restart for camera 2 / not working<br />\n· Tried resetting camera 2 / not working<br />\n- All remote functions for camera 2 are not responsive<br />\n<br />\nLet us know if you other questions.<br />\n<br />\nRegards,<br />\nJeremy.\n								<br><br>\n								Regards<br>Support Administrator<br><br>','2023-04-15 03:08:32','2023-04-15 03:08:32',NULL,NULL,0,1,0,0,'CRM','Ticket Number : TKT000048 Super Duper - Berkeley / Resolve camera 2'),(179,1,1,1,'Emails','Ticket ID : 119<br>Ticket Title : Flores Corte Madera / Cameras are offline<br><br>\n								Dear Ismodes JC,<br><br>\n								The Ticket is replied the details are :<br><br>\n								Ticket No : TKT000049<br>\n								Status : Closed<br>\n								Category : Small Problem<br>\n								Severity : Minor<br>\n								Priority : Normal<br><br>\n								Description : <br><br><br>\n								Solution : <br>Hello Team, <br />\n<br />\nWe would like to request a technician for the location below: <br />\n<br />\nAddress: 301 Corte Madera, Town Center<br />\nDate:Time:  10AM PST March 22 2023 (Wednesday)<br />\nAccess to Store: Network room<br />\nDynamix Ref Number: 00109160<br />\nDevice Type: Security Camera <br />\nConnection Type: Wired<br />\n<br />\nWork Needed:<br />\nTask 1: Check DVR if it\'s offline<br />\nTask 2: Check IVMS Software if the cameras are up<br />\n<br />\nTroubleshooting Steps taken:<br />\n· Tried rebooting remotely / devices are offline<br />\n<br />\nLet us know if you have other questions.<br />\n<br />\nRegards,<br />\nJeremy.\n								<br><br>\n								Regards<br>Support Administrator<br><br>','2023-04-15 03:08:38','2023-04-15 03:08:38',NULL,NULL,0,1,0,0,'CRM','Ticket Number : TKT000049 Flores Corte Madera / Cameras are offline'),(180,1,1,1,'Emails','Ticket ID : 120<br>Ticket Title : Super Duper - Emeryville /  Phone Setup<br><br>\n								Dear Ismodes JC,<br><br>\n								The Ticket is replied the details are :<br><br>\n								Ticket No : TKT000050<br>\n								Status : Closed<br>\n								Category : Small Problem<br>\n								Severity : Minor<br>\n								Priority : Normal<br><br>\n								Description : <br><br><br>\n								Solution : <br>Hello Team, <br />\n<br />\nWe would like to request a technician for the location below: <br />\n<br />\nAddress: 5959 Shellmound Street<br />\nDate: 3/22/2023<br />\nTime: 10:00 AM PST If possible today (22nd) or by tomorrow <br />\nAccess to Store:  Office and Kitchen<br />\nDynamix Ref Number: 00108788<br />\nDevice Type: Phone<br />\nConnection Type: Wired / Wireless<br />\n<br />\nWork Needed:<br />\nTask 1: Setup phone <br />\nTask 2: Register phone<br />\nTask 3: Test outbound and inbound calls<br />\n<br />\nLet us know if any help needed on our end.<br />\n<br />\nRegards,<br />\nJeremy.\n								<br><br>\n								Regards<br>Support Administrator<br><br>','2023-04-15 03:08:42','2023-04-15 03:08:42',NULL,NULL,0,1,0,0,'CRM','Ticket Number : TKT000050 Super Duper - Emeryville /  Phone Setup'),(181,1,1,1,'Emails','Ticket ID : 121<br>Ticket Title : Installation of replacement KDS at SD Novato<br><br>\n								Dear Ismodes JC,<br><br>\n								The Ticket is replied the details are :<br><br>\n								Ticket No : TKT000051<br>\n								Status : Closed<br>\n								Category : Small Problem<br>\n								Severity : Minor<br>\n								Priority : Normal<br><br>\n								Description : <br><br><br>\n								Solution : <br>Hello Blue Technology, <br />\nWe would like to request a technician for the location below:<br />\n<br />\n <br />\n<br />\nAddress: 5800 Nave Drive, Suite C, Novato<br />\n<br />\nDate: March 27, 2023<br />\n<br />\nTime: 7:00 AM PST<br />\n<br />\nAccess to Store:  Granted c/o Kitchen Staff <br />\n<br />\nDynamix Ref Number: 109234<br />\n<br />\nDevice Type: KDS<br />\n<br />\nConnection Type: Hardwired <br />\n <br />\n<br />\nWork Needed:<br />\n<br />\nTask 1: Install the replacement KDS<br />\nTask 2: Make sure label is added to the device CSD008-KDS-002<br />\nTask 3: If RMA, drop off the defective unit.\n								<br><br>\n								Regards<br>Support Administrator<br><br>','2023-04-15 03:08:47','2023-04-15 03:08:47',NULL,NULL,0,1,0,0,'CRM','Ticket Number : TKT000051 Installation of replacement KDS at SD Novato'),(182,1,1,1,'Emails','Ticket ID : 122<br>Ticket Title : Tech Request: Damage outside cable TV / After work Bar<br><br>\n								Dear Ismodes JC,<br><br>\n								The Ticket is replied the details are :<br><br>\n								Ticket No : TKT000052<br>\n								Status : Closed<br>\n								Category : Small Problem<br>\n								Severity : Minor<br>\n								Priority : Normal<br><br>\n								Description : <br><br><br>\n								Solution : <br>Hello Blue Technology, <br />\n <br />\nWe would like to request a technician for the location below:<br />\n<br />\n <br />\n<br />\nAddress: 409 Gough Street<br />\nDate: March 24, 2023<br />\nTime: between 2PM-5PM<br />\nAccess to Store:  Store manager <br />\nDynamix Ref Number: 109295<br />\nWork Needed:<br />\n<br />\nTo check /assess the cable outside. The manager complained about one of the cable TV wire from outside seemed to be  pulled out and damaged.<br />\n<br />\n<br />\n<br />\n<br />\nRegards, <br />\nClaudette\n								<br><br>\n								Regards<br>Support Administrator<br><br>','2023-04-15 03:08:58','2023-04-15 03:08:58',NULL,NULL,0,1,0,0,'CRM','Ticket Number : TKT000052 Tech Request: Damage outside cable TV / After work Bar'),(183,1,1,1,'Emails','Ticket ID : 123<br>Ticket Title : nstallation of replacement KDS at SD Novato<br><br>\n								Dear Ismodes JC,<br><br>\n								The Ticket is replied the details are :<br><br>\n								Ticket No : TKT000053<br>\n								Status : Closed<br>\n								Category : Small Problem<br>\n								Severity : Minor<br>\n								Priority : Normal<br><br>\n								Description : <br><br><br>\n								Solution : <br>Hello BT, <br />\n<br />\nWe are sending you the bridge information for tech dispatch on March 27 at SD-Novato. <br />\n<br />\nConference Bridge Phone # 510-982-2796<br />\nParticipant pin # 6694<br />\n<br />\n<br />\n<br />\nRegards, <br />\nClaudette\n								<br><br>\n								Regards<br>Support Administrator<br><br>','2023-04-15 03:09:07','2023-04-15 03:09:07',NULL,NULL,0,1,0,0,'CRM','Ticket Number : TKT000053 nstallation of replacement KDS at SD Novato'),(184,1,1,1,'Emails','Ticket ID : 124<br>Ticket Title : SD Downtown Replacement Kitchen Printer Onboarding<br><br>\n								Dear Ismodes JC,<br><br>\n								The Ticket is replied the details are :<br><br>\n								Ticket No : TKT000054<br>\n								Status : Closed<br>\n								Category : Small Problem<br>\n								Severity : Minor<br>\n								Priority : Normal<br><br>\n								Description : <br><br><br>\n								Solution : <br>Hello Blue Technology,<br />\n<br />\n<br />\nWe would like to request a technician for the location below:<br />\n<br />\n<br />\nAddress: 721 Market Street, Downtown<br />\n<br />\nDate:  April 3, 2023 Monday<br />\n<br />\nTime: 8:00 AM PST<br />\n<br />\n <br />\n<br />\nAccess to Store:  Granted c/o Janitor<br />\n<br />\nDynamix Ref Number: 109658<br />\n<br />\nDevice Type: Toast Kitchen Printer<br />\n<br />\nConnection Type: Hardwired <br />\n<br />\n<br />\nWork Needed:<br />\n<br />\nTask 1: Install the replacement Kitchen Printer<br />\nTask 2: Make sure label is added to the device CSD002-KITCHEN<br />\nTask 3: If RMA, drop off the defective unit.<br />\n<br />\n <br />\n<br />\n <br />\n<br />\nRegards, <br />\nAlexandra\n								<br><br>\n								Regards<br>Support Administrator<br><br>','2023-04-15 03:09:14','2023-04-15 03:09:14',NULL,NULL,0,1,0,0,'CRM','Ticket Number : TKT000054 SD Downtown Replacement Kitchen Printer Onboarding'),(185,1,1,1,'Emails','Ticket ID : 125<br>Ticket Title : SD Downtown Replacement Kitchen Printer Onboarding<br><br>\n								Dear Ismodes JC,<br><br>\n								The Ticket is replied the details are :<br><br>\n								Ticket No : TKT000055<br>\n								Status : Closed<br>\n								Category : Small Problem<br>\n								Severity : Minor<br>\n								Priority : Normal<br><br>\n								Description : <br><br><br>\n								Solution : <br>Hello Blue Technology,<br />\n<br />\n<br />\nWe would like to request a technician for the location below:<br />\n<br />\n<br />\nAddress: 721 Market Street, Downtown<br />\n<br />\nDate:  April 3, 2023 Monday<br />\n<br />\nTime: 8:00 AM PST<br />\n<br />\n <br />\n<br />\nAccess to Store:  Granted c/o Janitor<br />\n<br />\nDynamix Ref Number: 109685<br />\n<br />\nDevice Type: Toast Kitchen Printer<br />\n<br />\nConnection Type: Hardwired <br />\n<br />\n<br />\nWork Needed:<br />\n<br />\nTask 1: Install the replacement Kitchen Printer<br />\nTask 2: Make sure label is added to the device CSD002-KITCHEN<br />\nTask 3: If RMA, drop off the defective unit.\n								<br><br>\n								Regards<br>Support Administrator<br><br>','2023-04-15 03:09:16','2023-04-15 03:09:16',NULL,NULL,0,1,0,0,'CRM','Ticket Number : TKT000055 SD Downtown Replacement Kitchen Printer Onboarding'),(186,1,1,1,'Emails','Ticket ID : 126<br>Ticket Title : Uno Dos Tacos / Phone installation and activation<br><br>\n								Dear Ismodes JC,<br><br>\n								The Ticket is replied the details are :<br><br>\n								Ticket No : TKT000056<br>\n								Status : Closed<br>\n								Category : Small Problem<br>\n								Severity : Minor<br>\n								Priority : Normal<br><br>\n								Description : <br><br><br>\n								Solution : <br>Hello Team, <br />\n<br />\nWe would like to request a technician for the location below: <br />\n<br />\nAddress: 595 Market Street<br />\nDate:Time:  8AM Today 3/30/2023 or Tomorrow 3/31/2023<br />\nAccess to Store: Office / Restaurant<br />\nDynamix Ref Number: 00108896<br />\nDevice Type: Wireless phones<br />\nConnection Type: Wireless / Wired<br />\n<br />\nWork Needed:<br />\nTask 1: Install and setup new Phones<br />\nTask 2: Coordinate with OneTalk / Verizon to Register the phone<br />\nTask 3: Test inbound and outbound calls on the new phones<br />\n<br />\nLet us know if you have further questions.<br />\n<br />\nThanks & Regards,<br />\nJeremy.<br />\n<br />\n<br />\n--------------- Original Message ---------------<br />\nFrom: Nuranne Dairkee [ndairkee@backofthehouseinc.com]<br />\nSent: 3/29/2023, 8:59 PM<br />\nTo: support@dynamixcloud.com<br />\nSubject: RE: Business phone line<br />\n<br />\nHello Dale,<br />\n<br />\n <br />\n<br />\nMy apologies for the late reply here.<br />\n<br />\n <br />\n<br />\nYes, please proceed with tech dispatch request. Submit the request to Blue Technology and explain the work that needs to be done. JC will assign a technician based on job requirements and availability.<br />\n<br />\n <br />\n<br />\nThe phones for Beretta – Divisadero should have arrived today as well. This is ticket 108826. Submit a separate request so we get the proper closing reports to each ticket – but make sure it’s clear that both calls are to be done on the same day.<br />\n<br />\n <br />\n<br />\nSince both locations have been without phones for over three weeks now – we need to have this scheduled as soon as possible this week. Please include me on both tech dispatch requests and let me know if you have any questions.<br />\n<br />\n <br />\n<br />\nThank you,\n								<br><br>\n								Regards<br>Support Administrator<br><br>','2023-04-15 03:09:27','2023-04-15 03:09:27',NULL,NULL,0,1,0,0,'CRM','Ticket Number : TKT000056 Uno Dos Tacos / Phone installation and activation'),(187,1,1,1,'Emails','Ticket ID : 127<br>Ticket Title : Request Tech Visit LRS Pager<br><br>\n								Dear Ismodes JC,<br><br>\n								The Ticket is replied the details are :<br><br>\n								Ticket No : TKT000057<br>\n								Status : Closed<br>\n								Category : Small Problem<br>\n								Severity : Minor<br>\n								Priority : Normal<br><br>\n								Description : <br><br><br>\n								Solution : <br>Hello Blue Technology,<br />\n<br />\n<br />\nWe would like to request a technician for the location below:<br />\n<br />\n <br />\n<br />\nAddress: 301 Hayes St. Rad Radish<br />\nDate: April 3, 2023 Thursday<br />\nTime: 8:00 AM PST<br />\nAccess to Store:  Granted c/o GM<br />\nDynamix Ref Number: 109677<br />\nDevice Type: Equipment relevant to the pagers<br />\nConnection Type: Wireless<br />\n<br />\n <br />\n<br />\nWork Needed<br />\n*All equipment this includes pagers, bases, repeaters, extra circuits and iPads, relevant to the pager system removed, <br />\n*Packaged should be brought to storage (Super Duper-Novato 5800 Nave Dr, Suite C<br />\n*The equipemnt mention above should be place inside 3 separate boxes<br />\n*A manager should be present at the store to confirmed all device before delivered to the storage <br />\n*To ensure the GM availablity we will colaborate with her<br />\n<br />\n<br />\nRegards,<br />\nAlexandra\n								<br><br>\n								Regards<br>Support Administrator<br><br>','2023-04-15 03:09:29','2023-04-15 03:09:29',NULL,NULL,0,1,0,0,'CRM','Ticket Number : TKT000057 Request Tech Visit LRS Pager'),(188,1,1,1,'Emails','Ticket ID : 128<br>Ticket Title : Tech Request at SD Serramonte SDWAN equipment pickup<br><br>\n								Dear Ismodes JC,<br><br>\n								The Ticket is replied the details are :<br><br>\n								Ticket No : TKT000058<br>\n								Status : Closed<br>\n								Category : Small Problem<br>\n								Severity : Minor<br>\n								Priority : Normal<br><br>\n								Description : <br><br><br>\n								Solution : <br>Hello Blue Technology, <br />\n<br />\n<br />\nWe would like to request a technician for the location below:<br />\n<br />\n<br />\nAddress: 3 Serramonte Center, Space #662 Dally City- SD Serramonte<br />\n<br />\nDate:  April 5, 2023<br />\n<br />\nTime: 7:45 AM PST<br />\n<br />\nAccess to Store:  Granted c/o Kitchen Staff<br />\n<br />\nDynamix Ref Number: 109856<br />\n<br />\nDevice Type: SDWAN equipment<br />\n<br />\n <br />\n<br />\nWork Needed:<br />\n Task 1: Prio to heading To Serramonte, kindly proceed to 2030 Union St. to retrieve the keys that have been left in the lockbox situated at the back of the stairs at 2030 Union St.<br />\nTask 2: Record the equipment information being picked up by Comcast schedule between 8-10 AM which includes : 2 device Advantech and  Cradlepoint  of  3 Serramonte Center, Space #662<br />\n<br />\n<br />\nRegards, <br />\nAlexandra\n								<br><br>\n								Regards<br>Support Administrator<br><br>','2023-04-15 03:09:31','2023-04-15 03:09:31',NULL,NULL,0,1,0,0,'CRM','Ticket Number : TKT000058 Tech Request at SD Serramonte SDWAN equipment pickup'),(189,1,1,1,'Emails','Ticket ID : 129<br>Ticket Title : The Tailor\'s Son / Outdoor speaker issue<br><br>\n								Dear Ismodes JC,<br><br>\n								The Ticket is replied the details are :<br><br>\n								Ticket No : TKT000059<br>\n								Status : Closed<br>\n								Category : Small Problem<br>\n								Severity : Minor<br>\n								Priority : Normal<br><br>\n								Description : <br><br><br>\n								Solution : <br>C,<br />\n<br />\n <br />\n<br />\nThanks so much for confirming.<br />\n<br />\n <br />\n<br />\nTo clarify the calls:<br />\n<br />\n109874 – Internet outage<br />\n<br />\n109745 – Outdoor speakers<br />\n<br />\n <br />\n<br />\nPriority is internet issue first – time permitting for the outdoor speakers. As the restaurant opens at 5pm, we may need to reschedule the visit for outside speakers until tomorrow.<br />\n<br />\n <br />\n<br />\nThank you,<br />\n<br />\n <br />\n<br />\nFrom: supportticket@mybluetechnology.com <br />\nSent: Tuesday, April 4, 2023 3:56 PM<br />\nTo: Dynamix ServiceDesk <br />\nCc: jc@mybluetechnology.com; Nuranne Dairkee ; bim@mybluetechnology.com<br />\nSubject: RE: The Tailor\'s Son / Outdoor speaker issue<br />\n<br />\n <br />\n<br />\nHi,<br />\n<br />\n <br />\n<br />\nThe technician assigned is BIM.<br />\n<br />\n <br />\n<br />\nShe would be there in around 1 hour.<br />\n<br />\n <br />\n<br />\nHer cellphone number is ‪(415) 632-2318<br />\n<br />\n <br />\n<br />\nJC\n								<br><br>\n								Regards<br>Support Administrator<br><br>','2023-04-15 03:09:43','2023-04-15 03:09:43',NULL,NULL,0,1,0,0,'CRM','Ticket Number : TKT000059 The Tailor\'s Son / Outdoor speaker issue'),(190,1,1,1,'Emails','Ticket ID : 130<br>Ticket Title : Hello Blue Technology,   We would like to request a technician for the location below: Address: 2516 Mission St- El Techo and Lolinda Date:  ASAP, If possible today April 5 Time: 9PM PST  Access to Store:  C/o Staff  Dynamix Ref Number: 109888 Device Type<br><br>\n								Dear Ismodes JC,<br><br>\n								The Ticket is replied the details are :<br><br>\n								Ticket No : TKT000060<br>\n								Status : Closed<br>\n								Category : Small Problem<br>\n								Severity : Minor<br>\n								Priority : Normal<br><br>\n								Description : <br><br><br>\n								Solution : <br>JC,<br />\n<br />\n <br />\n<br />\nThank you again for coordinating Bim’s visit today – I’m glad we’re able to do see her wide array of skills on these types of calls.  <br />\n<br />\n <br />\n<br />\nBim and I discussed the current situation with the outdoor speakers and she said she has the availability to do the job tomorrow. Can we schedule her from 12 – 3pm? If she’s able to complete the job sooner, that’s fine too. She had mentioned 2-3 hours.<br />\n<br />\n <br />\n<br />\nPlease let me know if this is possible and then I’ll loop in the Dynamix team on the plan.<br />\n<br />\n <br />\n<br />\nThank you,\n								<br><br>\n								Regards<br>Support Administrator<br><br>','2023-04-15 03:09:54','2023-04-15 03:09:54',NULL,NULL,0,1,0,0,'CRM','Ticket Number : TKT000060 Hello Blue Technology,   We would like to request a technician for the location below: Address: 2516 Mission St- El Techo and Lolinda Date:  ASAP, If possible today April 5 Time: 9PM PST  Access to Store:  C/o Staff  Dynamix Ref '),(191,1,1,1,'Emails','Ticket ID : 131<br>Ticket Title : Troubleshoot Dayforce Offline-El Techo<br><br>\n								Dear Ismodes JC,<br><br>\n								The Ticket is replied the details are :<br><br>\n								Ticket No : TKT000061<br>\n								Status : Closed<br>\n								Category : Small Problem<br>\n								Severity : Minor<br>\n								Priority : Normal<br><br>\n								Description : <br><br><br>\n								Solution : <br>JC,<br />\n<br />\n <br />\n<br />\nA request to make an adjustment on the start time for this – As soon as possible is preferred. Is Yann available to take this call to El Techo/ Lolinda?<br />\n<br />\n <br />\n<br />\nHere are some troubleshooting steps provided by Ceridian:<br />\n<br />\n <br />\n<br />\nOffline Clock Troubleshooting:-<br />\n1.1Verify if the clock is receiving an IP address<br />\n1.Go to the location the clock is mounted<br />\n2. Place and hold your Finger on the Welcome to Dayforce HCM until the clock prompts you to enter the administrator PIN.<br />\n3. Enter the PIN 4110 and press Enter.<br />\n4. Tap Clock Information icon<br />\n5. Verify if the clock has an IP address<br />\n If the clock has an IP address<br />\nTrigger a Call Home and a Software Update through the admin mode<br />\nNote: If the clock goes on activation pending screen, trigger a Call home and a Software<br />\nupdate again<br />\n<br />\n If the IP address is missing<br />\n1. Disconnect the ethernet cable and plug it back again.<br />\n2. Verify if there is an IP address under the Clock information<br />\n3. If yes, trigger a Call home and Software update<br />\n4. If no, connect the clock to an another ethernet/port or connect the clock to Static IP<br />\n5. Trigger a Call home and Software update<br />\n<br />\n <br />\n<br />\nPlease let us know if this can be addressed today.<br />\n<br />\n <br />\n<br />\nThank you,\n								<br><br>\n								Regards<br>Support Administrator<br><br>','2023-04-15 03:10:02','2023-04-15 03:10:02',NULL,NULL,0,1,0,0,'CRM','Ticket Number : TKT000061 Troubleshoot Dayforce Offline-El Techo'),(192,1,1,1,'Emails','Ticket ID : 131<br>Ticket Title : Troubleshoot Dayforce Offline-El Techo<br><br>\n								Dear Ismodes JC,<br><br>\n								The Ticket is replied the details are :<br><br>\n								Ticket No : TKT000061<br>\n								Status : Closed<br>\n								Category : Small Problem<br>\n								Severity : Minor<br>\n								Priority : Normal<br><br>\n								Description : <br>abc<br><br>\n								Solution : <br>JC,<br />\n<br />\n <br />\n<br />\nA request to make an adjustment on the start time for this – As soon as possible is preferred. Is Yann available to take this call to El Techo/ Lolinda?<br />\n<br />\n <br />\n<br />\nHere are some troubleshooting steps provided by Ceridian:<br />\n<br />\n <br />\n<br />\nOffline Clock Troubleshooting:-<br />\n1.1Verify if the clock is receiving an IP address<br />\n1.Go to the location the clock is mounted<br />\n2. Place and hold your Finger on the Welcome to Dayforce HCM until the clock prompts you to enter the administrator PIN.<br />\n3. Enter the PIN 4110 and press Enter.<br />\n4. Tap Clock Information icon<br />\n5. Verify if the clock has an IP address<br />\n If the clock has an IP address<br />\nTrigger a Call Home and a Software Update through the admin mode<br />\nNote: If the clock goes on activation pending screen, trigger a Call home and a Software<br />\nupdate again<br />\n<br />\n If the IP address is missing<br />\n1. Disconnect the ethernet cable and plug it back again.<br />\n2. Verify if there is an IP address under the Clock information<br />\n3. If yes, trigger a Call home and Software update<br />\n4. If no, connect the clock to an another ethernet/port or connect the clock to Static IP<br />\n5. Trigger a Call home and Software update<br />\n<br />\n <br />\n<br />\nPlease let us know if this can be addressed today.<br />\n<br />\n <br />\n<br />\nThank you,\n								<br><br>\n								Regards<br>Support Administrator<br><br>','2023-04-15 03:10:13','2023-04-15 03:10:13',NULL,NULL,0,1,0,0,'CRM','Ticket Number : TKT000061 Troubleshoot Dayforce Offline-El Techo'),(193,1,1,1,'Emails','Ticket ID : 131<br>Ticket Title : Troubleshoot Dayforce Offline-El Techo<br><br>\n								Dear Ismodes JC,<br><br>\n								The Ticket is replied the details are :<br><br>\n								Ticket No : TKT000061<br>\n								Status : Closed<br>\n								Category : Small Problem<br>\n								Severity : Minor<br>\n								Priority : Normal<br><br>\n								Description : <br><br><br>\n								Solution : <br>JC,<br />\n<br />\n <br />\n<br />\nA request to make an adjustment on the start time for this – As soon as possible is preferred. Is Yann available to take this call to El Techo/ Lolinda?<br />\n<br />\n <br />\n<br />\nHere are some troubleshooting steps provided by Ceridian:<br />\n<br />\n <br />\n<br />\nOffline Clock Troubleshooting:-<br />\n1.1Verify if the clock is receiving an IP address<br />\n1.Go to the location the clock is mounted<br />\n2. Place and hold your Finger on the Welcome to Dayforce HCM until the clock prompts you to enter the administrator PIN.<br />\n3. Enter the PIN 4110 and press Enter.<br />\n4. Tap Clock Information icon<br />\n5. Verify if the clock has an IP address<br />\n If the clock has an IP address<br />\nTrigger a Call Home and a Software Update through the admin mode<br />\nNote: If the clock goes on activation pending screen, trigger a Call home and a Software<br />\nupdate again<br />\n<br />\n If the IP address is missing<br />\n1. Disconnect the ethernet cable and plug it back again.<br />\n2. Verify if there is an IP address under the Clock information<br />\n3. If yes, trigger a Call home and Software update<br />\n4. If no, connect the clock to an another ethernet/port or connect the clock to Static IP<br />\n5. Trigger a Call home and Software update<br />\n<br />\n <br />\n<br />\nPlease let us know if this can be addressed today.<br />\n<br />\n <br />\n<br />\nThank you,\n								<br><br>\n								Regards<br>Support Administrator<br><br>','2023-04-15 03:10:23','2023-04-15 03:10:23',NULL,NULL,0,1,0,0,'CRM','Ticket Number : TKT000061 Troubleshoot Dayforce Offline-El Techo'),(194,1,1,1,'Emails','An Contact has been assigned to you on vtigerCRM<br>Details of Contact are :<br><br>Contact Id:<b>CON000009</b><br>LastName:<b>JC</b><br>FirstName:<b>BOH</b><br>Lead Source:<b></b><br>Department:<b></b><br>Description:<b></b><br><br><br>And <b>CustomerPortal Login Details</b> is sent to the EmailID :-admin@mybluetechnology.com<br><br>Thank You<br>Admin<br><br>','2023-04-15 03:10:29','2023-04-15 03:10:29',NULL,NULL,0,1,0,0,'CRM','Regarding Contact Assignment'),(195,1,1,1,'Emails','<!DOCTYPE HTML PUBLIC \"-//W3C//DTD HTML 4.01//EN\" \"http://www.w3.org/TR/html4/strict.dtd\">\r\n<html>\r\n<head>\r\n	<title></title>\r\n</head>\r\n<body class=\"scayt-enabled\"><!-- <center> -->\r\n<table border=\"0\" cellpadding=\"0\" cellspacing=\"0\" class=\"borderGrey\" style=\"margin-left:0px;\" width=\"600px\">\r\n	<tbody>\r\n		<tr>\r\n			<td colspan=\"6\"><!-- Begin Pre header --><!-- // End Pre header \\ --></td>\r\n		</tr>\r\n		<tr style=\"height:50px;\">\r\n			<td colspan=\"6\" style=\"\r\n                  font-family: Helvetica,Verdana,sans-serif\">\r\n			<div style=\"margin-bottom:10px;color: rgb(34, 34, 34); font-family: arial, sans-serif; font-size: 14px; background-color: rgb(255, 255, 255);\"><br />\r\n			Dear $contacts-firstname$ $contacts-lastname$,</div>\r\n\r\n			<div style=\"margin-top:20px;margin-bottom:20px; color: rgb(34, 34, 34); font-family: arial, sans-serif; font-size: 14px; background-color: rgb(255, 255, 255);\">As our customer, you can be assured of getting excellent support from our team. I would like to take this opportunity to introduce the portal we have setup for valuable customers like you. You can submit questions/issues via the portal, see past issues and responses. In addition, Portal provides you access to our knowledge base and documents we shared with you in the past.</div>\r\n\r\n			<div style=\"margin-top:10px;color: rgb(34, 34, 34); font-family: arial, sans-serif; font-size: 14px; background-color: rgb(255, 255, 255);\">$URL$ to login to the portal, with the credentials below.</div>\r\n\r\n			<div style=\"margin-top:20px;color: rgb(34, 34, 34); font-family: arial, sans-serif; font-size: 14px; background-color: rgb(255, 255, 255);\">Your Username: $login_name$</div>\r\n\r\n			<div style=\"margin-bottom:20px;color: rgb(34, 34, 34); font-family: arial, sans-serif; font-size: 14px; background-color: rgb(255, 255, 255);\">Your Password: $password$</div>\r\n\r\n			<div class=\"gmail_extra\" style=\"margin-top:10px;color: rgb(34, 34, 34); font-family: arial, sans-serif; font-size: 14px; background-color: rgb(255, 255, 255);\">Thank you,<br />\r\n			$contacts-smownerid$</div>\r\n			</td>\r\n		</tr>\r\n		<tr>\r\n			<td colspan=\"6\" style=\"font-family: Helvetica,Verdana,sans-serif;font-size: 11px;color: #666666;\">\r\n			<table border=\"0\" cellpadding=\"4\" cellspacing=\"0\" width=\"100%\">\r\n				<tbody><!--copy right data-->\r\n					<tr>\r\n						<td style=\"\r\n                            padding-left: 0px;\r\n                            padding-right: 0px;\r\n                            width:350px\" valign=\"top\">\r\n						<div style=\"margin-top:20px;\"><em>Powered By <a href=\"http://www.vtiger.com\">Vtiger</a></em>\r\n						<div></div>\r\n						</div>\r\n						</td>\r\n					</tr>\r\n					<!--subscribers links-->\r\n				</tbody>\r\n			</table>\r\n			</td>\r\n		</tr>\r\n	</tbody>\r\n</table>\r\n<!-- </center> --></body>\r\n</html>\r\n','2023-04-15 03:40:03','2023-04-15 03:40:03',NULL,NULL,0,1,0,0,'CRM','Customer Portal Login Details'),(196,6,6,0,'Users Image','','2023-04-15 06:19:40','2023-04-15 06:19:40',NULL,NULL,0,1,0,NULL,NULL,NULL),(197,1,1,1,'Emails','An Contact has been assigned to you on vtigerCRM<br>Details of Contact are :<br><br>Contact Id:<b>CON000009</b><br>LastName:<b>JC</b><br>FirstName:<b>BOH</b><br>Lead Source:<b></b><br>Department:<b></b><br>Description:<b></b><br><br><br>And <b>CustomerPortal Login Details</b> is sent to the EmailID :-admin@mybluetechnology.com<br><br>Thank You<br>Admin<br><br>','2023-04-17 20:00:02','2023-04-17 20:00:02',NULL,NULL,0,1,0,0,'CRM','Regarding Contact Assignment'),(198,1,1,1,'Contacts','','2023-04-17 22:00:01','2023-05-10 18:00:09',NULL,NULL,0,1,0,0,'CRM','creantis admin'),(199,1,1,1,'Emails','An Contact has been assigned to you on vtigerCRM<br>Details of Contact are :<br><br>Contact Id:<b>CON000010</b><br>LastName:<b>admin</b><br>FirstName:<b>creantis</b><br>Lead Source:<b></b><br>Department:<b></b><br>Description:<b></b><br><br><br>And <b>CustomerPortal Login Details</b> is sent to the EmailID :-cgarcia@creantis.com<br><br>Thank You<br>Admin<br><br>','2023-04-17 22:15:01','2023-04-17 22:15:01',NULL,NULL,0,1,0,0,'CRM','Regarding Contact Assignment'),(200,1,6,6,'HelpDesk','probando el custom ticket','2023-04-18 19:13:34','2023-04-20 04:43:17',NULL,NULL,0,1,1,0,'CUSTOMER PORTAL','pepe estoy en test'),(201,1,1,1,'Emails','Ticket No : TKT000062<br>\n							  Ticket ID : 200<br>\n							  Ticket Title : pepe estoy en test<br><br>\n							  probando el custom ticket<br><br>','2023-04-18 19:15:01','2023-04-18 19:15:01',NULL,NULL,0,1,0,0,'CRM','[From Portal] TKT000062 [ Ticket Id : 200 ] pepe estoy en test'),(202,1,1,1,'Emails','Ticket No : TKT000062<br>\n							  Ticket ID : 200<br>\n							  Ticket Title : pepe estoy en test<br><br>\n							  probando el custom ticket<br><br>','2023-04-18 19:15:10','2023-04-18 19:15:10',NULL,NULL,0,1,0,0,'CRM','[From Portal] TKT000062 [ Ticket Id : 200 ] pepe estoy en test'),(203,1,1,1,'Emails','An Contact has been assigned to you on vtigerCRM<br>Details of Contact are :<br><br>Contact Id:<b>CON000010</b><br>LastName:<b>admin</b><br>FirstName:<b>creantis</b><br>Lead Source:<b></b><br>Department:<b></b><br>Description:<b></b><br><br><br>And <b>CustomerPortal Login Details</b> is sent to the EmailID :-cgarcia@creantis.com<br><br>Thank You<br>Admin<br><br>','2023-04-18 19:30:01','2023-04-18 19:30:01',NULL,NULL,0,1,0,0,'CRM','Regarding Contact Assignment'),(204,1,1,1,'Emails','<html>\r\n<head>\r\n	<title></title>\r\n</head>\r\n<body data-gr-ext-installed=\"\" data-new-gr-c-s-check-loaded=\"14.1028.0\">Ticket ID : 200<br />\r\nTicket Title : pepe estoy en test<br />\r\n<br />\r\nDear admin creantis,<br />\r\n<br />\r\nThe Ticket is replied the details are :<br />\r\n<br />\r\nTicket No : TKT000062<br />\r\nStatus : Open<br />\r\nCategory : Other Problem<br />\r\nSeverity : Minor<br />\r\nPriority : High<br />\r\n<br />\r\nDescription :<br />\r\nprobando el custom ticket<br />\r\n<br />\r\nSolution :<br />\r\n<br />\r\nThe comments are :<br />\r\n<br />\r\n<br />\r\nRegards<br />\r\nBlue Technology Support Service Administrator<grammarly-desktop-integration data-grammarly-shadow-root=\"true\"></grammarly-desktop-integration></body>\r\n</html>\r\n<br><br>','2023-04-19 01:00:02','2023-04-19 01:00:02',NULL,NULL,0,1,0,0,'CRM','TKT000062 [ Ticket Id : 200 ] pepe estoy en test'),(205,1,1,1,'Emails','<html>\r\n<head>\r\n	<title></title>\r\n</head>\r\n<body data-gr-ext-installed=\"\" data-new-gr-c-s-check-loaded=\"14.1028.0\">Ticket ID : 200<br />\r\nTicket Title : pepe estoy en test<br />\r\n<br />\r\nDear admin creantis,<br />\r\n<br />\r\nThe Ticket is replied the details are :<br />\r\n<br />\r\nTicket No : TKT000062<br />\r\nStatus : Open<br />\r\nCategory : Other Problem<br />\r\nSeverity : Minor<br />\r\nPriority : High<br />\r\n<br />\r\nDescription :<br />\r\nprobando el custom ticket<br />\r\n<br />\r\nSolution :<br />\r\n<br />\r\nThe comments are :<br />\r\n<br />\r\n<br />\r\nRegards<br />\r\nBlue Technology Support Service Administrator<grammarly-desktop-integration data-grammarly-shadow-root=\"true\"></grammarly-desktop-integration></body>\r\n</html>\r\n<br><br>','2023-04-19 01:00:14','2023-04-19 01:00:14',NULL,NULL,0,1,0,0,'CRM','TKT000062 [ Ticket Id : 200 ] pepe estoy en test'),(206,1,1,1,'Emails','<html>\r\n<head>\r\n	<title></title>\r\n</head>\r\n<body data-gr-ext-installed=\"\" data-new-gr-c-s-check-loaded=\"14.1028.0\">Ticket ID : 200<br />\r\nTicket Title : pepe estoy en test<br />\r\n<br />\r\nDear admin creantis,<br />\r\n<br />\r\nThe Ticket is replied the details are :<br />\r\n<br />\r\nTicket No : TKT000062<br />\r\nStatus : Open<br />\r\nCategory : Other Problem<br />\r\nSeverity : Minor<br />\r\nPriority : High<br />\r\n<br />\r\nDescription :<br />\r\nprobando el custom ticket<br />\r\n<br />\r\nSolution :<br />\r\n<br />\r\nThe comments are :<br />\r\n<br />\r\n<br />\r\nRegards<br />\r\nBlue Technology Support Service Administrator<grammarly-desktop-integration data-grammarly-shadow-root=\"true\"></grammarly-desktop-integration></body>\r\n</html>\r\n<br><br>','2023-04-19 01:00:19','2023-04-19 01:00:19',NULL,NULL,0,1,0,0,'CRM','TKT000062 [ Ticket Id : 200 ] pepe estoy en test'),(207,6,6,1,'Contacts','','2023-04-19 15:56:32','2023-04-19 16:30:24',NULL,NULL,0,1,0,0,'CRM','Nuranne Dayrkee'),(208,1,1,1,'Emails','An Contact has been assigned to you on vtigerCRM<br>Details of Contact are :<br><br>Contact Id:<b>CON000011</b><br>LastName:<b>Dayrkee</b><br>FirstName:<b>Nuranne</b><br>Lead Source:<b></b><br>Department:<b></b><br>Description:<b></b><br><br><br>And <b>CustomerPortal Login Details</b> is sent to the EmailID :-admin@mybluetechnology.com<br><br>Thank You<br>Admin<br><br>','2023-04-19 16:00:02','2023-04-19 16:00:02',NULL,NULL,0,1,0,0,'CRM','Regarding Contact Assignment'),(209,1,1,1,'Emails','An Contact has been assigned to you on vtigerCRM<br>Details of Contact are :<br><br>Contact Id:<b>CON000011</b><br>LastName:<b>Dayrkee</b><br>FirstName:<b>Nuranne</b><br>Lead Source:<b></b><br>Department:<b></b><br>Description:<b></b><br><br><br>And <b>CustomerPortal Login Details</b> is sent to the EmailID :-admin@mybluetechnology.com<br><br>Thank You<br>Admin<br><br>','2023-04-19 16:30:02','2023-04-19 16:30:02',NULL,NULL,0,1,0,0,'CRM','Regarding Contact Assignment'),(210,1,1,1,'Emails','An Contact has been assigned to you on vtigerCRM<br>Details of Contact are :<br><br>Contact Id:<b>CON000011</b><br>LastName:<b>Dayrkee</b><br>FirstName:<b>Nuranne</b><br>Lead Source:<b></b><br>Department:<b></b><br>Description:<b></b><br><br><br>And <b>CustomerPortal Login Details</b> is sent to the EmailID :-admin@mybluetechnology.com<br><br>Thank You<br>Admin<br><br>','2023-04-19 16:30:13','2023-04-19 16:30:13',NULL,NULL,0,1,0,0,'CRM','Regarding Contact Assignment'),(211,1,1,1,'Emails','An Contact has been assigned to you on vtigerCRM<br>Details of Contact are :<br><br>Contact Id:<b>CON000011</b><br>LastName:<b>Dayrkee</b><br>FirstName:<b>Nuranne</b><br>Lead Source:<b></b><br>Department:<b></b><br>Description:<b></b><br><br><br>And <b>CustomerPortal Login Details</b> is sent to the EmailID :-admin@mybluetechnology.com<br><br>Thank You<br>Admin<br><br>','2023-04-19 16:30:24','2023-04-19 16:30:24',NULL,NULL,0,1,0,0,'CRM','Regarding Contact Assignment'),(212,1,1,1,'Emails','Ticket ID : 131<br>Ticket Title : Troubleshoot Dayforce Offline-El Techo<br><br>\n								Dear Dalrymple Yann,<br><br>\n								The Ticket is replied the details are :<br><br>\n								Ticket No : TKT000061<br>\n								Status : Closed<br>\n								Category : Small Problem<br>\n								Severity : Minor<br>\n								Priority : Normal<br><br>\n								Description : <br><br><br>\n								Solution : <br>JC,<br />\n<br />\n <br />\n<br />\nA request to make an adjustment on the start time for this – As soon as possible is preferred. Is Yann available to take this call to El Techo/ Lolinda?<br />\n<br />\n <br />\n<br />\nHere are some troubleshooting steps provided by Ceridian:<br />\n<br />\n <br />\n<br />\nOffline Clock Troubleshooting:-<br />\n1.1Verify if the clock is receiving an IP address<br />\n1.Go to the location the clock is mounted<br />\n2. Place and hold your Finger on the Welcome to Dayforce HCM until the clock prompts you to enter the administrator PIN.<br />\n3. Enter the PIN 4110 and press Enter.<br />\n4. Tap Clock Information icon<br />\n5. Verify if the clock has an IP address<br />\n If the clock has an IP address<br />\nTrigger a Call Home and a Software Update through the admin mode<br />\nNote: If the clock goes on activation pending screen, trigger a Call home and a Software<br />\nupdate again<br />\n<br />\n If the IP address is missing<br />\n1. Disconnect the ethernet cable and plug it back again.<br />\n2. Verify if there is an IP address under the Clock information<br />\n3. If yes, trigger a Call home and Software update<br />\n4. If no, connect the clock to an another ethernet/port or connect the clock to Static IP<br />\n5. Trigger a Call home and Software update<br />\n<br />\n <br />\n<br />\nPlease let us know if this can be addressed today.<br />\n<br />\n <br />\n<br />\nThank you,\n								<br><br>\n								Regards<br>Support Administrator<br><br>','2023-04-20 05:00:02','2023-04-20 05:00:02',NULL,NULL,0,1,0,0,'CRM','Ticket Number : TKT000061 Troubleshoot Dayforce Offline-El Techo'),(213,1,1,1,'Emails','Ticket ID : 127<br>Ticket Title : Request Tech Visit LRS Pager<br><br>\n								Dear Solorzano Angel,<br><br>\n								The Ticket is replied the details are :<br><br>\n								Ticket No : TKT000057<br>\n								Status : Closed<br>\n								Category : Small Problem<br>\n								Severity : Minor<br>\n								Priority : Normal<br><br>\n								Description : <br>Hello Blue Technology,<br />\n<br />\n<br />\nWe would like to request a technician for the location below:<br />\n<br />\n <br />\n<br />\nAddress: 301 Hayes St. Rad Radish<br />\nDate: April 3, 2023 Thursday<br />\nTime: 8:00 AM PST<br />\nAccess to Store:  Granted c/o GM<br />\nDynamix Ref Number: 109677<br />\nDevice Type: Equipment relevant to the pagers<br />\nConnection Type: Wireless<br />\n<br />\n <br />\n<br />\nWork Needed<br />\n*All equipment this includes pagers, bases, repeaters, extra circuits and iPads, relevant to the pager system removed, <br />\n*Packaged should be brought to storage (Super Duper-Novato 5800 Nave Dr, Suite C<br />\n*The equipemnt mention above should be place inside 3 separate boxes<br />\n*A manager should be present at the store to confirmed all device before delivered to the storage <br />\n*To ensure the GM availablity we will colaborate with her<br />\n<br />\n<br />\nRegards,<br />\nAlexandra<br><br>\n								Solution : <br>\n								<br><br>\n								Regards<br>Support Administrator<br><br>','2023-04-20 18:30:01','2023-04-20 18:30:01',NULL,NULL,0,1,0,0,'CRM','Ticket Number : TKT000057 Request Tech Visit LRS Pager'),(214,1,1,1,'Emails','Ticket ID : 128<br>Ticket Title : Tech Request at SD Serramonte SDWAN equipment pickup<br><br>\n								Dear Ismodes JC,<br><br>\n								The Ticket is replied the details are :<br><br>\n								Ticket No : TKT000058<br>\n								Status : Closed<br>\n								Category : Small Problem<br>\n								Severity : Minor<br>\n								Priority : Normal<br><br>\n								Description : <br>Hello Blue Technology, <br />\n<br />\n<br />\nWe would like to request a technician for the location below:<br />\n<br />\n<br />\nAddress: 3 Serramonte Center, Space #662 Dally City- SD Serramonte<br />\n<br />\nDate:  April 5, 2023<br />\n<br />\nTime: 7:45 AM PST<br />\n<br />\nAccess to Store:  Granted c/o Kitchen Staff<br />\n<br />\nDynamix Ref Number: 109856<br />\n<br />\nDevice Type: SDWAN equipment<br />\n<br />\n <br />\n<br />\nWork Needed:<br />\n Task 1: Prio to heading To Serramonte, kindly proceed to 2030 Union St. to retrieve the keys that have been left in the lockbox situated at the back of the stairs at 2030 Union St.<br />\nTask 2: Record the equipment information being picked up by Comcast schedule between 8-10 AM which includes : 2 device Advantech and  Cradlepoint  of  3 Serramonte Center, Space #662<br />\n<br />\n<br />\nRegards, <br />\nAlexandra<br><br>\n								Solution : <br>Hello Blue Technology, <br />\n<br />\n<br />\nWe would like to request a technician for the location below:<br />\n<br />\n<br />\nAddress: 3 Serramonte Center, Space #662 Dally City- SD Serramonte<br />\n<br />\nDate:  April 5, 2023<br />\n<br />\nTime: 7:45 AM PST<br />\n<br />\nAccess to Store:  Granted c/o Kitchen Staff<br />\n<br />\nDynamix Ref Number: 109856<br />\n<br />\nDevice Type: SDWAN equipment<br />\n<br />\n <br />\n<br />\nWork Needed:<br />\n Task 1: Prio to heading To Serramonte, kindly proceed to 2030 Union St. to retrieve the keys that have been left in the lockbox situated at the back of the stairs at 2030 Union St.<br />\nTask 2: Record the equipment information being picked up by Comcast schedule between 8-10 AM which includes : 2 device Advantech and  Cradlepoint  of  3 Serramonte Center, Space #662<br />\n<br />\n<br />\nRegards, <br />\nAlexandra\n								<br><br>\n								Regards<br>Support Administrator<br><br>','2023-04-20 18:30:12','2023-04-20 18:30:12',NULL,NULL,0,1,0,0,'CRM','Ticket Number : TKT000058 Tech Request at SD Serramonte SDWAN equipment pickup'),(215,1,1,1,'Emails','Ticket ID : 130<br>Ticket Title : Hello Blue Technology,   We would like to request a technician for the location below: Address: 2516 Mission St- El Techo and Lolinda Date:  ASAP, If possible today April 5 Time: 9PM PST  Access to Store:  C/o Staff  Dynamix Ref Number: 109888 Device Type<br><br>\n								Dear Ismodes JC,<br><br>\n								The Ticket is replied the details are :<br><br>\n								Ticket No : TKT000060<br>\n								Status : Closed<br>\n								Category : Small Problem<br>\n								Severity : Minor<br>\n								Priority : Normal<br><br>\n								Description : <br>Hello Team, <br />\n<br />\nWe would like to request a technician for the location below: <br />\n<br />\nAddress: 2049 Fillmore Street<br />\nDate:Time: 4/5/2023 3 PM PST (Wednesday)<br />\nAccess to Store: Store<br />\nDynamix Ref Number: 00109745<br />\nDevice Type: Sound System / Speakers<br />\nConnection Type: Wired<br />\nContact person on the store: Collin 9495846168<br />\n<br />\nWork Needed:<br />\nTask 1: check Outdoor speakers<br />\nTask 2: check Speaker wiring<br />\nTask 3: check the Outdoor speaker volume control<br />\n<br />\nTroubleshooting Steps taken:<br />\n· Checked outdoor speaker volume / not working<br />\n<br />\nLet us know if you have other questions.<br />\n<br />\nRegards,<br />\nJeremy.<br><br>\n								Solution : <br>JC,<br />\n<br />\n <br />\n<br />\nThank you again for coordinating Bim’s visit today – I’m glad we’re able to do see her wide array of skills on these types of calls.  <br />\n<br />\n <br />\n<br />\nBim and I discussed the current situation with the outdoor speakers and she said she has the availability to do the job tomorrow. Can we schedule her from 12 – 3pm? If she’s able to complete the job sooner, that’s fine too. She had mentioned 2-3 hours.<br />\n<br />\n <br />\n<br />\nPlease let me know if this is possible and then I’ll loop in the Dynamix team on the plan.<br />\n<br />\n <br />\n<br />\nThank you,\n								<br><br>\n								Regards<br>Support Administrator<br><br>','2023-04-20 19:00:02','2023-04-20 19:00:02',NULL,NULL,0,1,0,0,'CRM','Ticket Number : TKT000060 Hello Blue Technology,   We would like to request a technician for the location below: Address: 2516 Mission St- El Techo and Lolinda Date:  ASAP, If possible today April 5 Time: 9PM PST  Access to Store:  C/o Staff  Dynamix Ref '),(216,1,1,1,'Emails','Ticket ID : 130<br>Ticket Title : Hello Blue Technology,   We would like to request a technician for the location below: Address: 2516 Mission St- El Techo and Lolinda Date:  ASAP, If possible today April 5 Time: 9PM PST  Access to Store:  C/o Staff  Dynamix Ref Number: 109888 Device Type<br><br>\n								Dear Lapinsee Bim,<br><br>\n								The Ticket is replied the details are :<br><br>\n								Ticket No : TKT000060<br>\n								Status : Closed<br>\n								Category : Small Problem<br>\n								Severity : Minor<br>\n								Priority : Normal<br><br>\n								Description : <br>Hello Team, <br />\n<br />\nWe would like to request a technician for the location below: <br />\n<br />\nAddress: 2049 Fillmore Street<br />\nDate:Time: 4/5/2023 3 PM PST (Wednesday)<br />\nAccess to Store: Store<br />\nDynamix Ref Number: 00109745<br />\nDevice Type: Sound System / Speakers<br />\nConnection Type: Wired<br />\nContact person on the store: Collin 9495846168<br />\n<br />\nWork Needed:<br />\nTask 1: check Outdoor speakers<br />\nTask 2: check Speaker wiring<br />\nTask 3: check the Outdoor speaker volume control<br />\n<br />\nTroubleshooting Steps taken:<br />\n· Checked outdoor speaker volume / not working<br />\n<br />\nLet us know if you have other questions.<br />\n<br />\nRegards,<br />\nJeremy.<br><br>\n								Solution : <br>JC,<br />\n<br />\n <br />\n<br />\nThank you again for coordinating Bim’s visit today – I’m glad we’re able to do see her wide array of skills on these types of calls.  <br />\n<br />\n <br />\n<br />\nBim and I discussed the current situation with the outdoor speakers and she said she has the availability to do the job tomorrow. Can we schedule her from 12 – 3pm? If she’s able to complete the job sooner, that’s fine too. She had mentioned 2-3 hours.<br />\n<br />\n <br />\n<br />\nPlease let me know if this is possible and then I’ll loop in the Dynamix team on the plan.<br />\n<br />\n <br />\n<br />\nThank you,\n								<br><br>\n								Regards<br>Support Administrator<br><br>','2023-04-20 19:15:01','2023-04-20 19:15:01',NULL,NULL,0,1,0,0,'CRM','Ticket Number : TKT000060 Hello Blue Technology,   We would like to request a technician for the location below: Address: 2516 Mission St- El Techo and Lolinda Date:  ASAP, If possible today April 5 Time: 9PM PST  Access to Store:  C/o Staff  Dynamix Ref '),(217,1,1,1,'Emails','Ticket ID : 128<br>Ticket Title : Tech Request at SD Serramonte SDWAN equipment pickup<br><br>\n								Dear Dalrymple Yann,<br><br>\n								The Ticket is replied the details are :<br><br>\n								Ticket No : TKT000058<br>\n								Status : Closed<br>\n								Category : Small Problem<br>\n								Severity : Minor<br>\n								Priority : Normal<br><br>\n								Description : <br>Hello Blue Technology, <br />\n<br />\n<br />\nWe would like to request a technician for the location below:<br />\n<br />\n<br />\nAddress: 3 Serramonte Center, Space #662 Dally City- SD Serramonte<br />\n<br />\nDate:  April 5, 2023<br />\n<br />\nTime: 7:45 AM PST<br />\n<br />\nAccess to Store:  Granted c/o Kitchen Staff<br />\n<br />\nDynamix Ref Number: 109856<br />\n<br />\nDevice Type: SDWAN equipment<br />\n<br />\n <br />\n<br />\nWork Needed:<br />\n Task 1: Prio to heading To Serramonte, kindly proceed to 2030 Union St. to retrieve the keys that have been left in the lockbox situated at the back of the stairs at 2030 Union St.<br />\nTask 2: Record the equipment information being picked up by Comcast schedule between 8-10 AM which includes : 2 device Advantech and  Cradlepoint  of  3 Serramonte Center, Space #662<br />\n<br />\n<br />\nRegards, <br />\nAlexandra<br><br>\n								Solution : <br>Hello Blue Technology, <br />\n<br />\n<br />\nWe would like to request a technician for the location below:<br />\n<br />\n<br />\nAddress: 3 Serramonte Center, Space #662 Dally City- SD Serramonte<br />\n<br />\nDate:  April 5, 2023<br />\n<br />\nTime: 7:45 AM PST<br />\n<br />\nAccess to Store:  Granted c/o Kitchen Staff<br />\n<br />\nDynamix Ref Number: 109856<br />\n<br />\nDevice Type: SDWAN equipment<br />\n<br />\n <br />\n<br />\nWork Needed:<br />\n Task 1: Prio to heading To Serramonte, kindly proceed to 2030 Union St. to retrieve the keys that have been left in the lockbox situated at the back of the stairs at 2030 Union St.<br />\nTask 2: Record the equipment information being picked up by Comcast schedule between 8-10 AM which includes : 2 device Advantech and  Cradlepoint  of  3 Serramonte Center, Space #662<br />\n<br />\n<br />\nRegards, <br />\nAlexandra\n								<br><br>\n								Regards<br>Support Administrator<br><br>','2023-04-20 20:00:02','2023-04-20 20:00:02',NULL,NULL,0,1,0,0,'CRM','Ticket Number : TKT000058 Tech Request at SD Serramonte SDWAN equipment pickup'),(218,6,6,1,'HelpDesk','Hello Blue Technology, \n\nWe would like to request a technician for the location below:\n\nAddress: 2049 Fillmore Street, The Tailor\'s Son\nDate:  ASAP, If possible tomorrow April 6\nTime: 9AM PST \nAccess to Store:  C/o Staff \nDynamix Ref Number: 109910\nDevice Type: Dayforce Touch Clock\nConnection Type: Wireless\n\nWork Needed:\nOffline Clock Troubleshooting:-\n1.1Verify if the clock is receiving an IP address\n1.Go to the location the clock is mounted\n2. Place and hold your Finger on the Welcome to Dayforce HCM until the clock prompts you to enter the administrator PIN.\n3. Enter the PIN 4110 and press Enter.\n4. Tap Clock Information icon\n5. Verify if the clock has an IP address\n If the clock has an IP address\nTrigger a Call Home and a Software Update through the admin mode\nNote: If the clock goes on activation pending screen, trigger a Call home and a Software\nupdate again\n\n If the IP address is missing\n1. Disconnect the ethernet cable and plug it back again.\n2. Verify if there is an IP address under the Clock information\n3. If yes, trigger a Call home and Software update\n4. If no, connect the clock to an another ethernet/port or connect the clock to Static IP\n5. Trigger a Call home and Software update\n\n\n\n\nRegards, \nClaudette','2023-04-20 20:44:04','2023-04-20 20:45:02',NULL,NULL,0,1,0,0,'CRM','Troubleshoot Dayforce Offline at The Tailor\'s Son'),(219,1,1,1,'Emails','Ticket ID : 218<br>Ticket Title : Troubleshoot Dayforce Offline at The Tailor\'s Son<br><br>\n								Dear Ismodes JC,<br><br>\n								The Ticket is replied the details are :<br><br>\n								Ticket No : TKT000063<br>\n								Status : Closed<br>\n								Category : Small Problem<br>\n								Severity : Minor<br>\n								Priority : Normal<br><br>\n								Description : <br>Hello Blue Technology, <br />\n<br />\nWe would like to request a technician for the location below:<br />\n<br />\nAddress: 2049 Fillmore Street, The Tailor\'s Son<br />\nDate:  ASAP, If possible tomorrow April 6<br />\nTime: 9AM PST <br />\nAccess to Store:  C/o Staff <br />\nDynamix Ref Number: 109910<br />\nDevice Type: Dayforce Touch Clock<br />\nConnection Type: Wireless<br />\n<br />\nWork Needed:<br />\nOffline Clock Troubleshooting:-<br />\n1.1Verify if the clock is receiving an IP address<br />\n1.Go to the location the clock is mounted<br />\n2. Place and hold your Finger on the Welcome to Dayforce HCM until the clock prompts you to enter the administrator PIN.<br />\n3. Enter the PIN 4110 and press Enter.<br />\n4. Tap Clock Information icon<br />\n5. Verify if the clock has an IP address<br />\n If the clock has an IP address<br />\nTrigger a Call Home and a Software Update through the admin mode<br />\nNote: If the clock goes on activation pending screen, trigger a Call home and a Software<br />\nupdate again<br />\n<br />\n If the IP address is missing<br />\n1. Disconnect the ethernet cable and plug it back again.<br />\n2. Verify if there is an IP address under the Clock information<br />\n3. If yes, trigger a Call home and Software update<br />\n4. If no, connect the clock to an another ethernet/port or connect the clock to Static IP<br />\n5. Trigger a Call home and Software update<br />\n<br />\n<br />\n<br />\n<br />\nRegards, <br />\nClaudette<br><br>\n								Solution : <br>\n								<br><br>\n								Regards<br>Support Administrator<br><br>','2023-04-20 20:45:01','2023-04-20 20:45:01',NULL,NULL,0,1,0,0,'CRM','Ticket Number : TKT000063 Troubleshoot Dayforce Offline at The Tailor\'s Son'),(220,6,6,6,'HelpDesk','Hello Blue Technology, \n\nWe would like to request a technician for the location below:\n\nAddress: 595 Market Street, San Francisco, Uno Dos Tacos\nDate:  ASAP, If possible tomorrow April 6\nTime: 10AM PST \nAccess to Store:  C/o Staff \nDynamix Ref Number: 109913\nDevice Type: Dayforce Touch Clock\nConnection Type: Wireless\n\nWork Needed:\nOffline Clock Troubleshooting:-\n1.1Verify if the clock is receiving an IP address\n1.Go to the location the clock is mounted\n2. Place and hold your Finger on the Welcome to Dayforce HCM until the clock prompts you to enter the administrator PIN.\n3. Enter the PIN 4110 and press Enter.\n4. Tap Clock Information icon\n5. Verify if the clock has an IP address\n If the clock has an IP address\nTrigger a Call Home and a Software Update through the admin mode\nNote: If the clock goes on activation pending screen, trigger a Call home and a Software\nupdate again\n\n If the IP address is missing\n1. Disconnect the ethernet cable and plug it back again.\n2. Verify if there is an IP address under the Clock information\n3. If yes, trigger a Call home and Software update\n4. If no, connect the clock to an another ethernet/port or connect the clock to Static IP\n5. Trigger a Call home and Software update\n\n\n\nRegards, \nClaudette','2023-04-20 20:59:28','2023-04-20 21:08:37',NULL,NULL,0,1,0,0,'CRM','Wireless'),(221,1,1,1,'Emails','Ticket ID : 220<br>Ticket Title : Wireless<br><br>\n								Dear Ismodes JC,<br><br>\n								The Ticket is replied the details are :<br><br>\n								Ticket No : TKT000064<br>\n								Status : Closed<br>\n								Category : Small Problem<br>\n								Severity : Minor<br>\n								Priority : Normal<br><br>\n								Description : <br>Hello Blue Technology, <br />\n<br />\nWe would like to request a technician for the location below:<br />\n<br />\nAddress: 595 Market Street, San Francisco, Uno Dos Tacos<br />\nDate:  ASAP, If possible tomorrow April 6<br />\nTime: 10AM PST <br />\nAccess to Store:  C/o Staff <br />\nDynamix Ref Number: 109913<br />\nDevice Type: Dayforce Touch Clock<br />\nConnection Type: Wireless<br />\n<br />\nWork Needed:<br />\nOffline Clock Troubleshooting:-<br />\n1.1Verify if the clock is receiving an IP address<br />\n1.Go to the location the clock is mounted<br />\n2. Place and hold your Finger on the Welcome to Dayforce HCM until the clock prompts you to enter the administrator PIN.<br />\n3. Enter the PIN 4110 and press Enter.<br />\n4. Tap Clock Information icon<br />\n5. Verify if the clock has an IP address<br />\n If the clock has an IP address<br />\nTrigger a Call Home and a Software Update through the admin mode<br />\nNote: If the clock goes on activation pending screen, trigger a Call home and a Software<br />\nupdate again<br />\n<br />\n If the IP address is missing<br />\n1. Disconnect the ethernet cable and plug it back again.<br />\n2. Verify if there is an IP address under the Clock information<br />\n3. If yes, trigger a Call home and Software update<br />\n4. If no, connect the clock to an another ethernet/port or connect the clock to Static IP<br />\n5. Trigger a Call home and Software update<br />\n<br />\n<br />\n<br />\nRegards, <br />\nClaudette<br><br>\n								Solution : <br>\n								<br><br>\n								Regards<br>Support Administrator<br><br>','2023-04-20 21:00:01','2023-04-20 21:00:01',NULL,NULL,0,1,0,0,'CRM','Ticket Number : TKT000064 Wireless'),(222,6,9,1,'HelpDesk','Hello Blue Technology, \n\nWe would like to request a technician for the location below:\n\nAddress: 115 New Montgomery Street, San Francisco, The Bird (Soma)\nDate:  ASAP, If possible tomorrow April 6\nTime: 11AM PST \nAccess to Store:  C/o Staff \nDynamix Ref Number: 109914\nDevice Type: Dayforce Touch Clock\nConnection Type: Wireless\n\nWork Needed:\nOffline Clock Troubleshooting:-\n1.1Verify if the clock is receiving an IP address\n1.Go to the location the clock is mounted\n2. Place and hold your Finger on the Welcome to Dayforce HCM until the clock prompts you to enter the administrator PIN.\n3. Enter the PIN 4110 and press Enter.\n4. Tap Clock Information icon\n5. Verify if the clock has an IP address\n If the clock has an IP address\nTrigger a Call Home and a Software Update through the admin mode\nNote: If the clock goes on activation pending screen, trigger a Call home and a Software\nupdate again\n\n If the IP address is missing\n1. Disconnect the ethernet cable and plug it back again.\n2. Verify if there is an IP address under the Clock information\n3. If yes, trigger a Call home and Software update\n4. If no, connect the clock to an another ethernet/port or connect the clock to Static IP\n5. Trigger a Call home and Software update\n\n\n\nRegards, \nClaudette','2023-04-20 21:01:55','2023-04-20 21:15:24',NULL,NULL,0,1,0,0,'CRM','BRD Day Force Clock In Error'),(223,6,6,1,'HelpDesk','Hello Blue Technology, \n\nWe would like to request a technician for the location below:\n\nAddress: 5399 Prospect Road, San Jose, SD Westgate\nDate:  ASAP, If possible tomorrow April 6\nTime: 1PM PST \nAccess to Store:  C/o Staff \nDynamix Ref Number: 109915\nDevice Type: Dayforce Touch Clock\nConnection Type: Wireless\n\nWork Needed:\nOffline Clock Troubleshooting:-\n1.1Verify if the clock is receiving an IP address\n1.Go to the location the clock is mounted\n2. Place and hold your Finger on the Welcome to Dayforce HCM until the clock prompts you to enter the administrator PIN.\n3. Enter the PIN 4110 and press Enter.\n4. Tap Clock Information icon\n5. Verify if the clock has an IP address\n If the clock has an IP address\nTrigger a Call Home and a Software Update through the admin mode\nNote: If the clock goes on activation pending screen, trigger a Call home and a Software\nupdate again\n\n If the IP address is missing\n1. Disconnect the ethernet cable and plug it back again.\n2. Verify if there is an IP address under the Clock information\n3. If yes, trigger a Call home and Software update\n4. If no, connect the clock to an another ethernet/port or connect the clock to Static IP\n5. Trigger a Call home and Software update\n\n\n\nRegards, \nClaudette','2023-04-20 21:05:00','2023-04-20 21:15:13',NULL,NULL,0,1,0,0,'CRM','Dayforce Tablet Offline'),(224,1,1,1,'Emails','Ticket ID : 222<br>Ticket Title : BRD Day Force Clock In Error<br><br>\n								Dear Ismodes JC,<br><br>\n								The Ticket is replied the details are :<br><br>\n								Ticket No : TKT000065<br>\n								Status : Closed<br>\n								Category : Small Problem<br>\n								Severity : Minor<br>\n								Priority : Normal<br><br>\n								Description : <br>Hello Blue Technology, <br />\n<br />\nWe would like to request a technician for the location below:<br />\n<br />\nAddress: 115 New Montgomery Street, San Francisco, The Bird (Soma)<br />\nDate:  ASAP, If possible tomorrow April 6<br />\nTime: 11AM PST <br />\nAccess to Store:  C/o Staff <br />\nDynamix Ref Number: 109914<br />\nDevice Type: Dayforce Touch Clock<br />\nConnection Type: Wireless<br />\n<br />\nWork Needed:<br />\nOffline Clock Troubleshooting:-<br />\n1.1Verify if the clock is receiving an IP address<br />\n1.Go to the location the clock is mounted<br />\n2. Place and hold your Finger on the Welcome to Dayforce HCM until the clock prompts you to enter the administrator PIN.<br />\n3. Enter the PIN 4110 and press Enter.<br />\n4. Tap Clock Information icon<br />\n5. Verify if the clock has an IP address<br />\n If the clock has an IP address<br />\nTrigger a Call Home and a Software Update through the admin mode<br />\nNote: If the clock goes on activation pending screen, trigger a Call home and a Software<br />\nupdate again<br />\n<br />\n If the IP address is missing<br />\n1. Disconnect the ethernet cable and plug it back again.<br />\n2. Verify if there is an IP address under the Clock information<br />\n3. If yes, trigger a Call home and Software update<br />\n4. If no, connect the clock to an another ethernet/port or connect the clock to Static IP<br />\n5. Trigger a Call home and Software update<br />\n<br />\n<br />\n<br />\nRegards, <br />\nClaudette<br><br>\n								Solution : <br>\n								<br><br>\n								Regards<br>Support Administrator<br><br>','2023-04-20 21:15:02','2023-04-20 21:15:02',NULL,NULL,0,1,0,0,'CRM','Ticket Number : TKT000065 BRD Day Force Clock In Error'),(225,1,1,1,'Emails','Ticket ID : 223<br>Ticket Title : Dayforce Tablet Offline<br><br>\n								Dear Ismodes JC,<br><br>\n								The Ticket is replied the details are :<br><br>\n								Ticket No : TKT000066<br>\n								Status : Closed<br>\n								Category : Small Problem<br>\n								Severity : Minor<br>\n								Priority : Normal<br><br>\n								Description : <br>Hello Blue Technology, <br />\n<br />\nWe would like to request a technician for the location below:<br />\n<br />\nAddress: 5399 Prospect Road, San Jose, SD Westgate<br />\nDate:  ASAP, If possible tomorrow April 6<br />\nTime: 1PM PST <br />\nAccess to Store:  C/o Staff <br />\nDynamix Ref Number: 109915<br />\nDevice Type: Dayforce Touch Clock<br />\nConnection Type: Wireless<br />\n<br />\nWork Needed:<br />\nOffline Clock Troubleshooting:-<br />\n1.1Verify if the clock is receiving an IP address<br />\n1.Go to the location the clock is mounted<br />\n2. Place and hold your Finger on the Welcome to Dayforce HCM until the clock prompts you to enter the administrator PIN.<br />\n3. Enter the PIN 4110 and press Enter.<br />\n4. Tap Clock Information icon<br />\n5. Verify if the clock has an IP address<br />\n If the clock has an IP address<br />\nTrigger a Call Home and a Software Update through the admin mode<br />\nNote: If the clock goes on activation pending screen, trigger a Call home and a Software<br />\nupdate again<br />\n<br />\n If the IP address is missing<br />\n1. Disconnect the ethernet cable and plug it back again.<br />\n2. Verify if there is an IP address under the Clock information<br />\n3. If yes, trigger a Call home and Software update<br />\n4. If no, connect the clock to an another ethernet/port or connect the clock to Static IP<br />\n5. Trigger a Call home and Software update<br />\n<br />\n<br />\n<br />\nRegards, <br />\nClaudette<br><br>\n								Solution : <br>\n								<br><br>\n								Regards<br>Support Administrator<br><br>','2023-04-20 21:15:13','2023-04-20 21:15:13',NULL,NULL,0,1,0,0,'CRM','Ticket Number : TKT000066 Dayforce Tablet Offline'),(226,1,1,1,'Emails','Ticket ID : 222<br>Ticket Title : BRD Day Force Clock In Error<br><br>\n								Dear Solorzano Angel,<br><br>\n								The Ticket is replied the details are :<br><br>\n								Ticket No : TKT000065<br>\n								Status : Closed<br>\n								Category : Small Problem<br>\n								Severity : Minor<br>\n								Priority : Normal<br><br>\n								Description : <br>Hello Blue Technology, <br />\n<br />\nWe would like to request a technician for the location below:<br />\n<br />\nAddress: 115 New Montgomery Street, San Francisco, The Bird (Soma)<br />\nDate:  ASAP, If possible tomorrow April 6<br />\nTime: 11AM PST <br />\nAccess to Store:  C/o Staff <br />\nDynamix Ref Number: 109914<br />\nDevice Type: Dayforce Touch Clock<br />\nConnection Type: Wireless<br />\n<br />\nWork Needed:<br />\nOffline Clock Troubleshooting:-<br />\n1.1Verify if the clock is receiving an IP address<br />\n1.Go to the location the clock is mounted<br />\n2. Place and hold your Finger on the Welcome to Dayforce HCM until the clock prompts you to enter the administrator PIN.<br />\n3. Enter the PIN 4110 and press Enter.<br />\n4. Tap Clock Information icon<br />\n5. Verify if the clock has an IP address<br />\n If the clock has an IP address<br />\nTrigger a Call Home and a Software Update through the admin mode<br />\nNote: If the clock goes on activation pending screen, trigger a Call home and a Software<br />\nupdate again<br />\n<br />\n If the IP address is missing<br />\n1. Disconnect the ethernet cable and plug it back again.<br />\n2. Verify if there is an IP address under the Clock information<br />\n3. If yes, trigger a Call home and Software update<br />\n4. If no, connect the clock to an another ethernet/port or connect the clock to Static IP<br />\n5. Trigger a Call home and Software update<br />\n<br />\n<br />\n<br />\nRegards, <br />\nClaudette<br><br>\n								Solution : <br>\n								<br><br>\n								Regards<br>Support Administrator<br><br>','2023-04-20 21:15:24','2023-04-20 21:15:24',NULL,NULL,0,1,0,0,'CRM','Ticket Number : TKT000065 BRD Day Force Clock In Error'),(227,6,9,6,'HelpDesk','Hello Blue Technology, \n\nWe would like to request a technician for the location below:\n\nAddress: 3 Serramonte Center Space #662, Daly City, Super Duper-Serramonte\nDate:  ASAP, If possible tomorrow April 7\nTime: 1PM PST \nAccess to Store:  C/o Staff \nDynamix Ref Number: 109842\nDevice Type: Dayforce Touch Clock\nConnection Type: Wireless\n\nWork Needed:\nOffline Clock Troubleshooting:-\n1.1Verify if the clock is receiving an IP address\n1.Go to the location the clock is mounted\n2. Place and hold your Finger on the Welcome to Dayforce HCM until the clock prompts you to enter the administrator PIN.\n3. Enter the PIN 4110 and press Enter.\n4. Tap Clock Information icon\n5. Verify if the clock has an IP address\n If the clock has an IP address\nTrigger a Call Home and a Software Update through the admin mode\nNote: If the clock goes on activation pending screen, trigger a Call home and a Software\nupdate again\n\n If the IP address is missing\n1. Disconnect the ethernet cable and plug it back again.\n2. Verify if there is an IP address under the Clock information\n3. If yes, trigger a Call home and Software update\n4. If no, connect the clock to an another ethernet/port or connect the clock to Static IP\n5. Trigger a Call home and Software update','2023-04-20 21:18:58','2023-04-20 21:54:59',NULL,NULL,0,1,0,0,'CRM','Dayforce Tablet'),(228,6,9,1,'HelpDesk','Hello Blue Technology, \n \nWe would like to request a technician for the location below:\n\n \n\nAddress: 2049 Fillmore Street, The Tailor\'s Son\n\nDate: April 10, Monday\n\nTime: 8:30 AM PST\n\nAccess to Store:  Granted c/o Kitchen Staff \n\nDynamix Ref Number: 109938\n\nDevice Type: Expo Printer\n\nConnection Type: Wired\n \n\nWork Needed:\nRun a test on the expo printer while on its offline mode. \n\n\n\nRegards, \nClaudette','2023-04-20 21:21:32','2023-04-20 21:46:01',NULL,NULL,0,1,0,0,'CRM','Run a test why expo printer didnt work on offline mode'),(229,1,1,1,'Emails','Ticket ID : 227<br>Ticket Title : Dayforce Tablet<br><br>\n								Dear Ismodes JC,<br><br>\n								The Ticket is replied the details are :<br><br>\n								Ticket No : TKT000067<br>\n								Status : Closed<br>\n								Category : Small Problem<br>\n								Severity : Minor<br>\n								Priority : Normal<br><br>\n								Description : <br>Hello Blue Technology, <br />\n<br />\nWe would like to request a technician for the location below:<br />\n<br />\nAddress: 3 Serramonte Center Space #662, Daly City, Super Duper-Serramonte<br />\nDate:  ASAP, If possible tomorrow April 7<br />\nTime: 1PM PST <br />\nAccess to Store:  C/o Staff <br />\nDynamix Ref Number: 109842<br />\nDevice Type: Dayforce Touch Clock<br />\nConnection Type: Wireless<br />\n<br />\nWork Needed:<br />\nOffline Clock Troubleshooting:-<br />\n1.1Verify if the clock is receiving an IP address<br />\n1.Go to the location the clock is mounted<br />\n2. Place and hold your Finger on the Welcome to Dayforce HCM until the clock prompts you to enter the administrator PIN.<br />\n3. Enter the PIN 4110 and press Enter.<br />\n4. Tap Clock Information icon<br />\n5. Verify if the clock has an IP address<br />\n If the clock has an IP address<br />\nTrigger a Call Home and a Software Update through the admin mode<br />\nNote: If the clock goes on activation pending screen, trigger a Call home and a Software<br />\nupdate again<br />\n<br />\n If the IP address is missing<br />\n1. Disconnect the ethernet cable and plug it back again.<br />\n2. Verify if there is an IP address under the Clock information<br />\n3. If yes, trigger a Call home and Software update<br />\n4. If no, connect the clock to an another ethernet/port or connect the clock to Static IP<br />\n5. Trigger a Call home and Software update<br><br>\n								Solution : <br>\n								<br><br>\n								Regards<br>Support Administrator<br><br>','2023-04-20 21:30:01','2023-04-20 21:30:01',NULL,NULL,0,1,0,0,'CRM','Ticket Number : TKT000067 Dayforce Tablet'),(230,1,1,1,'Emails','Ticket ID : 228<br>Ticket Title : Run a test why expo printer didnt work on offline mode<br><br>\n								Dear Ismodes JC,<br><br>\n								The Ticket is replied the details are :<br><br>\n								Ticket No : TKT000068<br>\n								Status : Closed<br>\n								Category : Small Problem<br>\n								Severity : Minor<br>\n								Priority : Normal<br><br>\n								Description : <br>Hello Blue Technology, <br />\n <br />\nWe would like to request a technician for the location below:<br />\n<br />\n <br />\n<br />\nAddress: 2049 Fillmore Street, The Tailor\'s Son<br />\n<br />\nDate: April 10, Monday<br />\n<br />\nTime: 8:30 AM PST<br />\n<br />\nAccess to Store:  Granted c/o Kitchen Staff <br />\n<br />\nDynamix Ref Number: 109938<br />\n<br />\nDevice Type: Expo Printer<br />\n<br />\nConnection Type: Wired<br />\n <br />\n<br />\nWork Needed:<br />\nRun a test on the expo printer while on its offline mode. <br />\n<br />\n<br />\n<br />\nRegards, <br />\nClaudette<br><br>\n								Solution : <br>\n								<br><br>\n								Regards<br>Support Administrator<br><br>','2023-04-20 21:30:13','2023-04-20 21:30:13',NULL,NULL,0,1,0,0,'CRM','Ticket Number : TKT000068 Run a test why expo printer didnt work on offline mode'),(231,6,9,1,'HelpDesk','Hello Blue Technology, \n\nWe would like to request a technician for the location below:\n\nAddress: 721 Market Street, San Francisco,  Super Duper-Downtown\nDate:  ASAP, If possible tomorrow April 7\nTime: 2PM PST \nAccess to Store:  C/o Staff \nDynamix Ref Number: 109919\nDevice Type: Dayforce Touch Clock\nConnection Type: Wireless\n\nWork Needed:\nOffline Clock Troubleshooting:-\n1.1Verify if the clock is receiving an IP address\n1.Go to the location the clock is mounted\n2. Place and hold your Finger on the Welcome to Dayforce HCM until the clock prompts you to enter the administrator PIN.\n3. Enter the PIN 4110 and press Enter.\n4. Tap Clock Information icon\n5. Verify if the clock has an IP address\n If the clock has an IP address\nTrigger a Call Home and a Software Update through the admin mode\nNote: If the clock goes on activation pending screen, trigger a Call home and a Software\nupdate again\n\n If the IP address is missing\n1. Disconnect the ethernet cable and plug it back again.\n2. Verify if there is an IP address under the Clock information\n3. If yes, trigger a Call home and Software update\n4. If no, connect the clock to an another ethernet/port or connect the clock to Static IP\n5. Trigger a Call home and Software update','2023-04-20 21:30:42','2023-04-20 21:45:42',NULL,NULL,0,1,0,0,'CRM','Clock-In Devise at SD-Downtown'),(232,6,9,1,'HelpDesk','Hello Blue Technology, \n\nWe would like to request a technician for the location below:\n\nAddress: 15991 Los Gatos Blvd., Bldg 3, Los Gatos,  Super Duper-Los Gatos\nDate:  ASAP, If possible tomorrow April 7\nTime: 3PM PST \nAccess to Store:  C/o Staff \nDynamix Ref Number: 109930\nDevice Type: Dayforce Touch Clock\nConnection Type: Wireless\n\nWork Needed:\nOffline Clock Troubleshooting:-\n1.1Verify if the clock is receiving an IP address\n1.Go to the location the clock is mounted\n2. Place and hold your Finger on the Welcome to Dayforce HCM until the clock prompts you to enter the administrator PIN.\n3. Enter the PIN 4110 and press Enter.\n4. Tap Clock Information icon\n5. Verify if the clock has an IP address\n If the clock has an IP address\nTrigger a Call Home and a Software Update through the admin mode\nNote: If the clock goes on activation pending screen, trigger a Call home and a Software\nupdate again\n\n If the IP address is missing\n1. Disconnect the ethernet cable and plug it back again.\n2. Verify if there is an IP address under the Clock information\n3. If yes, trigger a Call home and Software update\n4. If no, connect the clock to an another ethernet/port or connect the clock to Static IP\n5. Trigger a Call home and Software update','2023-04-20 21:34:11','2023-04-20 21:45:51',NULL,NULL,0,1,0,0,'CRM','Dayforce clock'),(233,6,9,1,'HelpDesk','Hello Blue Technology, \n\nWe would like to request a technician for the location below:\n\nAddress: 3900 Bel Aire Plaza, Napa  Super Duper-Napa\nDate:  ASAP, If possible tomorrow April 7\nTime: 4PM PST \nAccess to Store:  C/o Staff \nDynamix Ref Number: 109936\nDevice Type: Dayforce Touch Clock\nConnection Type: Wireless\n\nWork Needed:\nOffline Clock Troubleshooting:-\n1.1Verify if the clock is receiving an IP address\n1.Go to the location the clock is mounted\n2. Place and hold your Finger on the Welcome to Dayforce HCM until the clock prompts you to enter the administrator PIN.\n3. Enter the PIN 4110 and press Enter.\n4. Tap Clock Information icon\n5. Verify if the clock has an IP address\n If the clock has an IP address\nTrigger a Call Home and a Software Update through the admin mode\nNote: If the clock goes on activation pending screen, trigger a Call home and a Software\nupdate again\n\n If the IP address is missing\n1. Disconnect the ethernet cable and plug it back again.\n2. Verify if there is an IP address under the Clock information\n3. If yes, trigger a Call home and Software update\n4. If no, connect the clock to an another ethernet/port or connect the clock to Static IP\n5. Trigger a Call home and Software update','2023-04-20 21:36:42','2023-05-10 19:00:46',NULL,NULL,0,1,0,0,'CRM','Napa SD - DayForce Tablet Issues'),(234,6,9,1,'HelpDesk','Hello Blue Technology, \n\nWe would like to request a technician for the location below:\n\nAddress: 2304 Market Street, San Francisco  Super Duper-Castro\nDate:  ASAP, If possible tomorrow April 7\nTime: 5PM PST \nAccess to Store:  C/o Staff \nDynamix Ref Number: 109947\nDevice Type: Dayforce Touch Clock\nConnection Type: Wireless\n\nWork Needed:\nOffline Clock Troubleshooting:-\n1.1Verify if the clock is receiving an IP address\n1.Go to the location the clock is mounted\n2. Place and hold your Finger on the Welcome to Dayforce HCM until the clock prompts you to enter the administrator PIN.\n3. Enter the PIN 4110 and press Enter.\n4. Tap Clock Information icon\n5. Verify if the clock has an IP address\n If the clock has an IP address\nTrigger a Call Home and a Software Update through the admin mode\nNote: If the clock goes on activation pending screen, trigger a Call home and a Software\nupdate again\n\n If the IP address is missing\n1. Disconnect the ethernet cable and plug it back again.\n2. Verify if there is an IP address under the Clock information\n3. If yes, trigger a Call home and Software update\n4. If no, connect the clock to an another ethernet/port or connect the clock to Static IP\n5. Trigger a Call home and Software update\n\n\nRegards, \nClaudette','2023-04-20 21:38:51','2023-04-20 22:00:02',NULL,NULL,0,1,0,0,'CRM','Troubleshoot Dayforce Offline at SD Castro'),(235,1,1,1,'Emails','Ticket ID : 231<br>Ticket Title : Clock-In Devise at SD-Downtown<br><br>\n								Dear Ismodes JC,<br><br>\n								The Ticket is replied the details are :<br><br>\n								Ticket No : TKT000069<br>\n								Status : Closed<br>\n								Category : Small Problem<br>\n								Severity : Minor<br>\n								Priority : Normal<br><br>\n								Description : <br>Hello Blue Technology, <br />\n<br />\nWe would like to request a technician for the location below:<br />\n<br />\nAddress: 721 Market Street, San Francisco,  Super Duper-Downtown<br />\nDate:  ASAP, If possible tomorrow April 7<br />\nTime: 2PM PST <br />\nAccess to Store:  C/o Staff <br />\nDynamix Ref Number: 109919<br />\nDevice Type: Dayforce Touch Clock<br />\nConnection Type: Wireless<br />\n<br />\nWork Needed:<br />\nOffline Clock Troubleshooting:-<br />\n1.1Verify if the clock is receiving an IP address<br />\n1.Go to the location the clock is mounted<br />\n2. Place and hold your Finger on the Welcome to Dayforce HCM until the clock prompts you to enter the administrator PIN.<br />\n3. Enter the PIN 4110 and press Enter.<br />\n4. Tap Clock Information icon<br />\n5. Verify if the clock has an IP address<br />\n If the clock has an IP address<br />\nTrigger a Call Home and a Software Update through the admin mode<br />\nNote: If the clock goes on activation pending screen, trigger a Call home and a Software<br />\nupdate again<br />\n<br />\n If the IP address is missing<br />\n1. Disconnect the ethernet cable and plug it back again.<br />\n2. Verify if there is an IP address under the Clock information<br />\n3. If yes, trigger a Call home and Software update<br />\n4. If no, connect the clock to an another ethernet/port or connect the clock to Static IP<br />\n5. Trigger a Call home and Software update<br><br>\n								Solution : <br>\n								<br><br>\n								Regards<br>Support Administrator<br><br>','2023-04-20 21:45:02','2023-04-20 21:45:02',NULL,NULL,0,1,0,0,'CRM','Ticket Number : TKT000069 Clock-In Devise at SD-Downtown'),(236,1,1,1,'Emails','Ticket ID : 232<br>Ticket Title : Dayforce clock<br><br>\n								Dear Ismodes JC,<br><br>\n								The Ticket is replied the details are :<br><br>\n								Ticket No : TKT000070<br>\n								Status : Closed<br>\n								Category : Small Problem<br>\n								Severity : Minor<br>\n								Priority : Normal<br><br>\n								Description : <br>Hello Blue Technology, <br />\n<br />\nWe would like to request a technician for the location below:<br />\n<br />\nAddress: 15991 Los Gatos Blvd., Bldg 3, Los Gatos,  Super Duper-Los Gatos<br />\nDate:  ASAP, If possible tomorrow April 7<br />\nTime: 3PM PST <br />\nAccess to Store:  C/o Staff <br />\nDynamix Ref Number: 109930<br />\nDevice Type: Dayforce Touch Clock<br />\nConnection Type: Wireless<br />\n<br />\nWork Needed:<br />\nOffline Clock Troubleshooting:-<br />\n1.1Verify if the clock is receiving an IP address<br />\n1.Go to the location the clock is mounted<br />\n2. Place and hold your Finger on the Welcome to Dayforce HCM until the clock prompts you to enter the administrator PIN.<br />\n3. Enter the PIN 4110 and press Enter.<br />\n4. Tap Clock Information icon<br />\n5. Verify if the clock has an IP address<br />\n If the clock has an IP address<br />\nTrigger a Call Home and a Software Update through the admin mode<br />\nNote: If the clock goes on activation pending screen, trigger a Call home and a Software<br />\nupdate again<br />\n<br />\n If the IP address is missing<br />\n1. Disconnect the ethernet cable and plug it back again.<br />\n2. Verify if there is an IP address under the Clock information<br />\n3. If yes, trigger a Call home and Software update<br />\n4. If no, connect the clock to an another ethernet/port or connect the clock to Static IP<br />\n5. Trigger a Call home and Software update<br><br>\n								Solution : <br>\n								<br><br>\n								Regards<br>Support Administrator<br><br>','2023-04-20 21:45:08','2023-04-20 21:45:08',NULL,NULL,0,1,0,0,'CRM','Ticket Number : TKT000070 Dayforce clock'),(237,1,1,1,'Emails','Ticket ID : 233<br>Ticket Title : Napa SD - DayForce Tablet Issues<br><br>\n								Dear Ismodes JC,<br><br>\n								The Ticket is replied the details are :<br><br>\n								Ticket No : TKT000071<br>\n								Status : Closed<br>\n								Category : Small Problem<br>\n								Severity : Minor<br>\n								Priority : Normal<br><br>\n								Description : <br>Hello Blue Technology, <br />\n<br />\nWe would like to request a technician for the location below:<br />\n<br />\nAddress: 3900 Bel Aire Plaza, Napa  Super Duper-Napa<br />\nDate:  ASAP, If possible tomorrow April 7<br />\nTime: 4PM PST <br />\nAccess to Store:  C/o Staff <br />\nDynamix Ref Number: 109936<br />\nDevice Type: Dayforce Touch Clock<br />\nConnection Type: Wireless<br />\n<br />\nWork Needed:<br />\nOffline Clock Troubleshooting:-<br />\n1.1Verify if the clock is receiving an IP address<br />\n1.Go to the location the clock is mounted<br />\n2. Place and hold your Finger on the Welcome to Dayforce HCM until the clock prompts you to enter the administrator PIN.<br />\n3. Enter the PIN 4110 and press Enter.<br />\n4. Tap Clock Information icon<br />\n5. Verify if the clock has an IP address<br />\n If the clock has an IP address<br />\nTrigger a Call Home and a Software Update through the admin mode<br />\nNote: If the clock goes on activation pending screen, trigger a Call home and a Software<br />\nupdate again<br />\n<br />\n If the IP address is missing<br />\n1. Disconnect the ethernet cable and plug it back again.<br />\n2. Verify if there is an IP address under the Clock information<br />\n3. If yes, trigger a Call home and Software update<br />\n4. If no, connect the clock to an another ethernet/port or connect the clock to Static IP<br />\n5. Trigger a Call home and Software update<br><br>\n								Solution : <br>\n								<br><br>\n								Regards<br>Support Administrator<br><br>','2023-04-20 21:45:16','2023-04-20 21:45:16',NULL,NULL,0,1,0,0,'CRM','Ticket Number : TKT000071 Napa SD - DayForce Tablet Issues'),(238,1,1,1,'Emails','Ticket ID : 234<br>Ticket Title : Troubleshoot Dayforce Offline at SD Castro<br><br>\n								Dear Ismodes JC,<br><br>\n								The Ticket is replied the details are :<br><br>\n								Ticket No : TKT000072<br>\n								Status : Closed<br>\n								Category : Small Problem<br>\n								Severity : Minor<br>\n								Priority : Normal<br><br>\n								Description : <br>Hello Blue Technology, <br />\n<br />\nWe would like to request a technician for the location below:<br />\n<br />\nAddress: 2304 Market Street, San Francisco  Super Duper-Castro<br />\nDate:  ASAP, If possible tomorrow April 7<br />\nTime: 5PM PST <br />\nAccess to Store:  C/o Staff <br />\nDynamix Ref Number: 109947<br />\nDevice Type: Dayforce Touch Clock<br />\nConnection Type: Wireless<br />\n<br />\nWork Needed:<br />\nOffline Clock Troubleshooting:-<br />\n1.1Verify if the clock is receiving an IP address<br />\n1.Go to the location the clock is mounted<br />\n2. Place and hold your Finger on the Welcome to Dayforce HCM until the clock prompts you to enter the administrator PIN.<br />\n3. Enter the PIN 4110 and press Enter.<br />\n4. Tap Clock Information icon<br />\n5. Verify if the clock has an IP address<br />\n If the clock has an IP address<br />\nTrigger a Call Home and a Software Update through the admin mode<br />\nNote: If the clock goes on activation pending screen, trigger a Call home and a Software<br />\nupdate again<br />\n<br />\n If the IP address is missing<br />\n1. Disconnect the ethernet cable and plug it back again.<br />\n2. Verify if there is an IP address under the Clock information<br />\n3. If yes, trigger a Call home and Software update<br />\n4. If no, connect the clock to an another ethernet/port or connect the clock to Static IP<br />\n5. Trigger a Call home and Software update<br />\n<br />\n<br />\nRegards, <br />\nClaudette<br><br>\n								Solution : <br>\n								<br><br>\n								Regards<br>Support Administrator<br><br>','2023-04-20 21:45:23','2023-04-20 21:45:23',NULL,NULL,0,1,0,0,'CRM','Ticket Number : TKT000072 Troubleshoot Dayforce Offline at SD Castro'),(239,1,1,1,'Emails','Ticket ID : 227<br>Ticket Title : Dayforce Tablet<br><br>\n								Dear Solorzano Angel,<br><br>\n								The Ticket is replied the details are :<br><br>\n								Ticket No : TKT000067<br>\n								Status : Closed<br>\n								Category : Small Problem<br>\n								Severity : Minor<br>\n								Priority : Normal<br><br>\n								Description : <br>Hello Blue Technology, <br />\n<br />\nWe would like to request a technician for the location below:<br />\n<br />\nAddress: 3 Serramonte Center Space #662, Daly City, Super Duper-Serramonte<br />\nDate:  ASAP, If possible tomorrow April 7<br />\nTime: 1PM PST <br />\nAccess to Store:  C/o Staff <br />\nDynamix Ref Number: 109842<br />\nDevice Type: Dayforce Touch Clock<br />\nConnection Type: Wireless<br />\n<br />\nWork Needed:<br />\nOffline Clock Troubleshooting:-<br />\n1.1Verify if the clock is receiving an IP address<br />\n1.Go to the location the clock is mounted<br />\n2. Place and hold your Finger on the Welcome to Dayforce HCM until the clock prompts you to enter the administrator PIN.<br />\n3. Enter the PIN 4110 and press Enter.<br />\n4. Tap Clock Information icon<br />\n5. Verify if the clock has an IP address<br />\n If the clock has an IP address<br />\nTrigger a Call Home and a Software Update through the admin mode<br />\nNote: If the clock goes on activation pending screen, trigger a Call home and a Software<br />\nupdate again<br />\n<br />\n If the IP address is missing<br />\n1. Disconnect the ethernet cable and plug it back again.<br />\n2. Verify if there is an IP address under the Clock information<br />\n3. If yes, trigger a Call home and Software update<br />\n4. If no, connect the clock to an another ethernet/port or connect the clock to Static IP<br />\n5. Trigger a Call home and Software update<br><br>\n								Solution : <br>\n								<br><br>\n								Regards<br>Support Administrator<br><br>','2023-04-20 21:45:32','2023-04-20 21:45:32',NULL,NULL,0,1,0,0,'CRM','Ticket Number : TKT000067 Dayforce Tablet'),(240,1,1,1,'Emails','Ticket ID : 231<br>Ticket Title : Clock-In Devise at SD-Downtown<br><br>\n								Dear Solorzano Angel,<br><br>\n								The Ticket is replied the details are :<br><br>\n								Ticket No : TKT000069<br>\n								Status : Closed<br>\n								Category : Small Problem<br>\n								Severity : Minor<br>\n								Priority : Normal<br><br>\n								Description : <br>Hello Blue Technology, <br />\n<br />\nWe would like to request a technician for the location below:<br />\n<br />\nAddress: 721 Market Street, San Francisco,  Super Duper-Downtown<br />\nDate:  ASAP, If possible tomorrow April 7<br />\nTime: 2PM PST <br />\nAccess to Store:  C/o Staff <br />\nDynamix Ref Number: 109919<br />\nDevice Type: Dayforce Touch Clock<br />\nConnection Type: Wireless<br />\n<br />\nWork Needed:<br />\nOffline Clock Troubleshooting:-<br />\n1.1Verify if the clock is receiving an IP address<br />\n1.Go to the location the clock is mounted<br />\n2. Place and hold your Finger on the Welcome to Dayforce HCM until the clock prompts you to enter the administrator PIN.<br />\n3. Enter the PIN 4110 and press Enter.<br />\n4. Tap Clock Information icon<br />\n5. Verify if the clock has an IP address<br />\n If the clock has an IP address<br />\nTrigger a Call Home and a Software Update through the admin mode<br />\nNote: If the clock goes on activation pending screen, trigger a Call home and a Software<br />\nupdate again<br />\n<br />\n If the IP address is missing<br />\n1. Disconnect the ethernet cable and plug it back again.<br />\n2. Verify if there is an IP address under the Clock information<br />\n3. If yes, trigger a Call home and Software update<br />\n4. If no, connect the clock to an another ethernet/port or connect the clock to Static IP<br />\n5. Trigger a Call home and Software update<br><br>\n								Solution : <br>\n								<br><br>\n								Regards<br>Support Administrator<br><br>','2023-04-20 21:45:42','2023-04-20 21:45:42',NULL,NULL,0,1,0,0,'CRM','Ticket Number : TKT000069 Clock-In Devise at SD-Downtown'),(241,1,1,1,'Emails','Ticket ID : 232<br>Ticket Title : Dayforce clock<br><br>\n								Dear Solorzano Angel,<br><br>\n								The Ticket is replied the details are :<br><br>\n								Ticket No : TKT000070<br>\n								Status : Closed<br>\n								Category : Small Problem<br>\n								Severity : Minor<br>\n								Priority : Normal<br><br>\n								Description : <br>Hello Blue Technology, <br />\n<br />\nWe would like to request a technician for the location below:<br />\n<br />\nAddress: 15991 Los Gatos Blvd., Bldg 3, Los Gatos,  Super Duper-Los Gatos<br />\nDate:  ASAP, If possible tomorrow April 7<br />\nTime: 3PM PST <br />\nAccess to Store:  C/o Staff <br />\nDynamix Ref Number: 109930<br />\nDevice Type: Dayforce Touch Clock<br />\nConnection Type: Wireless<br />\n<br />\nWork Needed:<br />\nOffline Clock Troubleshooting:-<br />\n1.1Verify if the clock is receiving an IP address<br />\n1.Go to the location the clock is mounted<br />\n2. Place and hold your Finger on the Welcome to Dayforce HCM until the clock prompts you to enter the administrator PIN.<br />\n3. Enter the PIN 4110 and press Enter.<br />\n4. Tap Clock Information icon<br />\n5. Verify if the clock has an IP address<br />\n If the clock has an IP address<br />\nTrigger a Call Home and a Software Update through the admin mode<br />\nNote: If the clock goes on activation pending screen, trigger a Call home and a Software<br />\nupdate again<br />\n<br />\n If the IP address is missing<br />\n1. Disconnect the ethernet cable and plug it back again.<br />\n2. Verify if there is an IP address under the Clock information<br />\n3. If yes, trigger a Call home and Software update<br />\n4. If no, connect the clock to an another ethernet/port or connect the clock to Static IP<br />\n5. Trigger a Call home and Software update<br><br>\n								Solution : <br>\n								<br><br>\n								Regards<br>Support Administrator<br><br>','2023-04-20 21:45:51','2023-04-20 21:45:51',NULL,NULL,0,1,0,0,'CRM','Ticket Number : TKT000070 Dayforce clock'),(242,1,1,1,'Emails','Ticket ID : 228<br>Ticket Title : Run a test why expo printer didnt work on offline mode<br><br>\n								Dear Solorzano Angel,<br><br>\n								The Ticket is replied the details are :<br><br>\n								Ticket No : TKT000068<br>\n								Status : Closed<br>\n								Category : Small Problem<br>\n								Severity : Minor<br>\n								Priority : Normal<br><br>\n								Description : <br>Hello Blue Technology, <br />\n <br />\nWe would like to request a technician for the location below:<br />\n<br />\n <br />\n<br />\nAddress: 2049 Fillmore Street, The Tailor\'s Son<br />\n<br />\nDate: April 10, Monday<br />\n<br />\nTime: 8:30 AM PST<br />\n<br />\nAccess to Store:  Granted c/o Kitchen Staff <br />\n<br />\nDynamix Ref Number: 109938<br />\n<br />\nDevice Type: Expo Printer<br />\n<br />\nConnection Type: Wired<br />\n <br />\n<br />\nWork Needed:<br />\nRun a test on the expo printer while on its offline mode. <br />\n<br />\n<br />\n<br />\nRegards, <br />\nClaudette<br><br>\n								Solution : <br>\n								<br><br>\n								Regards<br>Support Administrator<br><br>','2023-04-20 21:46:01','2023-04-20 21:46:01',NULL,NULL,0,1,0,0,'CRM','Ticket Number : TKT000068 Run a test why expo printer didnt work on offline mode'),(243,1,1,1,'Emails','Ticket ID : 234<br>Ticket Title : Troubleshoot Dayforce Offline at SD Castro<br><br>\n								Dear Solorzano Angel,<br><br>\n								The Ticket is replied the details are :<br><br>\n								Ticket No : TKT000072<br>\n								Status : Closed<br>\n								Category : Small Problem<br>\n								Severity : Minor<br>\n								Priority : Normal<br><br>\n								Description : <br>Hello Blue Technology, <br />\n<br />\nWe would like to request a technician for the location below:<br />\n<br />\nAddress: 2304 Market Street, San Francisco  Super Duper-Castro<br />\nDate:  ASAP, If possible tomorrow April 7<br />\nTime: 5PM PST <br />\nAccess to Store:  C/o Staff <br />\nDynamix Ref Number: 109947<br />\nDevice Type: Dayforce Touch Clock<br />\nConnection Type: Wireless<br />\n<br />\nWork Needed:<br />\nOffline Clock Troubleshooting:-<br />\n1.1Verify if the clock is receiving an IP address<br />\n1.Go to the location the clock is mounted<br />\n2. Place and hold your Finger on the Welcome to Dayforce HCM until the clock prompts you to enter the administrator PIN.<br />\n3. Enter the PIN 4110 and press Enter.<br />\n4. Tap Clock Information icon<br />\n5. Verify if the clock has an IP address<br />\n If the clock has an IP address<br />\nTrigger a Call Home and a Software Update through the admin mode<br />\nNote: If the clock goes on activation pending screen, trigger a Call home and a Software<br />\nupdate again<br />\n<br />\n If the IP address is missing<br />\n1. Disconnect the ethernet cable and plug it back again.<br />\n2. Verify if there is an IP address under the Clock information<br />\n3. If yes, trigger a Call home and Software update<br />\n4. If no, connect the clock to an another ethernet/port or connect the clock to Static IP<br />\n5. Trigger a Call home and Software update<br />\n<br />\n<br />\nRegards, <br />\nClaudette<br><br>\n								Solution : <br>\n								<br><br>\n								Regards<br>Support Administrator<br><br>','2023-04-20 22:00:02','2023-04-20 22:00:02',NULL,NULL,0,1,0,0,'CRM','Ticket Number : TKT000072 Troubleshoot Dayforce Offline at SD Castro'),(244,6,6,1,'HelpDesk','Hello BlueTechnology,\n\n \n\nWe would like to request a technician for the location below:\n\n \n\nAddress: 2175 Chestnut Street-Delarosa Marina\nDate: April 12, 2023, Tuesday\nTime: 10:00 AM PST\nAccess to Store: Granted c/o Staff\nDynamix Ref Number: 109843\nDevice Type: Printer\nConnection Type: Wired\n\n \n\nWork Needed:\n\n \n\nTask :\n\nRun a test on the Printer showing Red Light On.\nGet the serial number of the printer. \n \n\nTroubleshooting Steps taken:\n\n  Nothing due to GM are not reachable. We contacted multiple time but unsuccessful.','2023-04-20 22:05:51','2023-04-20 22:15:02',NULL,NULL,0,1,0,0,'CRM','Printer Red Light On'),(245,6,6,6,'HelpDesk','Hello JC,\n\n \nWe would like to request a technician for the location below:\n\n \n\nAddress: 98 Mission Street\n\nDate: 04/11/2022\n\nTime: 04:00 PM PST\n\nAccess to Store: C/o Staff\n\nDynamix Ref Number: 109907\n\nDevice Type: Dayforce Touchclocks\n\nConnection Type: Wireless\n \n\nWork Needed:\nTask 1: Reboot the Clock\nTask 2: Reconnect the device back to BOHTC network\nTask 3: Enter the password (Password will be provided over the phone)\nTask 4: Test if punches are recorded on the logs\n\n\nThank you and looking forward to your earliest response.\n\n\nRegards,\nChristine','2023-04-20 22:11:39','2023-04-20 22:27:30',NULL,NULL,0,1,0,0,'CRM','Reconnect Dayforce Touchclocks Wirelessly to BOHTC / 98 Mission Street'),(246,1,1,1,'Emails','Ticket ID : 244<br>Ticket Title : Printer Red Light On<br><br>\n								Dear Ismodes JC,<br><br>\n								The Ticket is replied the details are :<br><br>\n								Ticket No : TKT000073<br>\n								Status : Closed<br>\n								Category : Small Problem<br>\n								Severity : Minor<br>\n								Priority : Normal<br><br>\n								Description : <br>Hello BlueTechnology,<br />\n<br />\n <br />\n<br />\nWe would like to request a technician for the location below:<br />\n<br />\n <br />\n<br />\nAddress: 2175 Chestnut Street-Delarosa Marina<br />\nDate: April 12, 2023, Tuesday<br />\nTime: 10:00 AM PST<br />\nAccess to Store: Granted c/o Staff<br />\nDynamix Ref Number: 109843<br />\nDevice Type: Printer<br />\nConnection Type: Wired<br />\n<br />\n <br />\n<br />\nWork Needed:<br />\n<br />\n <br />\n<br />\nTask :<br />\n<br />\nRun a test on the Printer showing Red Light On.<br />\nGet the serial number of the printer. <br />\n <br />\n<br />\nTroubleshooting Steps taken:<br />\n<br />\n  Nothing due to GM are not reachable. We contacted multiple time but unsuccessful.<br><br>\n								Solution : <br>\n								<br><br>\n								Regards<br>Support Administrator<br><br>','2023-04-20 22:15:01','2023-04-20 22:15:01',NULL,NULL,0,1,0,0,'CRM','Ticket Number : TKT000073 Printer Red Light On'),(247,1,1,1,'Emails','Ticket ID : 245<br>Ticket Title : Reconnect Dayforce Touchclocks Wirelessly to BOHTC / 98 Mission Street<br><br>\n								Dear Ismodes JC,<br><br>\n								The Ticket is replied the details are :<br><br>\n								Ticket No : TKT000074<br>\n								Status : Closed<br>\n								Category : Small Problem<br>\n								Severity : Minor<br>\n								Priority : Normal<br><br>\n								Description : <br>Hello JC,<br />\n<br />\n <br />\nWe would like to request a technician for the location below:<br />\n<br />\n <br />\n<br />\nAddress: 98 Mission Street<br />\n<br />\nDate: 04/11/2022<br />\n<br />\nTime: 04:00 PM PST<br />\n<br />\nAccess to Store: C/o Staff<br />\n<br />\nDynamix Ref Number: 109907<br />\n<br />\nDevice Type: Dayforce Touchclocks<br />\n<br />\nConnection Type: Wireless<br />\n <br />\n<br />\nWork Needed:<br />\nTask 1: Reboot the Clock<br />\nTask 2: Reconnect the device back to BOHTC network<br />\nTask 3: Enter the password (Password will be provided over the phone)<br />\nTask 4: Test if punches are recorded on the logs<br />\n<br />\n<br />\nThank you and looking forward to your earliest response.<br />\n<br />\n<br />\nRegards,<br />\nChristine<br><br>\n								Solution : <br>\n								<br><br>\n								Regards<br>Support Administrator<br><br>','2023-04-20 22:15:12','2023-04-20 22:15:12',NULL,NULL,0,1,0,0,'CRM','Ticket Number : TKT000074 Reconnect Dayforce Touchclocks Wirelessly to BOHTC / 98 Mission Street'),(248,6,6,1,'HelpDesk','Hello JC,\n\n \nWe would like to request a technician for the location below:\n\n \n\nAddress: 3401 California Street\n\nDate: 04/11/2022\n\nTime: 05:00 PM PST\n\nAccess to Store: C/o Staff\n\nDynamix Ref Number: 109983\n\nDevice Type: Dayforce Touchclocks\n\nConnection Type: Wireless\n \n\nWork Needed:\nTask 1: Reboot the Clock\nTask 2: Reconnect the device back to BOHTC network\nTask 3: Enter the password (Password will be provided over the phone)\nTask 4: Test if punches are recorded on the logs\n\n \nThank you and looking forward to your earliest response.\n\n\nRegards,\nChristine','2023-04-20 22:25:22','2023-04-20 22:30:01',NULL,NULL,0,1,0,0,'CRM','Super Duper Laurel Village / Reconnect Dayforce Touchclock to the Network'),(249,1,1,1,'Emails','Ticket ID : 248<br>Ticket Title : Super Duper Laurel Village / Reconnect Dayforce Touchclock to the Network<br><br>\n								Dear Ismodes JC,<br><br>\n								The Ticket is replied the details are :<br><br>\n								Ticket No : TKT000075<br>\n								Status : Closed<br>\n								Category : Small Problem<br>\n								Severity : Minor<br>\n								Priority : Normal<br><br>\n								Description : <br>Hello JC,<br />\n<br />\n <br />\nWe would like to request a technician for the location below:<br />\n<br />\n <br />\n<br />\nAddress: 3401 California Street<br />\n<br />\nDate: 04/11/2022<br />\n<br />\nTime: 05:00 PM PST<br />\n<br />\nAccess to Store: C/o Staff<br />\n<br />\nDynamix Ref Number: 109983<br />\n<br />\nDevice Type: Dayforce Touchclocks<br />\n<br />\nConnection Type: Wireless<br />\n <br />\n<br />\nWork Needed:<br />\nTask 1: Reboot the Clock<br />\nTask 2: Reconnect the device back to BOHTC network<br />\nTask 3: Enter the password (Password will be provided over the phone)<br />\nTask 4: Test if punches are recorded on the logs<br />\n<br />\n <br />\nThank you and looking forward to your earliest response.<br />\n<br />\n<br />\nRegards,<br />\nChristine<br><br>\n								Solution : <br>\n								<br><br>\n								Regards<br>Support Administrator<br><br>','2023-04-20 22:30:01','2023-04-20 22:30:01',NULL,NULL,0,1,0,0,'CRM','Ticket Number : TKT000075 Super Duper Laurel Village / Reconnect Dayforce Touchclock to the Network'),(250,6,6,1,'HelpDesk','Hello Team, \n\nWe would like to request a technician for the location below: \n\nAddress: 721 Market Street\nDate:Time:  9AM PST April 13 2023 (Thur)\nAccess to Store: Office\nDynamix Ref Number: 00109901\nDevice Type: Connect the printer to the network\nConnection Type: Wired\n\nWork Needed:\nTask 1: Connect printer directly to switch\nTask 2: Test printer both print / scan feature (if scan is available)\n\nPrinter: Brother MFC L2690DW\n\nPlease let us know if you have any questions.\n\nRegards,\nJeremy.','2023-04-20 22:36:31','2023-04-20 22:45:02',NULL,NULL,0,1,0,0,'CRM','Super Duper Laurel Village / Reconnect Dayforce Touchclock to the Network'),(251,1,1,1,'Emails','Ticket ID : 250<br>Ticket Title : Super Duper Laurel Village / Reconnect Dayforce Touchclock to the Network<br><br>\n								Dear Ismodes JC,<br><br>\n								The Ticket is replied the details are :<br><br>\n								Ticket No : TKT000076<br>\n								Status : Closed<br>\n								Category : Small Problem<br>\n								Severity : Minor<br>\n								Priority : Normal<br><br>\n								Description : <br>Hello Team, <br />\n<br />\nWe would like to request a technician for the location below: <br />\n<br />\nAddress: 721 Market Street<br />\nDate:Time:  9AM PST April 13 2023 (Thur)<br />\nAccess to Store: Office<br />\nDynamix Ref Number: 00109901<br />\nDevice Type: Connect the printer to the network<br />\nConnection Type: Wired<br />\n<br />\nWork Needed:<br />\nTask 1: Connect printer directly to switch<br />\nTask 2: Test printer both print / scan feature (if scan is available)<br />\n<br />\nPrinter: Brother MFC L2690DW<br />\n<br />\nPlease let us know if you have any questions.<br />\n<br />\nRegards,<br />\nJeremy.<br><br>\n								Solution : <br>\n								<br><br>\n								Regards<br>Support Administrator<br><br>','2023-04-20 22:45:01','2023-04-20 22:45:01',NULL,NULL,0,1,0,0,'CRM','Ticket Number : TKT000076 Super Duper Laurel Village / Reconnect Dayforce Touchclock to the Network'),(252,6,9,1,'HelpDesk','Hello,\n\nI hope all is well.\n\nWe would like to request a technician for the location below:\n\nAddress: 5800 Nave Drive, Suite C\nDate: April 17, 2023 (Monday)\nTime: 7:00 AM PST\nAccess to Store: Granted\nDynamix Ref Number: 110064\nDevice Type: KDS\nConnection Type: Wired\n\n \n\nWork Needed:\n- Check KDS Physical connection why it is offline\n- Resolved the loading tickets issue\n- Check KDS displays the wrong time\n\nTroubleshooting Steps were taken:\n\nKDS offline:\n- make sure to select ethernet 1 (RJ 45)\n- make sure to set Wifi - off\n\nKDS displays the wrong time\n- Set the date and time under settings\n- Time still not showing accurately on the tickets\n\nThank you and looking forward to your response.\n\nRegards,\nDianah','2023-04-21 00:38:36','2023-04-21 01:00:03',NULL,NULL,0,1,0,0,'CRM','110064 / Super Duper - Novato / KDS offline, KDS displays wrong time'),(253,6,9,1,'HelpDesk','Hello Blue Technology, \n \nWe would like to request a technician for the location below:\n\n \n\nAddress: 1199 Valencia Street\n\nDate: April 17 at\n\nTime: 12noon PST\n\nAccess to Store:  Granted c/o Kitchen Staff \n\nDynamix Ref Number: 110134\n\nDevice Type: Wired\n\nConnection Type:\n\nConnected to Switch # (Only for new hardware)\n\n \n\nWork Needed:\nTo check and turn off the beeping sound on the UPS.\n\n\n\nTroubleshooting Steps taken:\nRebooted UPS still kept on beeping.','2023-04-21 00:44:05','2023-04-21 01:00:15',NULL,NULL,0,1,0,0,'CRM','Investigate the Beeping sounds'),(254,1,1,1,'Emails','Ticket ID : 252<br>Ticket Title : 110064 / Super Duper - Novato / KDS offline, KDS displays wrong time<br><br>\n								Dear Ismodes JC,<br><br>\n								The Ticket is replied the details are :<br><br>\n								Ticket No : TKT000077<br>\n								Status : Closed<br>\n								Category : Small Problem<br>\n								Severity : Minor<br>\n								Priority : Normal<br><br>\n								Description : <br>Hello,<br />\n<br />\nI hope all is well.<br />\n<br />\nWe would like to request a technician for the location below:<br />\n<br />\nAddress: 5800 Nave Drive, Suite C<br />\nDate: April 17, 2023 (Monday)<br />\nTime: 7:00 AM PST<br />\nAccess to Store: Granted<br />\nDynamix Ref Number: 110064<br />\nDevice Type: KDS<br />\nConnection Type: Wired<br />\n<br />\n <br />\n<br />\nWork Needed:<br />\n- Check KDS Physical connection why it is offline<br />\n- Resolved the loading tickets issue<br />\n- Check KDS displays the wrong time<br />\n<br />\nTroubleshooting Steps were taken:<br />\n<br />\nKDS offline:<br />\n- make sure to select ethernet 1 (RJ 45)<br />\n- make sure to set Wifi - off<br />\n<br />\nKDS displays the wrong time<br />\n- Set the date and time under settings<br />\n- Time still not showing accurately on the tickets<br />\n<br />\nThank you and looking forward to your response.<br />\n<br />\nRegards,<br />\nDianah<br><br>\n								Solution : <br>\n								<br><br>\n								Regards<br>Support Administrator<br><br>','2023-04-21 00:45:01','2023-04-21 00:45:01',NULL,NULL,0,1,0,0,'CRM','Ticket Number : TKT000077 110064 / Super Duper - Novato / KDS offline, KDS displays wrong time'),(255,1,1,1,'Emails','Ticket ID : 253<br>Ticket Title : Investigate the Beeping sounds<br><br>\n								Dear Ismodes JC,<br><br>\n								The Ticket is replied the details are :<br><br>\n								Ticket No : TKT000078<br>\n								Status : Closed<br>\n								Category : Small Problem<br>\n								Severity : Minor<br>\n								Priority : Normal<br><br>\n								Description : <br>Hello Blue Technology, <br />\n <br />\nWe would like to request a technician for the location below:<br />\n<br />\n <br />\n<br />\nAddress: 1199 Valencia Street<br />\n<br />\nDate: April 17 at<br />\n<br />\nTime: 12noon PST<br />\n<br />\nAccess to Store:  Granted c/o Kitchen Staff <br />\n<br />\nDynamix Ref Number: 110134<br />\n<br />\nDevice Type: Wired<br />\n<br />\nConnection Type:<br />\n<br />\nConnected to Switch # (Only for new hardware)<br />\n<br />\n <br />\n<br />\nWork Needed:<br />\nTo check and turn off the beeping sound on the UPS.<br />\n<br />\n<br />\n<br />\nTroubleshooting Steps taken:<br />\nRebooted UPS still kept on beeping.<br><br>\n								Solution : <br>\n								<br><br>\n								Regards<br>Support Administrator<br><br>','2023-04-21 00:45:08','2023-04-21 00:45:08',NULL,NULL,0,1,0,0,'CRM','Ticket Number : TKT000078 Investigate the Beeping sounds'),(256,6,6,1,'HelpDesk','Hello,\n\nI hope all is well.\n\nWe would like to request a technician for the location below:\n\nAddress: 855 El Camino Real #110, Palo Alto, CA 94301\nDate: April 17, 2023 (Monday)\nTime: 9:00 AM PST\nAccess to Store: Granted\nDynamix Ref Number: 110152\nDevice Type: Grill Printer\nConnection Type: Wired\n\nWork Needed:\n\n- check the Grill printer\'s physical connection\n- check the Grill printer set up\n- use the backup printer if needed\n- test functionality and make sure that the GRILL printer is working\n\n \n\nTroubleshooting Steps were taken:\n- Check the connection\n- power cycle the printer\n- print a test page - able to print a test page\n- still shows offline on the terminal\n- use the backup printer - still no printing\n\nPlease confirm the availability of the schedule.\n\nThank you.\n\nKind Regards,\nDianah','2023-04-21 00:51:10','2023-04-21 01:00:24',NULL,NULL,0,1,0,0,'CRM','110152 / Wildseed Palo Alto / Investigate Grill printer not printing / FWLD002-KP-GRILL'),(257,6,9,1,'HelpDesk','Hello,\n\n\nWe would like to request a technician for the location below:\n\n\nAddress: 2304 Market Street\n\nDate: April 17, 2023 (Monday)\n\nTime: TBD\n\nAccess to Store:  Granted c/o Staff \n\nDynamix Ref Number: 110153\n\nDevice Type: Printer\n\nConnection Type: Hardwired\n\n\n\nWork Needed:\nTask 1: Check the connection and setup of the printer \nTask 2: Check the back-up printer connection and setup\nTask 3: Test functionality and confirm that both old and back-up printers are working\n\n \nTroubleshooting Steps taken:\nChecked printer connections are reboot\nPerformed test printer- it worked but could not print from the termina\nReceipts were rerouted and printed on the Kiosk printer\nPerformed Hard Reset\nChecked backend settings and assigned right IP address to the back-up printer\n\n\n\nThank you,\nChristine','2023-04-21 00:56:50','2023-04-21 01:00:45',NULL,NULL,0,1,0,0,'CRM','Investigate Terminal Printer and Back-up printer not working- Receipts rerouted to Kiosk Printer'),(258,1,1,1,'Emails','Ticket ID : 252<br>Ticket Title : 110064 / Super Duper - Novato / KDS offline, KDS displays wrong time<br><br>\n								Dear Solorzano Angel,<br><br>\n								The Ticket is replied the details are :<br><br>\n								Ticket No : TKT000077<br>\n								Status : Closed<br>\n								Category : Small Problem<br>\n								Severity : Minor<br>\n								Priority : Normal<br><br>\n								Description : <br>Hello,<br />\n<br />\nI hope all is well.<br />\n<br />\nWe would like to request a technician for the location below:<br />\n<br />\nAddress: 5800 Nave Drive, Suite C<br />\nDate: April 17, 2023 (Monday)<br />\nTime: 7:00 AM PST<br />\nAccess to Store: Granted<br />\nDynamix Ref Number: 110064<br />\nDevice Type: KDS<br />\nConnection Type: Wired<br />\n<br />\n <br />\n<br />\nWork Needed:<br />\n- Check KDS Physical connection why it is offline<br />\n- Resolved the loading tickets issue<br />\n- Check KDS displays the wrong time<br />\n<br />\nTroubleshooting Steps were taken:<br />\n<br />\nKDS offline:<br />\n- make sure to select ethernet 1 (RJ 45)<br />\n- make sure to set Wifi - off<br />\n<br />\nKDS displays the wrong time<br />\n- Set the date and time under settings<br />\n- Time still not showing accurately on the tickets<br />\n<br />\nThank you and looking forward to your response.<br />\n<br />\nRegards,<br />\nDianah<br><br>\n								Solution : <br>\n								<br><br>\n								Regards<br>Support Administrator<br><br>','2023-04-21 01:00:02','2023-04-21 01:00:02',NULL,NULL,0,1,0,0,'CRM','Ticket Number : TKT000077 110064 / Super Duper - Novato / KDS offline, KDS displays wrong time'),(259,1,1,1,'Emails','Ticket ID : 253<br>Ticket Title : Investigate the Beeping sounds<br><br>\n								Dear Solorzano Angel,<br><br>\n								The Ticket is replied the details are :<br><br>\n								Ticket No : TKT000078<br>\n								Status : Closed<br>\n								Category : Small Problem<br>\n								Severity : Minor<br>\n								Priority : Normal<br><br>\n								Description : <br>Hello Blue Technology, <br />\n <br />\nWe would like to request a technician for the location below:<br />\n<br />\n <br />\n<br />\nAddress: 1199 Valencia Street<br />\n<br />\nDate: April 17 at<br />\n<br />\nTime: 12noon PST<br />\n<br />\nAccess to Store:  Granted c/o Kitchen Staff <br />\n<br />\nDynamix Ref Number: 110134<br />\n<br />\nDevice Type: Wired<br />\n<br />\nConnection Type:<br />\n<br />\nConnected to Switch # (Only for new hardware)<br />\n<br />\n <br />\n<br />\nWork Needed:<br />\nTo check and turn off the beeping sound on the UPS.<br />\n<br />\n<br />\n<br />\nTroubleshooting Steps taken:<br />\nRebooted UPS still kept on beeping.<br><br>\n								Solution : <br>\n								<br><br>\n								Regards<br>Support Administrator<br><br>','2023-04-21 01:00:15','2023-04-21 01:00:15',NULL,NULL,0,1,0,0,'CRM','Ticket Number : TKT000078 Investigate the Beeping sounds'),(260,1,1,1,'Emails','Ticket ID : 256<br>Ticket Title : 110152 / Wildseed Palo Alto / Investigate Grill printer not printing / FWLD002-KP-GRILL<br><br>\n								Dear Ismodes JC,<br><br>\n								The Ticket is replied the details are :<br><br>\n								Ticket No : TKT000079<br>\n								Status : Closed<br>\n								Category : Small Problem<br>\n								Severity : Minor<br>\n								Priority : Normal<br><br>\n								Description : <br>Hello,<br />\n<br />\nI hope all is well.<br />\n<br />\nWe would like to request a technician for the location below:<br />\n<br />\nAddress: 855 El Camino Real #110, Palo Alto, CA 94301<br />\nDate: April 17, 2023 (Monday)<br />\nTime: 9:00 AM PST<br />\nAccess to Store: Granted<br />\nDynamix Ref Number: 110152<br />\nDevice Type: Grill Printer<br />\nConnection Type: Wired<br />\n<br />\nWork Needed:<br />\n<br />\n- check the Grill printer\'s physical connection<br />\n- check the Grill printer set up<br />\n- use the backup printer if needed<br />\n- test functionality and make sure that the GRILL printer is working<br />\n<br />\n <br />\n<br />\nTroubleshooting Steps were taken:<br />\n- Check the connection<br />\n- power cycle the printer<br />\n- print a test page - able to print a test page<br />\n- still shows offline on the terminal<br />\n- use the backup printer - still no printing<br />\n<br />\nPlease confirm the availability of the schedule.<br />\n<br />\nThank you.<br />\n<br />\nKind Regards,<br />\nDianah<br><br>\n								Solution : <br>\n								<br><br>\n								Regards<br>Support Administrator<br><br>','2023-04-21 01:00:24','2023-04-21 01:00:24',NULL,NULL,0,1,0,0,'CRM','Ticket Number : TKT000079 110152 / Wildseed Palo Alto / Investigate Grill printer not printing / FWLD002-KP-GRILL'),(261,1,1,1,'Emails','Ticket ID : 257<br>Ticket Title : Investigate Terminal Printer and Back-up printer not working- Receipts rerouted to Kiosk Printer<br><br>\n								Dear Ismodes JC,<br><br>\n								The Ticket is replied the details are :<br><br>\n								Ticket No : TKT000080<br>\n								Status : Closed<br>\n								Category : Small Problem<br>\n								Severity : Minor<br>\n								Priority : Normal<br><br>\n								Description : <br>Hello,<br />\n<br />\n<br />\nWe would like to request a technician for the location below:<br />\n<br />\n<br />\nAddress: 2304 Market Street<br />\n<br />\nDate: April 17, 2023 (Monday)<br />\n<br />\nTime: TBD<br />\n<br />\nAccess to Store:  Granted c/o Staff <br />\n<br />\nDynamix Ref Number: 110153<br />\n<br />\nDevice Type: Printer<br />\n<br />\nConnection Type: Hardwired<br />\n<br />\n<br />\n<br />\nWork Needed:<br />\nTask 1: Check the connection and setup of the printer <br />\nTask 2: Check the back-up printer connection and setup<br />\nTask 3: Test functionality and confirm that both old and back-up printers are working<br />\n<br />\n <br />\nTroubleshooting Steps taken:<br />\nChecked printer connections are reboot<br />\nPerformed test printer- it worked but could not print from the termina<br />\nReceipts were rerouted and printed on the Kiosk printer<br />\nPerformed Hard Reset<br />\nChecked backend settings and assigned right IP address to the back-up printer<br />\n<br />\n<br />\n<br />\nThank you,<br />\nChristine<br><br>\n								Solution : <br>\n								<br><br>\n								Regards<br>Support Administrator<br><br>','2023-04-21 01:00:34','2023-04-21 01:00:34',NULL,NULL,0,1,0,0,'CRM','Ticket Number : TKT000080 Investigate Terminal Printer and Back-up printer not working- Receipts rerouted to Kiosk Printer'),(262,1,1,1,'Emails','Ticket ID : 257<br>Ticket Title : Investigate Terminal Printer and Back-up printer not working- Receipts rerouted to Kiosk Printer<br><br>\n								Dear Solorzano Angel,<br><br>\n								The Ticket is replied the details are :<br><br>\n								Ticket No : TKT000080<br>\n								Status : Closed<br>\n								Category : Small Problem<br>\n								Severity : Minor<br>\n								Priority : Normal<br><br>\n								Description : <br>Hello,<br />\n<br />\n<br />\nWe would like to request a technician for the location below:<br />\n<br />\n<br />\nAddress: 2304 Market Street<br />\n<br />\nDate: April 17, 2023 (Monday)<br />\n<br />\nTime: TBD<br />\n<br />\nAccess to Store:  Granted c/o Staff <br />\n<br />\nDynamix Ref Number: 110153<br />\n<br />\nDevice Type: Printer<br />\n<br />\nConnection Type: Hardwired<br />\n<br />\n<br />\n<br />\nWork Needed:<br />\nTask 1: Check the connection and setup of the printer <br />\nTask 2: Check the back-up printer connection and setup<br />\nTask 3: Test functionality and confirm that both old and back-up printers are working<br />\n<br />\n <br />\nTroubleshooting Steps taken:<br />\nChecked printer connections are reboot<br />\nPerformed test printer- it worked but could not print from the termina<br />\nReceipts were rerouted and printed on the Kiosk printer<br />\nPerformed Hard Reset<br />\nChecked backend settings and assigned right IP address to the back-up printer<br />\n<br />\n<br />\n<br />\nThank you,<br />\nChristine<br><br>\n								Solution : <br>\n								<br><br>\n								Regards<br>Support Administrator<br><br>','2023-04-21 01:00:44','2023-04-21 01:00:44',NULL,NULL,0,1,0,0,'CRM','Ticket Number : TKT000080 Investigate Terminal Printer and Back-up printer not working- Receipts rerouted to Kiosk Printer'),(263,6,5,1,'HelpDesk','Hello Team, \n\nWe would like to request a technician for the location below: \n\nAddress: 406 Hayes Street\nDate:Time:  10AM PST 4/17/2023 (Monday) or Tomorrow\nAccess to Store: Dining\nDynamix Ref Number: 00110135\nDevice Type: TV \nConnection Type: Wired\n\nWork Needed:\nTask 1: Reset AV Matrix / Matrix receiver for TV number 4\nTask 2: Test if the TV can play other channels/movies\n\nRegards,\nJeremy.','2023-04-21 01:03:59','2023-05-22 00:04:12',NULL,NULL,0,1,0,0,'CRM','The Bird Hayes / Reset AV Matrix'),(264,1,1,1,'Emails','Ticket ID : 263<br>Ticket Title : The Bird Hayes / Reset AV Matrix<br><br>\n								Dear Ismodes JC,<br><br>\n								The Ticket is replied the details are :<br><br>\n								Ticket No : TKT000081<br>\n								Status : Closed<br>\n								Category : Small Problem<br>\n								Severity : Minor<br>\n								Priority : Normal<br><br>\n								Description : <br>Hello Team, <br />\n<br />\nWe would like to request a technician for the location below: <br />\n<br />\nAddress: 406 Hayes Street<br />\nDate:Time:  10AM PST 4/17/2023 (Monday) or Tomorrow<br />\nAccess to Store: Dining<br />\nDynamix Ref Number: 00110135<br />\nDevice Type: TV <br />\nConnection Type: Wired<br />\n<br />\nWork Needed:<br />\nTask 1: Reset AV Matrix / Matrix receiver for TV number 4<br />\nTask 2: Test if the TV can play other channels/movies<br />\n<br />\nRegards,<br />\nJeremy.<br><br>\n								Solution : <br>\n								<br><br>\n								Regards<br>Support Administrator<br><br>','2023-04-21 01:15:01','2023-04-21 01:15:01',NULL,NULL,0,1,0,0,'CRM','Ticket Number : TKT000081 The Bird Hayes / Reset AV Matrix'),(265,1,1,1,'Emails','Ticket ID : 263<br>Ticket Title : The Bird Hayes / Reset AV Matrix<br><br>\n								Dear Dalrymple Yann,<br><br>\n								The Ticket is replied the details are :<br><br>\n								Ticket No : TKT000081<br>\n								Status : Closed<br>\n								Category : Small Problem<br>\n								Severity : Minor<br>\n								Priority : Normal<br><br>\n								Description : <br>Hello Team, <br />\n<br />\nWe would like to request a technician for the location below: <br />\n<br />\nAddress: 406 Hayes Street<br />\nDate:Time:  10AM PST 4/17/2023 (Monday) or Tomorrow<br />\nAccess to Store: Dining<br />\nDynamix Ref Number: 00110135<br />\nDevice Type: TV <br />\nConnection Type: Wired<br />\n<br />\nWork Needed:<br />\nTask 1: Reset AV Matrix / Matrix receiver for TV number 4<br />\nTask 2: Test if the TV can play other channels/movies<br />\n<br />\nRegards,<br />\nJeremy.<br><br>\n								Solution : <br>\n								<br><br>\n								Regards<br>Support Administrator<br><br>','2023-04-21 01:15:11','2023-04-21 01:15:11',NULL,NULL,0,1,0,0,'CRM','Ticket Number : TKT000081 The Bird Hayes / Reset AV Matrix'),(266,6,5,1,'HelpDesk','Hello,\n \nWe would like to request a technician for the location below:\n \nAddress: 15991 Los Gatos Blvd., Bldg 3\nDate: 4/19/23\nTime: 7:00 AM PST\nAccess to Store:  Granted c/o Kitchen Staff \nDynamix Ref Number: 00110158\nWork Needed:\nA technician is required to assess and investigate intermittent issues that could be due to a faulty cable or a bad uplink port.\n\nBest regards,\nDale','2023-04-21 01:32:29','2023-05-22 00:04:10',NULL,NULL,0,1,0,0,'CRM','Super Duper -Los Gatos / Intermittent Internet Connection'),(267,6,5,1,'HelpDesk','Hi JC/BT Team, \n\nWe would like to request a technician for the location below:\n\nAddress: 2518 Mission Street\nDate: April 19, 2023 (Wednesday)\nTime: 12NN\nAccess to Store:  Granted c/o GM Vincent Choi \nDynamix Ref Number: 00110263\nDevice Type: AP\nConnection Type: Hardwired\n\n\nWork Needed:\nTask 1: Ensure APs are working\nTask 2: Check \"El Techo Rack 3\" is currently offline, possible power or hardware failure.\nTask 3: Test functionality and confirm internet connectivity on all devices.\n\nPlease let us know if you have a technician available for this urgent request, which should be set today.\n\nThank you.\n\nBest,\nMinerva','2023-04-21 01:42:25','2023-05-22 00:04:02',NULL,NULL,0,1,0,0,'CRM','Field Tech Request Urgent'),(268,1,1,1,'Emails','Ticket ID : 266<br>Ticket Title : Super Duper -Los Gatos / Intermittent Internet Connection<br><br>\n								Dear Ismodes JC,<br><br>\n								The Ticket is replied the details are :<br><br>\n								Ticket No : TKT000082<br>\n								Status : Closed<br>\n								Category : Small Problem<br>\n								Severity : Minor<br>\n								Priority : Normal<br><br>\n								Description : <br>Hello,<br />\n <br />\nWe would like to request a technician for the location below:<br />\n <br />\nAddress: 15991 Los Gatos Blvd., Bldg 3<br />\nDate: 4/19/23<br />\nTime: 7:00 AM PST<br />\nAccess to Store:  Granted c/o Kitchen Staff <br />\nDynamix Ref Number: 00110158<br />\nWork Needed:<br />\nA technician is required to assess and investigate intermittent issues that could be due to a faulty cable or a bad uplink port.<br />\n<br />\nBest regards,<br />\nDale<br><br>\n								Solution : <br>\n								<br><br>\n								Regards<br>Support Administrator<br><br>','2023-04-21 01:45:01','2023-04-21 01:45:01',NULL,NULL,0,1,0,0,'CRM','Ticket Number : TKT000082 Super Duper -Los Gatos / Intermittent Internet Connection'),(269,1,1,1,'Emails','Ticket ID : 266<br>Ticket Title : Super Duper -Los Gatos / Intermittent Internet Connection<br><br>\n								Dear Dalrymple Yann,<br><br>\n								The Ticket is replied the details are :<br><br>\n								Ticket No : TKT000082<br>\n								Status : Closed<br>\n								Category : Small Problem<br>\n								Severity : Minor<br>\n								Priority : Normal<br><br>\n								Description : <br>Hello,<br />\n <br />\nWe would like to request a technician for the location below:<br />\n <br />\nAddress: 15991 Los Gatos Blvd., Bldg 3<br />\nDate: 4/19/23<br />\nTime: 7:00 AM PST<br />\nAccess to Store:  Granted c/o Kitchen Staff <br />\nDynamix Ref Number: 00110158<br />\nWork Needed:<br />\nA technician is required to assess and investigate intermittent issues that could be due to a faulty cable or a bad uplink port.<br />\n<br />\nBest regards,<br />\nDale<br><br>\n								Solution : <br>\n								<br><br>\n								Regards<br>Support Administrator<br><br>','2023-04-21 01:45:09','2023-04-21 01:45:09',NULL,NULL,0,1,0,0,'CRM','Ticket Number : TKT000082 Super Duper -Los Gatos / Intermittent Internet Connection'),(270,1,1,1,'Emails','Ticket ID : 267<br>Ticket Title : Field Tech Request Urgent<br><br>\n								Dear Dalrymple Yann,<br><br>\n								The Ticket is replied the details are :<br><br>\n								Ticket No : TKT000083<br>\n								Status : Closed<br>\n								Category : Small Problem<br>\n								Severity : Minor<br>\n								Priority : Normal<br><br>\n								Description : <br>Hi JC/BT Team, <br />\n<br />\nWe would like to request a technician for the location below:<br />\n<br />\nAddress: 2518 Mission Street<br />\nDate: April 19, 2023 (Wednesday)<br />\nTime: 12NN<br />\nAccess to Store:  Granted c/o GM Vincent Choi <br />\nDynamix Ref Number: 00110263<br />\nDevice Type: AP<br />\nConnection Type: Hardwired<br />\n<br />\n<br />\nWork Needed:<br />\nTask 1: Ensure APs are working<br />\nTask 2: Check \"El Techo Rack 3\" is currently offline, possible power or hardware failure.<br />\nTask 3: Test functionality and confirm internet connectivity on all devices.<br />\n<br />\nPlease let us know if you have a technician available for this urgent request, which should be set today.<br />\n<br />\nThank you.<br />\n<br />\nBest,<br />\nMinerva<br><br>\n								Solution : <br>\n								<br><br>\n								Regards<br>Support Administrator<br><br>','2023-04-21 01:45:14','2023-04-21 01:45:14',NULL,NULL,0,1,0,0,'CRM','Ticket Number : TKT000083 Field Tech Request Urgent'),(271,6,5,1,'HelpDesk','Hello,\n\nWe would like to request a technician for the location below:\n\nAddress: 595 Market Street San Francisco, Ca 94105\n\nDate: Requested for any date between 4/24-4/26\n\nTime: From 8:00 AM PST - 9:00 AM PST\n\nAccess to Store:  Granted by staff\n\nDynamix Ref Number: 109070\n\nDevice Type: Cloudbox\n\nConnection Type: Ethernet Port and AV Cables\n\nWork Needed:\nTask 1: Replace current DMX Pandora Device with Cloudbox\nTask 2: Connect Cloudbox to Port 14 on switch \nTask 3: Connect Cloudbox to audio output for AV system\n\nPlease let me know if you need anything else from me.\n\nThank you,\nChristian Cruz','2023-04-21 01:46:38','2023-05-19 02:56:01',NULL,NULL,0,1,0,0,'CRM','BT Tech Request'),(272,6,9,1,'HelpDesk','Hello,\n\nWe would like to request a technician for the location below:\n\nAddress: 855 El Camino Real #110\nDate: April 24, 2023 (Monday)\nTime: 9:00 AM PST\nAccess to Store: Granted\nDynamix Ref Number: 110291\nDevice Type: Grill Printer /\nConnection Type: Ethernet connection\n\n \n\nWork Needed:\n\n- Check the Network connection of the printer since it will not pick up the correct IP address\n- Verify that the printer is getting a correct IP address\n- Run a test order and confirm that the printer is working\n- Make sure the label is added to the replacement device\n\n \n\nTroubleshooting Steps were taken:\n\n· Checked printer connections and reboot\n· Performed test printer- it worked but could not print from the terminal\n· Performed Hard Reset\n· Checked backend settings and verified It’s routed to the correct printer\n· Since it was still not working, rerouted to another printer and it worked.\n· Replace the defective printer and after installing the replacement printer, still not printing\n\n\nThank you and looking forward to your response.\n\nKind Regards,\nDianah','2023-04-21 01:54:52','2023-05-11 07:15:02',NULL,NULL,0,1,0,0,'CRM','Wildseed Palo Alto / Printer Replacement'),(273,1,1,1,'Emails','Ticket ID : 271<br>Ticket Title : BT Tech Request<br><br>\n								Dear Dalrymple Yann,<br><br>\n								The Ticket is replied the details are :<br><br>\n								Ticket No : TKT000084<br>\n								Status : Closed<br>\n								Category : Small Problem<br>\n								Severity : Minor<br>\n								Priority : Normal<br><br>\n								Description : <br>Hello,<br />\n<br />\nWe would like to request a technician for the location below:<br />\n<br />\nAddress: 595 Market Street San Francisco, Ca 94105<br />\n<br />\nDate: Requested for any date between 4/24-4/26<br />\n<br />\nTime: From 8:00 AM PST - 9:00 AM PST<br />\n<br />\nAccess to Store:  Granted by staff<br />\n<br />\nDynamix Ref Number: 109070<br />\n<br />\nDevice Type: Cloudbox<br />\n<br />\nConnection Type: Ethernet Port and AV Cables<br />\n<br />\nWork Needed:<br />\nTask 1: Replace current DMX Pandora Device with Cloudbox<br />\nTask 2: Connect Cloudbox to Port 14 on switch <br />\nTask 3: Connect Cloudbox to audio output for AV system<br />\n<br />\nPlease let me know if you need anything else from me.<br />\n<br />\nThank you,<br />\nChristian Cruz<br><br>\n								Solution : <br>\n								<br><br>\n								Regards<br>Support Administrator<br><br>','2023-04-21 02:00:02','2023-04-21 02:00:02',NULL,NULL,0,1,0,0,'CRM','Ticket Number : TKT000084 BT Tech Request'),(274,1,1,1,'Emails','Ticket ID : 272<br>Ticket Title : Wildseed Palo Alto / Printer Replacement<br><br>\n								Dear Ismodes JC,<br><br>\n								The Ticket is replied the details are :<br><br>\n								Ticket No : TKT000085<br>\n								Status : Closed<br>\n								Category : Small Problem<br>\n								Severity : Minor<br>\n								Priority : Normal<br><br>\n								Description : <br>Hello,<br />\n<br />\nWe would like to request a technician for the location below:<br />\n<br />\nAddress: 855 El Camino Real #110<br />\nDate: April 24, 2023 (Monday)<br />\nTime: 9:00 AM PST<br />\nAccess to Store: Granted<br />\nDynamix Ref Number: 110291<br />\nDevice Type: Grill Printer /<br />\nConnection Type: Ethernet connection<br />\n<br />\n <br />\n<br />\nWork Needed:<br />\n<br />\n- Check the Network connection of the printer since it will not pick up the correct IP address<br />\n- Verify that the printer is getting a correct IP address<br />\n- Run a test order and confirm that the printer is working<br />\n- Make sure the label is added to the replacement device<br />\n<br />\n <br />\n<br />\nTroubleshooting Steps were taken:<br />\n<br />\n· Checked printer connections and reboot<br />\n· Performed test printer- it worked but could not print from the terminal<br />\n· Performed Hard Reset<br />\n· Checked backend settings and verified It’s routed to the correct printer<br />\n· Since it was still not working, rerouted to another printer and it worked.<br />\n· Replace the defective printer and after installing the replacement printer, still not printing<br />\n<br />\n<br />\nThank you and looking forward to your response.<br />\n<br />\nKind Regards,<br />\nDianah<br><br>\n								Solution : <br>\n								<br><br>\n								Regards<br>Support Administrator<br><br>','2023-04-21 02:00:13','2023-04-21 02:00:13',NULL,NULL,0,1,0,0,'CRM','Ticket Number : TKT000085 Wildseed Palo Alto / Printer Replacement'),(275,6,5,1,'HelpDesk','Hello,\n \nWe would like to request a technician for the location below:\n\n·     Address: 3583 16th Street\n\n·     Time: 8:00 AM PST\n\n·     Access to Store:  Granted c/o Kitchen Staff \n\n·     Dynamix Ref Number: 00107780\n\n\nWe’ve also requested the store to prepare the hardware beforehand.\n\nWork Needed:\n\nTask 1: Bring the hardware to the patio\nTask 2: Connect Toast Flex Counter Via Ethernet (Wi-Fi should be disabled)\nTask 3: Connect the Receipt Printer to the Terminal\nTask 4: Connect the direct attached Toast Tap\nTask 5: Verify that the printer is getting the correct IP address\nTask 6: Run a test order and confirm that the printer is working\nTask 5: Label the Toast Flex Counter as: FSRB001-TE-PATIO &\n               Receipt Printer as FSRB001-RP-PATIO\n\nBridge Information:\n\nConference Bridge Phone # 510-982-2796\nParticipant pin # 6694\n\n\nBest regards,\nDale','2023-04-21 20:25:38','2023-05-21 23:50:01',NULL,NULL,0,1,0,0,'CRM','nstallation of Toast Flex Counter, Receipt Printer and Direct attached Toast Tap'),(276,1,1,1,'Emails','Ticket ID : 275<br>Ticket Title : nstallation of Toast Flex Counter, Receipt Printer and Direct attached Toast Tap<br><br>\n								Dear Dalrymple Yann,<br><br>\n								The Ticket is replied the details are :<br><br>\n								Ticket No : TKT000086<br>\n								Status : Closed<br>\n								Category : Small Problem<br>\n								Severity : Minor<br>\n								Priority : Normal<br><br>\n								Description : <br>Hello,<br />\n <br />\nWe would like to request a technician for the location below:<br />\n<br />\n·     Address: 3583 16th Street<br />\n<br />\n·     Time: 8:00 AM PST<br />\n<br />\n·     Access to Store:  Granted c/o Kitchen Staff <br />\n<br />\n·     Dynamix Ref Number: 00107780<br />\n<br />\n<br />\nWe’ve also requested the store to prepare the hardware beforehand.<br />\n<br />\nWork Needed:<br />\n<br />\nTask 1: Bring the hardware to the patio<br />\nTask 2: Connect Toast Flex Counter Via Ethernet (Wi-Fi should be disabled)<br />\nTask 3: Connect the Receipt Printer to the Terminal<br />\nTask 4: Connect the direct attached Toast Tap<br />\nTask 5: Verify that the printer is getting the correct IP address<br />\nTask 6: Run a test order and confirm that the printer is working<br />\nTask 5: Label the Toast Flex Counter as: FSRB001-TE-PATIO &<br />\n               Receipt Printer as FSRB001-RP-PATIO<br />\n<br />\nBridge Information:<br />\n<br />\nConference Bridge Phone # 510-982-2796<br />\nParticipant pin # 6694<br />\n<br />\n<br />\nBest regards,<br />\nDale<br><br>\n								Solution : <br>\n								<br><br>\n								Regards<br>Support Administrator<br><br>','2023-04-21 20:30:01','2023-04-21 20:30:01',NULL,NULL,0,1,0,0,'CRM','Ticket Number : TKT000086 nstallation of Toast Flex Counter, Receipt Printer and Direct attached Toast Tap'),(277,6,5,1,'HelpDesk','Hello,\n \nWe would like to request a technician for the location below:\n\n·     2049 Fillmore Street, 94115\n\n·     Time: 11:30 AM PST\n\n·     Access to Store:  Granted c/o Kitchen Staff \n\n·     Dynamix Ref Number: 00107807\n\n \nWork Needed:\n \n\n1.   Pick up Cashdrawer at BOH office and Deliver it to the store\n\n2.   Swap the existing Cash Drawer to the new one\n\na.       Take the cash drawer kick cable and connect it to your cash drawer.\n\nb.       Take the other end of the kick cable and plug it into the printer\n\n\nBest regards,\n\nDale','2023-04-21 20:31:46','2023-05-21 23:22:04',NULL,NULL,0,1,0,0,'CRM','The Tailor\'s Son / Cash Drawer replacement'),(278,1,1,1,'Emails','Ticket ID : 277<br>Ticket Title : The Tailor\'s Son / Cash Drawer replacement<br><br>\n								Dear Dalrymple Yann,<br><br>\n								The Ticket is replied the details are :<br><br>\n								Ticket No : TKT000087<br>\n								Status : Closed<br>\n								Category : Small Problem<br>\n								Severity : Minor<br>\n								Priority : Normal<br><br>\n								Description : <br>Hello,<br />\n <br />\nWe would like to request a technician for the location below:<br />\n<br />\n·     2049 Fillmore Street, 94115<br />\n<br />\n·     Time: 11:30 AM PST<br />\n<br />\n·     Access to Store:  Granted c/o Kitchen Staff <br />\n<br />\n·     Dynamix Ref Number: 00107807<br />\n<br />\n <br />\nWork Needed:<br />\n <br />\n<br />\n1.   Pick up Cashdrawer at BOH office and Deliver it to the store<br />\n<br />\n2.   Swap the existing Cash Drawer to the new one<br />\n<br />\na.       Take the cash drawer kick cable and connect it to your cash drawer.<br />\n<br />\nb.       Take the other end of the kick cable and plug it into the printer<br />\n<br />\n<br />\nBest regards,<br />\n<br />\nDale<br><br>\n								Solution : <br>\n								<br><br>\n								Regards<br>Support Administrator<br><br>','2023-04-21 20:45:02','2023-04-21 20:45:02',NULL,NULL,0,1,0,0,'CRM','Ticket Number : TKT000087 The Tailor\'s Son / Cash Drawer replacement'),(279,1,1,1,'Emails','Ticket ID : 87<br>Ticket Title : After Work Bar / Montaje seguro para televisores de barra<br><br>\n								Dear Ismodes JC,<br><br>\n								The Ticket is replied the details are :<br><br>\n								Ticket No : TKT000017<br>\n								Status : Closed<br>\n								Category : Small Problem<br>\n								Severity : Minor<br>\n								Priority : Normal<br><br>\n								Description : <br>Hello,<br />\n<br />\n <br />\n<br />\nWe would like to request a technician for the location below:<br />\n<br />\nAddress: 409 Gough Street, San Francisco, CA 94102<br />\n<br />\nTime: 10 AM PST<br />\n<br />\nAccess to Store:  Manager on duty<br />\n<br />\nDynamix Ref Number: 108024<br />\n<br />\n<br />\nWork Needed:<br />\n<br />\nTask : Make sure that the Mounting of the Bar TVs are secure<br />\n<br />\n<br />\nThank you for your assistance on this.<br />\n<br />\nRegards,<br />\n<br />\nWarren<br><br>\n								Solution : <br>\n								<br><br>\n								Regards<br>Support Administrator<br><br>','2023-04-21 20:45:10','2023-04-21 20:45:10',NULL,NULL,0,1,0,0,'CRM','Ticket Number : TKT000017 After Work Bar / Montaje seguro para televisores de barra'),(280,1,1,1,'Emails','Ticket ID : 91<br>Ticket Title : Super Duper-Castro / Toast Tap Installation / Tech No Show<br><br>\n								Dear Solorzano Angel,<br><br>\n								The Ticket is replied the details are :<br><br>\n								Ticket No : TKT000021<br>\n								Status : Closed<br>\n								Category : Small Problem<br>\n								Severity : Minor<br>\n								Priority : Low<br><br>\n								Description : <br>Hello Blue Technology, <br />\n<br />\n<br />\nWe would like to request a technician for the location below:<br />\n<br />\nAddress: 2304 Market Street<br />\nTime:  Between 6AM- 10:30AM PST<br />\nAccess to Store:  Granted c/o Kitchen Staff <br />\nDynamix Ref Number: 107815<br />\n<br />\nTask:<br />\n<br />\nConnect the Toast Tap(purple cable) to Toast Flex or Toast Hub (depending what\'s the store set up)<br />\nDrop off the defective Toast tap using the label kit.<br />\nSend us the tracking number.<br />\n<br />\n<br />\nThank you for your assistance. <br />\n<br />\n<br />\nRegards, <br />\nClaudette<br><br>\n								Solution : <br>\n								<br><br>\n								Regards<br>Support Administrator<br><br>','2023-04-21 21:00:02','2023-04-21 21:00:02',NULL,NULL,0,1,0,0,'CRM','Ticket Number : TKT000021 Super Duper-Castro / Toast Tap Installation / Tech No Show'),(281,1,1,1,'Emails','Ticket ID : 87<br>Ticket Title : After Work Bar / Montaje seguro para televisores de barra<br><br>\n								Dear Dalrymple Yann,<br><br>\n								The Ticket is replied the details are :<br><br>\n								Ticket No : TKT000017<br>\n								Status : Closed<br>\n								Category : Small Problem<br>\n								Severity : Minor<br>\n								Priority : Normal<br><br>\n								Description : <br>Hello,<br />\n<br />\n <br />\n<br />\nWe would like to request a technician for the location below:<br />\n<br />\nAddress: 409 Gough Street, San Francisco, CA 94102<br />\n<br />\nTime: 10 AM PST<br />\n<br />\nAccess to Store:  Manager on duty<br />\n<br />\nDynamix Ref Number: 108024<br />\n<br />\n<br />\nWork Needed:<br />\n<br />\nTask : Make sure that the Mounting of the Bar TVs are secure<br />\n<br />\n<br />\nThank you for your assistance on this.<br />\n<br />\nRegards,<br />\n<br />\nWarren<br><br>\n								Solution : <br>\n								<br><br>\n								Regards<br>Support Administrator<br><br>','2023-04-21 21:15:01','2023-04-21 21:15:01',NULL,NULL,0,1,0,0,'CRM','Ticket Number : TKT000017 After Work Bar / Montaje seguro para televisores de barra'),(282,1,1,1,'Emails','Ticket ID : 96<br>Ticket Title : 107721 / Super Duper - Emeryville / Toast Tap Replacement<br><br>\n								Dear Dalrymple Yann,<br><br>\n								The Ticket is replied the details are :<br><br>\n								Ticket No : TKT000026<br>\n								Status : Open<br>\n								Category : Small Problem<br>\n								Severity : Minor<br>\n								Priority : Normal<br><br>\n								Description : <br>Hello Blue Technology,<br />\n<br />\n <br />\n<br />\nWe would like to request a technician for the location below:<br />\n<br />\nAddress: 5959 Shellmound Street, 94608 Emeryville CA<br />\nTime: 9:30 AM PST<br />\nAccess to Store: Granted c/o store Key holder and their Janitor<br />\nDynamix Ref Number: 107721<br />\n <br />\n<br />\nTask:<br />\n<br />\nConnect the Replacement Toast Tap(purple cable) to Toast Flex or Toast Hub (depending what the store set up)<br />\nTest all Toast Tap functionality<br />\nDrop off the defective Toast tap using the label kit.<br />\nSend us the tracking number<br />\n <br />\n<br />\nThank you for your assistance.<br><br>\n								Solution : <br>\n								<br><br>\n								Regards<br>Support Administrator<br><br>','2023-04-21 21:15:12','2023-04-21 21:15:12',NULL,NULL,0,1,0,0,'CRM','Ticket Number : TKT000026 107721 / Super Duper - Emeryville / Toast Tap Replacement'),(283,1,1,1,'Emails','Ticket ID : 93<br>Ticket Title : Super Duper Castro / PG&E Electrical service interruption.<br><br>\n								Dear Ismodes JC,<br><br>\n								The Ticket is replied the details are :<br><br>\n								Ticket No : TKT000023<br>\n								Status : Closed<br>\n								Category : Small Problem<br>\n								Severity : Minor<br>\n								Priority : Normal<br><br>\n								Description : <br>Hello,<br />\n<br />\nWe would like to request a technician for the location below:<br />\n<br />\nAddress: 2304 Market Street San Francisco, CA 94114<br />\n<br />\nTime: 6:00 AM PST<br />\n<br />\nAccess to Store:  Main Door<br />\n<br />\nDynamix Ref Number: 108059<br />\n<br />\n <br />\n<br />\nWork Needed:<br />\n<br />\nTask : Ensure all systems are operational after the PG&E Electrical service interruption / Power Outage. <br />\n<br />\n<br />\nThank you.<br />\n<br />\nRegards,<br />\n<br />\nWarren<br><br>\n								Solution : <br>\n								<br><br>\n								Regards<br>Support Administrator<br><br>','2023-04-21 21:30:01','2023-04-21 21:30:01',NULL,NULL,0,1,0,0,'CRM','Ticket Number : TKT000023 Super Duper Castro / PG&E Electrical service interruption.'),(284,1,1,1,'Emails','Ticket ID : 94<br>Ticket Title : 108064 / Flores Union / Printer Routing Issue<br><br>\n								Dear Dalrymple Yann,<br><br>\n								The Ticket is replied the details are :<br><br>\n								Ticket No : TKT000024<br>\n								Status : Closed<br>\n								Category : Small Problem<br>\n								Severity : Minor<br>\n								Priority : Normal<br><br>\n								Description : <br>Hello Blue Technology,<br />\n<br />\n <br />\n<br />\nWe would like to request a technician for the location below:<br />\n<br />\nAddress: 2030 Union Street, 94123 San Francisco CA<br />\nTime: Between 9:00 AM - 11:30 AM PST <br />\nDate: February 8, 2023<br />\nAccess to Store: Granted c/o GM<br />\nDynamix Ref Number: 108064<br />\n <br />\n<br />\nTask:<br />\n<br />\nCheck the Bar printer and use the backup printer if needed<br />\nCheck all other printers if it is routed correctly<br />\nTest all the printers and make sure tickets are printing to the correct printer<br />\n <br />\n<br />\n <br />\n<br />\nTroubleshooting steps were taken on the Bar Printer:<br />\n<br />\npower cycle the bar printer - done<br />\nunplugged and replugged the ethernet cable - done<br />\ntried to print - no go<br />\nprinted a test page - done<br />\nprinted a feed test page - no IP address found<br />\n <br />\n<br />\nThank you for your assistance.<br />\n<br />\n <br />\n<br />\n <br />\n<br />\nRegards,<br />\n<br />\nDianah<br><br>\n								Solution : <br>\n								<br><br>\n								Regards<br>Support Administrator<br><br>','2023-04-21 21:30:04','2023-04-21 21:30:04',NULL,NULL,0,1,0,0,'CRM','Ticket Number : TKT000024 108064 / Flores Union / Printer Routing Issue'),(285,6,5,1,'HelpDesk','Hello Blue Technology, \n\n \nWe are sending this request to assist the Technical Consultant  from Toast, Jeff Butcher. \n\nDynamix Ref: 108212\nAddress: 3401 California Street, San Francisco, CA 94118\nDate: February 14 2023\nTime: From 8AM-9AM PST\n \nHere are primary goals: \n\nCheck the settings  of the terminal over at  Super Duper- Laurel Village  and relay the information over the phone. \nBridge to be provided by a Toast Consultant. We will update this thread once we have it. \n\n\n\nRegards, \nClaudette','2023-04-21 22:06:12','2023-05-10 19:00:55',NULL,NULL,0,1,0,0,'CRM','Request for BT Tech Dispatch at SD Laurel Village'),(286,1,1,1,'Emails','Ticket ID : 285<br>Ticket Title : Request for BT Tech Dispatch at SD Laurel Village<br><br>\n								Dear Ismodes JC,<br><br>\n								The Ticket is replied the details are :<br><br>\n								Ticket No : TKT000088<br>\n								Status : Closed<br>\n								Category : Small Problem<br>\n								Severity : Minor<br>\n								Priority : Normal<br><br>\n								Description : <br>Hello Blue Technology, <br />\n<br />\n <br />\nWe are sending this request to assist the Technical Consultant  from Toast, Jeff Butcher. <br />\n<br />\nDynamix Ref: 108212<br />\nAddress: 3401 California Street, San Francisco, CA 94118<br />\nDate: February 14 2023<br />\nTime: From 8AM-9AM PST<br />\n <br />\nHere are primary goals: <br />\n<br />\nCheck the settings  of the terminal over at  Super Duper- Laurel Village  and relay the information over the phone. <br />\nBridge to be provided by a Toast Consultant. We will update this thread once we have it. <br />\n<br />\n<br />\n<br />\nRegards, <br />\nClaudette<br><br>\n								Solution : <br>\n								<br><br>\n								Regards<br>Support Administrator<br><br>','2023-04-21 22:15:02','2023-04-21 22:15:02',NULL,NULL,0,1,0,0,'CRM','Ticket Number : TKT000088 Request for BT Tech Dispatch at SD Laurel Village'),(287,1,6,1,'HelpDesk','testing data en dev','2023-04-28 20:30:31','2023-04-28 20:45:13',NULL,NULL,0,1,0,0,'CUSTOMER PORTAL','testing data en dev'),(288,1,1,1,'Emails','Ticket No : TKT000089<br>\n							  Ticket ID : 287<br>\n							  Ticket Title : testing data en dev<br><br>\n							  testing data en dev<br><br>','2023-04-28 20:45:02','2023-04-28 20:45:02',NULL,NULL,0,1,0,0,'CRM','[From Portal] TKT000089 [ Ticket Id : 287 ] testing data en dev'),(289,1,1,1,'Emails','Ticket No : TKT000089<br>\n							  Ticket ID : 287<br>\n							  Ticket Title : testing data en dev<br><br>\n							  testing data en dev<br><br>','2023-04-28 20:45:13','2023-04-28 20:45:13',NULL,NULL,0,1,0,0,'CRM','[From Portal] TKT000089 [ Ticket Id : 287 ] testing data en dev'),(290,1,6,6,'HelpDesk','testing','2023-05-04 23:01:49','2023-05-15 15:18:57',NULL,NULL,0,1,1,0,'CUSTOMER PORTAL','TESTING 7.5 Insert'),(291,1,1,1,'Emails','Ticket No : TKT000090<br>\n							  Ticket ID : 290<br>\n							  Ticket Title : TESTING 7.5 Insert<br><br>\n							  testing<br><br>','2023-05-04 23:15:01','2023-05-04 23:15:01',NULL,NULL,0,1,0,0,'CRM','[From Portal] TKT000090 [ Ticket Id : 290 ] TESTING 7.5 Insert'),(292,1,1,1,'Emails','Ticket No : TKT000090<br>\n							  Ticket ID : 290<br>\n							  Ticket Title : TESTING 7.5 Insert<br><br>\n							  testing<br><br>','2023-05-04 23:15:08','2023-05-04 23:15:08',NULL,NULL,0,1,0,0,'CRM','[From Portal] TKT000090 [ Ticket Id : 290 ] TESTING 7.5 Insert'),(293,6,9,1,'HelpDesk','We would like to request a technician for the location below:\n\nAddress: 3900 Bel Aire Plaza Napa, Ca 94558\nDate: Requested for any date between 5/10/2023\nTime: From 7:00 AM PST - 8:00 AM PST\nAccess to Store:  Granted by staff\nDynamix Ref Number: 107054\nDevice Type: Switch/Modem\nConnection Type: Ethernet Ports\nWork Needed:\nTask 1: Remote hands needed for network validation\nTask 2: Remote hands needed for failover testing\n\nPlease let me know if you need anything else from me.\n\nThank you,\nChristian Cruz','2023-05-08 17:51:22','2023-05-10 18:45:03',NULL,NULL,0,1,0,0,'CRM','Super Duper - NAPA network h'),(294,1,1,1,'Emails','Ticket ID : 293<br>Ticket Title : Super Duper - NAPA network h<br><br>\n								Dear Solorzano Angel,<br><br>\n								The Ticket is replied the details are :<br><br>\n								Ticket No : TKT000091<br>\n								Status : Open<br>\n								Category : Small Problem<br>\n								Severity : Feature<br>\n								Priority : Normal<br><br>\n								Description : <br>We would like to request a technician for the location below:<br />\n<br />\nAddress: 3900 Bel Aire Plaza Napa, Ca 94558<br />\nDate: Requested for any date between 5/10/2023<br />\nTime: From 7:00 AM PST - 8:00 AM PST<br />\nAccess to Store:  Granted by staff<br />\nDynamix Ref Number: 107054<br />\nDevice Type: Switch/Modem<br />\nConnection Type: Ethernet Ports<br />\nWork Needed:<br />\nTask 1: Remote hands needed for network validation<br />\nTask 2: Remote hands needed for failover testing<br />\n<br />\nPlease let me know if you need anything else from me.<br />\n<br />\nThank you,<br />\nChristian Cruz<br><br>\n								Solution : <br>\n								<br><br>\n								Regards<br>Support Administrator<br><br>','2023-05-08 18:00:01','2023-05-08 18:00:01',NULL,NULL,0,1,0,0,'CRM','Ticket Number : TKT000091 Super Duper - NAPA network h'),(295,6,5,6,'HelpDesk','We would like to request a technician for the location below:\n \nAddress: 855 El Camino Real #110\nDate: May 8\nTime: Today, Asap\nAccess to Store:  Granted c/o GM\nDynamix Ref Number: 110763\nConnection Type: Wired\nWork Needed:\nTask 1: To make sure all kitchen Toast printers will print, Grill FWLD002-KP-GRILL, Pantry FWLD002-KP-PANTRY and Expo FWLD002-KP-EXPO.\n\nTroubleshooting Steps Done: \n1. On Meraki it showed that modem is online. \n2. Pinged IP addresses: Grill: 192.168.192.170 = 100 Packet loss \nPantry:  192.168.192.172 = 100 Packet Loss\nExpo: 192.168.192.173 = 100 Packet Loss\n3. Rebooted the printers\n4. Reset the printers and it did print the IP address\nGrill: 192.168.192.168\nPantry:  192.168.192.172\nExpo: 192.168.192.168\n\n\n\nRegards, \nClaudette','2023-05-08 21:41:11','2023-05-11 01:40:59',NULL,NULL,0,1,0,0,'CRM','Investigate why kitchen printers wouldn\'t print'),(296,1,1,1,'Emails','Ticket ID : 295<br>Ticket Title : nvestigate why kitchen printers wouldn\'t print<br><br>\n								Dear Dalrymple Yann,<br><br>\n								The Ticket is replied the details are :<br><br>\n								Ticket No : TKT000092<br>\n								Status : Open<br>\n								Category : Big Problem<br>\n								Severity : Major<br>\n								Priority : High<br><br>\n								Description : <br>We would like to request a technician for the location below:<br />\n <br />\nAddress: 855 El Camino Real #110<br />\nDate: May 8<br />\nTime: Today, Asap<br />\nAccess to Store:  Granted c/o GM<br />\nDynamix Ref Number: 110763<br />\nConnection Type: Wired<br />\nWork Needed:<br />\nTask 1: To make sure all kitchen Toast printers will print, Grill FWLD002-KP-GRILL, Pantry FWLD002-KP-PANTRY and Expo FWLD002-KP-EXPO.<br />\n<br />\nTroubleshooting Steps Done: <br />\n1. On Meraki it showed that modem is online. <br />\n2. Pinged IP addresses: Grill: 192.168.192.170 = 100 Packet loss <br />\nPantry:  192.168.192.172 = 100 Packet Loss<br />\nExpo: 192.168.192.173 = 100 Packet Loss<br />\n3. Rebooted the printers<br />\n4. Reset the printers and it did print the IP address<br />\nGrill: 192.168.192.168<br />\nPantry:  192.168.192.172<br />\nExpo: 192.168.192.168<br />\n<br />\n<br />\n<br />\nRegards, <br />\nClaudette<br><br>\n								Solution : <br>\n								<br><br>\n								Regards<br>Support Administrator<br><br>','2023-05-08 21:45:01','2023-05-08 21:45:01',NULL,NULL,0,1,0,0,'CRM','Ticket Number : TKT000092 nvestigate why kitchen printers wouldn\'t print'),(297,1,1,1,'Emails','<html>\r\n<head>\r\n	<title></title>\r\n</head>\r\n<body data-gr-ext-installed=\"\" data-new-gr-c-s-check-loaded=\"14.1028.0\">Ticket ID : 290<br />\r\nTicket Title : TESTING 7.5 Insert<br />\r\n<br />\r\nDear admin creantis,<br />\r\n<br />\r\nThe Ticket is replied the details are :<br />\r\n<br />\r\nTicket No : TKT000090<br />\r\nStatus : Open<br />\r\nCategory : Small Problem<br />\r\nSeverity : Minor<br />\r\nPriority : Low<br />\r\n<br />\r\nDescription :<br />\r\ntesting<br />\r\n<br />\r\nSolution :<br />\r\n<br />\r\nThe comments are :<br />\r\n<br />\r\n<br />\r\nRegards<br />\r\nBlue Technology Support Service Administrator<grammarly-desktop-integration data-grammarly-shadow-root=\"true\"></grammarly-desktop-integration></body>\r\n</html>\r\n<br><br>','2023-05-09 01:15:02','2023-05-09 01:15:02',NULL,NULL,0,1,0,0,'CRM','TKT000090 [ Ticket Id : 290 ] TESTING 7.5 Insert'),(298,1,1,1,'Emails','<html>\r\n<head>\r\n	<title></title>\r\n</head>\r\n<body data-gr-ext-installed=\"\" data-new-gr-c-s-check-loaded=\"14.1028.0\">Ticket ID : 290<br />\r\nTicket Title : TESTING 7.5 Insert<br />\r\n<br />\r\nDear admin creantis,<br />\r\n<br />\r\nThe Ticket is replied the details are :<br />\r\n<br />\r\nTicket No : TKT000090<br />\r\nStatus : Open<br />\r\nCategory : Small Problem<br />\r\nSeverity : Minor<br />\r\nPriority : Low<br />\r\n<br />\r\nDescription :<br />\r\ntesting<br />\r\n<br />\r\nSolution :<br />\r\n<br />\r\nThe comments are :<br />\r\n<br />\r\n<br />\r\nRegards<br />\r\nBlue Technology Support Service Administrator<grammarly-desktop-integration data-grammarly-shadow-root=\"true\"></grammarly-desktop-integration></body>\r\n</html>\r\n<br><br>','2023-05-09 01:15:11','2023-05-09 01:15:11',NULL,NULL,0,1,0,0,'CRM','TKT000090 [ Ticket Id : 290 ] TESTING 7.5 Insert'),(299,1,1,1,'Emails','<html>\r\n<head>\r\n	<title></title>\r\n</head>\r\n<body data-gr-ext-installed=\"\" data-new-gr-c-s-check-loaded=\"14.1028.0\">Ticket ID : 290<br />\r\nTicket Title : TESTING 7.5 Insert<br />\r\n<br />\r\nDear admin creantis,<br />\r\n<br />\r\nThe Ticket is replied the details are :<br />\r\n<br />\r\nTicket No : TKT000090<br />\r\nStatus : Open<br />\r\nCategory : Small Problem<br />\r\nSeverity : Minor<br />\r\nPriority : Low<br />\r\n<br />\r\nDescription :<br />\r\ntesting<br />\r\n<br />\r\nSolution :<br />\r\n<br />\r\nThe comments are :<br />\r\n<br />\r\n<br />\r\nRegards<br />\r\nBlue Technology Support Service Administrator<grammarly-desktop-integration data-grammarly-shadow-root=\"true\"></grammarly-desktop-integration></body>\r\n</html>\r\n<br><br>','2023-05-09 01:15:21','2023-05-09 01:15:21',NULL,NULL,0,1,0,0,'CRM','TKT000090 [ Ticket Id : 290 ] TESTING 7.5 Insert'),(300,1,1,1,'Emails','<html>\r\n<head>\r\n	<title></title>\r\n</head>\r\n<body data-gr-ext-installed=\"\" data-new-gr-c-s-check-loaded=\"14.1028.0\">Ticket ID : 290<br />\r\nTicket Title : TESTING 7.5 Insert<br />\r\n<br />\r\nDear admin creantis,<br />\r\n<br />\r\nThe Ticket is replied the details are :<br />\r\n<br />\r\nTicket No : TKT000090<br />\r\nStatus : Open<br />\r\nCategory : Small Problem<br />\r\nSeverity : Minor<br />\r\nPriority : Low<br />\r\n<br />\r\nDescription :<br />\r\ntesting<br />\r\n<br />\r\nSolution :<br />\r\n<br />\r\nThe comments are :<br />\r\n<br />\r\n<br />\r\nRegards<br />\r\nBlue Technology Support Service Administrator<grammarly-desktop-integration data-grammarly-shadow-root=\"true\"></grammarly-desktop-integration></body>\r\n</html>\r\n<br><br>','2023-05-09 01:15:31','2023-05-09 01:15:31',NULL,NULL,0,1,0,0,'CRM','TKT000090 [ Ticket Id : 290 ] TESTING 7.5 Insert'),(301,1,1,1,'Emails','<html>\r\n<head>\r\n	<title></title>\r\n</head>\r\n<body data-gr-ext-installed=\"\" data-new-gr-c-s-check-loaded=\"14.1028.0\">Ticket ID : 290<br />\r\nTicket Title : TESTING 7.5 Insert<br />\r\n<br />\r\nDear admin creantis,<br />\r\n<br />\r\nThe Ticket is replied the details are :<br />\r\n<br />\r\nTicket No : TKT000090<br />\r\nStatus : Open<br />\r\nCategory : Small Problem<br />\r\nSeverity : Minor<br />\r\nPriority : Low<br />\r\n<br />\r\nDescription :<br />\r\ntesting<br />\r\n<br />\r\nSolution :<br />\r\n<br />\r\nThe comments are :<br />\r\n<br />\r\n<br />\r\nRegards<br />\r\nBlue Technology Support Service Administrator<grammarly-desktop-integration data-grammarly-shadow-root=\"true\"></grammarly-desktop-integration></body>\r\n</html>\r\n<br><br>','2023-05-09 01:15:42','2023-05-09 01:15:42',NULL,NULL,0,1,0,0,'CRM','TKT000090 [ Ticket Id : 290 ] TESTING 7.5 Insert'),(302,1,1,1,'Emails','<html>\r\n<head>\r\n	<title></title>\r\n</head>\r\n<body data-gr-ext-installed=\"\" data-new-gr-c-s-check-loaded=\"14.1028.0\">Ticket ID : 290<br />\r\nTicket Title : TESTING 7.5 Insert<br />\r\n<br />\r\nDear admin creantis,<br />\r\n<br />\r\nThe Ticket is replied the details are :<br />\r\n<br />\r\nTicket No : TKT000090<br />\r\nStatus : Open<br />\r\nCategory : Small Problem<br />\r\nSeverity : Minor<br />\r\nPriority : Low<br />\r\n<br />\r\nDescription :<br />\r\ntesting<br />\r\n<br />\r\nSolution :<br />\r\n<br />\r\nThe comments are :<br />\r\n<br />\r\n<br />\r\nRegards<br />\r\nBlue Technology Support Service Administrator<grammarly-desktop-integration data-grammarly-shadow-root=\"true\"></grammarly-desktop-integration></body>\r\n</html>\r\n<br><br>','2023-05-09 01:15:54','2023-05-09 01:15:54',NULL,NULL,0,1,0,0,'CRM','TKT000090 [ Ticket Id : 290 ] TESTING 7.5 Insert'),(303,1,1,1,'Emails','<html>\r\n<head>\r\n	<title></title>\r\n</head>\r\n<body data-gr-ext-installed=\"\" data-new-gr-c-s-check-loaded=\"14.1028.0\">Ticket ID : 290<br />\r\nTicket Title : TESTING 7.5 Insert<br />\r\n<br />\r\nDear admin creantis,<br />\r\n<br />\r\nThe Ticket is replied the details are :<br />\r\n<br />\r\nTicket No : TKT000090<br />\r\nStatus : Open<br />\r\nCategory : Small Problem<br />\r\nSeverity : Minor<br />\r\nPriority : Low<br />\r\n<br />\r\nDescription :<br />\r\ntesting<br />\r\n<br />\r\nSolution :<br />\r\n<br />\r\nThe comments are :<br />\r\n<br />\r\n<br />\r\nRegards<br />\r\nBlue Technology Support Service Administrator<grammarly-desktop-integration data-grammarly-shadow-root=\"true\"></grammarly-desktop-integration></body>\r\n</html>\r\n<br><br>','2023-05-09 01:30:01','2023-05-09 01:30:01',NULL,NULL,0,1,0,0,'CRM','TKT000090 [ Ticket Id : 290 ] TESTING 7.5 Insert'),(304,1,1,1,'Emails','<html>\r\n<head>\r\n	<title></title>\r\n</head>\r\n<body data-gr-ext-installed=\"\" data-new-gr-c-s-check-loaded=\"14.1028.0\">Ticket ID : 290<br />\r\nTicket Title : TESTING 7.5 Insert<br />\r\n<br />\r\nDear admin creantis,<br />\r\n<br />\r\nThe Ticket is replied the details are :<br />\r\n<br />\r\nTicket No : TKT000090<br />\r\nStatus : Open<br />\r\nCategory : Small Problem<br />\r\nSeverity : Minor<br />\r\nPriority : Low<br />\r\n<br />\r\nDescription :<br />\r\ntesting<br />\r\n<br />\r\nSolution :<br />\r\n<br />\r\nThe comments are :<br />\r\n<br />\r\n<br />\r\nRegards<br />\r\nBlue Technology Support Service Administrator<grammarly-desktop-integration data-grammarly-shadow-root=\"true\"></grammarly-desktop-integration></body>\r\n</html>\r\n<br><br>','2023-05-09 01:30:13','2023-05-09 01:30:13',NULL,NULL,0,1,0,0,'CRM','TKT000090 [ Ticket Id : 290 ] TESTING 7.5 Insert'),(305,1,1,1,'Emails','<html>\r\n<head>\r\n	<title></title>\r\n</head>\r\n<body data-gr-ext-installed=\"\" data-new-gr-c-s-check-loaded=\"14.1028.0\">Ticket ID : 290<br />\r\nTicket Title : TESTING 7.5 Insert<br />\r\n<br />\r\nDear admin creantis,<br />\r\n<br />\r\nThe Ticket is replied the details are :<br />\r\n<br />\r\nTicket No : TKT000090<br />\r\nStatus : Open<br />\r\nCategory : Small Problem<br />\r\nSeverity : Minor<br />\r\nPriority : Low<br />\r\n<br />\r\nDescription :<br />\r\ntesting<br />\r\n<br />\r\nSolution :<br />\r\n<br />\r\nThe comments are :<br />\r\n<br />\r\n<br />\r\nRegards<br />\r\nBlue Technology Support Service Administrator<grammarly-desktop-integration data-grammarly-shadow-root=\"true\"></grammarly-desktop-integration></body>\r\n</html>\r\n<br><br>','2023-05-09 01:30:23','2023-05-09 01:30:23',NULL,NULL,0,1,0,0,'CRM','TKT000090 [ Ticket Id : 290 ] TESTING 7.5 Insert'),(306,1,1,1,'Emails','<html>\r\n<head>\r\n	<title></title>\r\n</head>\r\n<body data-gr-ext-installed=\"\" data-new-gr-c-s-check-loaded=\"14.1028.0\">Ticket ID : 290<br />\r\nTicket Title : TESTING 7.5 Insert<br />\r\n<br />\r\nDear admin creantis,<br />\r\n<br />\r\nThe Ticket is replied the details are :<br />\r\n<br />\r\nTicket No : TKT000090<br />\r\nStatus : Open<br />\r\nCategory : Small Problem<br />\r\nSeverity : Minor<br />\r\nPriority : Low<br />\r\n<br />\r\nDescription :<br />\r\ntesting<br />\r\n<br />\r\nSolution :<br />\r\n<br />\r\nThe comments are :<br />\r\n<br />\r\n<br />\r\nRegards<br />\r\nBlue Technology Support Service Administrator<grammarly-desktop-integration data-grammarly-shadow-root=\"true\"></grammarly-desktop-integration></body>\r\n</html>\r\n<br><br>','2023-05-09 01:30:34','2023-05-09 01:30:34',NULL,NULL,0,1,0,0,'CRM','TKT000090 [ Ticket Id : 290 ] TESTING 7.5 Insert'),(307,1,1,1,'Emails','<html>\r\n<head>\r\n	<title></title>\r\n</head>\r\n<body data-gr-ext-installed=\"\" data-new-gr-c-s-check-loaded=\"14.1028.0\">Ticket ID : 290<br />\r\nTicket Title : TESTING 7.5 Insert<br />\r\n<br />\r\nDear admin creantis,<br />\r\n<br />\r\nThe Ticket is replied the details are :<br />\r\n<br />\r\nTicket No : TKT000090<br />\r\nStatus : Open<br />\r\nCategory : Small Problem<br />\r\nSeverity : Minor<br />\r\nPriority : Low<br />\r\n<br />\r\nDescription :<br />\r\ntesting<br />\r\n<br />\r\nSolution :<br />\r\n<br />\r\nThe comments are :<br />\r\n<br />\r\n<br />\r\nRegards<br />\r\nBlue Technology Support Service Administrator<grammarly-desktop-integration data-grammarly-shadow-root=\"true\"></grammarly-desktop-integration></body>\r\n</html>\r\n<br><br>','2023-05-09 01:30:38','2023-05-09 01:30:38',NULL,NULL,0,1,0,0,'CRM','TKT000090 [ Ticket Id : 290 ] TESTING 7.5 Insert'),(308,1,1,1,'Emails','<html>\r\n<head>\r\n	<title></title>\r\n</head>\r\n<body data-gr-ext-installed=\"\" data-new-gr-c-s-check-loaded=\"14.1028.0\">Ticket ID : 290<br />\r\nTicket Title : TESTING 7.5 Insert<br />\r\n<br />\r\nDear admin creantis,<br />\r\n<br />\r\nThe Ticket is replied the details are :<br />\r\n<br />\r\nTicket No : TKT000090<br />\r\nStatus : Open<br />\r\nCategory : Small Problem<br />\r\nSeverity : Minor<br />\r\nPriority : Low<br />\r\n<br />\r\nDescription :<br />\r\ntesting<br />\r\n<br />\r\nSolution :<br />\r\n<br />\r\nThe comments are :<br />\r\n<br />\r\n<br />\r\nRegards<br />\r\nBlue Technology Support Service Administrator<grammarly-desktop-integration data-grammarly-shadow-root=\"true\"></grammarly-desktop-integration></body>\r\n</html>\r\n<br><br>','2023-05-09 01:30:49','2023-05-09 01:30:49',NULL,NULL,0,1,0,0,'CRM','TKT000090 [ Ticket Id : 290 ] TESTING 7.5 Insert'),(309,1,1,1,'Emails','<html>\r\n<head>\r\n	<title></title>\r\n</head>\r\n<body data-gr-ext-installed=\"\" data-new-gr-c-s-check-loaded=\"14.1028.0\">Ticket ID : 290<br />\r\nTicket Title : TESTING 7.5 Insert<br />\r\n<br />\r\nDear admin creantis,<br />\r\n<br />\r\nThe Ticket is replied the details are :<br />\r\n<br />\r\nTicket No : TKT000090<br />\r\nStatus : Open<br />\r\nCategory : Small Problem<br />\r\nSeverity : Minor<br />\r\nPriority : Low<br />\r\n<br />\r\nDescription :<br />\r\ntesting<br />\r\n<br />\r\nSolution :<br />\r\n<br />\r\nThe comments are :<br />\r\n<br />\r\n<br />\r\nRegards<br />\r\nBlue Technology Support Service Administrator<grammarly-desktop-integration data-grammarly-shadow-root=\"true\"></grammarly-desktop-integration></body>\r\n</html>\r\n<br><br>','2023-05-09 01:45:02','2023-05-09 01:45:02',NULL,NULL,0,1,0,0,'CRM','TKT000090 [ Ticket Id : 290 ] TESTING 7.5 Insert'),(310,1,1,1,'Emails','<html>\r\n<head>\r\n	<title></title>\r\n</head>\r\n<body data-gr-ext-installed=\"\" data-new-gr-c-s-check-loaded=\"14.1028.0\">Ticket ID : 290<br />\r\nTicket Title : TESTING 7.5 Insert<br />\r\n<br />\r\nDear admin creantis,<br />\r\n<br />\r\nThe Ticket is replied the details are :<br />\r\n<br />\r\nTicket No : TKT000090<br />\r\nStatus : Open<br />\r\nCategory : Small Problem<br />\r\nSeverity : Minor<br />\r\nPriority : Low<br />\r\n<br />\r\nDescription :<br />\r\ntesting<br />\r\n<br />\r\nSolution :<br />\r\n<br />\r\nThe comments are :<br />\r\n<br />\r\n<br />\r\nRegards<br />\r\nBlue Technology Support Service Administrator<grammarly-desktop-integration data-grammarly-shadow-root=\"true\"></grammarly-desktop-integration></body>\r\n</html>\r\n<br><br>','2023-05-09 01:45:09','2023-05-09 01:45:09',NULL,NULL,0,1,0,0,'CRM','TKT000090 [ Ticket Id : 290 ] TESTING 7.5 Insert'),(311,1,1,1,'Emails','<html>\r\n<head>\r\n	<title></title>\r\n</head>\r\n<body data-gr-ext-installed=\"\" data-new-gr-c-s-check-loaded=\"14.1028.0\">Ticket ID : 290<br />\r\nTicket Title : TESTING 7.5 Insert<br />\r\n<br />\r\nDear admin creantis,<br />\r\n<br />\r\nThe Ticket is replied the details are :<br />\r\n<br />\r\nTicket No : TKT000090<br />\r\nStatus : Open<br />\r\nCategory : Small Problem<br />\r\nSeverity : Minor<br />\r\nPriority : Low<br />\r\n<br />\r\nDescription :<br />\r\ntesting<br />\r\n<br />\r\nSolution :<br />\r\n<br />\r\nThe comments are :<br />\r\n<br />\r\n<br />\r\nRegards<br />\r\nBlue Technology Support Service Administrator<grammarly-desktop-integration data-grammarly-shadow-root=\"true\"></grammarly-desktop-integration></body>\r\n</html>\r\n<br><br>','2023-05-09 01:45:19','2023-05-09 01:45:19',NULL,NULL,0,1,0,0,'CRM','TKT000090 [ Ticket Id : 290 ] TESTING 7.5 Insert'),(312,1,1,1,'Emails','<html>\r\n<head>\r\n	<title></title>\r\n</head>\r\n<body data-gr-ext-installed=\"\" data-new-gr-c-s-check-loaded=\"14.1028.0\">Ticket ID : 290<br />\r\nTicket Title : TESTING 7.5 Insert<br />\r\n<br />\r\nDear admin creantis,<br />\r\n<br />\r\nThe Ticket is replied the details are :<br />\r\n<br />\r\nTicket No : TKT000090<br />\r\nStatus : Open<br />\r\nCategory : Small Problem<br />\r\nSeverity : Minor<br />\r\nPriority : Low<br />\r\n<br />\r\nDescription :<br />\r\ntesting<br />\r\n<br />\r\nSolution :<br />\r\n<br />\r\nThe comments are :<br />\r\n<br />\r\n<br />\r\nRegards<br />\r\nBlue Technology Support Service Administrator<grammarly-desktop-integration data-grammarly-shadow-root=\"true\"></grammarly-desktop-integration></body>\r\n</html>\r\n<br><br>','2023-05-09 01:45:29','2023-05-09 01:45:29',NULL,NULL,0,1,0,0,'CRM','TKT000090 [ Ticket Id : 290 ] TESTING 7.5 Insert'),(313,6,6,6,'HelpDesk','','2023-05-09 02:31:56','2023-05-09 02:41:14',NULL,NULL,0,1,1,0,'CRM','tEST 10'),(314,1,1,1,'Emails','<html>\r\n<head>\r\n	<title></title>\r\n</head>\r\n<body data-gr-ext-installed=\"\" data-new-gr-c-s-check-loaded=\"14.1028.0\">Ticket ID : 290<br />\r\nTicket Title : TESTING 7.5 Insert<br />\r\n<br />\r\nDear admin creantis,<br />\r\n<br />\r\nThe Ticket is replied the details are :<br />\r\n<br />\r\nTicket No : TKT000090<br />\r\nStatus : Open<br />\r\nCategory : Small Problem<br />\r\nSeverity : Minor<br />\r\nPriority : Low<br />\r\n<br />\r\nDescription :<br />\r\ntesting<br />\r\n<br />\r\nSolution :<br />\r\n<br />\r\nThe comments are :<br />\r\n<br />\r\n<br />\r\nRegards<br />\r\nBlue Technology Support Service Administrator<grammarly-desktop-integration data-grammarly-shadow-root=\"true\"></grammarly-desktop-integration></body>\r\n</html>\r\n<br><br>','2023-05-09 02:45:01','2023-05-09 02:45:01',NULL,NULL,0,1,0,0,'CRM','TKT000090 [ Ticket Id : 290 ] TESTING 7.5 Insert'),(315,1,1,1,'Emails','Ticket ID : 313<br>Ticket Title : tEST 10<br><br>\n								Dear Ismodes JC,<br><br>\n								The Ticket is replied the details are :<br><br>\n								Ticket No : TKT000093<br>\n								Status : Open<br>\n								Category : Big Problem<br>\n								Severity : Major<br>\n								Priority : Normal<br><br>\n								Description : <br><br><br>\n								Solution : <br>\n								<br><br>\n								Regards<br>Support Administrator<br><br>','2023-05-09 02:45:12','2023-05-09 02:45:12',NULL,NULL,0,1,0,0,'CRM','Ticket Number : TKT000093 tEST 10'),(316,1,1,1,'Emails','Ticket ID : 116<br>Ticket Title : Field Tech Request - NAPA<br><br>\n								Dear Dalrymple Yann,<br><br>\n								The Ticket is replied the details are :<br><br>\n								Ticket No : TKT000046<br>\n								Status : Closed<br>\n								Category : Small Problem<br>\n								Severity : Minor<br>\n								Priority : Normal<br><br>\n								Description : <br>We would like to schedule a technician for the location below:<br />\n<br />\nAddress: 3900 Bel Aire Plaza Napa, Ca 94558<br />\nDate: 3/20/2023<br />\nTime: 7:00AM PST<br />\nAccess to Store: Granted by Nuranne <br />\nDynamix Ref Number: 107054 <br />\n<br />\nWork Needed:<br />\nTask 1: Assistance with moving rack equipment <br />\nTask 2: Assistance with ATT Ciena install/Activation as needed<br />\nTask 3: Cienna Speed Test<br />\n<br />\nPlease advise if this is possible.<br />\n<br />\nThank you,<br />\nChristian Cruz<br><br>\n								Solution : <br>Good afternoon,<br />\n<br />\nWe would like to schedule a technician for the location below:<br />\n<br />\nAddress: 3900 Bel Aire Plaza Napa, Ca 94558<br />\nDate: 3/20/2023<br />\nTime: 7:00AM PST<br />\nAccess to Store: Granted by Nuranne <br />\nDynamix Ref Number: 107054 <br />\n<br />\nWork Needed:<br />\nTask 1: Assistance with moving rack equipment <br />\nTask 2: Assistance with ATT Ciena install/Activation as needed<br />\nTask 3: Cienna Speed Test<br />\n<br />\nPlease advise if this is possible.<br />\n<br />\nThank you,<br />\nChristian Cruz\n								<br><br>\n								Regards<br>Support Administrator<br><br>','2023-05-09 03:00:02','2023-05-09 03:00:02',NULL,NULL,0,1,0,0,'CRM','Ticket Number : TKT000046 Field Tech Request - NAPA'),(317,1,1,1,'Emails','Ticket ID : 116<br>Ticket Title : Field Tech Request - NAPA<br><br>\n								Dear Dalrymple Yann,<br><br>\n								The Ticket is replied the details are :<br><br>\n								Ticket No : TKT000046<br>\n								Status : Closed<br>\n								Category : Small Problem<br>\n								Severity : Minor<br>\n								Priority : Normal<br><br>\n								Description : <br>We would like to schedule a technician for the location below:<br />\n<br />\nAddress: 3900 Bel Aire Plaza Napa, Ca 94558<br />\nDate: 3/20/2023<br />\nTime: 7:00AM PST<br />\nAccess to Store: Granted by Nuranne <br />\nDynamix Ref Number: 107054 <br />\n<br />\nWork Needed:<br />\nTask 1: Assistance with moving rack equipment <br />\nTask 2: Assistance with ATT Ciena install/Activation as needed<br />\nTask 3: Cienna Speed Test<br />\n<br />\nPlease advise if this is possible.<br />\n<br />\nThank you,<br />\nChristian Cruz<br><br>\n								Solution : <br>Went on site to assist with Ciena installation and 				<br />\nvalidation.  See details below.  Pictures in OneDrive				<br />\nTravel time				<br />\n<br />\nDate: 3/20/2023<br />\nTime: 7:00AM PST<br />\nAccess to Store: Granted by Nuranne <br />\nDynamix Ref Number: 107054 <br />\n<br />\nWork Needed:<br />\nTask 1: Assistance with moving rack equipment <br />\nTask 2: Assistance with ATT Ciena install/Activation as needed<br />\nTask 3: Cienna Speed Test<br />\n<br />\nPlease advise if this is possible.<br />\n<br />\nThank you,<br />\nChristian Cruz\n								<br><br>\n								Regards<br>Support Administrator<br><br>','2023-05-09 03:00:10','2023-05-09 03:00:10',NULL,NULL,0,1,0,0,'CRM','Ticket Number : TKT000046 Field Tech Request - NAPA'),(318,1,1,1,'Emails','Ticket ID : 130<br>Ticket Title : Hello Blue Technology,   We would like to request a technician for the location below: Address: 2516 Mission St- El Techo and Lolinda Date:  ASAP, If possible today April 5 Time: 9PM PST  Access to Store:  C/o Staff  Dynamix Ref Number: 109888 Device Type<br><br>\n								Dear Lapinsee Bim,<br><br>\n								The Ticket is replied the details are :<br><br>\n								Ticket No : TKT000060<br>\n								Status : Closed<br>\n								Category : Small Problem<br>\n								Severity : Minor<br>\n								Priority : Normal<br><br>\n								Description : <br>Hello Team, <br />\n<br />\nWe would like to request a technician for the location below: <br />\n<br />\nAddress: 2049 Fillmore Street<br />\nDate:Time: 4/5/2023 3 PM PST (Wednesday)<br />\nAccess to Store: Store<br />\nDynamix Ref Number: 00109745<br />\nDevice Type: Sound System / Speakers<br />\nConnection Type: Wired<br />\nContact person on the store: Collin 9495846168<br />\n<br />\nWork Needed:<br />\nTask 1: check Outdoor speakers<br />\nTask 2: check Speaker wiring<br />\nTask 3: check the Outdoor speaker volume control<br />\n<br />\nTroubleshooting Steps taken:<br />\n· Checked outdoor speaker volume / not working<br />\n<br />\nLet us know if you have other questions.<br />\n<br />\nRegards,<br />\nJeremy.<br><br>\n								Solution : <br>Replace the cables of both speakers. 				<br />\nSet up serial panel				<br />\nReplace broken speaker binding terminal with a new one				<br />\nFix the binding terminal for the other  speaker				<br />\nCover cable connections with waterproof tape				<br />\n<br />\n<br />\n <br />\n<br />\nThank you again for coordinating Bim’s visit today – I’m glad we’re able to do see her wide array of skills on these types of calls.  <br />\n<br />\n <br />\n<br />\nBim and I discussed the current situation with the outdoor speakers and she said she has the availability to do the job tomorrow. Can we schedule her from 12 – 3pm? If she’s able to complete the job sooner, that’s fine too. She had mentioned 2-3 hours.<br />\n<br />\n <br />\n<br />\nPlease let me know if this is possible and then I’ll loop in the Dynamix team on the plan.<br />\n<br />\n <br />\n<br />\nThank you,\n								<br><br>\n								Regards<br>Support Administrator<br><br>','2023-05-09 05:00:02','2023-05-09 05:00:02',NULL,NULL,0,1,0,0,'CRM','Ticket Number : TKT000060 Hello Blue Technology,   We would like to request a technician for the location below: Address: 2516 Mission St- El Techo and Lolinda Date:  ASAP, If possible today April 5 Time: 9PM PST  Access to Store:  C/o Staff  Dynamix Ref '),(319,1,1,1,'Emails','Ticket ID : 128<br>Ticket Title : Tech Request at SD Serramonte SDWAN equipment pickup<br><br>\n								Dear Dalrymple Yann,<br><br>\n								The Ticket is replied the details are :<br><br>\n								Ticket No : TKT000058<br>\n								Status : Closed<br>\n								Category : Small Problem<br>\n								Severity : Minor<br>\n								Priority : Normal<br><br>\n								Description : <br>Hello Blue Technology, <br />\n<br />\n<br />\nWe would like to request a technician for the location below:<br />\n<br />\n<br />\nAddress: 3 Serramonte Center, Space #662 Dally City- SD Serramonte<br />\n<br />\nDate:  April 5, 2023<br />\n<br />\nTime: 7:45 AM PST<br />\n<br />\nAccess to Store:  Granted c/o Kitchen Staff<br />\n<br />\nDynamix Ref Number: 109856<br />\n<br />\nDevice Type: SDWAN equipment<br />\n<br />\n <br />\n<br />\nWork Needed:<br />\n Task 1: Prio to heading To Serramonte, kindly proceed to 2030 Union St. to retrieve the keys that have been left in the lockbox situated at the back of the stairs at 2030 Union St.<br />\nTask 2: Record the equipment information being picked up by Comcast schedule between 8-10 AM which includes : 2 device Advantech and  Cradlepoint  of  3 Serramonte Center, Space #662<br />\n<br />\n<br />\nRegards, <br />\nAlexandra<br><br>\n								Solution : <br>Support, <br />\nRecap: <br />\nArrived at 7:45 am <br />\nJumped on the Bridge <br />\nEmployee was on site already <br />\nEmployee left at 8 am <br />\nLocated Comcast equipment on top of Network rack <br />\nDid a continual Ping to insure that me removed the Comcast equipment would not disconnect site.  No issue <br />\nRemoved all equipment including power cords and network cables connected to Comcast devices <br />\nClosed the Rack back after removing equipment <br />\nTook pictures of devices <br />\nSpoke with Support on Bridge <br />\nProvided information requested by Support <br />\nSupport left the bridge and so did I <br />\nAttached pictures of devices to Email <br />\nWaiting for Comcast on site to hand over equipment as requested <br />\nWill drop off store key today back where I picked it up\n								<br><br>\n								Regards<br>Support Administrator<br><br>','2023-05-09 05:00:09','2023-05-09 05:00:09',NULL,NULL,0,1,0,0,'CRM','Ticket Number : TKT000058 Tech Request at SD Serramonte SDWAN equipment pickup'),(320,1,1,1,'Emails','Ticket ID : 295<br>Ticket Title : Investigate why kitchen printers wouldn\'t print<br><br>\n								Dear Dalrymple Yann,<br><br>\n								The Ticket is replied the details are :<br><br>\n								Ticket No : TKT000092<br>\n								Status : Closed<br>\n								Category : Big Problem<br>\n								Severity : Major<br>\n								Priority : High<br><br>\n								Description : <br>We would like to request a technician for the location below:<br />\n <br />\nAddress: 855 El Camino Real #110<br />\nDate: May 8<br />\nTime: Today, Asap<br />\nAccess to Store:  Granted c/o GM<br />\nDynamix Ref Number: 110763<br />\nConnection Type: Wired<br />\nWork Needed:<br />\nTask 1: To make sure all kitchen Toast printers will print, Grill FWLD002-KP-GRILL, Pantry FWLD002-KP-PANTRY and Expo FWLD002-KP-EXPO.<br />\n<br />\nTroubleshooting Steps Done: <br />\n1. On Meraki it showed that modem is online. <br />\n2. Pinged IP addresses: Grill: 192.168.192.170 = 100 Packet loss <br />\nPantry:  192.168.192.172 = 100 Packet Loss<br />\nExpo: 192.168.192.173 = 100 Packet Loss<br />\n3. Rebooted the printers<br />\n4. Reset the printers and it did print the IP address<br />\nGrill: 192.168.192.168<br />\nPantry:  192.168.192.172<br />\nExpo: 192.168.192.168<br />\n<br />\n<br />\n<br />\nRegards, <br />\nClaudette<br><br>\n								Solution : <br>To all, <br />\nRecap of Service Call: <br />\nArrived at 3:00 pm after getting a P1 call from JC and dropped everything I was doing <br />\nDid not jumped on ther Bridge right away since I drove straight there without checking my email <br />\nClaudette called me directly on my cell while I was on site and I told her to call me back in 30 minutes as I know I would be crawling under the kictchen equipment to most likely run a new cable which I ended running two eventually.   <br />\nTested Patch Panel Port 7 which is where the Switch that connects to all three Kitchen printers connects to the rest of the network and it tested back.  Port 8 was connected to the KDS so I left it alone. <br />\nI ran a new Cable from Patch Panel Port 5 to where the Swith was a I got connected but after doing some tests, the Expo printer would not print and I tested it and I was not getting an IP address automatically.  I used another cable and the Expo still did not get an Assigned IP Address.  Spoke with Claudette and provided the MAC address to see if NOC could see the MAC address as I thought possibly it may have been a Toast configuration issue.  <br />\nAt that point, Nuranne had joined the conversation and it was suggested to connect the Expo printer directly to the VLAN Switch within the Rack which I did after locating the backup Kitchen Printer on site <br />\nThe Expo printer did finally get an IP address and I brought it back on the line and it started to work correctly but then Grill printer sent the orders to another printer so I took that Grill printer to the Rack and gain it gave an IP address and from there, they were additional Toast configuration done and Daniel, the Manager on site was able to check that everything was printing correctly <br />\nAs for the Patch Panel Port connection on the Hot Line, only Patch Panel Port #4, #5 and # 8 are working (all used).  Patch Panel Port #8 and 11 and bad.  Others, I cannot even see behind the hot line.  <br />\nI also replaced the currect 8 Port Switch for the kitchen Printers with one that was less dirty.  I put the old one in the box in the Manager\'s office network equipment so they have a backup on site    <br />\nI left the site at 5:00 pm.  Thank you.\n								<br><br>\n								Regards<br>Support Administrator<br><br>','2023-05-09 22:45:01','2023-05-09 22:45:01',NULL,NULL,0,1,0,0,'CRM','Ticket Number : TKT000092 Investigate why kitchen printers wouldn\'t print'),(321,1,1,1,'Emails','<html>\r\n<head>\r\n	<title></title>\r\n</head>\r\n<body>test</body>\r\n</html>\r\n','2023-05-10 14:39:16','2023-05-10 14:39:16',NULL,NULL,0,1,0,0,'CRM','test'),(322,1,1,1,'Emails','<html>\r\n<head>\r\n	<title></title>\r\n</head>\r\n<body data-gr-ext-installed=\"\" data-new-gr-c-s-check-loaded=\"14.1028.0\">Ticket ID : 290<br />\r\nTicket Title : TESTING 7.5 Insert<br />\r\n<br />\r\nDear admin creantis,<br />\r\n<br />\r\nThe Ticket is replied the details are :<br />\r\n<br />\r\nTicket No : TKT000090<br />\r\nStatus : Open<br />\r\nCategory : Small Problem<br />\r\nSeverity : Minor<br />\r\nPriority : Low<br />\r\n<br />\r\nDescription :<br />\r\ntesting<br />\r\n<br />\r\nSolution :<br />\r\n<br />\r\nThe comments are :<br />\r\n<br />\r\n<br />\r\nRegards<br />\r\nBlue Technology Support Service Administrator<grammarly-desktop-integration data-grammarly-shadow-root=\"true\"></grammarly-desktop-integration></body>\r\n</html>\r\n<br><br>','2023-05-10 15:00:01','2023-05-10 15:00:01',NULL,NULL,0,1,0,0,'CRM','TKT000090 [ Ticket Id : 290 ] TESTING 7.5 Insert'),(323,1,1,1,'Emails','<html>\r\n<head>\r\n	<title></title>\r\n</head>\r\n<body data-gr-ext-installed=\"\" data-new-gr-c-s-check-loaded=\"14.1028.0\">Ticket ID : 290<br />\r\nTicket Title : TESTING 7.5 Insert<br />\r\n<br />\r\nDear admin creantis,<br />\r\n<br />\r\nThe Ticket is replied the details are :<br />\r\n<br />\r\nTicket No : TKT000090<br />\r\nStatus : Open<br />\r\nCategory : Small Problem<br />\r\nSeverity : Minor<br />\r\nPriority : Low<br />\r\n<br />\r\nDescription :<br />\r\ntesting<br />\r\n<br />\r\nSolution :<br />\r\n<br />\r\nThe comments are :<br />\r\n<br />\r\n<br />\r\nRegards<br />\r\nBlue Technology Support Service Administrator<grammarly-desktop-integration data-grammarly-shadow-root=\"true\"></grammarly-desktop-integration></body>\r\n</html>\r\n<br><br>','2023-05-10 15:00:05','2023-05-10 15:00:05',NULL,NULL,0,1,0,0,'CRM','TKT000090 [ Ticket Id : 290 ] TESTING 7.5 Insert'),(324,1,1,1,'Emails','Ticket ID : 290<br>Ticket Title : TESTING 7.5 Insert<br><br>\n								Dear admin creantis,<br><br>\n								The Ticket is replied the details are :<br><br>\n								Ticket No : TKT000090<br>\n								Status : Open<br>\n								Category : Small Problem<br>\n								Severity : Minor<br>\n								Priority : Low<br><br>\n								Description : <br>testing<br><br>\n								Solution : <br>test hardware<br>\n								The comments are : <br>\n								<br><br>\n								Regards<br>Support Administrator<br><br>','2023-05-10 17:30:01','2023-05-10 17:30:01',NULL,NULL,0,1,0,0,'CRM','TKT000090 [ Ticket Id : 290 ] TESTING 7.5 Insert'),(325,1,1,1,'Emails','Ticket ID : 290<br>Ticket Title : TESTING 7.5 Insert<br><br>\n								Dear Ismodes JC,<br><br>\n								The Ticket is replied the details are :<br><br>\n								Ticket No : TKT000090<br>\n								Status : Open<br>\n								Category : Small Problem<br>\n								Severity : Minor<br>\n								Priority : Low<br><br>\n								Description : <br>testing<br><br>\n								Solution : <br>test hardware\n								<br><br>\n								Regards<br>Support Administrator<br><br>','2023-05-10 17:30:08','2023-05-10 17:30:08',NULL,NULL,0,1,0,0,'CRM','Ticket Number : TKT000090 TESTING 7.5 Insert'),(326,1,1,1,'Emails','<html>\r\n<head>\r\n	<title></title>\r\n</head>\r\n<body data-gr-ext-installed=\"\" data-new-gr-c-s-check-loaded=\"14.1028.0\">Ticket ID : 290<br />\r\nTicket Title : TESTING 7.5 Insert<br />\r\n<br />\r\nDear admin creantis,<br />\r\n<br />\r\nThe Ticket is replied the details are :<br />\r\n<br />\r\nTicket No : TKT000090<br />\r\nStatus : Open<br />\r\nCategory : Small Problem<br />\r\nSeverity : Minor<br />\r\nPriority : Low<br />\r\n<br />\r\nDescription :<br />\r\ntesting<br />\r\n<br />\r\nSolution :<br />\r\ntest hardware<br />\r\nThe comments are :<br />\r\n<br />\r\n<br />\r\nRegards<br />\r\nBlue Technology Support Service Administrator<grammarly-desktop-integration data-grammarly-shadow-root=\"true\"></grammarly-desktop-integration></body>\r\n</html>\r\n<br><br>','2023-05-10 17:30:18','2023-05-10 17:30:18',NULL,NULL,0,1,0,0,'CRM','TKT000090 [ Ticket Id : 290 ] TESTING 7.5 Insert'),(327,1,1,1,'Emails','Ticket ID : 290<br>Ticket Title : TESTING 7.5 Insert<br><br>\n								Dear admin creantis,<br><br>\n								The Ticket is replied the details are :<br><br>\n								Ticket No : TKT000090<br>\n								Status : Open<br>\n								Category : Small Problem<br>\n								Severity : Minor<br>\n								Priority : Low<br><br>\n								Description : <br>testing<br><br>\n								Solution : <br>test hardwares<br>\n								The comments are : <br>\n								<br><br>\n								Regards<br>Support Administrator<br><br>','2023-05-10 17:30:28','2023-05-10 17:30:28',NULL,NULL,0,1,0,0,'CRM','TKT000090 [ Ticket Id : 290 ] TESTING 7.5 Insert'),(328,1,1,1,'Emails','Ticket ID : 290<br>Ticket Title : TESTING 7.5 Insert<br><br>\n								Dear Ismodes JC,<br><br>\n								The Ticket is replied the details are :<br><br>\n								Ticket No : TKT000090<br>\n								Status : Open<br>\n								Category : Small Problem<br>\n								Severity : Minor<br>\n								Priority : Low<br><br>\n								Description : <br>testing<br><br>\n								Solution : <br>test hardwares\n								<br><br>\n								Regards<br>Support Administrator<br><br>','2023-05-10 17:30:38','2023-05-10 17:30:38',NULL,NULL,0,1,0,0,'CRM','Ticket Number : TKT000090 TESTING 7.5 Insert'),(329,1,1,1,'Emails','<html>\r\n<head>\r\n	<title></title>\r\n</head>\r\n<body data-gr-ext-installed=\"\" data-new-gr-c-s-check-loaded=\"14.1028.0\">Ticket ID : 290<br />\r\nTicket Title : TESTING 7.5 Insert<br />\r\n<br />\r\nDear admin creantis,<br />\r\n<br />\r\nThe Ticket is replied the details are :<br />\r\n<br />\r\nTicket No : TKT000090<br />\r\nStatus : Open<br />\r\nCategory : Small Problem<br />\r\nSeverity : Minor<br />\r\nPriority : Low<br />\r\n<br />\r\nDescription :<br />\r\ntesting<br />\r\n<br />\r\nSolution :<br />\r\ntest hardwares<br />\r\nThe comments are :<br />\r\n<br />\r\n<br />\r\nRegards<br />\r\nBlue Technology Support Service Administrator<grammarly-desktop-integration data-grammarly-shadow-root=\"true\"></grammarly-desktop-integration></body>\r\n</html>\r\n<br><br>','2023-05-10 17:30:48','2023-05-10 17:30:48',NULL,NULL,0,1,0,0,'CRM','TKT000090 [ Ticket Id : 290 ] TESTING 7.5 Insert'),(330,1,1,1,'Emails','An Contact has been assigned to you on vtigerCRM<br>Details of Contact are :<br><br>Contact Id:<b>CON000010</b><br>LastName:<b>admin</b><br>FirstName:<b>creantis</b><br>Lead Source:<b></b><br>Department:<b></b><br>Description:<b>as</b><br><br><br>And <b>CustomerPortal Login Details</b> is sent to the EmailID :-cgarcia@creantis.com<br><br>Thank You<br>Admin<br><br>','2023-05-10 18:00:02','2023-05-10 18:00:02',NULL,NULL,0,1,0,0,'CRM','Regarding Contact Assignment'),(331,1,1,1,'Emails','An Contact has been assigned to you on vtigerCRM<br>Details of Contact are :<br><br>Contact Id:<b>CON000010</b><br>LastName:<b>admin</b><br>FirstName:<b>creantis</b><br>Lead Source:<b></b><br>Department:<b></b><br>Description:<b></b><br><br><br>And <b>CustomerPortal Login Details</b> is sent to the EmailID :-cgarcia@creantis.com<br><br>Thank You<br>Admin<br><br>','2023-05-10 18:00:09','2023-05-10 18:00:09',NULL,NULL,0,1,0,0,'CRM','Regarding Contact Assignment'),(332,1,1,1,'Emails','<html>\r\n<head>\r\n	<title></title>\r\n</head>\r\n<body data-gr-ext-installed=\"\" data-new-gr-c-s-check-loaded=\"14.1028.0\">Ticket ID : 290<br />\r\nTicket Title : TESTING 7.5 Insert<br />\r\n<br />\r\nDear admin creantis,<br />\r\n<br />\r\nThe Ticket is replied the details are :<br />\r\n<br />\r\nTicket No : TKT000090<br />\r\nStatus : Open<br />\r\nCategory : Small Problem<br />\r\nSeverity : Minor<br />\r\nPriority : Low<br />\r\n<br />\r\nDescription :<br />\r\ntesting<br />\r\n<br />\r\nSolution :<br />\r\ntest hardwares<br />\r\nThe comments are :<br />\r\n<br />\r\n<br />\r\nRegards<br />\r\nBlue Technology Support Service Administrator<grammarly-desktop-integration data-grammarly-shadow-root=\"true\"></grammarly-desktop-integration></body>\r\n</html>\r\n<br><br>','2023-05-10 18:00:14','2023-05-10 18:00:14',NULL,NULL,0,1,0,0,'CRM','TKT000090 [ Ticket Id : 290 ] TESTING 7.5 Insert'),(333,1,1,1,'Emails','<html>\r\n<head>\r\n	<title></title>\r\n</head>\r\n<body data-gr-ext-installed=\"\" data-new-gr-c-s-check-loaded=\"14.1028.0\">Ticket ID : 290<br />\r\nTicket Title : TESTING 7.5 Insert<br />\r\n<br />\r\nDear admin creantis,<br />\r\n<br />\r\nThe Ticket is replied the details are :<br />\r\n<br />\r\nTicket No : TKT000090<br />\r\nStatus : Open<br />\r\nCategory : Small Problem<br />\r\nSeverity : Minor<br />\r\nPriority : Low<br />\r\n<br />\r\nDescription :<br />\r\ntesting<br />\r\n<br />\r\nSolution :<br />\r\ntest hardwares<br />\r\nThe comments are :<br />\r\n<br />\r\n<br />\r\nRegards<br />\r\nBlue Technology Support Service Administrator<grammarly-desktop-integration data-grammarly-shadow-root=\"true\"></grammarly-desktop-integration></body>\r\n</html>\r\n<br><br>','2023-05-10 18:00:15','2023-05-10 18:00:15',NULL,NULL,0,1,0,0,'CRM','TKT000090 [ Ticket Id : 290 ] TESTING 7.5 Insert'),(334,1,1,1,'Emails','Ticket ID : 290<br>Ticket Title : TESTING 7.5 Insert<br><br>\n								Dear admin creantis,<br><br>\n								The Ticket is replied the details are :<br><br>\n								Ticket No : TKT000090<br>\n								Status : Open<br>\n								Category : Small Problem<br>\n								Severity : Minor<br>\n								Priority : Low<br><br>\n								Description : <br>testing<br><br>\n								Solution : <br>test hardwarer<br>\n								The comments are : <br>\n								<br><br>\n								Regards<br>Support Administrator<br><br>','2023-05-10 18:00:17','2023-05-10 18:00:17',NULL,NULL,0,1,0,0,'CRM','TKT000090 [ Ticket Id : 290 ] TESTING 7.5 Insert'),(335,1,1,1,'Emails','Ticket ID : 290<br>Ticket Title : TESTING 7.5 Insert<br><br>\n								Dear Ismodes JC,<br><br>\n								The Ticket is replied the details are :<br><br>\n								Ticket No : TKT000090<br>\n								Status : Open<br>\n								Category : Small Problem<br>\n								Severity : Minor<br>\n								Priority : Low<br><br>\n								Description : <br>testing<br><br>\n								Solution : <br>test hardwarer\n								<br><br>\n								Regards<br>Support Administrator<br><br>','2023-05-10 18:00:18','2023-05-10 18:00:18',NULL,NULL,0,1,0,0,'CRM','Ticket Number : TKT000090 TESTING 7.5 Insert'),(336,1,1,1,'Emails','<html>\r\n<head>\r\n	<title></title>\r\n</head>\r\n<body data-gr-ext-installed=\"\" data-new-gr-c-s-check-loaded=\"14.1028.0\">Ticket ID : 290<br />\r\nTicket Title : TESTING 7.5 Insert<br />\r\n<br />\r\nDear admin creantis,<br />\r\n<br />\r\nThe Ticket is replied the details are :<br />\r\n<br />\r\nTicket No : TKT000090<br />\r\nStatus : Open<br />\r\nCategory : Small Problem<br />\r\nSeverity : Minor<br />\r\nPriority : Low<br />\r\n<br />\r\nDescription :<br />\r\ntesting<br />\r\n<br />\r\nSolution :<br />\r\ntest hardwarer<br />\r\nThe comments are :<br />\r\n<br />\r\n<br />\r\nRegards<br />\r\nBlue Technology Support Service Administrator<grammarly-desktop-integration data-grammarly-shadow-root=\"true\"></grammarly-desktop-integration></body>\r\n</html>\r\n<br><br>','2023-05-10 18:00:30','2023-05-10 18:00:30',NULL,NULL,0,1,0,0,'CRM','TKT000090 [ Ticket Id : 290 ] TESTING 7.5 Insert'),(337,1,1,1,'Emails','<html>\r\n<head>\r\n	<title></title>\r\n</head>\r\n<body data-gr-ext-installed=\"\" data-new-gr-c-s-check-loaded=\"14.1028.0\">Ticket ID : 290<br />\r\nTicket Title : TESTING 7.5 Insert<br />\r\n<br />\r\nDear admin creantis,<br />\r\n<br />\r\nThe Ticket is replied the details are :<br />\r\n<br />\r\nTicket No : TKT000090<br />\r\nStatus : Open<br />\r\nCategory : Small Problem<br />\r\nSeverity : Minor<br />\r\nPriority : Low<br />\r\n<br />\r\nDescription :<br />\r\ntesting<br />\r\n<br />\r\nSolution :<br />\r\ntest hardwarer<br />\r\nThe comments are :<br />\r\n<br />\r\n<br />\r\nRegards<br />\r\nBlue Technology Support Service Administrator<grammarly-desktop-integration data-grammarly-shadow-root=\"true\"></grammarly-desktop-integration></body>\r\n</html>\r\n<br><br>','2023-05-10 18:00:39','2023-05-10 18:00:39',NULL,NULL,0,1,0,0,'CRM','TKT000090 [ Ticket Id : 290 ] TESTING 7.5 Insert'),(338,1,1,1,'Emails','Ticket ID : 290<br>Ticket Title : TESTING 7.5 Insert<br><br>\n								Dear admin creantis,<br><br>\n								The Ticket is replied the details are :<br><br>\n								Ticket No : TKT000090<br>\n								Status : Open<br>\n								Category : Small Problem<br>\n								Severity : Minor<br>\n								Priority : Low<br><br>\n								Description : <br>testing<br><br>\n								Solution : <br>test hardwarez<br>\n								The comments are : <br>\n								<br><br>\n								Regards<br>Support Administrator<br><br>','2023-05-10 18:00:49','2023-05-10 18:00:49',NULL,NULL,0,1,0,0,'CRM','TKT000090 [ Ticket Id : 290 ] TESTING 7.5 Insert'),(339,1,1,1,'Emails','Ticket ID : 290<br>Ticket Title : TESTING 7.5 Insert<br><br>\n								Dear Ismodes JC,<br><br>\n								The Ticket is replied the details are :<br><br>\n								Ticket No : TKT000090<br>\n								Status : Open<br>\n								Category : Small Problem<br>\n								Severity : Minor<br>\n								Priority : Low<br><br>\n								Description : <br>testing<br><br>\n								Solution : <br>test hardwarez\n								<br><br>\n								Regards<br>Support Administrator<br><br>','2023-05-10 18:00:54','2023-05-10 18:00:54',NULL,NULL,0,1,0,0,'CRM','Ticket Number : TKT000090 TESTING 7.5 Insert'),(340,1,1,1,'Emails','<html>\r\n<head>\r\n	<title></title>\r\n</head>\r\n<body data-gr-ext-installed=\"\" data-new-gr-c-s-check-loaded=\"14.1028.0\">Ticket ID : 290<br />\r\nTicket Title : TESTING 7.5 Insert<br />\r\n<br />\r\nDear admin creantis,<br />\r\n<br />\r\nThe Ticket is replied the details are :<br />\r\n<br />\r\nTicket No : TKT000090<br />\r\nStatus : Open<br />\r\nCategory : Small Problem<br />\r\nSeverity : Minor<br />\r\nPriority : Low<br />\r\n<br />\r\nDescription :<br />\r\ntesting<br />\r\n<br />\r\nSolution :<br />\r\ntest hardwarez<br />\r\nThe comments are :<br />\r\n<br />\r\n<br />\r\nRegards<br />\r\nBlue Technology Support Service Administrator<grammarly-desktop-integration data-grammarly-shadow-root=\"true\"></grammarly-desktop-integration></body>\r\n</html>\r\n<br><br>','2023-05-10 18:01:04','2023-05-10 18:01:04',NULL,NULL,0,1,0,0,'CRM','TKT000090 [ Ticket Id : 290 ] TESTING 7.5 Insert'),(341,1,1,1,'Emails','Ticket ID : 290<br>Ticket Title : TESTING 7.5 Insert<br><br>\n								Dear admin creantis,<br><br>\n								The Ticket is replied the details are :<br><br>\n								Ticket No : TKT000090<br>\n								Status : Open<br>\n								Category : Small Problem<br>\n								Severity : Minor<br>\n								Priority : Low<br><br>\n								Description : <br>testing<br><br>\n								Solution : <br>test hardware<br>\n								The comments are : <br>\n								<br><br>\n								Regards<br>Support Administrator<br><br>','2023-05-10 18:01:15','2023-05-10 18:01:15',NULL,NULL,0,1,0,0,'CRM','TKT000090 [ Ticket Id : 290 ] TESTING 7.5 Insert'),(342,1,1,1,'Emails','Ticket ID : 290<br>Ticket Title : TESTING 7.5 Insert<br><br>\n								Dear Ismodes JC,<br><br>\n								The Ticket is replied the details are :<br><br>\n								Ticket No : TKT000090<br>\n								Status : Open<br>\n								Category : Small Problem<br>\n								Severity : Minor<br>\n								Priority : Low<br><br>\n								Description : <br>testing<br><br>\n								Solution : <br>test hardware\n								<br><br>\n								Regards<br>Support Administrator<br><br>','2023-05-10 18:01:21','2023-05-10 18:01:21',NULL,NULL,0,1,0,0,'CRM','Ticket Number : TKT000090 TESTING 7.5 Insert'),(343,1,1,1,'Emails','<html>\r\n<head>\r\n	<title></title>\r\n</head>\r\n<body data-gr-ext-installed=\"\" data-new-gr-c-s-check-loaded=\"14.1028.0\">Ticket ID : 290<br />\r\nTicket Title : TESTING 7.5 Insert<br />\r\n<br />\r\nDear admin creantis,<br />\r\n<br />\r\nThe Ticket is replied the details are :<br />\r\n<br />\r\nTicket No : TKT000090<br />\r\nStatus : Open<br />\r\nCategory : Small Problem<br />\r\nSeverity : Minor<br />\r\nPriority : Low<br />\r\n<br />\r\nDescription :<br />\r\ntesting<br />\r\n<br />\r\nSolution :<br />\r\ntest hardware<br />\r\nThe comments are :<br />\r\n<br />\r\n<br />\r\nRegards<br />\r\nBlue Technology Support Service Administrator<grammarly-desktop-integration data-grammarly-shadow-root=\"true\"></grammarly-desktop-integration></body>\r\n</html>\r\n<br><br>','2023-05-10 18:01:23','2023-05-10 18:01:23',NULL,NULL,0,1,0,0,'CRM','TKT000090 [ Ticket Id : 290 ] TESTING 7.5 Insert'),(344,1,6,1,'HelpDesk','Creantis','2023-05-10 18:07:50','2023-05-10 18:15:13',NULL,NULL,0,1,0,0,'CUSTOMER PORTAL','Creantis'),(345,1,1,1,'Emails','Ticket No : TKT000094<br>\n							  Ticket ID : 344<br>\n							  Ticket Title : Creantis<br><br>\n							  Creantis<br><br>','2023-05-10 18:15:01','2023-05-10 18:15:01',NULL,NULL,0,1,0,0,'CRM','[From Portal] TKT000094 [ Ticket Id : 344 ] Creantis'),(346,1,1,1,'Emails','Ticket No : TKT000094<br>\n							  Ticket ID : 344<br>\n							  Ticket Title : Creantis<br><br>\n							  Creantis<br><br>','2023-05-10 18:15:13','2023-05-10 18:15:13',NULL,NULL,0,1,0,0,'CRM','[From Portal] TKT000094 [ Ticket Id : 344 ] Creantis'),(347,6,6,6,'ModComments',NULL,'2023-05-10 18:37:09','2023-05-10 18:37:09',NULL,NULL,0,1,0,0,'CRM','Pictures attached'),(348,6,6,0,'ModComments Attachment',NULL,'2023-05-10 18:37:09','2023-05-10 18:37:09',NULL,NULL,0,1,0,NULL,NULL,NULL),(349,1,1,1,'Emails','Ticket ID : 293<br>Ticket Title : Super Duper - NAPA network h<br><br>\n								Dear Solorzano Angel,<br><br>\n								The Ticket is replied the details are :<br><br>\n								Ticket No : TKT000091<br>\n								Status : Open<br>\n								Category : Small Problem<br>\n								Severity : Feature<br>\n								Priority : Normal<br><br>\n								Description : <br>We would like to request a technician for the location below:<br />\n<br />\nAddress: 3900 Bel Aire Plaza Napa, Ca 94558<br />\nDate: Requested for any date between 5/10/2023<br />\nTime: From 7:00 AM PST - 8:00 AM PST<br />\nAccess to Store:  Granted by staff<br />\nDynamix Ref Number: 107054<br />\nDevice Type: Switch/Modem<br />\nConnection Type: Ethernet Ports<br />\nWork Needed:<br />\nTask 1: Remote hands needed for network validation<br />\nTask 2: Remote hands needed for failover testing<br />\n<br />\nPlease let me know if you need anything else from me.<br />\n<br />\nThank you,<br />\nChristian Cruz<br><br>\n								Solution : <br>Remote hands needed for network validation				<br />\nRemote hands needed for failover testing\n								<br><br>\n								Regards<br>Support Administrator<br><br>','2023-05-10 18:45:01','2023-05-10 18:45:01',NULL,NULL,0,1,0,0,'CRM','Ticket Number : TKT000091 Super Duper - NAPA network h'),(350,1,1,1,'Emails','Ticket ID : 293<br>Ticket Title : Super Duper - NAPA network h<br><br>\n								Dear Solorzano Angel,<br><br>\n								The Ticket is replied the details are :<br><br>\n								Ticket No : TKT000091<br>\n								Status : Closed<br>\n								Category : Small Problem<br>\n								Severity : Feature<br>\n								Priority : Normal<br><br>\n								Description : <br>We would like to request a technician for the location below:<br />\n<br />\nAddress: 3900 Bel Aire Plaza Napa, Ca 94558<br />\nDate: Requested for any date between 5/10/2023<br />\nTime: From 7:00 AM PST - 8:00 AM PST<br />\nAccess to Store:  Granted by staff<br />\nDynamix Ref Number: 107054<br />\nDevice Type: Switch/Modem<br />\nConnection Type: Ethernet Ports<br />\nWork Needed:<br />\nTask 1: Remote hands needed for network validation<br />\nTask 2: Remote hands needed for failover testing<br />\n<br />\nPlease let me know if you need anything else from me.<br />\n<br />\nThank you,<br />\nChristian Cruz<br><br>\n								Solution : <br>Remote hands needed for network validation				<br />\nRemote hands needed for failover testing\n								<br><br>\n								Regards<br>Support Administrator<br><br>','2023-05-10 18:45:03','2023-05-10 18:45:03',NULL,NULL,0,1,0,0,'CRM','Ticket Number : TKT000091 Super Duper - NAPA network h'),(351,1,1,1,'Emails','Ticket ID : 112<br>Ticket Title : 108817 and 108825 / Super Duper – Metreon / Printer not printing and No sound on their Music<br><br>\n								Dear Dalrymple Yann,<br><br>\n								The Ticket is replied the details are :<br><br>\n								Ticket No : TKT000042<br>\n								Status : Closed<br>\n								Category : Small Problem<br>\n								Severity : Minor<br>\n								Priority : Normal<br><br>\n								Description : <br><br><br>\n								Solution : <br>To all,<br />\nWent on site this morning and this is what I did :<br />\n- Joined the Bridge<br />\n- Tested both Receipt printers and  they appear\\s to test print correctly<br />\n- Got the IP address for both printers<br />\n- Did some tests with Tech Minerva to validate the problem<br />\n- Realized that Receipts Printers between Kiosk and Term1 has been swapped between the two Workstations<br />\n- Swapped Printers back to proper locations and reconnected both of them<br />\n- Tested Kiosk Workstation again and Kiosk finally printted correctly<br />\n- Tested Term1 Workstation and Receipt printer still printed at Kiosk  <br />\n-  Minerva checked her Workstation Term1 Configurations and it all looked good on her side but we still had issue<br />\n-  Minerva called Toast Support and Toast Support pointed out that the Printer was not setup correctly on the device itself (Printer setup of the actual Workstation in location) and that were it needed to be changed.  We both learned something today about the Toast printing setting<br />\n- Tested that Term 1 Worstation as well and it finally printed correctly<br />\n- Tested the third Workstation (Term 2)  for validation and it tested correctly as well. <br />\n- When Manager came in, Minerva had him test again so he could see for himself that all Workstations were printing correctly.  All good. <br />\n- Manager to void all checks used for test purposes<br />\n- Fixed the music issue as well <br />\n- Left the Bridge.<br />\n <br />\nPs:  Got an error message on Kiosk Workstation (Error starting Toast App.  Saw that message a few times/see attached picture).  Unit did a software update <br />\n <br />\nThank you.\n								<br><br>\n								Regards<br>Support Administrator<br><br>','2023-05-10 19:00:02','2023-05-10 19:00:02',NULL,NULL,0,1,0,0,'CRM','Ticket Number : TKT000042 108817 and 108825 / Super Duper – Metreon / Printer not printing and No sound on their Music'),(352,1,1,1,'Emails','Ticket ID : 118<br>Ticket Title : Super Duper - Berkeley / Resolve camera 2<br><br>\n								Dear Dalrymple Yann,<br><br>\n								The Ticket is replied the details are :<br><br>\n								Ticket No : TKT000048<br>\n								Status : Closed<br>\n								Category : Small Problem<br>\n								Severity : Minor<br>\n								Priority : Normal<br><br>\n								Description : <br><br><br>\n								Solution : <br>Hello Team,<br />\n<br />\nSorry for the short notice. We would like to check if we could send someone onsite today at 10AM PST for the below location. if not, we would like to request to send one for tomorrow at the same time.<br />\n<br />\nAddress: 2355 Telegraph Avenue<br />\nDate:Time:  10AM PST 3/20/2023<br />\nAccess to Store: Managers office<br />\nDynamix Ref Number: 00108769<br />\nDevice Type: Security Camera<br />\nConnection Type: Wired<br />\n<br />\nWork Needed:<br />\nTask 1: Restart camera 2<br />\nTask 2: Test camera 2 if can be remote options via IVMS are working ex. change camera name / reboot etc.<br />\nTask 3: Test playback option for camera 2 if working<br />\n<br />\nTroubleshooting Steps taken:<br />\n· Tried remote restart for camera 2 / not working<br />\n· Tried resetting camera 2 / not working<br />\n- All remote functions for camera 2 are not responsive<br />\n<br />\nLet us know if you other questions.<br />\n<br />\nRegards,<br />\nJeremy.\n								<br><br>\n								Regards<br>Support Administrator<br><br>','2023-05-10 19:00:10','2023-05-10 19:00:10',NULL,NULL,0,1,0,0,'CRM','Ticket Number : TKT000048 Super Duper - Berkeley / Resolve camera 2'),(353,1,1,1,'Emails','Ticket ID : 272<br>Ticket Title : Wildseed Palo Alto / Printer Replacement<br><br>\n								Dear Solorzano Angel,<br><br>\n								The Ticket is replied the details are :<br><br>\n								Ticket No : TKT000085<br>\n								Status : Closed<br>\n								Category : Small Problem<br>\n								Severity : Minor<br>\n								Priority : Normal<br><br>\n								Description : <br>Hello,<br />\n<br />\nWe would like to request a technician for the location below:<br />\n<br />\nAddress: 855 El Camino Real #110<br />\nDate: April 24, 2023 (Monday)<br />\nTime: 9:00 AM PST<br />\nAccess to Store: Granted<br />\nDynamix Ref Number: 110291<br />\nDevice Type: Grill Printer /<br />\nConnection Type: Ethernet connection<br />\n<br />\n <br />\n<br />\nWork Needed:<br />\n<br />\n- Check the Network connection of the printer since it will not pick up the correct IP address<br />\n- Verify that the printer is getting a correct IP address<br />\n- Run a test order and confirm that the printer is working<br />\n- Make sure the label is added to the replacement device<br />\n<br />\n <br />\n<br />\nTroubleshooting Steps were taken:<br />\n<br />\n· Checked printer connections and reboot<br />\n· Performed test printer- it worked but could not print from the terminal<br />\n· Performed Hard Reset<br />\n· Checked backend settings and verified It’s routed to the correct printer<br />\n· Since it was still not working, rerouted to another printer and it worked.<br />\n· Replace the defective printer and after installing the replacement printer, still not printing<br />\n<br />\n<br />\nThank you and looking forward to your response.<br />\n<br />\nKind Regards,<br />\nDianah<br><br>\n								Solution : <br>\n								<br><br>\n								Regards<br>Support Administrator<br><br>','2023-05-10 19:00:17','2023-05-10 19:00:17',NULL,NULL,0,1,0,0,'CRM','Ticket Number : TKT000085 Wildseed Palo Alto / Printer Replacement'),(354,1,1,1,'Emails','Ticket ID : 110<br>Ticket Title : 108772 - aMano network rack<br><br>\n								Dear Dalrymple Yann,<br><br>\n								The Ticket is replied the details are :<br><br>\n								Ticket No : TKT000040<br>\n								Status : Closed<br>\n								Category : Small Problem<br>\n								Severity : Minor<br>\n								Priority : Normal<br><br>\n								Description : <br><br><br>\n								Solution : <br>Hello Nuranne,<br />\n<br />\nPlease see Yann\'s report below. <br />\n<br />\nFor now, we will close this ticket. I kindly request that you review the report and let us know if there are any further actions required.<br />\n<br />\nBest regards,<br />\n<br />\nDale\n								<br><br>\n								Regards<br>Support Administrator<br><br>','2023-05-10 19:00:25','2023-05-10 19:00:25',NULL,NULL,0,1,0,0,'CRM','Ticket Number : TKT000040 108772 - aMano network rack'),(355,1,1,1,'Emails','Ticket ID : 121<br>Ticket Title : Installation of replacement KDS at SD Novato<br><br>\n								Dear Dalrymple Yann,<br><br>\n								The Ticket is replied the details are :<br><br>\n								Ticket No : TKT000051<br>\n								Status : Closed<br>\n								Category : Small Problem<br>\n								Severity : Minor<br>\n								Priority : Normal<br><br>\n								Description : <br><br><br>\n								Solution : <br>Hello Blue Technology, <br />\nWe would like to request a technician for the location below:<br />\n<br />\n <br />\n<br />\nAddress: 5800 Nave Drive, Suite C, Novato<br />\n<br />\nDate: March 27, 2023<br />\n<br />\nTime: 7:00 AM PST<br />\n<br />\nAccess to Store:  Granted c/o Kitchen Staff <br />\n<br />\nDynamix Ref Number: 109234<br />\n<br />\nDevice Type: KDS<br />\n<br />\nConnection Type: Hardwired <br />\n <br />\n<br />\nWork Needed:<br />\n<br />\nTask 1: Install the replacement KDS<br />\nTask 2: Make sure label is added to the device CSD008-KDS-002<br />\nTask 3: If RMA, drop off the defective unit.\n								<br><br>\n								Regards<br>Support Administrator<br><br>','2023-05-10 19:00:35','2023-05-10 19:00:35',NULL,NULL,0,1,0,0,'CRM','Ticket Number : TKT000051 Installation of replacement KDS at SD Novato'),(356,1,1,1,'Emails','Ticket ID : 233<br>Ticket Title : Napa SD - DayForce Tablet Issues<br><br>\n								Dear Solorzano Angel,<br><br>\n								The Ticket is replied the details are :<br><br>\n								Ticket No : TKT000071<br>\n								Status : Closed<br>\n								Category : Small Problem<br>\n								Severity : Minor<br>\n								Priority : Normal<br><br>\n								Description : <br>Hello Blue Technology, <br />\n<br />\nWe would like to request a technician for the location below:<br />\n<br />\nAddress: 3900 Bel Aire Plaza, Napa  Super Duper-Napa<br />\nDate:  ASAP, If possible tomorrow April 7<br />\nTime: 4PM PST <br />\nAccess to Store:  C/o Staff <br />\nDynamix Ref Number: 109936<br />\nDevice Type: Dayforce Touch Clock<br />\nConnection Type: Wireless<br />\n<br />\nWork Needed:<br />\nOffline Clock Troubleshooting:-<br />\n1.1Verify if the clock is receiving an IP address<br />\n1.Go to the location the clock is mounted<br />\n2. Place and hold your Finger on the Welcome to Dayforce HCM until the clock prompts you to enter the administrator PIN.<br />\n3. Enter the PIN 4110 and press Enter.<br />\n4. Tap Clock Information icon<br />\n5. Verify if the clock has an IP address<br />\n If the clock has an IP address<br />\nTrigger a Call Home and a Software Update through the admin mode<br />\nNote: If the clock goes on activation pending screen, trigger a Call home and a Software<br />\nupdate again<br />\n<br />\n If the IP address is missing<br />\n1. Disconnect the ethernet cable and plug it back again.<br />\n2. Verify if there is an IP address under the Clock information<br />\n3. If yes, trigger a Call home and Software update<br />\n4. If no, connect the clock to an another ethernet/port or connect the clock to Static IP<br />\n5. Trigger a Call home and Software update<br><br>\n								Solution : <br>\n								<br><br>\n								Regards<br>Support Administrator<br><br>','2023-05-10 19:00:46','2023-05-10 19:00:46',NULL,NULL,0,1,0,0,'CRM','Ticket Number : TKT000071 Napa SD - DayForce Tablet Issues'),(357,1,1,1,'Emails','Ticket ID : 285<br>Ticket Title : Request for BT Tech Dispatch at SD Laurel Village<br><br>\n								Dear Dalrymple Yann,<br><br>\n								The Ticket is replied the details are :<br><br>\n								Ticket No : TKT000088<br>\n								Status : Closed<br>\n								Category : Small Problem<br>\n								Severity : Minor<br>\n								Priority : Normal<br><br>\n								Description : <br>Hello Blue Technology, <br />\n<br />\n <br />\nWe are sending this request to assist the Technical Consultant  from Toast, Jeff Butcher. <br />\n<br />\nDynamix Ref: 108212<br />\nAddress: 3401 California Street, San Francisco, CA 94118<br />\nDate: February 14 2023<br />\nTime: From 8AM-9AM PST<br />\n <br />\nHere are primary goals: <br />\n<br />\nCheck the settings  of the terminal over at  Super Duper- Laurel Village  and relay the information over the phone. <br />\nBridge to be provided by a Toast Consultant. We will update this thread once we have it. <br />\n<br />\n<br />\n<br />\nRegards, <br />\nClaudette<br><br>\n								Solution : <br>\n								<br><br>\n								Regards<br>Support Administrator<br><br>','2023-05-10 19:00:55','2023-05-10 19:00:55',NULL,NULL,0,1,0,0,'CRM','Ticket Number : TKT000088 Request for BT Tech Dispatch at SD Laurel Village'),(358,1,1,1,'Emails','Ticket ID : 119<br>Ticket Title : Flores Corte Madera / Cameras are offline<br><br>\n								Dear Solorzano Angel,<br><br>\n								The Ticket is replied the details are :<br><br>\n								Ticket No : TKT000049<br>\n								Status : Closed<br>\n								Category : Small Problem<br>\n								Severity : Minor<br>\n								Priority : Normal<br><br>\n								Description : <br><br><br>\n								Solution : <br>Hello Team, <br />\n<br />\nWe would like to request a technician for the location below: <br />\n<br />\nAddress: 301 Corte Madera, Town Center<br />\nDate:Time:  10AM PST March 22 2023 (Wednesday)<br />\nAccess to Store: Network room<br />\nDynamix Ref Number: 00109160<br />\nDevice Type: Security Camera <br />\nConnection Type: Wired<br />\n<br />\nWork Needed:<br />\nTask 1: Check DVR if it\'s offline<br />\nTask 2: Check IVMS Software if the cameras are up<br />\n<br />\nTroubleshooting Steps taken:<br />\n· Tried rebooting remotely / devices are offline<br />\n<br />\nLet us know if you have other questions.<br />\n<br />\nRegards,<br />\nJeremy.\n								<br><br>\n								Regards<br>Support Administrator<br><br>','2023-05-10 19:15:01','2023-05-10 19:15:01',NULL,NULL,0,1,0,0,'CRM','Ticket Number : TKT000049 Flores Corte Madera / Cameras are offline'),(359,6,10,10,'HelpDesk','Address: 37 Yerba Buena, San Francisco (Delarosa Yerba Buena)\nDate: May 15, Monday\nTime: 7:00 AM PST\nAccess to Store:  Granted \nDynamix Ref Number: 110406\nConnection Type: Hardwired \n \n\nWork Needed:\nTask 1 Confirm if the newly ports are connected to the patch\nTask 2 To connect the KDSs to the patch\nTask 3  Secure wired connection for KDS\nTask 4 Make sure  IP\'s on KDS are valid\n\nRegards,\nAlexandra','2023-05-10 21:56:37','2023-05-15 19:00:21',NULL,NULL,0,1,0,0,'CRM','Tech Visit at Dela Rosa Yerba Buena /  Connect Newly Opened Ports to Patch Panel'),(360,1,1,1,'Emails','Ticket ID : 359<br>Ticket Title : Tech Visit at Dela Rosa Yerba Buena /  Connect Newly Opened Ports to Patch Panel<br><br>\n								Dear Lapinsee Bim,<br><br>\n								The Ticket is replied the details are :<br><br>\n								Ticket No : TKT000095<br>\n								Status : Open<br>\n								Category : Small Problem<br>\n								Severity : Minor<br>\n								Priority : Normal<br><br>\n								Description : <br>Address: 37 Yerba Buena, San Francisco (Delarosa Yerba Buena)<br />\nDate: May 15, Monday<br />\nTime: 7:00 AM PST<br />\nAccess to Store:  Granted <br />\nDynamix Ref Number: 110406<br />\nConnection Type: Hardwired <br />\n <br />\n<br />\nWork Needed:<br />\nTask 1 Confirm if the newly ports are connected to the patch<br />\nTask 2 To connect the KDSs to the patch<br />\nTask 3  Secure wired connection for KDS<br />\nTask 4 Make sure  IP\'s on KDS are valid<br />\n<br />\nRegards,<br />\nAlexandra<br><br>\n								Solution : <br>\n								<br><br>\n								Regards<br>Support Administrator<br><br>','2023-05-10 22:00:01','2023-05-10 22:00:01',NULL,NULL,0,1,0,0,'CRM','Ticket Number : TKT000095 Tech Visit at Dela Rosa Yerba Buena /  Connect Newly Opened Ports to Patch Panel'),(361,6,6,6,'ModComments',NULL,'2023-05-10 22:35:38','2023-05-10 22:35:38',NULL,NULL,0,1,0,0,'CRM','Bim please, confirm asap'),(362,6,6,6,'ModComments',NULL,'2023-05-11 01:06:20','2023-05-11 01:06:20',NULL,NULL,0,1,0,0,'CRM','Bim, please be sure to be at 8am and not 7am as the original ticket email'),(363,6,6,6,'ModComments',NULL,'2023-05-11 01:15:00','2023-05-11 01:15:00',NULL,NULL,0,1,0,0,'CRM','test'),(364,6,6,6,'ModComments',NULL,'2023-05-11 01:15:10','2023-05-11 01:15:10',NULL,NULL,0,1,0,0,'CRM','OK'),(365,6,5,5,'HelpDesk','Hello Blue Technology, \n We would like to request a technician for the location below:\n\n  \n•	Address:  2518 Mission Street, san Francisco\n•	Date: Asap, if possible today,  May 4 \n•	Time: Anytime today\n•	Access to Store:  Granted\n•	Dynamix Ref Number: 110647\n\n\n\nWork Needed:\n- To check network connectivity.\n  \n Regards, \nClaudette','2023-05-11 01:56:47','2023-05-19 03:43:52',NULL,NULL,0,1,0,0,'CRM','Network Monitoring - Service Downtime'),(366,1,1,1,'Emails','<html>\r\n<head>\r\n	<title></title>\r\n</head>\r\n<body data-gr-ext-installed=\"\" data-new-gr-c-s-check-loaded=\"14.1029.0\">Ticket ID : 365<br />\r\nTicket Title : Network Monitoring - Service Downtime<br />\r\n<br />\r\nDear Dalrymple Yann,<br />\r\n<br />\r\nYou have been assigned to the following ticket:<br />\r\n<br />\r\nTicket No : TKT000096<br />\r\nStatus : Closed<br />\r\nCategory : Small Problem<br />\r\nSeverity : Minor<br />\r\nPriority : Normal<br />\r\n<br />\r\nDYNAMIX TICKET NUMBER:&nbsp;110647<br />\r\n<br />\r\nDescription :<br />\r\nHello Blue Technology, <br />\n We would like to request a technician for the location below:<br />\n<br />\n  <br />\n•	Address:  2518 Mission Street, san Francisco<br />\n•	Date: Asap, if possible today,  May 4 <br />\n•	Time: Anytime today<br />\n•	Access to Store:  Granted<br />\n•	Dynamix Ref Number: 110647<br />\n<br />\n<br />\n<br />\nWork Needed:<br />\n- To check network connectivity.<br />\n  <br />\n Regards, <br />\nClaudette<br />\r\n<br />\r\n<br />\r\n<br />\r\nRegards,<br />\r\n<span style=\"font-size:20px;\"><strong>JC</strong></span><br />\r\n<span style=\"font-family:verdana,geneva,sans-serif;\">BLUE TECHNOLOGY<br />\r\nSupport Administrator</span><grammarly-desktop-integration data-grammarly-shadow-root=\"true\"></grammarly-desktop-integration></body>\r\n</html>\r\n<br><br>','2023-05-11 02:00:02','2023-05-11 02:00:02',NULL,NULL,0,1,0,0,'CRM','YOU HAVE BEEN ASSIGNED TO A NEW TICKET - Ticket Number : TKT000096 Network Monitoring - Service Downtime DYNAMIX NUMBER 110647'),(367,6,10,1,'HelpDesk','Hello Dianah,\n \nLockbox has already been left onsite for access at 7am and Bim has been informed of location and code. We’ll keep the scheduled time.\n \nPlease note that as discussed on Monday’s meeting, issue with ticket 110406 is resolved. Expo printer is showing correct IP of 192.168.192.173 and working as expected.\n \nThis call is to address ticket 110458 and 108635. During the KDS installation, we had to resort to using a WiFi connection because none of the devices were retaining the assigned IP. NOC also needed to configure a port outside of PNET range - please ensure they are scheduled on standby for this call as we need a port configured on the switch. See configurations sent on 4/27 on ticket 108635 below:\nDevice Name	Device Label Name	MAC Address	 \nIP Address	Serial Number	Patch Panel	Switch Port\nCOLD KDS	FDLA002-KDS-002	74:F7:F6:3D:AE:1F	 \n192.168.192.71	LS84221Q41125	18	1\nHOT KDS	FDLA002-KDS-003	74:F7:F6:3D:BE:D5	 \n192.168.192.72	LS84221U40182	20	4\nPIZZA KDS	FDLA002-KDS-004	74:F7:F6:3D:99:A9	 \n192.168.192.73	LS84221Q40073	22	13\n \nNotice that switch port 13 was used. This needs to be changed as Port 13 is assigned exclusively to music devices. @bim@mybluetechnology.com Please make this change to the next available port and communicate with Dynamix team here or on the bridge. NOC team needs to configure the port for Toast devices outside of 1-12 range. Once the correct IP is being retained via RJ45 connection on the Toast devices – you’ll need to disable WiFi connection and forget the saved network. I will send you a separate email with your unique Toast credentials.\n \nPlease don’t hesitate to reach out to me directly with any questions.\n \nBest,\nNuranne\n \nFrom: Dynamix Frontline Services \nSent: Tuesday, May 2, 2023 9:24 PM\nTo: bim@mybluetechnology.com\nCc: jc@mybluetechnology.com; supportticket@mybluetechnology.com; Nuranne Dairkee \nSubject: Re: Dela Rosa Yerba Buena / Wiring issue from Patch\n \nHello Bim,\n\nI hope all is well. \n\nWe would like to request to move the schedule to 8 AM instead of 7 AM since the earliest staff will arrive at 8 AM.\n\nThank you for your patience.\n\nKind Regards,\nDianah\n--------------- Original Message ---------------\nFrom: Dynamix Frontline Services [frontline@dynamixsupport.com]\nSent: 5/1/2023, 7:39 PM\nTo: bim@mybluetechnology.com\nCc: jc@mybluetechnology.com; supportticket@mybluetechnology.com; ndairkee@backofthehouseinc.com\nSubject: Re: Dela Rosa Yerba Buena / Wiring issue from Patch\n\nHello Bim,\n\n\nKindly see the bridge information below:\n\nConference Bridge (510) 982-2772\nParticipant Pin #96875\n\n\n\nRegards,\nChristine\n\n\n--------------- Original Message ---------------\nFrom: Bim [bim@mybluetechnology.com]\nSent: 5/1/2023, 1:50 PM\nTo: frontline@dynamixsupport.com\nCc: jc@mybluetechnology.com; supportticket@mybluetechnology.com; ndairkee@backofthehouseinc.com\nSubject: Re: Dela Rosa Yerba Buena / Wiring issue from Patch\n\nConfirmed, I will be there Wednesday 3rd of May at 7.am and will pick up key on Tuesday 8pm please prepare for me.\n \nBim Tech \nSan Francisco \n4156322318\n \n\nHello,\nWe would like to request a technician for the location below:\nAddress: 37 Yerba Buena San Francisco CA, 94103\nDate: April 26, 2023 (Wednesday)\nTime: 7:00 AM PST\nAccess to Store:  Granted\nDynamix Ref Number: 110406\nDevice Type:  \nConnection Type: Ethernet connection\nWork Needed:\nTo confirm the patch status\nTroubleshooting Steps were taken:\nConfigured - FDLA002-KP-HOT in Meraki\nAdded MAC- 50:57:9c:58:c8:1b / IP - 192.168.192.170\nPing Test - responding / Loss rate - 0%\nTest Print -Working\nFDLA002-KP-EXPO\n> Connected to a patch > Switch port number 6 > IP: None\nProperly Onboarded in Meraki - 50:57:9c:58:ad:8c/ 192.168.192.173\nPing Test- 100% Packet Loss\nBypassed the patch and connect it straight to the switch\nPerformed Powercycle. Ip now shows - 192.168.192.173\nPing test - 0% packet loss\ntest print - Okay\nThe printer is not working behind the patch\nThank you and looking forward to your response.\nKind Regards,\nDianah','2023-05-11 02:03:59','2023-05-15 19:08:01',NULL,NULL,0,1,0,0,'CRM','Dela Rosa Yerba Buena / Wiring issue from Patch'),(368,6,6,6,'ModComments',NULL,'2023-05-11 02:08:14','2023-05-11 02:08:14',NULL,NULL,0,1,0,0,'CRM','Notice that switch port 13 was used. This needs to be changed as Port 13 is assigned exclusively to music devices. @bim@mybluetechnology.com Please make this change to the next available port and communicate with Dynamix team here or on the bridge. NOC te'),(369,1,1,1,'Emails','<html>\r\n<head>\r\n	<title></title>\r\n</head>\r\n<body data-gr-ext-installed=\"\" data-new-gr-c-s-check-loaded=\"14.1029.0\">Ticket ID : 367<br />\r\nTicket Title : Dela Rosa Yerba Buena / Wiring issue from Patch<br />\r\n<br />\r\nDear Lapinsee Bim,<br />\r\n<br />\r\nYou have been assigned to the following ticket:<br />\r\n<br />\r\nTicket No : TKT000097<br />\r\nStatus : Open<br />\r\nCategory : Big Problem<br />\r\nSeverity : Minor<br />\r\nPriority : Normal<br />\r\n<br />\r\nDYNAMIX TICKET NUMBER:&nbsp;110406<br />\r\n<br />\r\nDescription :<br />\r\nHello,<br />\nWe would like to request a technician for the location below:<br />\nAddress: 37 Yerba Buena San Francisco CA, 94103<br />\nDate: April 26, 2023 (Wednesday)<br />\nTime: 7:00 AM PST<br />\nAccess to Store:  Granted<br />\nDynamix Ref Number: 110406<br />\nDevice Type:  <br />\nConnection Type: Ethernet connection<br />\nWork Needed:<br />\nTo confirm the patch status<br />\nTroubleshooting Steps were taken:<br />\nConfigured - FDLA002-KP-HOT in Meraki<br />\nAdded MAC- 50:57:9c:58:c8:1b / IP - 192.168.192.170<br />\nPing Test - responding / Loss rate - 0%<br />\nTest Print -Working<br />\nFDLA002-KP-EXPO<br />\n> Connected to a patch > Switch port number 6 > IP: None<br />\nProperly Onboarded in Meraki - 50:57:9c:58:ad:8c/ 192.168.192.173<br />\nPing Test- 100% Packet Loss<br />\nBypassed the patch and connect it straight to the switch<br />\nPerformed Powercycle. Ip now shows - 192.168.192.173<br />\nPing test - 0% packet loss<br />\ntest print - Okay<br />\nThe printer is not working behind the patch<br />\nThank you and looking forward to your response.<br />\nKind Regards,<br />\nDianah<br />\r\n<br />\r\n<br />\r\n<br />\r\nRegards,<br />\r\n<span style=\"font-size:20px;\"><strong>JC</strong></span><br />\r\n<span style=\"font-family:verdana,geneva,sans-serif;\">BLUE TECHNOLOGY<br />\r\nSupport Administrator</span><grammarly-desktop-integration data-grammarly-shadow-root=\"true\"></grammarly-desktop-integration></body>\r\n</html>\r\n<br><br>','2023-05-11 02:15:01','2023-05-11 02:15:01',NULL,NULL,0,1,0,0,'CRM','YOU HAVE BEEN ASSIGNED TO A NEW TICKET - Ticket Number : TKT000097 Dela Rosa Yerba Buena / Wiring issue from Patch DYNAMIX NUMBER 110406'),