-- Dumping data for table `vtiger_projectpriority_seq`
--

INSERT INTO `vtiger_projectpriority_seq` VALUES (4);

--
-- Table structure for table `vtiger_projectstatus`
--

CREATE TABLE `vtiger_projectstatus` (
  `projectstatusid` int(11) NOT NULL AUTO_INCREMENT,
  `projectstatus` varchar(200) NOT NULL,
  `presence` int(11) NOT NULL DEFAULT 1,
  `picklist_valueid` int(11) NOT NULL DEFAULT 0,
  `sortorderid` int(11) DEFAULT 0,
  `color` varchar(10) DEFAULT NULL,
  PRIMARY KEY (`projectstatusid`)
) ENGINE=InnoDB AUTO_INCREMENT=10 DEFAULT CHARSET=utf8 COLLATE=utf8_general_ci;

--
-- Dumping data for table `vtiger_projectstatus`
--

INSERT INTO `vtiger_projectstatus` VALUES (2,'prospecting',1,261,2,NULL),(3,'initiated',1,262,3,NULL),(4,'in progress',1,263,4,NULL),(5,'waiting for feedback',1,264,5,NULL),(6,'on hold',1,265,6,NULL),(7,'completed',1,266,7,NULL),(8,'delivered',1,267,8,NULL),(9,'archived',1,268,9,NULL);

--
-- Table structure for table `vtiger_projectstatus_seq`
--

CREATE TABLE `vtiger_projectstatus_seq` (
  `id` int(11) NOT NULL
) ENGINE=InnoDB DEFAULT CHARSET=utf8mb4 COLLATE=utf8mb4_general_ci;

--
-- Dumping data for table `vtiger_projectstatus_seq`
--

INSERT INTO `vtiger_projectstatus_seq` VALUES (9);

--
-- Table structure for table `vtiger_projecttask`
--

CREATE TABLE `vtiger_projecttask` (
  `projecttaskid` int(11) NOT NULL,
  `projecttaskname` varchar(255) DEFAULT NULL,
  `projecttask_no` varchar(100) DEFAULT NULL,
  `projecttasktype` varchar(100) DEFAULT NULL,
  `projecttaskpriority` varchar(100) DEFAULT NULL,
  `projecttaskprogress` varchar(100) DEFAULT NULL,
  `projecttaskhours` varchar(255) DEFAULT NULL,
  `startdate` date DEFAULT NULL,
  `enddate` date DEFAULT NULL,
  `projectid` varchar(100) DEFAULT NULL,
  `projecttasknumber` int(11) DEFAULT NULL,
  `tags` varchar(1) DEFAULT NULL,
  `projecttaskstatus` varchar(100) DEFAULT NULL,
  PRIMARY KEY (`projecttaskid`),
  CONSTRAINT `fk_crmid_vtiger_projecttask` FOREIGN KEY (`projecttaskid`) REFERENCES `vtiger_crmentity` (`crmid`) ON DELETE CASCADE
) ENGINE=InnoDB DEFAULT CHARSET=utf8 COLLATE=utf8_general_ci;

--
-- Dumping data for table `vtiger_projecttask`
--


--
-- Table structure for table `vtiger_projecttask_status_color`
--

CREATE TABLE `vtiger_projecttask_status_color` (
  `status` varchar(255) DEFAULT NULL,
  `defaultcolor` varchar(50) DEFAULT NULL,
  `color` varchar(50) DEFAULT NULL,
  UNIQUE KEY `status` (`status`)
) ENGINE=InnoDB DEFAULT CHARSET=utf8 COLLATE=utf8_general_ci;

--
-- Dumping data for table `vtiger_projecttask_status_color`
--

INSERT INTO `vtiger_projecttask_status_color` VALUES ('Open','#0099ff',NULL),('In Progress','#fdff00',NULL),('Completed','#3BBF67',NULL),('Deferred','#fbb11e',NULL),('Canceled','#660066',NULL);

--
-- Table structure for table `vtiger_projecttaskcf`
--

CREATE TABLE `vtiger_projecttaskcf` (
  `projecttaskid` int(11) NOT NULL DEFAULT 0,
  PRIMARY KEY (`projecttaskid`),
  CONSTRAINT `fk_projecttaskid_vtiger_projecttaskcf` FOREIGN KEY (`projecttaskid`) REFERENCES `vtiger_projecttask` (`projecttaskid`) ON DELETE CASCADE
) ENGINE=InnoDB DEFAULT CHARSET=utf8 COLLATE=utf8_general_ci;

--
-- Dumping data for table `vtiger_projecttaskcf`
--


--
-- Table structure for table `vtiger_projecttaskpriority`
--

CREATE TABLE `vtiger_projecttaskpriority` (
  `projecttaskpriorityid` int(11) NOT NULL AUTO_INCREMENT,
  `projecttaskpriority` varchar(200) NOT NULL,
  `presence` int(11) NOT NULL DEFAULT 1,
  `picklist_valueid` int(11) NOT NULL DEFAULT 0,
  `sortorderid` int(11) DEFAULT 0,
  `color` varchar(10) DEFAULT NULL,
  PRIMARY KEY (`projecttaskpriorityid`)
) ENGINE=InnoDB AUTO_INCREMENT=5 DEFAULT CHARSET=utf8 COLLATE=utf8_general_ci;

--
-- Dumping data for table `vtiger_projecttaskpriority`
--

INSERT INTO `vtiger_projecttaskpriority` VALUES (2,'low',1,246,2,NULL),(3,'normal',1,247,3,NULL),(4,'high',1,248,4,NULL);

--
-- Table structure for table `vtiger_projecttaskpriority_seq`
--

CREATE TABLE `vtiger_projecttaskpriority_seq` (
  `id` int(11) NOT NULL
) ENGINE=InnoDB DEFAULT CHARSET=utf8mb4 COLLATE=utf8mb4_general_ci;

--
-- Dumping data for table `vtiger_projecttaskpriority_seq`
--

INSERT INTO `vtiger_projecttaskpriority_seq` VALUES (4);

--
-- Table structure for table `vtiger_projecttaskprogress`
--

CREATE TABLE `vtiger_projecttaskprogress` (
  `projecttaskprogressid` int(11) NOT NULL AUTO_INCREMENT,
  `projecttaskprogress` varchar(200) NOT NULL,
  `presence` int(11) NOT NULL DEFAULT 1,
  `picklist_valueid` int(11) NOT NULL DEFAULT 0,
  `sortorderid` int(11) DEFAULT 0,
  `color` varchar(10) DEFAULT NULL,
  PRIMARY KEY (`projecttaskprogressid`)
) ENGINE=InnoDB AUTO_INCREMENT=12 DEFAULT CHARSET=utf8 COLLATE=utf8_general_ci;

--
-- Dumping data for table `vtiger_projecttaskprogress`
--

INSERT INTO `vtiger_projecttaskprogress` VALUES (2,'10%',1,250,2,NULL),(3,'20%',1,251,3,NULL),(4,'30%',1,252,4,NULL),(5,'40%',1,253,5,NULL),(6,'50%',1,254,6,NULL),(7,'60%',1,255,7,NULL),(8,'70%',1,256,8,NULL),(9,'80%',1,257,9,NULL),(10,'90%',1,258,10,NULL),(11,'100%',1,259,11,NULL);

--
-- Table structure for table `vtiger_projecttaskprogress_seq`
--

CREATE TABLE `vtiger_projecttaskprogress_seq` (
  `id` int(11) NOT NULL
) ENGINE=InnoDB DEFAULT CHARSET=utf8mb4 COLLATE=utf8mb4_general_ci;

--
-- Dumping data for table `vtiger_projecttaskprogress_seq`
--

INSERT INTO `vtiger_projecttaskprogress_seq` VALUES (11);

--
-- Table structure for table `vtiger_projecttaskstatus`
--

CREATE TABLE `vtiger_projecttaskstatus` (
  `projecttaskstatusid` int(11) NOT NULL AUTO_INCREMENT,
  `projecttaskstatus` varchar(200) NOT NULL,
  `presence` int(11) NOT NULL DEFAULT 1,
  `picklist_valueid` int(11) NOT NULL DEFAULT 0,
  `sortorderid` int(11) DEFAULT 0,
  `color` varchar(10) DEFAULT NULL,
  PRIMARY KEY (`projecttaskstatusid`)
) ENGINE=InnoDB AUTO_INCREMENT=7 DEFAULT CHARSET=utf8 COLLATE=utf8_general_ci;

--
-- Dumping data for table `vtiger_projecttaskstatus`
--

INSERT INTO `vtiger_projecttaskstatus` VALUES (2,'Open',0,290,2,NULL),(3,'In Progress',0,291,3,NULL),(4,'Completed',0,292,4,NULL),(5,'Deferred',0,293,5,NULL),(6,'Canceled ',0,294,6,NULL);

--
-- Table structure for table `vtiger_projecttaskstatus_seq`
--

CREATE TABLE `vtiger_projecttaskstatus_seq` (
  `id` int(11) NOT NULL
) ENGINE=InnoDB DEFAULT CHARSET=utf8mb4 COLLATE=utf8mb4_general_ci;

--
-- Dumping data for table `vtiger_projecttaskstatus_seq`
--

INSERT INTO `vtiger_projecttaskstatus_seq` VALUES (6);

--
-- Table structure for table `vtiger_projecttasktype`
--

CREATE TABLE `vtiger_projecttasktype` (
  `projecttasktypeid` int(11) NOT NULL AUTO_INCREMENT,
  `projecttasktype` varchar(200) NOT NULL,
  `presence` int(11) NOT NULL DEFAULT 1,
  `picklist_valueid` int(11) NOT NULL DEFAULT 0,
  `sortorderid` int(11) DEFAULT 0,
  `color` varchar(10) DEFAULT NULL,
  PRIMARY KEY (`projecttasktypeid`)
) ENGINE=InnoDB AUTO_INCREMENT=5 DEFAULT CHARSET=utf8 COLLATE=utf8_general_ci;

--
-- Dumping data for table `vtiger_projecttasktype`
--

INSERT INTO `vtiger_projecttasktype` VALUES (2,'administrative',1,242,2,NULL),(3,'operative',1,243,3,NULL),(4,'other',1,244,4,NULL);

--
-- Table structure for table `vtiger_projecttasktype_seq`
--

CREATE TABLE `vtiger_projecttasktype_seq` (
  `id` int(11) NOT NULL
) ENGINE=InnoDB DEFAULT CHARSET=utf8mb4 COLLATE=utf8mb4_general_ci;

--
-- Dumping data for table `vtiger_projecttasktype_seq`
--

INSERT INTO `vtiger_projecttasktype_seq` VALUES (4);

--
-- Table structure for table `vtiger_projecttype`
--

CREATE TABLE `vtiger_projecttype` (
  `projecttypeid` int(11) NOT NULL AUTO_INCREMENT,
  `projecttype` varchar(200) NOT NULL,
  `presence` int(11) NOT NULL DEFAULT 1,
  `picklist_valueid` int(11) NOT NULL DEFAULT 0,
  `sortorderid` int(11) DEFAULT 0,
  `color` varchar(10) DEFAULT NULL,
  PRIMARY KEY (`projecttypeid`)
) ENGINE=InnoDB AUTO_INCREMENT=5 DEFAULT CHARSET=utf8 COLLATE=utf8_general_ci;

--
-- Dumping data for table `vtiger_projecttype`
--

INSERT INTO `vtiger_projecttype` VALUES (2,'administrative',1,270,2,NULL),(3,'operative',1,271,3,NULL),(4,'other',1,272,4,NULL);

--
-- Table structure for table `vtiger_projecttype_seq`
--

CREATE TABLE `vtiger_projecttype_seq` (
  `id` int(11) NOT NULL
) ENGINE=InnoDB DEFAULT CHARSET=utf8mb4 COLLATE=utf8mb4_general_ci;

--
-- Dumping data for table `vtiger_projecttype_seq`
--

INSERT INTO `vtiger_projecttype_seq` VALUES (4);

--
-- Table structure for table `vtiger_purchaseorder`
--

CREATE TABLE `vtiger_purchaseorder` (
  `purchaseorderid` int(11) NOT NULL DEFAULT 0,
  `subject` varchar(100) DEFAULT NULL,
  `quoteid` int(11) DEFAULT NULL,
  `vendorid` int(11) DEFAULT NULL,
  `requisition_no` varchar(100) DEFAULT NULL,
  `purchaseorder_no` varchar(100) DEFAULT NULL,
  `tracking_no` varchar(100) DEFAULT NULL,
  `contactid` int(11) DEFAULT NULL,
  `duedate` date DEFAULT NULL,
  `carrier` varchar(200) DEFAULT NULL,
  `type` varchar(100) DEFAULT NULL,
  `adjustment` decimal(25,8) DEFAULT NULL,
  `salescommission` decimal(25,3) DEFAULT NULL,
  `exciseduty` decimal(25,3) DEFAULT NULL,
  `total` decimal(25,8) DEFAULT NULL,
  `subtotal` decimal(25,8) DEFAULT NULL,
  `taxtype` varchar(25) DEFAULT NULL,
  `discount_percent` decimal(25,3) DEFAULT NULL,
  `discount_amount` decimal(25,8) DEFAULT NULL,
  `s_h_amount` decimal(25,8) DEFAULT NULL,
  `terms_conditions` text DEFAULT NULL,
  `postatus` varchar(200) DEFAULT NULL,
  `currency_id` int(11) NOT NULL DEFAULT 1,
  `conversion_rate` decimal(10,3) NOT NULL DEFAULT 1.000,
  `compound_taxes_info` text DEFAULT NULL,
  `pre_tax_total` decimal(25,8) DEFAULT NULL,
  `paid` decimal(25,8) DEFAULT NULL,
  `balance` decimal(25,8) DEFAULT NULL,
  `s_h_percent` int(11) DEFAULT NULL,
  `tags` varchar(1) DEFAULT NULL,
  `region_id` int(11) DEFAULT NULL,
  PRIMARY KEY (`purchaseorderid`),
  KEY `purchaseorder_vendorid_idx` (`vendorid`),
  KEY `purchaseorder_quoteid_idx` (`quoteid`),
  KEY `purchaseorder_contactid_idx` (`contactid`),
  CONSTRAINT `fk_4_vtiger_purchaseorder` FOREIGN KEY (`vendorid`) REFERENCES `vtiger_vendor` (`vendorid`) ON DELETE CASCADE,
  CONSTRAINT `fk_crmid_vtiger_purchaseorder` FOREIGN KEY (`purchaseorderid`) REFERENCES `vtiger_crmentity` (`crmid`) ON DELETE CASCADE
) ENGINE=InnoDB DEFAULT CHARSET=utf8mb4 COLLATE=utf8mb4_general_ci;

--
-- Dumping data for table `vtiger_purchaseorder`
--


--
-- Table structure for table `vtiger_purchaseordercf`
--

CREATE TABLE `vtiger_purchaseordercf` (
  `purchaseorderid` int(11) NOT NULL DEFAULT 0,
  PRIMARY KEY (`purchaseorderid`),
  CONSTRAINT `fk_1_vtiger_purchaseordercf` FOREIGN KEY (`purchaseorderid`) REFERENCES `vtiger_purchaseorder` (`purchaseorderid`) ON DELETE CASCADE
) ENGINE=InnoDB DEFAULT CHARSET=utf8mb4 COLLATE=utf8mb4_general_ci;

--
-- Dumping data for table `vtiger_purchaseordercf`
--


--
-- Table structure for table `vtiger_quotes`
--

CREATE TABLE `vtiger_quotes` (
  `quoteid` int(11) NOT NULL DEFAULT 0,
  `subject` varchar(100) DEFAULT NULL,
  `potentialid` int(11) DEFAULT NULL,
  `quotestage` varchar(200) DEFAULT NULL,
  `validtill` date DEFAULT NULL,
  `contactid` int(11) DEFAULT NULL,
  `quote_no` varchar(100) DEFAULT NULL,
  `subtotal` decimal(25,8) DEFAULT NULL,
  `carrier` varchar(200) DEFAULT NULL,
  `shipping` varchar(100) DEFAULT NULL,
  `inventorymanager` int(11) DEFAULT NULL,
  `type` varchar(100) DEFAULT NULL,
  `adjustment` decimal(25,8) DEFAULT NULL,
  `total` decimal(25,8) DEFAULT NULL,
  `taxtype` varchar(25) DEFAULT NULL,
  `discount_percent` decimal(25,3) DEFAULT NULL,
  `discount_amount` decimal(25,8) DEFAULT NULL,
  `s_h_amount` decimal(25,8) DEFAULT NULL,
  `accountid` int(11) DEFAULT NULL,
  `terms_conditions` text DEFAULT NULL,
  `currency_id` int(11) NOT NULL DEFAULT 1,
  `conversion_rate` decimal(10,3) NOT NULL DEFAULT 1.000,
  `compound_taxes_info` text DEFAULT NULL,
  `pre_tax_total` decimal(25,8) DEFAULT NULL,
  `s_h_percent` int(11) DEFAULT NULL,
  `tags` varchar(1) DEFAULT NULL,
  `region_id` int(11) DEFAULT NULL,
  PRIMARY KEY (`quoteid`),
  KEY `quote_quotestage_idx` (`quotestage`),
  KEY `quotes_potentialid_idx` (`potentialid`),
  KEY `quotes_contactid_idx` (`contactid`),
  CONSTRAINT `fk_3_vtiger_quotes` FOREIGN KEY (`potentialid`) REFERENCES `vtiger_potential` (`potentialid`) ON DELETE CASCADE,
  CONSTRAINT `fk_crmid_vtiger_quotes` FOREIGN KEY (`quoteid`) REFERENCES `vtiger_crmentity` (`crmid`) ON DELETE CASCADE
) ENGINE=InnoDB DEFAULT CHARSET=utf8mb4 COLLATE=utf8mb4_general_ci;

--
-- Dumping data for table `vtiger_quotes`
--


--
-- Table structure for table `vtiger_quotesbillads`
--

CREATE TABLE `vtiger_quotesbillads` (
  `quotebilladdressid` int(11) NOT NULL DEFAULT 0,
  `bill_city` varchar(30) DEFAULT NULL,
  `bill_code` varchar(30) DEFAULT NULL,
  `bill_country` varchar(30) DEFAULT NULL,
  `bill_state` varchar(30) DEFAULT NULL,
  `bill_street` varchar(250) DEFAULT NULL,
  `bill_pobox` varchar(30) DEFAULT NULL,
  PRIMARY KEY (`quotebilladdressid`),
  CONSTRAINT `fk_1_vtiger_quotesbillads` FOREIGN KEY (`quotebilladdressid`) REFERENCES `vtiger_quotes` (`quoteid`) ON DELETE CASCADE
) ENGINE=InnoDB DEFAULT CHARSET=utf8mb4 COLLATE=utf8mb4_general_ci;

--
-- Dumping data for table `vtiger_quotesbillads`
--


--
-- Table structure for table `vtiger_quotescf`
--

CREATE TABLE `vtiger_quotescf` (
  `quoteid` int(11) NOT NULL DEFAULT 0,
  PRIMARY KEY (`quoteid`),
  CONSTRAINT `fk_1_vtiger_quotescf` FOREIGN KEY (`quoteid`) REFERENCES `vtiger_quotes` (`quoteid`) ON DELETE CASCADE
) ENGINE=InnoDB DEFAULT CHARSET=utf8mb4 COLLATE=utf8mb4_general_ci;

--
-- Dumping data for table `vtiger_quotescf`
--


--
-- Table structure for table `vtiger_quotesshipads`
--

CREATE TABLE `vtiger_quotesshipads` (
  `quoteshipaddressid` int(11) NOT NULL DEFAULT 0,
  `ship_city` varchar(30) DEFAULT NULL,
  `ship_code` varchar(30) DEFAULT NULL,
  `ship_country` varchar(30) DEFAULT NULL,
  `ship_state` varchar(30) DEFAULT NULL,
  `ship_street` varchar(250) DEFAULT NULL,
  `ship_pobox` varchar(30) DEFAULT NULL,
  PRIMARY KEY (`quoteshipaddressid`),
  CONSTRAINT `fk_1_vtiger_quotesshipads` FOREIGN KEY (`quoteshipaddressid`) REFERENCES `vtiger_quotes` (`quoteid`) ON DELETE CASCADE
) ENGINE=InnoDB DEFAULT CHARSET=utf8mb4 COLLATE=utf8mb4_general_ci;

--
-- Dumping data for table `vtiger_quotesshipads`
--


--
-- Table structure for table `vtiger_quotestage`
--

CREATE TABLE `vtiger_quotestage` (
  `quotestageid` int(11) NOT NULL AUTO_INCREMENT,
  `quotestage` varchar(200) NOT NULL,
  `presence` int(11) NOT NULL DEFAULT 1,
  `picklist_valueid` int(11) NOT NULL DEFAULT 0,
  `sortorderid` int(11) DEFAULT NULL,
  `color` varchar(10) DEFAULT NULL,
  PRIMARY KEY (`quotestageid`),
  UNIQUE KEY `quotestage_quotestage_idx` (`quotestage`)
) ENGINE=InnoDB AUTO_INCREMENT=6 DEFAULT CHARSET=utf8mb4 COLLATE=utf8mb4_general_ci;

--
-- Dumping data for table `vtiger_quotestage`
--

INSERT INTO `vtiger_quotestage` VALUES (1,'Created',0,139,0,NULL),(2,'Delivered',0,140,1,NULL),(3,'Reviewed',0,141,2,NULL),(4,'Accepted',0,142,3,NULL),(5,'Rejected',0,143,4,NULL);

--
-- Table structure for table `vtiger_quotestage_seq`
--

CREATE TABLE `vtiger_quotestage_seq` (
  `id` int(11) NOT NULL
) ENGINE=InnoDB DEFAULT CHARSET=utf8mb4 COLLATE=utf8mb4_general_ci;

--
-- Dumping data for table `vtiger_quotestage_seq`
--

INSERT INTO `vtiger_quotestage_seq` VALUES (5);

--
-- Table structure for table `vtiger_quotestagehistory`
--

CREATE TABLE `vtiger_quotestagehistory` (
  `historyid` int(11) NOT NULL AUTO_INCREMENT,
  `quoteid` int(11) NOT NULL,
  `accountname` varchar(100) DEFAULT NULL,
  `total` decimal(10,0) DEFAULT NULL,
  `quotestage` varchar(200) DEFAULT NULL,
  `lastmodified` datetime DEFAULT NULL,
  PRIMARY KEY (`historyid`),
  KEY `quotestagehistory_quoteid_idx` (`quoteid`),
  CONSTRAINT `fk_1_vtiger_quotestagehistory` FOREIGN KEY (`quoteid`) REFERENCES `vtiger_quotes` (`quoteid`) ON DELETE CASCADE
) ENGINE=InnoDB DEFAULT CHARSET=utf8mb4 COLLATE=utf8mb4_general_ci;

--
-- Dumping data for table `vtiger_quotestagehistory`
--


--
-- Table structure for table `vtiger_rating`
--

CREATE TABLE `vtiger_rating` (
  `rating_id` int(11) NOT NULL AUTO_INCREMENT,
  `rating` varchar(200) DEFAULT NULL,
  `presence` int(11) NOT NULL DEFAULT 1,
  `picklist_valueid` int(11) NOT NULL DEFAULT 0,
  `sortorderid` int(11) DEFAULT NULL,
  `color` varchar(10) DEFAULT NULL,
  PRIMARY KEY (`rating_id`)
) ENGINE=InnoDB AUTO_INCREMENT=7 DEFAULT CHARSET=utf8mb4 COLLATE=utf8mb4_general_ci;

--
-- Dumping data for table `vtiger_rating`
--

INSERT INTO `vtiger_rating` VALUES (2,'Acquired',1,145,1,NULL),(3,'Active',1,146,2,NULL),(4,'Market Failed',1,147,3,NULL),(5,'Project Cancelled',1,148,4,NULL),(6,'Shutdown',1,149,5,NULL);

--
-- Table structure for table `vtiger_rating_seq`
--

CREATE TABLE `vtiger_rating_seq` (
  `id` int(11) NOT NULL
) ENGINE=InnoDB DEFAULT CHARSET=utf8mb4 COLLATE=utf8mb4_general_ci;

--
-- Dumping data for table `vtiger_rating_seq`
--

INSERT INTO `vtiger_rating_seq` VALUES (6);

--
-- Table structure for table `vtiger_recurring_frequency`
--

CREATE TABLE `vtiger_recurring_frequency` (
  `recurring_frequency_id` int(11) DEFAULT NULL,
  `recurring_frequency` varchar(200) DEFAULT NULL,
  `sortorderid` int(11) DEFAULT NULL,
  `presence` int(11) DEFAULT NULL,
  `color` varchar(10) DEFAULT NULL
) ENGINE=InnoDB DEFAULT CHARSET=utf8mb4 COLLATE=utf8mb4_general_ci;

--
-- Dumping data for table `vtiger_recurring_frequency`
--

INSERT INTO `vtiger_recurring_frequency` VALUES (2,'Daily',1,1,NULL),(3,'Weekly',2,1,NULL),(4,'Monthly',3,1,NULL),(5,'Quarterly',4,1,NULL),(6,'Yearly',5,1,NULL);

--
-- Table structure for table `vtiger_recurring_frequency_seq`
--

CREATE TABLE `vtiger_recurring_frequency_seq` (
  `id` int(11) NOT NULL
) ENGINE=InnoDB DEFAULT CHARSET=utf8mb4 COLLATE=utf8mb4_general_ci;

--
-- Dumping data for table `vtiger_recurring_frequency_seq`
--

INSERT INTO `vtiger_recurring_frequency_seq` VALUES (6);

--
-- Table structure for table `vtiger_recurringevents`
--

CREATE TABLE `vtiger_recurringevents` (
  `recurringid` int(11) NOT NULL AUTO_INCREMENT,
  `activityid` int(11) NOT NULL,
  `recurringdate` date DEFAULT NULL,
  `recurringtype` varchar(30) DEFAULT NULL,
  `recurringfreq` int(11) DEFAULT NULL,
  `recurringinfo` varchar(50) DEFAULT NULL,
  `recurringenddate` date DEFAULT NULL,
  PRIMARY KEY (`recurringid`),
  KEY `fk_1_vtiger_recurringevents` (`activityid`),
  CONSTRAINT `fk_1_vtiger_recurringevents` FOREIGN KEY (`activityid`) REFERENCES `vtiger_activity` (`activityid`) ON DELETE CASCADE
) ENGINE=InnoDB DEFAULT CHARSET=utf8mb4 COLLATE=utf8mb4_general_ci;

--
-- Dumping data for table `vtiger_recurringevents`
--


--
-- Table structure for table `vtiger_recurringtype`
--

CREATE TABLE `vtiger_recurringtype` (
  `recurringeventid` int(11) NOT NULL AUTO_INCREMENT,
  `recurringtype` varchar(200) NOT NULL,
  `sortorderid` int(11) NOT NULL DEFAULT 0,
  `presence` int(11) NOT NULL DEFAULT 1,
  `color` varchar(10) DEFAULT NULL,
  PRIMARY KEY (`recurringeventid`),
  UNIQUE KEY `recurringtype_status_idx` (`recurringtype`)
) ENGINE=InnoDB AUTO_INCREMENT=6 DEFAULT CHARSET=utf8mb4 COLLATE=utf8mb4_general_ci;

--
-- Dumping data for table `vtiger_recurringtype`
--

INSERT INTO `vtiger_recurringtype` VALUES (2,'Daily',1,1,NULL),(3,'Weekly',2,1,NULL),(4,'Monthly',3,1,NULL),(5,'Yearly',4,1,NULL);

--
-- Table structure for table `vtiger_recurringtype_seq`
--

CREATE TABLE `vtiger_recurringtype_seq` (
  `id` int(11) NOT NULL
) ENGINE=InnoDB DEFAULT CHARSET=utf8mb4 COLLATE=utf8mb4_general_ci;

--
-- Dumping data for table `vtiger_recurringtype_seq`
--

INSERT INTO `vtiger_recurringtype_seq` VALUES (5);

--
-- Table structure for table `vtiger_relatedlists`
--

CREATE TABLE `vtiger_relatedlists` (
  `relation_id` int(11) NOT NULL,
  `tabid` int(11) DEFAULT NULL,
  `related_tabid` int(11) DEFAULT NULL,
  `name` varchar(100) DEFAULT NULL,
  `sequence` int(11) DEFAULT NULL,
  `label` varchar(100) DEFAULT NULL,
  `presence` int(11) NOT NULL DEFAULT 0,
  `actions` varchar(50) NOT NULL DEFAULT '',
  `relationfieldid` int(11) DEFAULT NULL,
  `source` varchar(25) DEFAULT NULL,
  `relationtype` varchar(10) DEFAULT NULL,
  PRIMARY KEY (`relation_id`),
  KEY `relatedlists_relation_id_idx` (`relation_id`)
) ENGINE=InnoDB DEFAULT CHARSET=utf8mb4 COLLATE=utf8mb4_general_ci;

--
-- Dumping data for table `vtiger_relatedlists`
--

INSERT INTO `vtiger_relatedlists` VALUES (1,6,4,'get_contacts',2,'Contacts',0,'add',72,'','1:N'),(2,6,2,'get_opportunities',3,'Potentials',0,'add',113,'','1:N'),(3,6,20,'get_quotes',4,'Quotes',0,'add',330,'','1:N'),(4,6,22,'get_salesorder',5,'Sales Order',0,'add',409,'','1:N'),(5,6,23,'get_invoices',6,'Invoice',0,'add',452,'','1:N'),(6,6,9,'get_activities',7,'Activities',0,'add',238,'','1:N'),(7,6,10,'get_emails',8,'Emails',0,'add',NULL,'','N:N'),(8,6,9,'get_history',9,'Activity History',0,'add',238,'','1:N'),(9,6,8,'get_attachments',10,'Documents',0,'add,select',NULL,'','N:N'),(10,6,13,'get_tickets',11,'HelpDesk',0,'add',157,'','1:N'),(11,6,14,'get_products',12,'Products',0,'select',NULL,'','N:N'),(12,7,9,'get_activities',2,'Activities',0,'add',238,'','1:N'),(13,7,10,'get_emails',3,'Emails',0,'add',NULL,'','N:N'),(14,7,9,'get_history',4,'Activity History',0,'add',238,'','1:N'),(15,7,8,'get_attachments',5,'Documents',0,'add,select',NULL,'','N:N'),(16,7,14,'get_products',6,'Products',0,'select',NULL,'','N:N'),(17,7,26,'get_campaigns',7,'Campaigns',0,'select',NULL,'','N:N'),(18,4,2,'get_opportunities',2,'Potentials',0,'add',740,'','1:N'),(19,4,9,'get_activities',3,'Activities',0,'add',239,'','1:N'),(20,4,10,'get_emails',4,'Emails',0,'add',NULL,'','N:N'),(21,4,13,'get_tickets',5,'HelpDesk',0,'add',741,'','1:N'),(22,4,20,'get_quotes',6,'Quotes',0,'add',319,'','1:N'),(23,4,21,'get_purchase_orders',7,'Purchase Order',0,'add',356,'','1:N'),(24,4,22,'get_salesorder',8,'Sales Order',0,'add',395,'','1:N'),(25,4,14,'get_products',9,'Products',0,'select',NULL,'','N:N'),(26,4,9,'get_history',10,'Activity History',0,'add',239,'','1:N'),(27,4,8,'get_attachments',11,'Documents',0,'add,select',NULL,'','N:N'),(28,4,26,'get_campaigns',12,'Campaigns',0,'select',NULL,'','N:N'),(29,4,23,'get_invoices',13,'Invoice',0,'add',439,'','1:N'),(30,2,9,'get_activities',2,'Activities',0,'add',238,'','1:N'),(31,2,4,'get_contacts',3,'Contacts',0,'select',NULL,'','N:N'),(32,2,14,'get_products',4,'Products',0,'select',NULL,'','N:N'),(33,2,0,'get_stage_history',5,'Sales Stage History',0,'',NULL,'','N:N'),(34,2,8,'get_attachments',6,'Documents',0,'add,select',NULL,'','N:N'),(35,2,20,'get_Quotes',7,'Quotes',0,'add',316,'','1:N'),(36,2,22,'get_salesorder',8,'Sales Order',0,'add',391,'','1:N'),(37,2,9,'get_history',9,'Activity History',0,'',238,'','1:N'),(38,14,13,'get_tickets',1,'HelpDesk',0,'add',159,'','1:N'),(39,14,8,'get_attachments',3,'Documents',0,'add,select',NULL,'','N:N'),(40,14,20,'get_quotes',4,'Quotes',0,'add',703,'','1:N'),(41,14,21,'get_purchase_orders',5,'Purchase Order',0,'add',694,'','1:N'),(42,14,22,'get_salesorder',6,'Sales Order',0,'add',685,'','1:N'),(43,14,23,'get_invoices',7,'Invoice',0,'add',676,'','1:N'),(44,14,19,'get_product_pricebooks',8,'PriceBooks',0,'ADD,SELECT',NULL,'','N:N'),(45,14,7,'get_leads',9,'Leads',0,'select',NULL,'','N:N'),(46,14,6,'get_accounts',10,'Accounts',0,'select',NULL,'','N:N'),(47,14,4,'get_contacts',11,'Contacts',0,'select',NULL,'','N:N'),(48,14,2,'get_opportunities',12,'Potentials',0,'select',NULL,'','N:N'),(49,14,14,'get_products',13,'Product Bundles',0,'add,select',NULL,'','N:N'),(50,14,14,'get_parent_products',14,'Parent Product',0,'',NULL,'','N:N'),(51,10,4,'get_contacts',1,'Contacts',0,'select,bulkmail',NULL,'','N:N'),(52,10,0,'get_users',2,'Users',0,'',NULL,'','N:N'),(53,10,8,'get_attachments',3,'Documents',0,'add,select',NULL,'','N:N'),(54,13,9,'get_activities',2,'Activities',0,'add',238,'','1:N'),(55,13,8,'get_attachments',3,'Documents',0,'add,select',NULL,'','N:N'),(56,13,0,'get_ticket_history',4,'Ticket History',0,'',NULL,'','N:N'),(57,13,9,'get_history',5,'Activity History',0,'add',238,'','1:N'),(58,19,14,'get_pricebook_products',2,'Products',0,'select',NULL,'','N:N'),(59,18,14,'get_products',1,'Products',0,'add,select',185,'','1:N'),(60,18,21,'get_purchase_orders',2,'Purchase Order',0,'add',353,'','1:N'),(61,18,4,'get_contacts',3,'Contacts',0,'select',NULL,'','N:N'),(62,18,10,'get_emails',4,'Emails',0,'add',NULL,'','N:N'),(63,20,22,'get_salesorder',1,'Sales Order',0,'',393,'','1:N'),(64,20,9,'get_activities',2,'Activities',0,'add',NULL,'','N:N'),(65,20,8,'get_attachments',3,'Documents',0,'add,select',NULL,'','N:N'),(66,20,9,'get_history',4,'Activity History',0,'',NULL,'','N:N'),(67,20,0,'get_quotestagehistory',5,'Quote Stage History',0,'',NULL,'','N:N'),(68,21,9,'get_activities',1,'Activities',0,'add',NULL,'','N:N'),(69,21,8,'get_attachments',2,'Documents',0,'add,select',NULL,'','N:N'),(70,21,9,'get_history',3,'Activity History',0,'',NULL,'','N:N'),(71,21,0,'get_postatushistory',4,'PurchaseOrder Status History',0,'',NULL,'','N:N'),(72,22,9,'get_activities',1,'Activities',0,'add',NULL,'','N:N'),(73,22,8,'get_attachments',2,'Documents',0,'add,select',NULL,'','N:N'),(74,22,23,'get_invoices',3,'Invoice',0,'',437,'','1:N'),(75,22,9,'get_history',4,'Activity History',0,'',NULL,'','N:N'),(76,22,0,'get_sostatushistory',5,'SalesOrder Status History',0,'',NULL,'','N:N'),(77,23,9,'get_activities',1,'Activities',0,'add',NULL,'','N:N'),(78,23,8,'get_attachments',2,'Documents',0,'add,select',NULL,'','N:N'),(79,23,9,'get_history',3,'Activity History',0,'',NULL,'','N:N'),(80,23,0,'get_invoicestatushistory',4,'Invoice Status History',0,'',NULL,'','N:N'),(81,9,0,'get_users',1,'Users',0,'',NULL,'','N:N'),(82,9,4,'get_contacts',2,'Contacts',0,'',NULL,'','N:N'),(83,26,4,'get_contacts',1,'Contacts',0,'add,select',NULL,'','N:N'),(84,26,7,'get_leads',2,'Leads',0,'add,select',NULL,'','N:N'),(85,26,2,'get_opportunities',3,'Potentials',0,'add',121,'','1:N'),(86,26,9,'get_activities',4,'Activities',0,'add',238,'','1:N'),(87,6,26,'get_campaigns',14,'Campaigns',0,'select',NULL,'','N:N'),(88,26,6,'get_accounts',5,'Accounts',0,'add,select',NULL,'','N:N'),(89,15,8,'get_attachments',2,'Documents',0,'add,select',NULL,'','N:N'),(95,6,35,'get_merged_list',16,'Service Contracts',0,'ADD',549,NULL,'1:N'),(96,4,35,'get_dependents_list',15,'Service Contracts',0,'ADD',549,NULL,'1:N'),(97,13,35,'get_related_list',6,'Service Contracts',0,'ADD,SELECT',NULL,NULL,'N:N'),(109,13,36,'get_related_list',7,'Services',0,'SELECT',NULL,NULL,'N:N'),(110,7,36,'get_related_list',9,'Services',0,'SELECT',NULL,NULL,'N:N'),(111,6,36,'get_related_list',17,'Services',0,'SELECT',NULL,NULL,'N:N'),(112,4,36,'get_related_list',16,'Services',0,'SELECT',NULL,NULL,'N:N'),(113,2,36,'get_related_list',10,'Services',0,'SELECT',NULL,NULL,'N:N'),(114,19,36,'get_pricebook_services',3,'Services',0,'SELECT',NULL,NULL,'N:N'),(117,6,38,'get_merged_list',18,'Assets',0,'ADD',600,NULL,'1:N'),(118,14,38,'get_dependents_list',15,'Assets',0,'ADD',589,NULL,'1:N'),(119,23,38,'get_dependents_list',5,'Assets',0,'ADD',595,NULL,'1:N'),(120,7,42,'get_comments',10,'ModComments',0,'',613,NULL,'1:N'),(121,4,42,'get_comments',17,'ModComments',0,'',613,NULL,'1:N'),(122,6,42,'get_comments',19,'ModComments',0,'',613,NULL,'1:N'),(123,2,42,'get_comments',11,'ModComments',0,'',613,NULL,'1:N'),(131,6,45,'get_merged_list',20,'Projects',0,'add',654,NULL,'1:N'),(132,4,45,'get_dependents_list',18,'Projects',0,'add',654,NULL,'1:N'),(133,13,45,'get_related_list',8,'Projects',0,'SELECT',NULL,NULL,'N:N'),(146,13,42,'get_comments',9,'ModComments',0,'',613,NULL,'1:N'),(147,15,42,'get_comments',3,'ModComments',0,'',613,NULL,'1:N'),(148,4,38,'get_dependents_list',19,'Assets',0,'ADD',601,NULL,'1:N'),(149,4,18,'get_vendors',20,'Vendors',0,'SELECT',NULL,'','N:N'),(150,2,23,'get_dependents_list',12,'Invoice',0,'ADD',774,NULL,'1:N'),(151,8,4,'get_related_list',1,'Contacts',0,'1',NULL,NULL,'N:N'),(152,8,6,'get_related_list',2,'Accounts',0,'1',NULL,NULL,'N:N'),(153,8,2,'get_related_list',3,'Potentials',0,'1',NULL,NULL,'N:N'),(154,8,7,'get_related_list',4,'Leads',0,'1',NULL,NULL,'N:N'),(155,8,14,'get_related_list',5,'Products',0,'1',NULL,NULL,'N:N'),(156,8,36,'get_related_list',6,'Services',0,'1',NULL,NULL,'N:N'),(157,8,45,'get_related_list',7,'Project',0,'1',NULL,NULL,'N:N'),(158,8,38,'get_related_list',8,'Assets',0,'1',NULL,NULL,'N:N'),(159,8,35,'get_related_list',9,'ServiceContracts',0,'1',NULL,NULL,'N:N'),(160,8,20,'get_related_list',10,'Quotes',0,'1',NULL,NULL,'N:N'),(161,8,23,'get_related_list',11,'Invoice',0,'1',NULL,NULL,'N:N'),(162,8,22,'get_related_list',12,'SalesOrder',0,'1',NULL,NULL,'N:N'),(163,8,21,'get_related_list',13,'PurchaseOrder',0,'1',NULL,NULL,'N:N'),(164,8,13,'get_related_list',14,'HelpDesk',0,'1',NULL,NULL,'N:N'),(165,8,15,'get_related_list',15,'Faq',0,'1',NULL,NULL,'N:N'),(170,14,21,'get_purchase_orders',16,'PurchaseOrder',0,'ADD',NULL,NULL,'N:N'),(171,2,10,'get_emails',13,'Emails',0,'ADD',NULL,NULL,'N:N'),(172,13,10,'get_emails',10,'Emails',0,'ADD',NULL,NULL,'N:N'),(186,2,42,'get_comments',14,'ModComments',0,'',NULL,NULL,'N:N'),(200,35,13,'get_related_list',1,'Service Requests',0,'ADD,SELECT',NULL,NULL,'N:N'),(201,35,8,'get_attachments',2,'Documents',0,'ADD,SELECT',NULL,NULL,'N:N'),(202,36,13,'get_related_list',1,'HelpDesk',0,'ADD,SELECT',NULL,NULL,'N:N'),(203,36,20,'get_quotes',2,'Quotes',0,'ADD',NULL,NULL,'N:N'),(204,36,21,'get_purchase_orders',3,'Purchase Order',0,'ADD',NULL,NULL,'N:N'),(205,36,22,'get_salesorder',4,'Sales Order',0,'ADD',NULL,NULL,'N:N'),(206,36,23,'get_invoices',5,'Invoice',0,'ADD',NULL,NULL,'N:N'),(207,36,19,'get_service_pricebooks',6,'PriceBooks',0,'ADD',NULL,NULL,'N:N'),(208,36,7,'get_related_list',7,'Leads',0,'SELECT',NULL,NULL,'N:N'),(209,36,6,'get_related_list',8,'Accounts',0,'SELECT',NULL,NULL,'N:N'),(210,36,4,'get_related_list',9,'Contacts',0,'SELECT',NULL,NULL,'N:N'),(211,36,2,'get_related_list',10,'Potentials',0,'SELECT',NULL,NULL,'N:N'),(212,36,8,'get_attachments',11,'Documents',0,'ADD,SELECT',NULL,NULL,'N:N'),(213,2,42,'get_comments',15,'ModComments',0,'',NULL,NULL,'N:N'),(214,44,8,'get_attachments',1,'Documents',0,'ADD,SELECT',NULL,NULL,'N:N'),(215,44,42,'get_comments',2,'ModComments',0,'',NULL,NULL,'N:N'),(216,45,44,'get_dependents_list',1,'Project Tasks',0,'ADD',NULL,NULL,'N:N'),(217,45,43,'get_dependents_list',2,'Project Milestones',0,'ADD',NULL,NULL,'N:N'),(218,45,8,'get_attachments',3,'Documents',0,'ADD,SELECT',NULL,NULL,'N:N'),(219,45,13,'get_related_list',4,'HelpDesk',0,'ADD,SELECT',NULL,NULL,'N:N'),(220,45,0,'get_gantt_chart',5,'Charts',0,'',NULL,NULL,NULL),(221,45,42,'get_comments',6,'ModComments',0,'',NULL,NULL,'N:N'),(222,38,13,'get_related_list',1,'HelpDesk',0,'ADD,SELECT',NULL,NULL,'N:N'),(223,38,8,'get_attachments',2,'Documents',0,'ADD,SELECT',NULL,NULL,'N:N'),(224,47,6,'get_related_list',1,'Accounts',0,' ',NULL,NULL,'N:N'),(225,47,4,'get_related_list',2,'Contacts',0,' ',NULL,NULL,'N:N'),(226,47,7,'get_related_list',3,'Leads',0,' ',NULL,NULL,'N:N');

--
-- Table structure for table `vtiger_relatedlists_rb`
--

CREATE TABLE `vtiger_relatedlists_rb` (
  `entityid` int(11) DEFAULT NULL,
  `action` varchar(50) DEFAULT NULL,
  `rel_table` varchar(200) DEFAULT NULL,
  `rel_column` varchar(200) DEFAULT NULL,
  `ref_column` varchar(200) DEFAULT NULL,
  `related_crm_ids` text DEFAULT NULL
) ENGINE=InnoDB DEFAULT CHARSET=utf8mb4 COLLATE=utf8mb4_general_ci;

--
-- Dumping data for table `vtiger_relatedlists_rb`
--

INSERT INTO `vtiger_relatedlists_rb` VALUES (53,'update','vtiger_crmentity','deleted','crmid',''),(66,'update','vtiger_crmentity','deleted','crmid',''),(67,'update','vtiger_crmentity','deleted','crmid',''),(68,'update','vtiger_crmentity','deleted','crmid',''),(70,'update','vtiger_crmentity','deleted','crmid',''),(71,'update','vtiger_crmentity','deleted','crmid',''),(72,'update','vtiger_crmentity','deleted','crmid',''),(40,'update','vtiger_modcomments','related_to','modcommentsid','41,42,50'),(38,'update','vtiger_modcomments','related_to','modcommentsid','47,49'),(132,'update','vtiger_crmentity','deleted','crmid',''),(290,'update','vtiger_modcomments','related_to','modcommentsid','363,364');

--
-- Table structure for table `vtiger_relatedlists_seq`
--

CREATE TABLE `vtiger_relatedlists_seq` (
  `id` int(11) NOT NULL
) ENGINE=InnoDB DEFAULT CHARSET=utf8mb4 COLLATE=utf8mb4_general_ci;

--
-- Dumping data for table `vtiger_relatedlists_seq`
--

INSERT INTO `vtiger_relatedlists_seq` VALUES (226);

--
-- Table structure for table `vtiger_relcriteria`
--

CREATE TABLE `vtiger_relcriteria` (
  `queryid` int(11) NOT NULL,
  `columnindex` int(11) NOT NULL,
  `columnname` varchar(250) DEFAULT '',
  `comparator` varchar(20) DEFAULT NULL,
  `value` varchar(512) DEFAULT NULL,
  `groupid` int(11) DEFAULT 1,
  `column_condition` varchar(256) DEFAULT 'and',
  PRIMARY KEY (`queryid`,`columnindex`),
  KEY `relcriteria_queryid_idx` (`queryid`),
  CONSTRAINT `fk_1_vtiger_relcriteria` FOREIGN KEY (`queryid`) REFERENCES `vtiger_selectquery` (`queryid`) ON DELETE CASCADE
) ENGINE=InnoDB DEFAULT CHARSET=utf8mb4 COLLATE=utf8mb4_general_ci;

--
-- Dumping data for table `vtiger_relcriteria`
--

INSERT INTO `vtiger_relcriteria` VALUES (1,0,'vtiger_contactdetails:accountid:Contacts_Account_Name:account_id:V','n','',1,'and'),(2,0,'vtiger_contactdetails:accountid:Contacts_Account_Name:account_id:V','e','',1,'and'),(3,0,'vtiger_potential:potentialname:Potentials_Potential_Name:potentialname:V','n','',1,'and'),(7,0,'vtiger_potential:sales_stage:Potentials_Sales_Stage:sales_stage:V','e','Closed Won',1,'and'),(12,0,'vtiger_troubletickets:status:HelpDesk_Status:ticketstatus:V','n','Closed',1,'and'),(15,0,'vtiger_quotes:quotestage:Quotes_Quote_Stage:quotestage:V','n','Accepted',1,'and'),(15,1,'vtiger_quotes:quotestage:Quotes_Quote_Stage:quotestage:V','n','Rejected',1,'and'),(22,0,'vtiger_email_track:access_count:Emails_Access_Count:access_count:I','ny','',1,'and'),(23,0,'vtiger_email_track:access_count:Emails_Access_Count:access_count:I','ny','',1,'and'),(24,0,'vtiger_email_track:access_count:Emails_Access_Count:access_count:I','ny','',1,'and'),(25,0,'vtiger_email_track:access_count:Emails_Access_Count:access_count:I','ny','',1,'and'),(26,0,'vtiger_ticketcf:cf_869:HelpDesk_Request_Date:cf_869:D','bw','2023-04-21,2023-05-20',1,''),(29,0,'vtiger_troubletickets:parent_id:HelpDesk_Related_To:parent_id:V','s','c',1,'');

--
-- Table structure for table `vtiger_relcriteria_grouping`
--

CREATE TABLE `vtiger_relcriteria_grouping` (
  `groupid` int(11) NOT NULL,
  `queryid` int(11) NOT NULL,
  `group_condition` varchar(256) DEFAULT NULL,
  `condition_expression` text DEFAULT NULL,
  PRIMARY KEY (`groupid`,`queryid`)
) ENGINE=InnoDB DEFAULT CHARSET=utf8mb4 COLLATE=utf8mb4_general_ci;

--
-- Dumping data for table `vtiger_relcriteria_grouping`
--

INSERT INTO `vtiger_relcriteria_grouping` VALUES (1,1,'','0'),(1,2,'','0'),(1,3,'','0'),(1,7,'','0'),(1,12,'','0'),(1,15,'','0 and 1'),(1,22,'','0'),(1,23,'','0'),(1,24,'','0'),(1,25,'','0'),(1,26,'and',' 0 '),(1,29,'and',' 0 ');

--
-- Table structure for table `vtiger_reminder_interval`
--

CREATE TABLE `vtiger_reminder_interval` (
  `reminder_intervalid` int(11) NOT NULL AUTO_INCREMENT,
  `reminder_interval` varchar(200) NOT NULL,
  `sortorderid` int(11) NOT NULL,
  `presence` int(11) NOT NULL,
  PRIMARY KEY (`reminder_intervalid`)
) ENGINE=InnoDB AUTO_INCREMENT=9 DEFAULT CHARSET=utf8mb4 COLLATE=utf8mb4_general_ci;

--
-- Dumping data for table `vtiger_reminder_interval`
--

INSERT INTO `vtiger_reminder_interval` VALUES (2,'1 Minute',1,1),(3,'5 Minutes',2,1),(4,'15 Minutes',3,1),(5,'30 Minutes',4,1),(6,'45 Minutes',5,1),(7,'1 Hour',6,1),(8,'1 Day',7,1);

--
-- Table structure for table `vtiger_reminder_interval_seq`
--

CREATE TABLE `vtiger_reminder_interval_seq` (
  `id` int(11) NOT NULL
) ENGINE=InnoDB DEFAULT CHARSET=utf8mb4 COLLATE=utf8mb4_general_ci;

--
-- Dumping data for table `vtiger_reminder_interval_seq`
--

INSERT INTO `vtiger_reminder_interval_seq` VALUES (8);

--
-- Table structure for table `vtiger_report`
--

CREATE TABLE `vtiger_report` (
  `reportid` int(11) NOT NULL,
  `folderid` int(11) NOT NULL,
  `reportname` varchar(100) DEFAULT '',
  `description` varchar(250) DEFAULT '',
  `reporttype` varchar(50) DEFAULT '',
  `queryid` int(11) NOT NULL DEFAULT 0,
  `state` varchar(50) DEFAULT 'SAVED',
  `customizable` int(11) DEFAULT 1,
  `category` int(11) DEFAULT 1,
  `owner` int(11) DEFAULT 1,
  `sharingtype` varchar(200) DEFAULT 'Private',
  PRIMARY KEY (`reportid`),
  KEY `report_queryid_idx` (`queryid`),
  KEY `report_folderid_idx` (`folderid`),
  CONSTRAINT `fk_2_vtiger_report` FOREIGN KEY (`queryid`) REFERENCES `vtiger_selectquery` (`queryid`) ON DELETE CASCADE
) ENGINE=InnoDB DEFAULT CHARSET=utf8mb4 COLLATE=utf8mb4_general_ci;

--
-- Dumping data for table `vtiger_report`
--

INSERT INTO `vtiger_report` VALUES (1,1,'Contacts by Accounts','Contacts related to Accounts','tabular',1,'CUSTOM',1,1,6,'Public'),(2,1,'Contacts without Accounts','Contacts not related to Accounts','tabular',2,'CUSTOM',1,1,6,'Public'),(3,1,'Contacts by Potentials','Contacts related to Potentials','tabular',3,'CUSTOM',1,1,6,'Public'),(4,2,'Lead by Source','Lead by Source','summary',4,'CUSTOM',1,1,6,'Public'),(5,2,'Lead Status Report','Lead Status Report','summary',5,'CUSTOM',1,1,6,'Public'),(6,3,'Potential Pipeline','Potential Pipeline','summary',6,'CUSTOM',1,1,6,'Public'),(7,3,'Closed Potentials','Potential that have Won','tabular',7,'CUSTOM',1,1,6,'Public'),(8,4,'Last Month Activities','Last Month Activities','tabular',8,'CUSTOM',1,1,6,'Public'),(9,4,'This Month Activities','This Month Activities','tabular',9,'CUSTOM',1,1,6,'Public'),(10,5,'Tickets by Products','Tickets related to Products','tabular',10,'CUSTOM',1,1,6,'Public'),(11,5,'Tickets by Priority','Tickets by Priority','tabular',11,'CUSTOM',1,1,6,'Public'),(12,5,'Open Tickets','Tickets that are Open','tabular',12,'CUSTOM',1,1,6,'Public'),(13,6,'Product Details','Product Detailed Report','tabular',13,'CUSTOM',1,1,6,'Public'),(14,6,'Products by Contacts','Products related to Contacts','tabular',14,'CUSTOM',1,1,6,'Public'),(15,7,'Open Quotes','Quotes that are Open','tabular',15,'CUSTOM',1,1,6,'Public'),(16,7,'Quotes Detailed Report','Quotes Detailed Report','tabular',16,'CUSTOM',1,1,6,'Public'),(17,8,'PurchaseOrder by Contacts','PurchaseOrder related to Contacts','tabular',17,'CUSTOM',1,1,6,'Public'),(18,8,'PurchaseOrder Detailed Report','PurchaseOrder Detailed Report','tabular',18,'CUSTOM',1,1,6,'Public'),(19,9,'Invoice Detailed Report','Invoice Detailed Report','tabular',19,'CUSTOM',1,1,6,'Public'),(20,10,'SalesOrder Detailed Report','SalesOrder Detailed Report','tabular',20,'CUSTOM',1,1,6,'Public'),(21,11,'Campaign Expectations and Actuals','Campaign Expectations and Actuals','tabular',21,'CUSTOM',1,1,6,'Public'),(22,12,'Contacts Email Report','Emails sent to Contacts','tabular',22,'CUSTOM',1,1,6,'Public'),(23,12,'Accounts Email Report','Emails sent to Organizations','tabular',23,'CUSTOM',1,1,6,'Public'),(24,12,'Leads Email Report','Emails sent to Leads','tabular',24,'CUSTOM',1,1,6,'Public'),(25,12,'Vendors Email Report','Emails sent to Vendors','tabular',25,'CUSTOM',1,1,6,'Public'),(26,5,'Report per Technician Hours - Month 04-21-2023 to 05-20-2023','Monthly Tickets per technician-hours','tabular',26,'CUSTOM',1,1,6,'Private'),(27,5,'Technicians Report Graph','Technician Graph','chart',27,'CUSTOM',1,1,6,'Private'),(28,5,'Monthly Hour Report','','tabular',28,'CUSTOM',1,1,6,'Private'),(29,5,'Service Calls by Business Type (C) Casual','Service Calls by Business Type -  CaSUAL Month 04-04','tabular',29,'CUSTOM',1,1,6,'Private');

--
-- Table structure for table `vtiger_report_sharegroups`
--

CREATE TABLE `vtiger_report_sharegroups` (
  `reportid` int(11) NOT NULL,
  `groupid` int(11) NOT NULL,
  KEY `vtiger_report_sharegroups_ibfk_1` (`reportid`),
  KEY `vtiger_groups_groupid_ibfk_1` (`groupid`),
  CONSTRAINT `vtiger_groups_groupid_ibfk_1` FOREIGN KEY (`groupid`) REFERENCES `vtiger_groups` (`groupid`) ON DELETE CASCADE,
  CONSTRAINT `vtiger_report_reportid_ibfk_2` FOREIGN KEY (`reportid`) REFERENCES `vtiger_report` (`reportid`) ON DELETE CASCADE
) ENGINE=InnoDB DEFAULT CHARSET=utf8 COLLATE=utf8_general_ci;

--
-- Dumping data for table `vtiger_report_sharegroups`
--


--
-- Table structure for table `vtiger_report_shareusers`
--

CREATE TABLE `vtiger_report_shareusers` (
  `reportid` int(11) NOT NULL,
  `userid` int(11) NOT NULL,
  KEY `vtiger_report_shareusers_ibfk_1` (`reportid`),
  KEY `vtiger_users_userid_ibfk_1` (`userid`),
  CONSTRAINT `vtiger_reports_reportid_ibfk_1` FOREIGN KEY (`reportid`) REFERENCES `vtiger_report` (`reportid`) ON DELETE CASCADE,
  CONSTRAINT `vtiger_users_userid_ibfk_1` FOREIGN KEY (`userid`) REFERENCES `vtiger_users` (`id`) ON DELETE CASCADE
) ENGINE=InnoDB DEFAULT CHARSET=utf8 COLLATE=utf8_general_ci;

--
-- Dumping data for table `vtiger_report_shareusers`
--


--
-- Table structure for table `vtiger_reportdatefilter`
--

CREATE TABLE `vtiger_reportdatefilter` (
  `datefilterid` int(11) NOT NULL,
  `datecolumnname` varchar(250) DEFAULT '',
  `datefilter` varchar(250) DEFAULT '',
  `startdate` date DEFAULT NULL,
  `enddate` date DEFAULT NULL,
  PRIMARY KEY (`datefilterid`),
  KEY `reportdatefilter_datefilterid_idx` (`datefilterid`),
  CONSTRAINT `fk_1_vtiger_reportdatefilter` FOREIGN KEY (`datefilterid`) REFERENCES `vtiger_report` (`reportid`) ON DELETE CASCADE
) ENGINE=InnoDB DEFAULT CHARSET=utf8mb4 COLLATE=utf8mb4_general_ci;

--
-- Dumping data for table `vtiger_reportdatefilter`
--

INSERT INTO `vtiger_reportdatefilter` VALUES (8,'vtiger_crmentity:modifiedtime:modifiedtime:Calendar_Modified_Time','lastmonth','2005-05-01','2005-05-31'),(9,'vtiger_crmentity:modifiedtime:modifiedtime:Calendar_Modified_Time','thismonth','2005-06-01','2005-06-30');

--
-- Table structure for table `vtiger_reportfilters`
--

CREATE TABLE `vtiger_reportfilters` (
  `filterid` int(11) NOT NULL,
  `name` varchar(200) NOT NULL
) ENGINE=InnoDB DEFAULT CHARSET=utf8mb4 COLLATE=utf8mb4_general_ci;

--
-- Dumping data for table `vtiger_reportfilters`
--

INSERT INTO `vtiger_reportfilters` VALUES (1,'Private'),(2,'Public'),(3,'Shared');

--
-- Table structure for table `vtiger_reportfolder`
--

CREATE TABLE `vtiger_reportfolder` (
  `folderid` int(11) NOT NULL AUTO_INCREMENT,
  `foldername` varchar(100) NOT NULL DEFAULT '',
  `description` varchar(250) DEFAULT '',
  `state` varchar(50) DEFAULT 'SAVED',
  PRIMARY KEY (`folderid`)
) ENGINE=InnoDB AUTO_INCREMENT=13 DEFAULT CHARSET=utf8mb4 COLLATE=utf8mb4_general_ci;

--
-- Dumping data for table `vtiger_reportfolder`
--

INSERT INTO `vtiger_reportfolder` VALUES (1,'Organization and Contact Reports','Account and Contact Reports','SAVED'),(2,'Lead Reports','Lead Reports','SAVED'),(3,'Opportunity Reports','Potential Reports','SAVED'),(4,'Activity Reports','Activity Reports','SAVED'),(5,'Tickets Reports','HelpDesk Reports','SAVED'),(6,'Product Reports','Product Reports','SAVED'),(7,'Quote Reports','Quote Reports','SAVED'),(8,'Purchase Order Reports','PurchaseOrder Reports','SAVED'),(9,'Invoice Reports','Invoice Reports','SAVED'),(10,'Sales Order Reports','SalesOrder Reports','SAVED'),(11,'Campaign Reports','Campaign Reports','SAVED'),(12,'Email Reports','Email Reports','SAVED');

--
-- Table structure for table `vtiger_reportgroupbycolumn`
--

CREATE TABLE `vtiger_reportgroupbycolumn` (
  `reportid` int(11) DEFAULT NULL,
  `sortid` int(11) DEFAULT NULL,
  `sortcolname` varchar(250) DEFAULT NULL,
  `dategroupbycriteria` varchar(250) DEFAULT NULL,
  KEY `fk_1_vtiger_reportgroupbycolumn` (`reportid`),
  CONSTRAINT `fk_1_vtiger_reportgroupbycolumn` FOREIGN KEY (`reportid`) REFERENCES `vtiger_report` (`reportid`) ON DELETE CASCADE
) ENGINE=InnoDB DEFAULT CHARSET=utf8mb4 COLLATE=utf8mb4_general_ci;

--
-- Dumping data for table `vtiger_reportgroupbycolumn`
--

INSERT INTO `vtiger_reportgroupbycolumn` VALUES (28,0,'vtiger_ticketcf:cf_869:HelpDesk_Request_Date:cf_869:D','None'),(26,0,'vtiger_ticketcf:cf_869:HelpDesk_Request_Date:cf_869:D','None');

--
-- Table structure for table `vtiger_reportmodules`
--

CREATE TABLE `vtiger_reportmodules` (
  `reportmodulesid` int(11) NOT NULL,
  `primarymodule` varchar(100) DEFAULT NULL,
  `secondarymodules` varchar(250) DEFAULT '',
  PRIMARY KEY (`reportmodulesid`),
  CONSTRAINT `fk_1_vtiger_reportmodules` FOREIGN KEY (`reportmodulesid`) REFERENCES `vtiger_report` (`reportid`) ON DELETE CASCADE
) ENGINE=InnoDB DEFAULT CHARSET=utf8mb4 COLLATE=utf8mb4_general_ci;

--
-- Dumping data for table `vtiger_reportmodules`
--

INSERT INTO `vtiger_reportmodules` VALUES (1,'Contacts','Accounts'),(2,'Contacts','Accounts'),(3,'Contacts','Potentials'),(4,'Leads',''),(5,'Leads',''),(6,'Potentials',''),(7,'Potentials',''),(8,'Calendar',''),(9,'Calendar',''),(10,'HelpDesk','Products'),(11,'HelpDesk',''),(12,'HelpDesk',''),(13,'Products',''),(14,'Products','Contacts'),(15,'Quotes',''),(16,'Quotes',''),(17,'PurchaseOrder','Contacts'),(18,'PurchaseOrder',''),(19,'Invoice',''),(20,'SalesOrder',''),(21,'Campaigns',''),(22,'Contacts','Emails'),(23,'Accounts','Emails'),(24,'Leads','Emails'),(25,'Vendors','Emails'),(26,'HelpDesk',''),(27,'HelpDesk',''),(28,'HelpDesk',''),(29,'HelpDesk','');

--
-- Table structure for table `vtiger_reportsharing`
--

CREATE TABLE `vtiger_reportsharing` (
  `reportid` int(11) NOT NULL,
  `shareid` int(11) NOT NULL,
  `setype` varchar(200) NOT NULL
) ENGINE=InnoDB DEFAULT CHARSET=utf8mb4 COLLATE=utf8mb4_general_ci;

--
-- Dumping data for table `vtiger_reportsharing`
--


--
-- Table structure for table `vtiger_reportsortcol`
--

CREATE TABLE `vtiger_reportsortcol` (
  `sortcolid` int(11) NOT NULL,
  `reportid` int(11) NOT NULL,
  `columnname` varchar(250) DEFAULT '',
  `sortorder` varchar(250) DEFAULT 'Asc',
  PRIMARY KEY (`sortcolid`,`reportid`),
  KEY `fk_1_vtiger_reportsortcol` (`reportid`),
  CONSTRAINT `fk_1_vtiger_reportsortcol` FOREIGN KEY (`reportid`) REFERENCES `vtiger_report` (`reportid`) ON DELETE CASCADE
) ENGINE=InnoDB DEFAULT CHARSET=utf8mb4 COLLATE=utf8mb4_general_ci;

--
-- Dumping data for table `vtiger_reportsortcol`
--

INSERT INTO `vtiger_reportsortcol` VALUES (0,11,'vtiger_troubletickets:status:HelpDesk_Status:ticketstatus:V','Ascending'),(0,26,'vtiger_ticketcf:cf_869:HelpDesk_Request_Date:cf_869:D','Descending'),(0,28,'vtiger_ticketcf:cf_869:HelpDesk_Request_Date:cf_869:D','Descending'),(0,29,'vtiger_troubletickets:parent_id:HelpDesk_Related_To:parent_id:V','Descending'),(1,4,'vtiger_leaddetails:leadsource:Leads_Lead_Source:leadsource:V','Ascending'),(1,5,'vtiger_leaddetails:leadstatus:Leads_Lead_Status:leadstatus:V','Ascending'),(1,6,'vtiger_potential:sales_stage:Potentials_Sales_Stage:sales_stage:V','Ascending'),(1,11,'vtiger_troubletickets:priority:HelpDesk_Priority:ticketpriorities:V','Ascending'),(1,26,'vtiger_ticketcf:cf_871:HelpDesk_Request_Time:cf_871:T','Descending'),(1,28,'vtiger_ticketcf:cf_855:HelpDesk_Dynamix_Ticket_Number:cf_855:I','Descending'),(1,29,'none',''),(2,11,'vtiger_troubletickets:priority:HelpDesk_Priority:ticketpriorities:V','Ascending'),(2,26,'none',''),(2,28,'none','Descending'),(2,29,'none','');

--
-- Table structure for table `vtiger_reportsummary`
--

CREATE TABLE `vtiger_reportsummary` (
  `reportsummaryid` int(11) NOT NULL,
  `summarytype` int(11) NOT NULL,
  `columnname` varchar(250) NOT NULL DEFAULT '',
  PRIMARY KEY (`reportsummaryid`,`summarytype`,`columnname`),
  KEY `reportsummary_reportsummaryid_idx` (`reportsummaryid`),
  CONSTRAINT `fk_1_vtiger_reportsummary` FOREIGN KEY (`reportsummaryid`) REFERENCES `vtiger_report` (`reportid`) ON DELETE CASCADE
) ENGINE=InnoDB DEFAULT CHARSET=utf8mb4 COLLATE=utf8mb4_general_ci;

--
-- Dumping data for table `vtiger_reportsummary`
--

INSERT INTO `vtiger_reportsummary` VALUES (28,0,'cb:vtiger_ticketcf:cf_891:Tolls_SUM:2'),(28,1,'cb:vtiger_ticketcf:cf_893:Materials_SUM:2'),(28,2,'cb:vtiger_ticketcf:cf_895:Driving_Hours_SUM:2');

--
-- Table structure for table `vtiger_reporttype`
--

CREATE TABLE `vtiger_reporttype` (
  `reportid` int(11) NOT NULL,
  `data` text DEFAULT NULL,
  PRIMARY KEY (`reportid`),
  CONSTRAINT `fk_1_vtiger_reporttype` FOREIGN KEY (`reportid`) REFERENCES `vtiger_report` (`reportid`) ON DELETE CASCADE
) ENGINE=InnoDB DEFAULT CHARSET=utf8mb4 COLLATE=utf8mb4_general_ci;

--
-- Dumping data for table `vtiger_reporttype`
--

INSERT INTO `vtiger_reporttype` VALUES (27,'{\"type\":\"pieChart\",\"groupbyfield\":\"vtiger_troubletickets:parent_id:HelpDesk_Related_To:parent_id:V\",\"datafields\":[\"count(*)\"]}');

--
-- Table structure for table `vtiger_role`
--

CREATE TABLE `vtiger_role` (
  `roleid` varchar(255) NOT NULL,
  `rolename` varchar(200) DEFAULT NULL,
  `parentrole` varchar(255) DEFAULT NULL,
  `depth` int(11) DEFAULT NULL,
  `allowassignedrecordsto` int(11) NOT NULL DEFAULT 1,
  PRIMARY KEY (`roleid`)
) ENGINE=InnoDB DEFAULT CHARSET=utf8mb4 COLLATE=utf8mb4_general_ci;

--
-- Dumping data for table `vtiger_role`
--

INSERT INTO `vtiger_role` VALUES ('H1','Organization','H1',0,1),('H2','CEO','H1::H2',1,1),('H3','Vice President','H1::H2::H3',2,1),('H4','Sales Manager','H1::H2::H3::H4',3,1),('H5','Sales Person','H1::H2::H3::H4::H5',4,1),('H6','Support Services Manager','H1::H2::H6',2,1),('H7','Field Technician','H1::H2::H6::H7',3,2),('H8','BOH Administrator','H1::H2::H8',2,1);

--
-- Table structure for table `vtiger_role2picklist`
--

CREATE TABLE `vtiger_role2picklist` (
  `roleid` varchar(255) NOT NULL,
  `picklistvalueid` int(11) NOT NULL,
  `picklistid` int(11) NOT NULL,
  `sortid` int(11) DEFAULT NULL,
  PRIMARY KEY (`roleid`,`picklistvalueid`,`picklistid`),
  KEY `role2picklist_roleid_picklistid_idx` (`roleid`,`picklistid`,`picklistvalueid`),
  KEY `fk_2_vtiger_role2picklist` (`picklistid`),
  CONSTRAINT `fk_1_vtiger_role2picklist` FOREIGN KEY (`roleid`) REFERENCES `vtiger_role` (`roleid`) ON DELETE CASCADE,
  CONSTRAINT `fk_2_vtiger_role2picklist` FOREIGN KEY (`picklistid`) REFERENCES `vtiger_picklist` (`picklistid`) ON DELETE CASCADE
) ENGINE=InnoDB DEFAULT CHARSET=utf8mb4 COLLATE=utf8mb4_general_ci;

--
-- Dumping data for table `vtiger_role2picklist`
--

INSERT INTO `vtiger_role2picklist` VALUES ('H1',1,1,0),('H1',2,1,1),('H1',3,1,2),('H1',4,1,3),('H1',5,1,4),('H1',6,1,5),('H1',7,1,6),('H1',8,1,7),('H1',9,1,8),('H1',10,1,9),('H1',11,1,10),('H1',12,2,0),('H1',13,2,1),('H1',14,3,0),('H1',15,3,1),('H1',16,3,2),('H1',17,3,3),('H1',18,3,4),('H1',19,3,5),('H1',20,4,0),('H1',21,4,1),('H1',22,4,2),('H1',23,4,3),('H1',24,4,4),('H1',25,4,5),('H1',26,4,6),('H1',27,4,7),('H1',28,4,8),('H1',29,4,9),('H1',30,4,10),('H1',31,4,11),('H1',32,4,12),('H1',33,5,0),('H1',34,5,1),('H1',35,5,2),('H1',36,5,3),('H1',37,5,4),('H1',38,6,0),('H1',39,6,1),('H1',40,6,2),('H1',41,7,0),('H1',42,7,1),('H1',43,7,2),('H1',44,7,3),('H1',45,7,4),('H1',46,8,0),('H1',47,9,0),('H1',48,9,1),('H1',49,9,2),('H1',50,9,3),('H1',51,10,0),('H1',52,10,1),('H1',53,10,2),('H1',54,10,3),('H1',55,10,4),('H1',56,10,5),('H1',57,10,6),('H1',58,10,7),('H1',59,10,8),('H1',60,11,0),('H1',61,11,1),('H1',62,11,2),('H1',63,11,3),('H1',64,11,4),('H1',65,11,5),('H1',66,11,6),('H1',67,11,7),('H1',68,11,8),('H1',69,11,9),('H1',70,11,10),('H1',71,11,11),('H1',72,11,12),('H1',73,11,13),('H1',74,11,14),('H1',75,11,15),('H1',76,11,16),('H1',77,11,17),('H1',78,11,18),('H1',79,11,19),('H1',80,11,20),('H1',81,11,21),('H1',82,11,22),('H1',83,11,23),('H1',84,11,24),('H1',85,11,25),('H1',86,11,26),('H1',87,11,27),('H1',88,11,28),('H1',89,11,29),('H1',90,11,30),('H1',91,11,31),('H1',92,12,0),('H1',93,12,1),('H1',94,12,2),('H1',95,12,3),('H1',96,12,4),('H1',97,12,5),('H1',98,13,0),('H1',99,13,1),('H1',100,13,2),('H1',101,13,3),('H1',102,13,4),('H1',103,13,5),('H1',104,13,6),('H1',105,13,7),('H1',106,13,8),('H1',107,13,9),('H1',108,13,10),('H1',109,13,11),('H1',110,13,12),('H1',111,14,0),('H1',112,14,1),('H1',113,14,2),('H1',114,14,3),('H1',115,14,4),('H1',116,14,5),('H1',117,14,6),('H1',118,14,7),('H1',119,14,8),('H1',120,14,9),('H1',121,14,10),('H1',122,14,11),('H1',123,15,0),('H1',124,15,1),('H1',125,15,2),('H1',126,15,3),('H1',127,16,0),('H1',128,16,1),('H1',129,16,2),('H1',130,17,0),('H1',131,17,1),('H1',132,17,2),('H1',133,17,3),('H1',134,17,4),('H1',135,18,0),('H1',136,18,1),('H1',137,18,2),('H1',138,18,3),('H1',139,19,0),('H1',140,19,1),('H1',141,19,2),('H1',142,19,3),('H1',143,19,4),('H1',144,20,0),('H1',145,20,1),('H1',146,20,2),('H1',147,20,3),('H1',148,20,4),('H1',149,20,5),('H1',150,21,0),('H1',151,21,1),('H1',152,21,2),('H1',153,21,3),('H1',154,21,4),('H1',155,21,5),('H1',156,21,6),('H1',157,21,7),('H1',158,21,8),('H1',159,21,9),('H1',160,22,0),('H1',161,22,1),('H1',162,22,2),('H1',163,22,3),('H1',164,22,4),('H1',165,22,5),('H1',166,23,0),('H1',167,23,1),('H1',168,23,2),('H1',169,23,3),('H1',170,24,0),('H1',171,24,1),('H1',172,24,2),('H1',173,25,0),('H1',174,25,1),('H1',175,25,2),('H1',176,25,3),('H1',177,25,4),('H1',178,25,5),('H1',179,26,0),('H1',180,26,1),('H1',181,26,2),('H1',182,27,0),('H1',183,27,1),('H1',184,27,2),('H1',185,27,3),('H1',186,28,0),('H1',187,28,1),('H1',188,28,2),('H1',189,28,3),('H1',190,29,0),('H1',191,29,1),('H1',192,29,2),('H1',193,29,3),('H1',194,30,0),('H1',195,30,1),('H1',196,30,2),('H1',197,30,3),('H1',198,30,4),('H1',199,30,5),('H1',200,30,6),('H1',201,30,7),('H1',202,30,8),('H1',203,30,9),('H1',204,30,10),('H1',205,30,11),('H1',206,30,12),('H1',207,30,13),('H1',208,30,14),('H1',209,30,15),('H1',210,31,1),('H1',211,31,2),('H1',212,31,3),('H1',213,31,4),('H1',214,32,1),('H1',215,32,2),('H1',216,32,3),('H1',217,32,4),('H1',218,32,5),('H1',219,32,6),('H1',220,33,1),('H1',221,33,2),('H1',222,33,3),('H1',223,34,1),('H1',224,34,2),('H1',225,34,3),('H1',226,35,1),('H1',227,35,2),('H1',228,35,3),('H1',229,36,1),('H1',230,36,2),('H1',231,36,3),('H1',232,36,4),('H1',233,36,5),('H1',234,36,6),('H1',235,37,1),('H1',236,37,2),('H1',237,38,1),('H1',238,38,2),('H1',239,38,3),('H1',240,38,4),('H1',241,39,1),('H1',242,39,2),('H1',243,39,3),('H1',244,39,4),('H1',245,40,1),('H1',246,40,2),('H1',247,40,3),('H1',248,40,4),('H1',249,41,1),('H1',250,41,2),('H1',251,41,3),('H1',252,41,4),('H1',253,41,5),('H1',254,41,6),('H1',255,41,7),('H1',256,41,8),('H1',257,41,9),('H1',258,41,10),('H1',259,41,11),('H1',260,42,1),('H1',261,42,2),('H1',262,42,3),('H1',263,42,4),('H1',264,42,5),('H1',265,42,6),('H1',266,42,7),('H1',267,42,8),('H1',268,42,9),('H1',269,43,1),('H1',270,43,2),('H1',271,43,3),('H1',272,43,4),('H1',273,44,1),('H1',274,44,2),('H1',275,44,3),('H1',276,44,4),('H1',277,45,1),('H1',278,45,2),('H1',279,45,3),('H1',280,45,4),('H1',281,45,5),('H1',282,45,6),('H1',283,45,7),('H1',284,45,8),('H1',285,45,9),('H1',286,45,10),('H1',287,45,11),('H1',288,12,1),('H1',289,46,1),('H1',290,46,2),('H1',291,46,3),('H1',292,46,4),('H1',293,46,5),('H1',294,46,6),('H1',295,2,1),('H1',296,47,1),('H1',297,47,2),('H1',298,47,3),('H1',299,48,1),('H1',300,48,2),('H1',303,49,1),('H1',304,49,2),('H2',1,1,0),('H2',2,1,1),('H2',3,1,2),('H2',4,1,3),('H2',5,1,4),('H2',6,1,5),('H2',7,1,6),('H2',8,1,7),('H2',9,1,8),('H2',10,1,9),('H2',11,1,10),('H2',12,2,0),('H2',13,2,1),('H2',14,3,0),('H2',15,3,1),('H2',16,3,2),('H2',17,3,3),('H2',18,3,4),('H2',19,3,5),('H2',20,4,0),('H2',21,4,1),('H2',22,4,2),('H2',23,4,3),('H2',24,4,4),('H2',25,4,5),('H2',26,4,6),('H2',27,4,7),('H2',28,4,8),('H2',29,4,9),('H2',30,4,10),('H2',31,4,11),('H2',32,4,12),('H2',33,5,0),('H2',34,5,1),('H2',35,5,2),('H2',36,5,3),('H2',37,5,4),('H2',38,6,0),('H2',39,6,1),('H2',40,6,2),('H2',41,7,0),('H2',42,7,1),('H2',43,7,2),('H2',44,7,3),('H2',45,7,4),('H2',46,8,0),('H2',47,9,0),('H2',48,9,1),('H2',49,9,2),('H2',50,9,3),('H2',51,10,0),('H2',52,10,1),('H2',53,10,2),('H2',54,10,3),('H2',55,10,4),('H2',56,10,5),('H2',57,10,6),('H2',58,10,7),('H2',59,10,8),('H2',60,11,0),('H2',61,11,1),('H2',62,11,2),('H2',63,11,3),('H2',64,11,4),('H2',65,11,5),('H2',66,11,6),('H2',67,11,7),('H2',68,11,8),('H2',69,11,9),('H2',70,11,10),('H2',71,11,11),('H2',72,11,12),('H2',73,11,13),('H2',74,11,14),('H2',75,11,15),('H2',76,11,16),('H2',77,11,17),('H2',78,11,18),('H2',79,11,19),('H2',80,11,20),('H2',81,11,21),('H2',82,11,22),('H2',83,11,23),('H2',84,11,24),('H2',85,11,25),('H2',86,11,26),('H2',87,11,27),('H2',88,11,28),('H2',89,11,29),('H2',90,11,30),('H2',91,11,31),('H2',92,12,0),('H2',93,12,1),('H2',94,12,2),('H2',95,12,3),('H2',96,12,4),('H2',97,12,5),('H2',98,13,0),('H2',99,13,1),('H2',100,13,2),('H2',101,13,3),('H2',102,13,4),('H2',103,13,5),('H2',104,13,6),('H2',105,13,7),('H2',106,13,8),('H2',107,13,9),('H2',108,13,10),('H2',109,13,11),('H2',110,13,12),('H2',111,14,0),('H2',112,14,1),('H2',113,14,2),('H2',114,14,3),('H2',115,14,4),('H2',116,14,5),('H2',117,14,6),('H2',118,14,7),('H2',119,14,8),('H2',120,14,9),('H2',121,14,10),('H2',122,14,11),('H2',123,15,0),('H2',124,15,1),('H2',125,15,2),('H2',126,15,3),('H2',127,16,0),('H2',128,16,1),('H2',129,16,2),('H2',130,17,0),('H2',131,17,1),('H2',132,17,2),('H2',133,17,3),('H2',134,17,4),('H2',135,18,0),('H2',136,18,1),('H2',137,18,2),('H2',138,18,3),('H2',139,19,0),('H2',140,19,1),('H2',141,19,2),('H2',142,19,3),('H2',143,19,4),('H2',144,20,0),('H2',145,20,1),('H2',146,20,2),('H2',147,20,3),('H2',148,20,4),('H2',149,20,5),('H2',150,21,0),('H2',151,21,1),('H2',152,21,2),('H2',153,21,3),('H2',154,21,4),('H2',155,21,5),('H2',156,21,6),('H2',157,21,7),('H2',158,21,8),('H2',159,21,9),('H2',160,22,0),('H2',161,22,1),('H2',162,22,2),('H2',163,22,3),('H2',164,22,4),('H2',165,22,5),('H2',166,23,0),('H2',167,23,1),('H2',168,23,2),('H2',169,23,3),('H2',170,24,0),('H2',171,24,1),('H2',172,24,2),('H2',173,25,0),('H2',174,25,1),('H2',175,25,2),('H2',176,25,3),('H2',177,25,4),('H2',178,25,5),('H2',179,26,0),('H2',180,26,1),('H2',181,26,2),('H2',182,27,0),('H2',183,27,1),('H2',184,27,2),('H2',185,27,3),('H2',186,28,0),('H2',187,28,1),('H2',188,28,2),('H2',189,28,3),('H2',190,29,0),('H2',191,29,1),('H2',192,29,2),('H2',193,29,3),('H2',194,30,0),('H2',195,30,1),('H2',196,30,2),('H2',197,30,3),('H2',198,30,4),('H2',199,30,5),('H2',200,30,6),('H2',201,30,7),('H2',202,30,8),('H2',203,30,9),('H2',204,30,10),('H2',205,30,11),('H2',206,30,12),('H2',207,30,13),('H2',208,30,14),('H2',209,30,15),('H2',210,31,1),('H2',211,31,2),('H2',212,31,3),('H2',213,31,4),('H2',214,32,1),('H2',215,32,2),('H2',216,32,3),('H2',217,32,4),('H2',218,32,5),('H2',219,32,6),('H2',220,33,1),('H2',221,33,2),('H2',222,33,3),('H2',223,34,1),('H2',224,34,2),('H2',225,34,3),('H2',226,35,1),('H2',227,35,2),('H2',228,35,3),('H2',229,36,1),('H2',230,36,2),('H2',231,36,3),('H2',232,36,4),('H2',233,36,5),('H2',234,36,6),('H2',235,37,1),('H2',236,37,2),('H2',237,38,1),('H2',238,38,2),('H2',239,38,3),('H2',240,38,4),('H2',241,39,1),('H2',242,39,2),('H2',243,39,3),('H2',244,39,4),('H2',245,40,1),('H2',246,40,2),('H2',247,40,3),('H2',248,40,4),('H2',249,41,1),('H2',250,41,2),('H2',251,41,3),('H2',252,41,4),('H2',253,41,5),('H2',254,41,6),('H2',255,41,7),('H2',256,41,8),('H2',257,41,9),('H2',258,41,10),('H2',259,41,11),('H2',260,42,1),('H2',261,42,2),('H2',262,42,3),('H2',263,42,4),('H2',264,42,5),('H2',265,42,6),('H2',266,42,7),('H2',267,42,8),('H2',268,42,9),('H2',269,43,1),('H2',270,43,2),('H2',271,43,3),('H2',272,43,4),('H2',273,44,1),('H2',274,44,2),('H2',275,44,3),('H2',276,44,4),('H2',277,45,1),('H2',278,45,2),('H2',279,45,3),('H2',280,45,4),('H2',281,45,5),('H2',282,45,6),('H2',283,45,7),('H2',284,45,8),('H2',285,45,9),('H2',286,45,10),('H2',287,45,11),('H2',288,12,1),('H2',289,46,1),('H2',290,46,2),('H2',291,46,3),('H2',292,46,4),('H2',293,46,5),('H2',294,46,6),('H2',295,2,1),('H2',296,47,1),('H2',297,47,2),('H2',298,47,3),('H2',299,48,1),('H2',300,48,2),('H2',303,49,1),('H2',304,49,2),('H3',1,1,0),('H3',2,1,1),('H3',3,1,2),('H3',4,1,3),('H3',5,1,4),('H3',6,1,5),('H3',7,1,6),('H3',8,1,7),('H3',9,1,8),('H3',10,1,9),('H3',11,1,10),('H3',12,2,0),('H3',13,2,1),('H3',14,3,0),('H3',15,3,1),('H3',16,3,2),('H3',17,3,3),('H3',18,3,4),('H3',19,3,5),('H3',20,4,0),('H3',21,4,1),('H3',22,4,2),('H3',23,4,3),('H3',24,4,4),('H3',25,4,5),('H3',26,4,6),('H3',27,4,7),('H3',28,4,8),('H3',29,4,9),('H3',30,4,10),('H3',31,4,11),('H3',32,4,12),('H3',33,5,0),('H3',34,5,1),('H3',35,5,2),('H3',36,5,3),('H3',37,5,4),('H3',38,6,0),('H3',39,6,1),('H3',40,6,2),('H3',41,7,0),('H3',42,7,1),('H3',43,7,2),('H3',44,7,3),('H3',45,7,4),('H3',46,8,0),('H3',47,9,0),('H3',48,9,1),('H3',49,9,2),('H3',50,9,3),('H3',51,10,0),('H3',52,10,1),('H3',53,10,2),('H3',54,10,3),('H3',55,10,4),('H3',56,10,5),('H3',57,10,6),('H3',58,10,7),('H3',59,10,8),('H3',60,11,0),('H3',61,11,1),('H3',62,11,2),('H3',63,11,3),('H3',64,11,4),('H3',65,11,5),('H3',66,11,6),('H3',67,11,7),('H3',68,11,8),('H3',69,11,9),('H3',70,11,10),('H3',71,11,11),('H3',72,11,12),('H3',73,11,13),('H3',74,11,14),('H3',75,11,15),('H3',76,11,16),('H3',77,11,17),('H3',78,11,18),('H3',79,11,19),('H3',80,11,20),('H3',81,11,21),('H3',82,11,22),('H3',83,11,23),('H3',84,11,24),('H3',85,11,25),('H3',86,11,26),('H3',87,11,27),('H3',88,11,28),('H3',89,11,29),('H3',90,11,30),('H3',91,11,31),('H3',92,12,0),('H3',93,12,1),('H3',94,12,2),('H3',95,12,3),('H3',96,12,4),('H3',97,12,5),('H3',98,13,0),('H3',99,13,1),('H3',100,13,2),('H3',101,13,3),('H3',102,13,4),('H3',103,13,5),('H3',104,13,6),('H3',105,13,7),('H3',106,13,8),('H3',107,13,9),('H3',108,13,10),('H3',109,13,11),('H3',110,13,12),('H3',111,14,0),('H3',112,14,1),('H3',113,14,2),('H3',114,14,3),('H3',115,14,4),('H3',116,14,5),('H3',117,14,6),('H3',118,14,7),('H3',119,14,8),('H3',120,14,9),('H3',121,14,10),('H3',122,14,11),('H3',123,15,0),('H3',124,15,1),('H3',125,15,2),('H3',126,15,3),('H3',127,16,0),('H3',128,16,1),('H3',129,16,2),('H3',130,17,0),('H3',131,17,1),('H3',132,17,2),('H3',133,17,3),('H3',134,17,4),('H3',135,18,0),('H3',136,18,1),('H3',137,18,2),('H3',138,18,3),('H3',139,19,0),('H3',140,19,1),('H3',141,19,2),('H3',142,19,3),('H3',143,19,4),('H3',144,20,0),('H3',145,20,1),('H3',146,20,2),('H3',147,20,3),('H3',148,20,4),('H3',149,20,5),('H3',150,21,0),('H3',151,21,1),('H3',152,21,2),('H3',153,21,3),('H3',154,21,4),('H3',155,21,5),('H3',156,21,6),('H3',157,21,7),('H3',158,21,8),('H3',159,21,9),('H3',160,22,0),('H3',161,22,1),('H3',162,22,2),('H3',163,22,3),('H3',164,22,4),('H3',165,22,5),('H3',166,23,0),('H3',167,23,1),('H3',168,23,2),('H3',169,23,3),('H3',170,24,0),('H3',171,24,1),('H3',172,24,2),('H3',173,25,0),('H3',174,25,1),('H3',175,25,2),('H3',176,25,3),('H3',177,25,4),('H3',178,25,5),('H3',179,26,0),('H3',180,26,1),('H3',181,26,2),('H3',182,27,0),('H3',183,27,1),('H3',184,27,2),('H3',185,27,3),('H3',186,28,0),('H3',187,28,1),('H3',188,28,2),('H3',189,28,3),('H3',190,29,0),('H3',191,29,1),('H3',192,29,2),('H3',193,29,3),('H3',194,30,0),('H3',195,30,1),('H3',196,30,2),('H3',197,30,3),('H3',198,30,4),('H3',199,30,5),('H3',200,30,6),('H3',201,30,7),('H3',202,30,8),('H3',203,30,9),('H3',204,30,10),('H3',205,30,11),('H3',206,30,12),('H3',207,30,13),('H3',208,30,14),('H3',209,30,15),('H3',210,31,1),('H3',211,31,2),('H3',212,31,3),('H3',213,31,4),('H3',214,32,1),('H3',215,32,2),('H3',216,32,3),('H3',217,32,4),('H3',218,32,5),('H3',219,32,6),('H3',220,33,1),('H3',221,33,2),('H3',222,33,3),('H3',223,34,1),('H3',224,34,2),('H3',225,34,3),('H3',226,35,1),('H3',227,35,2),('H3',228,35,3),('H3',229,36,1),('H3',230,36,2),('H3',231,36,3),('H3',232,36,4),('H3',233,36,5),('H3',234,36,6),('H3',235,37,1),('H3',236,37,2),('H3',237,38,1),('H3',238,38,2),('H3',239,38,3),('H3',240,38,4),('H3',241,39,1),('H3',242,39,2),('H3',243,39,3),('H3',244,39,4),('H3',245,40,1),('H3',246,40,2),('H3',247,40,3),('H3',248,40,4),('H3',249,41,1),('H3',250,41,2),('H3',251,41,3),('H3',252,41,4),('H3',253,41,5),('H3',254,41,6),('H3',255,41,7),('H3',256,41,8),('H3',257,41,9),('H3',258,41,10),('H3',259,41,11),('H3',260,42,1),('H3',261,42,2),('H3',262,42,3),('H3',263,42,4),('H3',264,42,5),('H3',265,42,6),('H3',266,42,7),('H3',267,42,8),('H3',268,42,9),('H3',269,43,1),('H3',270,43,2),('H3',271,43,3),('H3',272,43,4),('H3',273,44,1),('H3',274,44,2),('H3',275,44,3),('H3',276,44,4),('H3',277,45,1),('H3',278,45,2),('H3',279,45,3),('H3',280,45,4),('H3',281,45,5),('H3',282,45,6),('H3',283,45,7),('H3',284,45,8),('H3',285,45,9),('H3',286,45,10),('H3',287,45,11),('H3',288,12,1),('H3',289,46,1),('H3',290,46,2),('H3',291,46,3),('H3',292,46,4),('H3',293,46,5),('H3',294,46,6),('H3',295,2,1),('H3',296,47,1),('H3',297,47,2),('H3',298,47,3),('H3',299,48,1),('H3',300,48,2),('H3',303,49,1),('H3',304,49,2),('H4',1,1,0),('H4',2,1,1),('H4',3,1,2),('H4',4,1,3),('H4',5,1,4),('H4',6,1,5),('H4',7,1,6),('H4',8,1,7),('H4',9,1,8),('H4',10,1,9),('H4',11,1,10),('H4',12,2,0),('H4',13,2,1),('H4',14,3,0),('H4',15,3,1),('H4',16,3,2),('H4',17,3,3),('H4',18,3,4),('H4',19,3,5),('H4',20,4,0),('H4',21,4,1),('H4',22,4,2),('H4',23,4,3),('H4',24,4,4),('H4',25,4,5),('H4',26,4,6),('H4',27,4,7),('H4',28,4,8),('H4',29,4,9),('H4',30,4,10),('H4',31,4,11),('H4',32,4,12),('H4',33,5,0),('H4',34,5,1),('H4',35,5,2),('H4',36,5,3),('H4',37,5,4),('H4',38,6,0),('H4',39,6,1),('H4',40,6,2),('H4',41,7,0),('H4',42,7,1),('H4',43,7,2),('H4',44,7,3),('H4',45,7,4),('H4',46,8,0),('H4',47,9,0),('H4',48,9,1),('H4',49,9,2),('H4',50,9,3),('H4',51,10,0),('H4',52,10,1),('H4',53,10,2),('H4',54,10,3),('H4',55,10,4),('H4',56,10,5),('H4',57,10,6),('H4',58,10,7),('H4',59,10,8),('H4',60,11,0),('H4',61,11,1),('H4',62,11,2),('H4',63,11,3),('H4',64,11,4),('H4',65,11,5),('H4',66,11,6),('H4',67,11,7),('H4',68,11,8),('H4',69,11,9),('H4',70,11,10),('H4',71,11,11),('H4',72,11,12),('H4',73,11,13),('H4',74,11,14),('H4',75,11,15),('H4',76,11,16),('H4',77,11,17),('H4',78,11,18),('H4',79,11,19),('H4',80,11,20),('H4',81,11,21),('H4',82,11,22),('H4',83,11,23),('H4',84,11,24),('H4',85,11,25),('H4',86,11,26),('H4',87,11,27),('H4',88,11,28),('H4',89,11,29),('H4',90,11,30),('H4',91,11,31),('H4',92,12,0),('H4',93,12,1),('H4',94,12,2),('H4',95,12,3),('H4',96,12,4),('H4',97,12,5),('H4',98,13,0),('H4',99,13,1),('H4',100,13,2),('H4',101,13,3),('H4',102,13,4),('H4',103,13,5),('H4',104,13,6),('H4',105,13,7),('H4',106,13,8),('H4',107,13,9),('H4',108,13,10),('H4',109,13,11),('H4',110,13,12),('H4',111,14,0),('H4',112,14,1),('H4',113,14,2),('H4',114,14,3),('H4',115,14,4),('H4',116,14,5),('H4',117,14,6),('H4',118,14,7),('H4',119,14,8),('H4',120,14,9),('H4',121,14,10),('H4',122,14,11),('H4',123,15,0),('H4',124,15,1),('H4',125,15,2),('H4',126,15,3),('H4',127,16,0),('H4',128,16,1),('H4',129,16,2),('H4',130,17,0),('H4',131,17,1),('H4',132,17,2),('H4',133,17,3),('H4',134,17,4),('H4',135,18,0),('H4',136,18,1),('H4',137,18,2),('H4',138,18,3),('H4',139,19,0),('H4',140,19,1),('H4',141,19,2),('H4',142,19,3),('H4',143,19,4),('H4',144,20,0),('H4',145,20,1),('H4',146,20,2),('H4',147,20,3),('H4',148,20,4),('H4',149,20,5),('H4',150,21,0),('H4',151,21,1),('H4',152,21,2),('H4',153,21,3),('H4',154,21,4),('H4',155,21,5),('H4',156,21,6),('H4',157,21,7),('H4',158,21,8),('H4',159,21,9),('H4',160,22,0),('H4',161,22,1),('H4',162,22,2),('H4',163,22,3),('H4',164,22,4),('H4',165,22,5),('H4',166,23,0),('H4',167,23,1),('H4',168,23,2),('H4',169,23,3),('H4',170,24,0),('H4',171,24,1),('H4',172,24,2),('H4',173,25,0),('H4',174,25,1),('H4',175,25,2),('H4',176,25,3),('H4',177,25,4),('H4',178,25,5),('H4',179,26,0),('H4',180,26,1),('H4',181,26,2),('H4',182,27,0),('H4',183,27,1),('H4',184,27,2),('H4',185,27,3),('H4',186,28,0),('H4',187,28,1),('H4',188,28,2),('H4',189,28,3),('H4',190,29,0),('H4',191,29,1),('H4',192,29,2),('H4',193,29,3),('H4',194,30,0),('H4',195,30,1),('H4',196,30,2),('H4',197,30,3),('H4',198,30,4),('H4',199,30,5),('H4',200,30,6),('H4',201,30,7),('H4',202,30,8),('H4',203,30,9),('H4',204,30,10),('H4',205,30,11),('H4',206,30,12),('H4',207,30,13),('H4',208,30,14),('H4',209,30,15),('H4',210,31,1),('H4',211,31,2),('H4',212,31,3),('H4',213,31,4),('H4',214,32,1),('H4',215,32,2),('H4',216,32,3),('H4',217,32,4),('H4',218,32,5),('H4',219,32,6),('H4',220,33,1),('H4',221,33,2),('H4',222,33,3),('H4',223,34,1),('H4',224,34,2),('H4',225,34,3),('H4',226,35,1),('H4',227,35,2),('H4',228,35,3),('H4',229,36,1),('H4',230,36,2),('H4',231,36,3),('H4',232,36,4),('H4',233,36,5),('H4',234,36,6),('H4',235,37,1),('H4',236,37,2),('H4',237,38,1),('H4',238,38,2),('H4',239,38,3),('H4',240,38,4),('H4',241,39,1),('H4',242,39,2),('H4',243,39,3),('H4',244,39,4),('H4',245,40,1),('H4',246,40,2),('H4',247,40,3),('H4',248,40,4),('H4',249,41,1),('H4',250,41,2),('H4',251,41,3),('H4',252,41,4),('H4',253,41,5),('H4',254,41,6),('H4',255,41,7),('H4',256,41,8),('H4',257,41,9),('H4',258,41,10),('H4',259,41,11),('H4',260,42,1),('H4',261,42,2),('H4',262,42,3),('H4',263,42,4),('H4',264,42,5),('H4',265,42,6),('H4',266,42,7),('H4',267,42,8),('H4',268,42,9),('H4',269,43,1),('H4',270,43,2),('H4',271,43,3),('H4',272,43,4),('H4',273,44,1),('H4',274,44,2),('H4',275,44,3),('H4',276,44,4),('H4',277,45,1),('H4',278,45,2),('H4',279,45,3),('H4',280,45,4),('H4',281,45,5),('H4',282,45,6),('H4',283,45,7),('H4',284,45,8),('H4',285,45,9),('H4',286,45,10),('H4',287,45,11),('H4',288,12,1),('H4',289,46,1),('H4',290,46,2),('H4',291,46,3),('H4',292,46,4),('H4',293,46,5),('H4',294,46,6),('H4',295,2,1),('H4',296,47,1),('H4',297,47,2),('H4',298,47,3),('H4',299,48,1),('H4',300,48,2),('H4',303,49,1),('H4',304,49,2),('H5',1,1,0),('H5',2,1,1),('H5',3,1,2),('H5',4,1,3),('H5',5,1,4),('H5',6,1,5),('H5',7,1,6),('H5',8,1,7),('H5',9,1,8),('H5',10,1,9),('H5',11,1,10),('H5',12,2,0),('H5',13,2,1),('H5',14,3,0),('H5',15,3,1),('H5',16,3,2),('H5',17,3,3),('H5',18,3,4),('H5',19,3,5),('H5',20,4,0),('H5',21,4,1),('H5',22,4,2),('H5',23,4,3),('H5',24,4,4),('H5',25,4,5),('H5',26,4,6),('H5',27,4,7),('H5',28,4,8),('H5',29,4,9),('H5',30,4,10),('H5',31,4,11),('H5',32,4,12),('H5',33,5,0),('H5',34,5,1),('H5',35,5,2),('H5',36,5,3),('H5',37,5,4),('H5',38,6,0),('H5',39,6,1),('H5',40,6,2),('H5',41,7,0),('H5',42,7,1),('H5',43,7,2),('H5',44,7,3),('H5',45,7,4),('H5',46,8,0),('H5',47,9,0),('H5',48,9,1),('H5',49,9,2),('H5',50,9,3),('H5',51,10,0),('H5',52,10,1),('H5',53,10,2),('H5',54,10,3),('H5',55,10,4),('H5',56,10,5),('H5',57,10,6),('H5',58,10,7),('H5',59,10,8),('H5',60,11,0),('H5',61,11,1),('H5',62,11,2),('H5',63,11,3),('H5',64,11,4),('H5',65,11,5),('H5',66,11,6),('H5',67,11,7),('H5',68,11,8),('H5',69,11,9),('H5',70,11,10),('H5',71,11,11),('H5',72,11,12),('H5',73,11,13),('H5',74,11,14),('H5',75,11,15),('H5',76,11,16),('H5',77,11,17),('H5',78,11,18),('H5',79,11,19),('H5',80,11,20),('H5',81,11,21),('H5',82,11,22),('H5',83,11,23),('H5',84,11,24),('H5',85,11,25),('H5',86,11,26),('H5',87,11,27),('H5',88,11,28),('H5',89,11,29),('H5',90,11,30),('H5',91,11,31),('H5',92,12,0),('H5',93,12,1),('H5',94,12,2),('H5',95,12,3),('H5',96,12,4),('H5',97,12,5),('H5',98,13,0),('H5',99,13,1),('H5',100,13,2),('H5',101,13,3),('H5',102,13,4),('H5',103,13,5),('H5',104,13,6),('H5',105,13,7),('H5',106,13,8),('H5',107,13,9),('H5',108,13,10),('H5',109,13,11),('H5',110,13,12),('H5',111,14,0),('H5',112,14,1),('H5',113,14,2),('H5',114,14,3),('H5',115,14,4),('H5',116,14,5),('H5',117,14,6),('H5',118,14,7),('H5',119,14,8),('H5',120,14,9),('H5',121,14,10),('H5',122,14,11),('H5',123,15,0),('H5',124,15,1),('H5',125,15,2),('H5',126,15,3),('H5',127,16,0),('H5',128,16,1),('H5',129,16,2),('H5',130,17,0),('H5',131,17,1),('H5',132,17,2),('H5',133,17,3),('H5',134,17,4),('H5',135,18,0),('H5',136,18,1),('H5',137,18,2),('H5',138,18,3),('H5',139,19,0),('H5',140,19,1),('H5',141,19,2),('H5',142,19,3),('H5',143,19,4),('H5',144,20,0),('H5',145,20,1),('H5',146,20,2),('H5',147,20,3),('H5',148,20,4),('H5',149,20,5),('H5',150,21,0),('H5',151,21,1),('H5',152,21,2),('H5',153,21,3),('H5',154,21,4),('H5',155,21,5),('H5',156,21,6),('H5',157,21,7),('H5',158,21,8),('H5',159,21,9),('H5',160,22,0),('H5',161,22,1),('H5',162,22,2),('H5',163,22,3),('H5',164,22,4),('H5',165,22,5),('H5',166,23,0),('H5',167,23,1),('H5',168,23,2),('H5',169,23,3),('H5',170,24,0),('H5',171,24,1),('H5',172,24,2),('H5',173,25,0),('H5',174,25,1),('H5',175,25,2),('H5',176,25,3),('H5',177,25,4),('H5',178,25,5),('H5',179,26,0),('H5',180,26,1),('H5',181,26,2),('H5',182,27,0),('H5',183,27,1),('H5',184,27,2),('H5',185,27,3),('H5',186,28,0),('H5',187,28,1),('H5',188,28,2),('H5',189,28,3),('H5',190,29,0),('H5',191,29,1),('H5',192,29,2),('H5',193,29,3),('H5',194,30,0),('H5',195,30,1),('H5',196,30,2),('H5',197,30,3),('H5',198,30,4),('H5',199,30,5),('H5',200,30,6),('H5',201,30,7),('H5',202,30,8),('H5',203,30,9),('H5',204,30,10),('H5',205,30,11),('H5',206,30,12),('H5',207,30,13),('H5',208,30,14),('H5',209,30,15),('H5',210,31,1),('H5',211,31,2),('H5',212,31,3),('H5',213,31,4),('H5',214,32,1),('H5',215,32,2),('H5',216,32,3),('H5',217,32,4),('H5',218,32,5),('H5',219,32,6),('H5',220,33,1),('H5',221,33,2),('H5',222,33,3),('H5',223,34,1),('H5',224,34,2),('H5',225,34,3),('H5',226,35,1),('H5',227,35,2),('H5',228,35,3),('H5',229,36,1),('H5',230,36,2),('H5',231,36,3),('H5',232,36,4),('H5',233,36,5),('H5',234,36,6),('H5',235,37,1),('H5',236,37,2),('H5',237,38,1),('H5',238,38,2),('H5',239,38,3),('H5',240,38,4),('H5',241,39,1),('H5',242,39,2),('H5',243,39,3),('H5',244,39,4),('H5',245,40,1),('H5',246,40,2),('H5',247,40,3),('H5',248,40,4),('H5',249,41,1),('H5',250,41,2),('H5',251,41,3),('H5',252,41,4),('H5',253,41,5),('H5',254,41,6),('H5',255,41,7),('H5',256,41,8),('H5',257,41,9),('H5',258,41,10),('H5',259,41,11),('H5',260,42,1),('H5',261,42,2),('H5',262,42,3),('H5',263,42,4),('H5',264,42,5),('H5',265,42,6),('H5',266,42,7),('H5',267,42,8),('H5',268,42,9),('H5',269,43,1),('H5',270,43,2),('H5',271,43,3),('H5',272,43,4),('H5',273,44,1),('H5',274,44,2),('H5',275,44,3),('H5',276,44,4),('H5',277,45,1),('H5',278,45,2),('H5',279,45,3),('H5',280,45,4),('H5',281,45,5),('H5',282,45,6),('H5',283,45,7),('H5',284,45,8),('H5',285,45,9),('H5',286,45,10),('H5',287,45,11),('H5',288,12,1),('H5',289,46,1),('H5',290,46,2),('H5',291,46,3),('H5',292,46,4),('H5',293,46,5),('H5',294,46,6),('H5',295,2,1),('H5',296,47,1),('H5',297,47,2),('H5',298,47,3),('H5',299,48,1),('H5',300,48,2),('H5',303,49,1),('H5',304,49,2),('H6',1,1,0),('H6',2,1,1),('H6',3,1,2),('H6',4,1,3),('H6',5,1,4),('H6',6,1,5),('H6',7,1,6),('H6',8,1,7),('H6',9,1,8),('H6',10,1,9),('H6',11,1,10),('H6',12,2,0),('H6',13,2,1),('H6',14,3,0),('H6',15,3,1),('H6',16,3,2),('H6',17,3,3),('H6',18,3,4),('H6',19,3,5),('H6',20,4,0),('H6',21,4,1),('H6',22,4,2),('H6',23,4,3),('H6',24,4,4),('H6',25,4,5),('H6',26,4,6),('H6',27,4,7),('H6',28,4,8),('H6',29,4,9),('H6',30,4,10),('H6',31,4,11),('H6',32,4,12),('H6',33,5,0),('H6',34,5,1),('H6',35,5,2),('H6',36,5,3),('H6',37,5,4),('H6',38,6,0),('H6',39,6,1),('H6',40,6,2),('H6',41,7,0),('H6',42,7,1),('H6',43,7,2),('H6',44,7,3),('H6',45,7,4),('H6',46,8,0),('H6',47,9,0),('H6',48,9,1),('H6',49,9,2),('H6',50,9,3),('H6',51,10,0),('H6',52,10,1),('H6',53,10,2),('H6',54,10,3),('H6',55,10,4),('H6',56,10,5),('H6',57,10,6),('H6',58,10,7),('H6',59,10,8),('H6',60,11,0),('H6',61,11,1),('H6',62,11,2),('H6',63,11,3),('H6',64,11,4),('H6',65,11,5),('H6',66,11,6),('H6',67,11,7),('H6',68,11,8),('H6',69,11,9),('H6',70,11,10),('H6',71,11,11),('H6',72,11,12),('H6',73,11,13),('H6',74,11,14),('H6',75,11,15),('H6',76,11,16),('H6',77,11,17),('H6',78,11,18),('H6',79,11,19),('H6',80,11,20),('H6',81,11,21),('H6',82,11,22),('H6',83,11,23),('H6',84,11,24),('H6',85,11,25),('H6',86,11,26),('H6',87,11,27),('H6',88,11,28),('H6',89,11,29),('H6',90,11,30),('H6',91,11,31),('H6',92,12,0),('H6',93,12,1),('H6',94,12,2),('H6',95,12,3),('H6',96,12,4),('H6',97,12,5),('H6',98,13,0),('H6',99,13,1),('H6',100,13,2),('H6',101,13,3),('H6',102,13,4),('H6',103,13,5),('H6',104,13,6),('H6',105,13,7),('H6',106,13,8),('H6',107,13,9),('H6',108,13,10),('H6',109,13,11),('H6',110,13,12),('H6',111,14,0),('H6',112,14,1),('H6',113,14,2),('H6',114,14,3),('H6',115,14,4),('H6',116,14,5),('H6',117,14,6),('H6',118,14,7),('H6',119,14,8),('H6',120,14,9),('H6',121,14,10),('H6',122,14,11),('H6',123,15,0),('H6',124,15,1),('H6',125,15,2),('H6',126,15,3),('H6',127,16,0),('H6',128,16,1),('H6',129,16,2),('H6',130,17,0),('H6',131,17,1),('H6',132,17,2),('H6',133,17,3),('H6',134,17,4),('H6',135,18,0),('H6',136,18,1),('H6',137,18,2),('H6',138,18,3),('H6',139,19,0),('H6',140,19,1),('H6',141,19,2),('H6',142,19,3),('H6',143,19,4),('H6',144,20,0),('H6',145,20,1),('H6',146,20,2),('H6',147,20,3),('H6',148,20,4),('H6',149,20,5),('H6',150,21,0),('H6',151,21,1),('H6',152,21,2),('H6',153,21,3),('H6',154,21,4),('H6',155,21,5),('H6',156,21,6),('H6',157,21,7),('H6',158,21,8),('H6',159,21,9),('H6',160,22,0),('H6',161,22,1),('H6',162,22,2),('H6',163,22,3),('H6',164,22,4),('H6',165,22,5),('H6',166,23,0),('H6',167,23,1),('H6',168,23,2),('H6',169,23,3),('H6',170,24,0),('H6',171,24,1),('H6',172,24,2),('H6',173,25,0),('H6',174,25,1),('H6',175,25,2),('H6',176,25,3),('H6',177,25,4),('H6',178,25,5),('H6',179,26,0),('H6',180,26,1),('H6',181,26,2),('H6',182,27,0),('H6',183,27,1),('H6',184,27,2),('H6',185,27,3),('H6',186,28,0),('H6',187,28,1),('H6',188,28,2),('H6',189,28,3),('H6',190,29,0),('H6',191,29,1),('H6',192,29,2),('H6',193,29,3),('H6',194,30,0),('H6',195,30,1),('H6',196,30,2),('H6',197,30,3),('H6',198,30,4),('H6',199,30,5),('H6',200,30,6),('H6',201,30,7),('H6',202,30,8),('H6',203,30,9),('H6',204,30,10),('H6',205,30,11),('H6',206,30,12),('H6',207,30,13),('H6',208,30,14),('H6',209,30,15),('H6',210,31,1),('H6',211,31,2),('H6',212,31,3),('H6',213,31,4),('H6',214,32,1),('H6',215,32,2),('H6',216,32,3),('H6',217,32,4),('H6',218,32,5),('H6',219,32,6),('H6',220,33,1),('H6',221,33,2),('H6',222,33,3),('H6',223,34,1),('H6',224,34,2),('H6',225,34,3),('H6',226,35,1),('H6',227,35,2),('H6',228,35,3),('H6',229,36,1),('H6',230,36,2),('H6',231,36,3),('H6',232,36,4),('H6',233,36,5),('H6',234,36,6),('H6',235,37,1),('H6',236,37,2),('H6',237,38,1),('H6',238,38,2),('H6',239,38,3),('H6',240,38,4),('H6',241,39,1),('H6',242,39,2),('H6',243,39,3),('H6',244,39,4),('H6',245,40,1),('H6',246,40,2),('H6',247,40,3),('H6',248,40,4),('H6',249,41,1),('H6',250,41,2),('H6',251,41,3),('H6',252,41,4),('H6',253,41,5),('H6',254,41,6),('H6',255,41,7),('H6',256,41,8),('H6',257,41,9),('H6',258,41,10),('H6',259,41,11),('H6',260,42,1),('H6',261,42,2),('H6',262,42,3),('H6',263,42,4),('H6',264,42,5),('H6',265,42,6),('H6',266,42,7),('H6',267,42,8),('H6',268,42,9),('H6',269,43,1),('H6',270,43,2),('H6',271,43,3),('H6',272,43,4),('H6',273,44,1),('H6',274,44,2),('H6',275,44,3),('H6',276,44,4),('H6',277,45,1),('H6',278,45,2),('H6',279,45,3),('H6',280,45,4),('H6',281,45,5),('H6',282,45,6),('H6',283,45,7),('H6',284,45,8),('H6',285,45,9),('H6',286,45,10),('H6',287,45,11),('H6',288,12,1),('H6',289,46,1),('H6',290,46,2),('H6',291,46,3),('H6',292,46,4),('H6',293,46,5),('H6',294,46,6),('H6',295,2,1),('H6',296,47,1),('H6',297,47,2),('H6',298,47,3),('H6',299,48,1),('H6',300,48,2),('H6',303,49,1),('H6',304,49,2),('H7',1,1,0),('H7',2,1,1),('H7',3,1,2),('H7',4,1,3),('H7',5,1,4),('H7',6,1,5),('H7',7,1,6),('H7',8,1,7),('H7',9,1,8),('H7',10,1,9),('H7',11,1,10),('H7',12,2,0),('H7',13,2,1),('H7',14,3,0),('H7',15,3,1),('H7',16,3,2),('H7',17,3,3),('H7',18,3,4),('H7',19,3,5),('H7',20,4,0),('H7',21,4,1),('H7',22,4,2),('H7',23,4,3),('H7',24,4,4),('H7',25,4,5),('H7',26,4,6),('H7',27,4,7),('H7',28,4,8),('H7',29,4,9),('H7',30,4,10),('H7',31,4,11),('H7',32,4,12),('H7',33,5,0),('H7',34,5,1),('H7',35,5,2),('H7',36,5,3),('H7',37,5,4),('H7',38,6,0),('H7',39,6,1),('H7',40,6,2),('H7',41,7,0),('H7',42,7,1),('H7',43,7,2),('H7',44,7,3),('H7',45,7,4),('H7',46,8,0),('H7',47,9,0),('H7',48,9,1),('H7',49,9,2),('H7',50,9,3),('H7',51,10,0),('H7',52,10,1),('H7',53,10,2),('H7',54,10,3),('H7',55,10,4),('H7',56,10,5),('H7',57,10,6),('H7',58,10,7),('H7',59,10,8),('H7',60,11,0),('H7',61,11,1),('H7',62,11,2),('H7',63,11,3),('H7',64,11,4),('H7',65,11,5),('H7',66,11,6),('H7',67,11,7),('H7',68,11,8),('H7',69,11,9),('H7',70,11,10),('H7',71,11,11),('H7',72,11,12),('H7',73,11,13),('H7',74,11,14),('H7',75,11,15),('H7',76,11,16),('H7',77,11,17),('H7',78,11,18),('H7',79,11,19),('H7',80,11,20),('H7',81,11,21),('H7',82,11,22),('H7',83,11,23),('H7',84,11,24),('H7',85,11,25),('H7',86,11,26),('H7',87,11,27),('H7',88,11,28),('H7',89,11,29),('H7',90,11,30),('H7',91,11,31),('H7',92,12,0),('H7',93,12,1),('H7',94,12,2),('H7',95,12,3),('H7',96,12,4),('H7',97,12,5),('H7',98,13,0),('H7',99,13,1),('H7',100,13,2),('H7',101,13,3),('H7',102,13,4),('H7',103,13,5),('H7',104,13,6),('H7',105,13,7),('H7',106,13,8),('H7',107,13,9),('H7',108,13,10),('H7',109,13,11),('H7',110,13,12),('H7',111,14,0),('H7',112,14,1),('H7',113,14,2),('H7',114,14,3),('H7',115,14,4),('H7',116,14,5),('H7',117,14,6),('H7',118,14,7),('H7',119,14,8),('H7',120,14,9),('H7',121,14,10),('H7',122,14,11),('H7',123,15,0),('H7',124,15,1),('H7',125,15,2),('H7',126,15,3),('H7',127,16,0),('H7',128,16,1),('H7',129,16,2),('H7',130,17,0),('H7',131,17,1),('H7',132,17,2),('H7',133,17,3),('H7',134,17,4),('H7',135,18,0),('H7',136,18,1),('H7',137,18,2),('H7',138,18,3),('H7',139,19,0),('H7',140,19,1),('H7',141,19,2),('H7',142,19,3),('H7',143,19,4),('H7',144,20,0),('H7',145,20,1),('H7',146,20,2),('H7',147,20,3),('H7',148,20,4),('H7',149,20,5),('H7',150,21,0),('H7',151,21,1),('H7',152,21,2),('H7',153,21,3),('H7',154,21,4),('H7',155,21,5),('H7',156,21,6),('H7',157,21,7),('H7',158,21,8),('H7',159,21,9),('H7',160,22,0),('H7',161,22,1),('H7',162,22,2),('H7',163,22,3),('H7',164,22,4),('H7',165,22,5),('H7',166,23,0),('H7',167,23,1),('H7',168,23,2),('H7',169,23,3),('H7',170,24,0),('H7',171,24,1),('H7',172,24,2),('H7',173,25,0),('H7',174,25,1),('H7',175,25,2),('H7',176,25,3),('H7',177,25,4),('H7',178,25,5),('H7',179,26,0),('H7',180,26,1),('H7',181,26,2),('H7',182,27,0),('H7',183,27,1),('H7',184,27,2),('H7',185,27,3),('H7',186,28,0),('H7',187,28,1),('H7',188,28,2),('H7',189,28,3),('H7',190,29,0),('H7',191,29,1),('H7',192,29,2),('H7',193,29,3),('H7',194,30,0),('H7',195,30,1),('H7',196,30,2),('H7',197,30,3),('H7',198,30,4),('H7',199,30,5),('H7',200,30,6),('H7',201,30,7),('H7',202,30,8),('H7',203,30,9),('H7',204,30,10),('H7',205,30,11),('H7',206,30,12),('H7',207,30,13),('H7',208,30,14),('H7',209,30,15),('H7',210,31,1),('H7',211,31,2),('H7',212,31,3),('H7',213,31,4),('H7',214,32,1),('H7',215,32,2),('H7',216,32,3),('H7',217,32,4),('H7',218,32,5),('H7',219,32,6),('H7',220,33,1),('H7',221,33,2),('H7',222,33,3),('H7',223,34,1),('H7',224,34,2),('H7',225,34,3),('H7',226,35,1),('H7',227,35,2),('H7',228,35,3),('H7',229,36,1),('H7',230,36,2),('H7',231,36,3),('H7',232,36,4),('H7',233,36,5),('H7',234,36,6),('H7',235,37,1),('H7',236,37,2),('H7',237,38,1),('H7',238,38,2),('H7',239,38,3),('H7',240,38,4),('H7',241,39,1),('H7',242,39,2),('H7',243,39,3),('H7',244,39,4),('H7',245,40,1),('H7',246,40,2),('H7',247,40,3),('H7',248,40,4),('H7',249,41,1),('H7',250,41,2),('H7',251,41,3),('H7',252,41,4),('H7',253,41,5),('H7',254,41,6),('H7',255,41,7),('H7',256,41,8),('H7',257,41,9),('H7',258,41,10),('H7',259,41,11),('H7',260,42,1),('H7',261,42,2),('H7',262,42,3),('H7',263,42,4),('H7',264,42,5),('H7',265,42,6),('H7',266,42,7),('H7',267,42,8),('H7',268,42,9),('H7',269,43,1),('H7',270,43,2),('H7',271,43,3),('H7',272,43,4),('H7',273,44,1),('H7',274,44,2),('H7',275,44,3),('H7',276,44,4),('H7',277,45,1),('H7',278,45,2),('H7',279,45,3),('H7',280,45,4),('H7',281,45,5),('H7',282,45,6),('H7',283,45,7),('H7',284,45,8),('H7',285,45,9),('H7',286,45,10),('H7',287,45,11),('H7',288,12,1),('H7',289,46,1),('H7',290,46,2),('H7',291,46,3),('H7',292,46,4),('H7',293,46,5),('H7',294,46,6),('H7',295,2,1),('H7',296,47,1),('H7',297,47,2),('H7',298,47,3),('H7',299,48,1),('H7',300,48,2),('H7',303,49,1),('H7',304,49,2),('H8',1,1,0),('H8',2,1,1),('H8',3,1,2),('H8',4,1,3),('H8',5,1,4),('H8',6,1,5),('H8',7,1,6),('H8',8,1,7),('H8',9,1,8),('H8',10,1,9),('H8',11,1,10),('H8',12,2,0),('H8',13,2,1),('H8',14,3,0),('H8',15,3,1),('H8',16,3,2),('H8',17,3,3),('H8',18,3,4),('H8',19,3,5),('H8',20,4,0),('H8',21,4,1),('H8',22,4,2),('H8',23,4,3),('H8',24,4,4),('H8',25,4,5),('H8',26,4,6),('H8',27,4,7),('H8',28,4,8),('H8',29,4,9),('H8',30,4,10),('H8',31,4,11),('H8',32,4,12),('H8',33,5,0),('H8',34,5,1),('H8',35,5,2),('H8',36,5,3),('H8',37,5,4),('H8',38,6,0),('H8',39,6,1),('H8',40,6,2),('H8',41,7,0),('H8',42,7,1),('H8',43,7,2),('H8',44,7,3),('H8',45,7,4),('H8',46,8,0),('H8',47,9,0),('H8',48,9,1),('H8',49,9,2),('H8',50,9,3),('H8',51,10,0),('H8',52,10,1),('H8',53,10,2),('H8',54,10,3),('H8',55,10,4),('H8',56,10,5),('H8',57,10,6),('H8',58,10,7),('H8',59,10,8),('H8',60,11,0),('H8',61,11,1),('H8',62,11,2),('H8',63,11,3),('H8',64,11,4),('H8',65,11,5),('H8',66,11,6),('H8',67,11,7),('H8',68,11,8),('H8',69,11,9),('H8',70,11,10),('H8',71,11,11),('H8',72,11,12),('H8',73,11,13),('H8',74,11,14),('H8',75,11,15),('H8',76,11,16),('H8',77,11,17),('H8',78,11,18),('H8',79,11,19),('H8',80,11,20),('H8',81,11,21),('H8',82,11,22),('H8',83,11,23),('H8',84,11,24),('H8',85,11,25),('H8',86,11,26),('H8',87,11,27),('H8',88,11,28),('H8',89,11,29),('H8',90,11,30),('H8',91,11,31),('H8',92,12,0),('H8',93,12,1),('H8',94,12,2),('H8',95,12,3),('H8',96,12,4),('H8',97,12,5),('H8',98,13,0),('H8',99,13,1),('H8',100,13,2),('H8',101,13,3),('H8',102,13,4),('H8',103,13,5),('H8',104,13,6),('H8',105,13,7),('H8',106,13,8),('H8',107,13,9),('H8',108,13,10),('H8',109,13,11),('H8',110,13,12),('H8',111,14,0),('H8',112,14,1),('H8',113,14,2),('H8',114,14,3),('H8',115,14,4),('H8',116,14,5),('H8',117,14,6),('H8',118,14,7),('H8',119,14,8),('H8',120,14,9),('H8',121,14,10),('H8',122,14,11),('H8',123,15,0),('H8',124,15,1),('H8',125,15,2),('H8',126,15,3),('H8',127,16,0),('H8',128,16,1),('H8',129,16,2),('H8',130,17,0),('H8',131,17,1),('H8',132,17,2),('H8',133,17,3),('H8',134,17,4),('H8',135,18,0),('H8',136,18,1),('H8',137,18,2),('H8',138,18,3),('H8',139,19,0),('H8',140,19,1),('H8',141,19,2),('H8',142,19,3),('H8',143,19,4),('H8',144,20,0),('H8',145,20,1),('H8',146,20,2),('H8',147,20,3),('H8',148,20,4),('H8',149,20,5),('H8',150,21,0),('H8',151,21,1),('H8',152,21,2),('H8',153,21,3),('H8',154,21,4),('H8',155,21,5),('H8',156,21,6),('H8',157,21,7),('H8',158,21,8),('H8',159,21,9),('H8',160,22,0),('H8',161,22,1),('H8',162,22,2),('H8',163,22,3),('H8',164,22,4),('H8',165,22,5),('H8',166,23,0),('H8',167,23,1),('H8',168,23,2),('H8',169,23,3),('H8',170,24,0),('H8',171,24,1),('H8',172,24,2),('H8',173,25,0),('H8',174,25,1),('H8',175,25,2),('H8',176,25,3),('H8',177,25,4),('H8',178,25,5),('H8',179,26,0),('H8',180,26,1),('H8',181,26,2),('H8',182,27,0),('H8',183,27,1),('H8',184,27,2),('H8',185,27,3),('H8',186,28,0),('H8',187,28,1),('H8',188,28,2),('H8',189,28,3),('H8',190,29,0),('H8',191,29,1),('H8',192,29,2),('H8',193,29,3),('H8',194,30,0),('H8',195,30,1),('H8',196,30,2),('H8',197,30,3),('H8',198,30,4),('H8',199,30,5),('H8',200,30,6),('H8',201,30,7),('H8',202,30,8),('H8',203,30,9),('H8',204,30,10),('H8',205,30,11),('H8',206,30,12),('H8',207,30,13),('H8',208,30,14),('H8',209,30,15),('H8',210,31,1),('H8',211,31,2),('H8',212,31,3),('H8',213,31,4),('H8',214,32,1),('H8',215,32,2),('H8',216,32,3),('H8',217,32,4),('H8',218,32,5),('H8',219,32,6),('H8',220,33,1),('H8',221,33,2),('H8',222,33,3),('H8',223,34,1),('H8',224,34,2),('H8',225,34,3),('H8',226,35,1),('H8',227,35,2),('H8',228,35,3),('H8',229,36,1),('H8',230,36,2),('H8',231,36,3),('H8',232,36,4),('H8',233,36,5),('H8',234,36,6),('H8',235,37,1),('H8',236,37,2),('H8',237,38,1),('H8',238,38,2),('H8',239,38,3),('H8',240,38,4),('H8',241,39,1),('H8',242,39,2),('H8',243,39,3),('H8',244,39,4),('H8',245,40,1),('H8',246,40,2),('H8',247,40,3),('H8',248,40,4),('H8',249,41,1),('H8',250,41,2),('H8',251,41,3),('H8',252,41,4),('H8',253,41,5),('H8',254,41,6),('H8',255,41,7),('H8',256,41,8),('H8',257,41,9),('H8',258,41,10),('H8',259,41,11),('H8',260,42,1),('H8',261,42,2),('H8',262,42,3),('H8',263,42,4),('H8',264,42,5),('H8',265,42,6),('H8',266,42,7),('H8',267,42,8),('H8',268,42,9),('H8',269,43,1),('H8',270,43,2),('H8',271,43,3),('H8',272,43,4),('H8',273,44,1),('H8',274,44,2),('H8',275,44,3),('H8',276,44,4),('H8',277,45,1),('H8',278,45,2),('H8',279,45,3),('H8',280,45,4),('H8',281,45,5),('H8',282,45,6),('H8',283,45,7),('H8',284,45,8),('H8',285,45,9),('H8',286,45,10),('H8',287,45,11),('H8',288,12,1),('H8',289,46,1),('H8',290,46,2),('H8',291,46,3),('H8',292,46,4),('H8',293,46,5),('H8',294,46,6),('H8',295,2,1),('H8',296,47,1),('H8',297,47,2),('H8',298,47,3),('H8',299,48,1),('H8',300,48,2),('H8',303,49,1),('H8',304,49,2);

--
-- Table structure for table `vtiger_role2profile`
--

CREATE TABLE `vtiger_role2profile` (
  `roleid` varchar(255) NOT NULL,
  `profileid` int(11) NOT NULL,
  PRIMARY KEY (`roleid`,`profileid`),
  KEY `role2profile_roleid_profileid_idx` (`roleid`,`profileid`)
) ENGINE=InnoDB DEFAULT CHARSET=utf8mb4 COLLATE=utf8mb4_general_ci;

--
-- Dumping data for table `vtiger_role2profile`
--

INSERT INTO `vtiger_role2profile` VALUES ('H2',1),('H3',2),('H4',2),('H5',2),('H6',5),('H7',8),('H8',10);

--
-- Table structure for table `vtiger_role_seq`
--

CREATE TABLE `vtiger_role_seq` (
  `id` int(11) NOT NULL
) ENGINE=InnoDB DEFAULT CHARSET=utf8mb4 COLLATE=utf8mb4_general_ci;

--
-- Dumping data for table `vtiger_role_seq`
--

INSERT INTO `vtiger_role_seq` VALUES (8);

--
-- Table structure for table `vtiger_rollupcomments_settings`
--

CREATE TABLE `vtiger_rollupcomments_settings` (
  `rollupid` int(11) NOT NULL AUTO_INCREMENT,
  `userid` int(11) NOT NULL,
  `tabid` int(11) NOT NULL,
  `rollup_status` int(11) NOT NULL DEFAULT 0,
  PRIMARY KEY (`rollupid`)
) ENGINE=InnoDB AUTO_INCREMENT=3 DEFAULT CHARSET=utf8 COLLATE=utf8_general_ci;

--
-- Dumping data for table `vtiger_rollupcomments_settings`
--

INSERT INTO `vtiger_rollupcomments_settings` VALUES (1,7,13,0),(2,6,13,1);

--
-- Table structure for table `vtiger_rowheight`
--

CREATE TABLE `vtiger_rowheight` (
  `rowheightid` int(11) NOT NULL AUTO_INCREMENT,
  `rowheight` varchar(200) NOT NULL,
  `sortorderid` int(11) DEFAULT NULL,
  `presence` int(11) NOT NULL DEFAULT 1,
  PRIMARY KEY (`rowheightid`)
) ENGINE=InnoDB AUTO_INCREMENT=4 DEFAULT CHARSET=utf8 COLLATE=utf8_general_ci;

--
-- Dumping data for table `vtiger_rowheight`
--

INSERT INTO `vtiger_rowheight` VALUES (1,'wide',0,1),(2,'medium',1,1),(3,'narrow',2,1);

--
-- Table structure for table `vtiger_rowheight_seq`
--

CREATE TABLE `vtiger_rowheight_seq` (
  `id` int(11) NOT NULL
) ENGINE=InnoDB DEFAULT CHARSET=utf8mb4 COLLATE=utf8mb4_general_ci;

--
-- Dumping data for table `vtiger_rowheight_seq`
--

INSERT INTO `vtiger_rowheight_seq` VALUES (3);

--
-- Table structure for table `vtiger_rss`
--

CREATE TABLE `vtiger_rss` (
  `rssid` int(11) NOT NULL,
  `rssurl` varchar(200) NOT NULL DEFAULT '',
  `rsstitle` varchar(200) DEFAULT NULL,
  `rsstype` int(11) DEFAULT 0,
  `starred` int(11) DEFAULT 0,
  PRIMARY KEY (`rssid`)
) ENGINE=InnoDB DEFAULT CHARSET=utf8mb4 COLLATE=utf8mb4_general_ci;

--
-- Dumping data for table `vtiger_rss`
--


--
-- Table structure for table `vtiger_sales_stage`
--

CREATE TABLE `vtiger_sales_stage` (
  `sales_stage_id` int(11) NOT NULL AUTO_INCREMENT,
  `sales_stage` varchar(200) DEFAULT NULL,
  `presence` int(11) NOT NULL DEFAULT 1,
  `picklist_valueid` int(11) NOT NULL DEFAULT 0,
  `sortorderid` int(11) DEFAULT NULL,
  `color` varchar(10) DEFAULT NULL,
  PRIMARY KEY (`sales_stage_id`)
) ENGINE=InnoDB AUTO_INCREMENT=11 DEFAULT CHARSET=utf8mb4 COLLATE=utf8mb4_general_ci;

--
-- Dumping data for table `vtiger_sales_stage`
--

INSERT INTO `vtiger_sales_stage` VALUES (1,'Prospecting',1,150,0,NULL),(2,'Qualification',1,151,1,NULL),(3,'Needs Analysis',1,152,2,NULL),(4,'Value Proposition',1,153,3,NULL),(5,'Id. Decision Makers',1,154,4,NULL),(6,'Perception Analysis',1,155,5,NULL),(7,'Proposal or Price Quote',1,156,6,NULL),(8,'Negotiation or Review',1,157,7,NULL),(9,'Closed Won',0,158,8,NULL),(10,'Closed Lost',0,159,9,NULL);

--
-- Table structure for table `vtiger_sales_stage_seq`
--

CREATE TABLE `vtiger_sales_stage_seq` (
  `id` int(11) NOT NULL
) ENGINE=InnoDB DEFAULT CHARSET=utf8mb4 COLLATE=utf8mb4_general_ci;

--
-- Dumping data for table `vtiger_sales_stage_seq`
--

INSERT INTO `vtiger_sales_stage_seq` VALUES (10);

--
-- Table structure for table `vtiger_salesmanactivityrel`
--

CREATE TABLE `vtiger_salesmanactivityrel` (
  `smid` int(11) NOT NULL DEFAULT 0,
  `activityid` int(11) NOT NULL DEFAULT 0,
  PRIMARY KEY (`smid`,`activityid`),
  KEY `salesmanactivityrel_activityid_idx` (`activityid`),
  KEY `salesmanactivityrel_smid_idx` (`smid`),
  CONSTRAINT `fk_2_vtiger_salesmanactivityrel` FOREIGN KEY (`smid`) REFERENCES `vtiger_users` (`id`) ON DELETE CASCADE
) ENGINE=InnoDB DEFAULT CHARSET=utf8mb4 COLLATE=utf8mb4_general_ci;

--
-- Dumping data for table `vtiger_salesmanactivityrel`
--

INSERT INTO `vtiger_salesmanactivityrel` VALUES (6,37),(6,44),(6,45),(8,52);

--
-- Table structure for table `vtiger_salesmanattachmentsrel`
--

CREATE TABLE `vtiger_salesmanattachmentsrel` (
  `smid` int(11) NOT NULL DEFAULT 0,
  `attachmentsid` int(11) NOT NULL DEFAULT 0,
  PRIMARY KEY (`smid`,`attachmentsid`),
  KEY `salesmanattachmentsrel_smid_idx` (`smid`),
  KEY `salesmanattachmentsrel_attachmentsid_idx` (`attachmentsid`),
  CONSTRAINT `fk_2_vtiger_salesmanattachmentsrel` FOREIGN KEY (`attachmentsid`) REFERENCES `vtiger_attachments` (`attachmentsid`) ON DELETE CASCADE
) ENGINE=InnoDB DEFAULT CHARSET=utf8mb4 COLLATE=utf8mb4_general_ci;

--
-- Dumping data for table `vtiger_salesmanattachmentsrel`
--

INSERT INTO `vtiger_salesmanattachmentsrel` VALUES (6,196);

--
-- Table structure for table `vtiger_salesmanticketrel`
--

CREATE TABLE `vtiger_salesmanticketrel` (
  `smid` int(11) NOT NULL DEFAULT 0,
  `id` int(11) NOT NULL DEFAULT 0,
  PRIMARY KEY (`smid`,`id`),
  KEY `salesmanticketrel_smid_idx` (`smid`),
  KEY `salesmanticketrel_id_idx` (`id`),
  CONSTRAINT `fk_2_vtiger_salesmanticketrel` FOREIGN KEY (`smid`) REFERENCES `vtiger_users` (`id`) ON DELETE CASCADE
) ENGINE=InnoDB DEFAULT CHARSET=utf8mb4 COLLATE=utf8mb4_general_ci;

--
-- Dumping data for table `vtiger_salesmanticketrel`
--


--
-- Table structure for table `vtiger_salesorder`
--

CREATE TABLE `vtiger_salesorder` (
  `salesorderid` int(11) NOT NULL DEFAULT 0,
  `subject` varchar(100) DEFAULT NULL,
  `potentialid` int(11) DEFAULT NULL,
  `customerno` varchar(100) DEFAULT NULL,
  `salesorder_no` varchar(100) DEFAULT NULL,
  `quoteid` int(11) DEFAULT NULL,
  `vendorterms` varchar(100) DEFAULT NULL,
  `contactid` int(11) DEFAULT NULL,
  `vendorid` int(11) DEFAULT NULL,
  `duedate` date DEFAULT NULL,
  `carrier` varchar(200) DEFAULT NULL,
  `pending` varchar(200) DEFAULT NULL,
  `type` varchar(100) DEFAULT NULL,
  `adjustment` decimal(25,8) DEFAULT NULL,
  `salescommission` decimal(25,3) DEFAULT NULL,
  `exciseduty` decimal(25,3) DEFAULT NULL,
  `total` decimal(25,8) DEFAULT NULL,
  `subtotal` decimal(25,8) DEFAULT NULL,
  `taxtype` varchar(25) DEFAULT NULL,
  `discount_percent` decimal(25,3) DEFAULT NULL,
  `discount_amount` decimal(25,8) DEFAULT NULL,
  `s_h_amount` decimal(25,8) DEFAULT NULL,
  `accountid` int(11) DEFAULT NULL,
  `terms_conditions` text DEFAULT NULL,
  `purchaseorder` varchar(200) DEFAULT NULL,
  `sostatus` varchar(200) DEFAULT NULL,
  `currency_id` int(11) NOT NULL DEFAULT 1,
  `conversion_rate` decimal(10,3) NOT NULL DEFAULT 1.000,
  `enable_recurring` int(11) DEFAULT 0,
  `compound_taxes_info` text DEFAULT NULL,
  `pre_tax_total` decimal(25,8) DEFAULT NULL,
  `s_h_percent` int(11) DEFAULT NULL,
  `tags` varchar(1) DEFAULT NULL,
  `region_id` int(11) DEFAULT NULL,
  PRIMARY KEY (`salesorderid`),
  KEY `salesorder_vendorid_idx` (`vendorid`),
  KEY `salesorder_contactid_idx` (`contactid`),
  CONSTRAINT `fk_3_vtiger_salesorder` FOREIGN KEY (`vendorid`) REFERENCES `vtiger_vendor` (`vendorid`) ON DELETE CASCADE,
  CONSTRAINT `fk_crmid_vtiger_salesorder` FOREIGN KEY (`salesorderid`) REFERENCES `vtiger_crmentity` (`crmid`) ON DELETE CASCADE
) ENGINE=InnoDB DEFAULT CHARSET=utf8mb4 COLLATE=utf8mb4_general_ci;

--
-- Dumping data for table `vtiger_salesorder`
--


--
-- Table structure for table `vtiger_salesordercf`
--

CREATE TABLE `vtiger_salesordercf` (
  `salesorderid` int(11) NOT NULL DEFAULT 0,
  PRIMARY KEY (`salesorderid`),
  CONSTRAINT `fk_1_vtiger_salesordercf` FOREIGN KEY (`salesorderid`) REFERENCES `vtiger_salesorder` (`salesorderid`) ON DELETE CASCADE
) ENGINE=InnoDB DEFAULT CHARSET=utf8mb4 COLLATE=utf8mb4_general_ci;

--
-- Dumping data for table `vtiger_salesordercf`
--


--
-- Table structure for table `vtiger_salutationtype`
--

CREATE TABLE `vtiger_salutationtype` (
  `salutationid` int(11) NOT NULL AUTO_INCREMENT,
  `salutationtype` varchar(200) NOT NULL,
  `presence` int(11) NOT NULL DEFAULT 1,
  `picklist_valueid` int(11) NOT NULL DEFAULT 0,
  `sortorderid` int(11) DEFAULT NULL,
  `color` varchar(10) DEFAULT NULL,
  PRIMARY KEY (`salutationid`)
) ENGINE=InnoDB AUTO_INCREMENT=7 DEFAULT CHARSET=utf8mb4 COLLATE=utf8mb4_general_ci;

--
-- Dumping data for table `vtiger_salutationtype`
--

INSERT INTO `vtiger_salutationtype` VALUES (2,'Mr.',1,161,1,NULL),(3,'Ms.',1,162,2,NULL),(4,'Mrs.',1,163,3,NULL),(5,'Dr.',1,164,4,NULL),(6,'Prof.',1,165,5,NULL);

--
-- Table structure for table `vtiger_salutationtype_seq`
--

CREATE TABLE `vtiger_salutationtype_seq` (
  `id` int(11) NOT NULL
) ENGINE=InnoDB DEFAULT CHARSET=utf8mb4 COLLATE=utf8mb4_general_ci;

--
-- Dumping data for table `vtiger_salutationtype_seq`
--

INSERT INTO `vtiger_salutationtype_seq` VALUES (6);

--
-- Table structure for table `vtiger_scheduled_reports`
--

CREATE TABLE `vtiger_scheduled_reports` (
  `reportid` int(11) NOT NULL,
  `recipients` text DEFAULT NULL,
  `schedule` text DEFAULT NULL,
  `format` varchar(10) DEFAULT NULL,
  `next_trigger_time` timestamp NULL DEFAULT NULL,
  PRIMARY KEY (`reportid`)
) ENGINE=InnoDB DEFAULT CHARSET=utf8mb4 COLLATE=utf8mb4_general_ci;

--
-- Dumping data for table `vtiger_scheduled_reports`
--


--
-- Table structure for table `vtiger_schedulereports`
--

CREATE TABLE `vtiger_schedulereports` (
  `reportid` int(11) DEFAULT NULL,
  `scheduleid` int(11) DEFAULT NULL,
  `recipients` text DEFAULT NULL,
  `schdate` varchar(20) DEFAULT NULL,
  `schtime` time DEFAULT NULL,
  `schdayoftheweek` varchar(100) DEFAULT NULL,
  `schdayofthemonth` varchar(100) DEFAULT NULL,
  `schannualdates` varchar(500) DEFAULT NULL,
  `specificemails` varchar(500) DEFAULT NULL,
  `next_trigger_time` timestamp NULL DEFAULT current_timestamp(),
  `fileformat` varchar(10) DEFAULT 'CSV'
) ENGINE=InnoDB DEFAULT CHARSET=utf8 COLLATE=utf8_general_ci;

--
-- Dumping data for table `vtiger_schedulereports`
--


--
-- Table structure for table `vtiger_seactivityrel`
--

CREATE TABLE `vtiger_seactivityrel` (
  `crmid` int(11) NOT NULL,
  `activityid` int(11) NOT NULL,
  PRIMARY KEY (`crmid`,`activityid`),
  KEY `seactivityrel_activityid_idx` (`activityid`),
  KEY `seactivityrel_crmid_idx` (`crmid`),
  CONSTRAINT `fk_2_vtiger_seactivityrel` FOREIGN KEY (`crmid`) REFERENCES `vtiger_crmentity` (`crmid`) ON DELETE CASCADE
) ENGINE=InnoDB DEFAULT CHARSET=utf8mb4 COLLATE=utf8mb4_general_ci;

--
-- Dumping data for table `vtiger_seactivityrel`
--

INSERT INTO `vtiger_seactivityrel` VALUES (36,55),(38,56),(40,57),(40,58),(51,59),(53,54),(53,60),(53,61),(53,62),(53,63),(53,64),(53,65),(68,69),(73,195),(74,133),(74,444),(76,134),(76,443),(77,135),(78,136),(79,137),(80,138),(81,139),(82,140),(83,141),(84,142),(84,143),(84,442),(85,144),(85,441),(86,145),(87,146),(87,279),(87,281),(87,431),(88,147),(89,148),(90,149),(91,150),(91,280),(92,151),(93,152),(93,283),(94,153),(94,284),(94,428),(95,154),(96,155),(96,282),(96,430),(97,156),(98,157),(99,158),(100,159),(101,160),(102,161),(103,162),(104,163),(105,164),(106,165),(107,166),(108,167),(108,440),(109,168),(109,439),(110,169),(110,354),(110,426),(111,170),(112,171),(112,351),(112,429),(113,172),(114,173),(115,174),(115,175),(115,438),(116,176),(116,316),(116,317),(117,177),(118,178),(118,352),(118,427),(119,179),(119,358),(120,180),(121,181),(121,355),(121,416),(122,182),(123,183),(124,184),(125,185),(126,186),(127,187),(127,213),(128,188),(128,214),(128,217),(128,319),(129,189),(130,190),(130,215),(130,216),(130,318),(131,191),(131,192),(131,193),(131,212),(131,437),(132,194),(132,197),(198,199),(198,203),(198,321),(198,330),(198,331),(200,201),(200,202),(200,204),(200,205),(200,206),(207,208),(207,209),(207,210),(207,211),(218,219),(220,221),(222,224),(222,226),(223,225),(227,229),(227,239),(228,230),(228,242),(231,235),(231,240),(232,236),(232,241),(233,237),(233,356),(234,238),(234,243),(244,246),(245,247),(248,249),(250,251),(252,254),(252,258),(253,255),(253,259),(256,260),(257,261),(257,262),(263,264),(263,265),(263,436),(266,268),(266,269),(266,435),(267,270),(267,434),(271,273),(271,398),(271,412),(272,274),(272,353),(272,388),(275,276),(275,433),(277,278),(277,432),(285,286),(285,357),(287,288),(287,289),(290,291),(290,292),(290,297),(290,298),(290,299),(290,300),(290,301),(290,302),(290,303),(290,304),(290,305),(290,306),(290,307),(290,308),(290,309),(290,310),(290,311),(290,312),(290,314),(290,322),(290,323),(290,324),(290,325),(290,326),(290,327),(290,328),(290,329),(290,332),(290,333),(290,334),(290,335),(290,336),(290,337),(290,338),(290,339),(290,340),(290,341),(290,342),(290,343),(293,294),(293,349),(293,350),(295,296),(295,320),(344,345),(344,346),(359,360),(359,406),(365,366),(367,369),(367,370),(367,400),(367,407),(371,372),(371,390),(371,392),(371,418),(375,379),(375,413),(380,384),(380,415),(385,386),(385,414),(385,417),(387,389),(391,393),(391,419),(394,395),(394,399),(396,397),(401,402),(401,408),(409,411),(409,446),(420,421),(420,445),(422,423),(422,424),(422,425),(447,448),(447,451),(452,454),(452,455),(452,456),(452,464),(453,457);

--
-- Table structure for table `vtiger_seactivityrel_seq`
--

CREATE TABLE `vtiger_seactivityrel_seq` (
  `id` int(11) NOT NULL
) ENGINE=InnoDB DEFAULT CHARSET=utf8mb4 COLLATE=utf8mb4_general_ci;

--
-- Dumping data for table `vtiger_seactivityrel_seq`
--

INSERT INTO `vtiger_seactivityrel_seq` VALUES (1);

--
-- Table structure for table `vtiger_seattachmentsrel`
--

CREATE TABLE `vtiger_seattachmentsrel` (
  `crmid` int(11) NOT NULL DEFAULT 0,
  `attachmentsid` int(11) NOT NULL DEFAULT 0,
  PRIMARY KEY (`crmid`,`attachmentsid`),
  KEY `seattachmentsrel_attachmentsid_idx` (`attachmentsid`),
  KEY `seattachmentsrel_crmid_idx` (`crmid`),
  KEY `seattachmentsrel_attachmentsid_crmid_idx` (`attachmentsid`,`crmid`),
  CONSTRAINT `fk_2_vtiger_seattachmentsrel` FOREIGN KEY (`crmid`) REFERENCES `vtiger_crmentity` (`crmid`) ON DELETE CASCADE
) ENGINE=InnoDB DEFAULT CHARSET=utf8mb4 COLLATE=utf8mb4_general_ci;

--
-- Dumping data for table `vtiger_seattachmentsrel`
--

INSERT INTO `vtiger_seattachmentsrel` VALUES (42,43),(45,46),(47,48),(347,348),(373,374),(376,377),(376,378),(381,382),(381,383),(403,404),(403,405),(409,410),(458,459),(458,460),(458,461),(458,462),(458,463),(464,459),(464,460),(464,461),(464,462),(464,463);

--
-- Table structure for table `vtiger_selectcolumn`
--

CREATE TABLE `vtiger_selectcolumn` (
  `queryid` int(11) NOT NULL,
  `columnindex` int(11) NOT NULL DEFAULT 0,
  `columnname` varchar(250) DEFAULT '',
  PRIMARY KEY (`queryid`,`columnindex`),
  KEY `selectcolumn_queryid_idx` (`queryid`),
  CONSTRAINT `fk_1_vtiger_selectcolumn` FOREIGN KEY (`queryid`) REFERENCES `vtiger_selectquery` (`queryid`) ON DELETE CASCADE
) ENGINE=InnoDB DEFAULT CHARSET=utf8mb4 COLLATE=utf8mb4_general_ci;

--
-- Dumping data for table `vtiger_selectcolumn`
--

INSERT INTO `vtiger_selectcolumn` VALUES (1,0,'vtiger_contactdetails:firstname:Contacts_First_Name:firstname:V'),(1,1,'vtiger_contactdetails:lastname:Contacts_Last_Name:lastname:V'),(1,2,'vtiger_contactsubdetails:leadsource:Contacts_Lead_Source:leadsource:V'),(1,3,'vtiger_contactdetails:accountid:Contacts_Account_Name:account_id:V'),(1,4,'vtiger_account:industry:Accounts_industry:industry:V'),(1,5,'vtiger_contactdetails:email:Contacts_Email:email:E'),(2,0,'vtiger_contactdetails:firstname:Contacts_First_Name:firstname:V'),(2,1,'vtiger_contactdetails:lastname:Contacts_Last_Name:lastname:V'),(2,2,'vtiger_contactsubdetails:leadsource:Contacts_Lead_Source:leadsource:V'),(2,3,'vtiger_contactdetails:accountid:Contacts_Account_Name:account_id:V'),(2,4,'vtiger_account:industry:Accounts_industry:industry:V'),(2,5,'vtiger_contactdetails:email:Contacts_Email:email:E'),(3,0,'vtiger_contactdetails:firstname:Contacts_First_Name:firstname:V'),(3,1,'vtiger_contactdetails:lastname:Contacts_Last_Name:lastname:V'),(3,2,'vtiger_contactdetails:accountid:Contacts_Account_Name:account_id:V'),(3,3,'vtiger_contactdetails:email:Contacts_Email:email:E'),(3,4,'vtiger_potential:potentialname:Potentials_Potential_Name:potentialname:V'),(3,5,'vtiger_potential:sales_stage:Potentials_Sales_Stage:sales_stage:V'),(4,0,'vtiger_leaddetails:firstname:Leads_First_Name:firstname:V'),(4,1,'vtiger_leaddetails:lastname:Leads_Last_Name:lastname:V'),(4,2,'vtiger_leaddetails:company:Leads_Company:company:V'),(4,3,'vtiger_leaddetails:email:Leads_Email:email:E'),(4,4,'vtiger_leaddetails:leadsource:Leads_Lead_Source:leadsource:V'),(5,0,'vtiger_leaddetails:firstname:Leads_First_Name:firstname:V'),(5,1,'vtiger_leaddetails:lastname:Leads_Last_Name:lastname:V'),(5,2,'vtiger_leaddetails:company:Leads_Company:company:V'),(5,3,'vtiger_leaddetails:email:Leads_Email:email:E'),(5,4,'vtiger_leaddetails:leadsource:Leads_Lead_Source:leadsource:V'),(5,5,'vtiger_leaddetails:leadstatus:Leads_Lead_Status:leadstatus:V'),(6,0,'vtiger_potential:potentialname:Potentials_Potential_Name:potentialname:V'),(6,1,'vtiger_potential:amount:Potentials_Amount:amount:N'),(6,2,'vtiger_potential:potentialtype:Potentials_Type:opportunity_type:V'),(6,3,'vtiger_potential:leadsource:Potentials_Lead_Source:leadsource:V'),(6,4,'vtiger_potential:sales_stage:Potentials_Sales_Stage:sales_stage:V'),(7,0,'vtiger_potential:potentialname:Potentials_Potential_Name:potentialname:V'),(7,1,'vtiger_potential:amount:Potentials_Amount:amount:N'),(7,2,'vtiger_potential:potentialtype:Potentials_Type:opportunity_type:V'),(7,3,'vtiger_potential:leadsource:Potentials_Lead_Source:leadsource:V'),(7,4,'vtiger_potential:sales_stage:Potentials_Sales_Stage:sales_stage:V'),(8,0,'vtiger_activity:subject:Calendar_Subject:subject:V'),(8,1,'vtiger_contactdetailsCalendar:lastname:Calendar_Contact_Name:contact_id:I'),(8,2,'vtiger_activity:status:Calendar_Status:taskstatus:V'),(8,3,'vtiger_activity:priority:Calendar_Priority:taskpriority:V'),(8,4,'vtiger_usersCalendar:user_name:Calendar_Assigned_To:assigned_user_id:V'),(9,0,'vtiger_activity:subject:Calendar_Subject:subject:V'),(9,1,'vtiger_contactdetailsCalendar:lastname:Calendar_Contact_Name:contact_id:I'),(9,2,'vtiger_activity:status:Calendar_Status:taskstatus:V'),(9,3,'vtiger_activity:priority:Calendar_Priority:taskpriority:V'),(9,4,'vtiger_usersCalendar:user_name:Calendar_Assigned_To:assigned_user_id:V'),(10,0,'vtiger_troubletickets:title:HelpDesk_Title:ticket_title:V'),(10,1,'vtiger_troubletickets:status:HelpDesk_Status:ticketstatus:V'),(10,2,'vtiger_products:productname:Products_Product_Name:productname:V'),(10,3,'vtiger_products:discontinued:Products_Product_Active:discontinued:V'),(10,4,'vtiger_products:productcategory:Products_Product_Category:productcategory:V'),(10,5,'vtiger_products:manufacturer:Products_Manufacturer:manufacturer:V'),(11,0,'vtiger_troubletickets:ticket_no:HelpDesk_Ticket_No:ticket_no:V'),(11,1,'vtiger_troubletickets:status:HelpDesk_Status:ticketstatus:V'),(11,2,'vtiger_troubletickets:title:HelpDesk_Title:ticket_title:V'),(11,3,'vtiger_troubletickets:priority:HelpDesk_Priority:ticketpriorities:V'),(11,4,'vtiger_troubletickets:severity:HelpDesk_Severity:ticketseverities:V'),(11,5,'vtiger_troubletickets:category:HelpDesk_Category:ticketcategories:V'),(11,6,'vtiger_usersHelpDesk:user_name:HelpDesk_Assigned_To:assigned_user_id:V'),(11,7,'vtiger_ticketcf:cf_855:HelpDesk_Dynamix_Ticket_Number:cf_855:I'),(12,0,'vtiger_troubletickets:title:HelpDesk_Title:ticket_title:V'),(12,1,'vtiger_troubletickets:priority:HelpDesk_Priority:ticketpriorities:V'),(12,2,'vtiger_troubletickets:severity:HelpDesk_Severity:ticketseverities:V'),(12,3,'vtiger_troubletickets:status:HelpDesk_Status:ticketstatus:V'),(12,4,'vtiger_troubletickets:category:HelpDesk_Category:ticketcategories:V'),(12,5,'vtiger_usersHelpDesk:user_name:HelpDesk_Assigned_To:assigned_user_id:V'),(13,0,'vtiger_products:productname:Products_Product_Name:productname:V'),(13,1,'vtiger_products:productcode:Products_Product_Code:productcode:V'),(13,2,'vtiger_products:discontinued:Products_Product_Active:discontinued:V'),(13,3,'vtiger_products:productcategory:Products_Product_Category:productcategory:V'),(13,4,'vtiger_products:website:Products_Website:website:V'),(13,5,'vtiger_vendorRelProducts:vendorname:Products_Vendor_Name:vendor_id:I'),(13,6,'vtiger_products:mfr_part_no:Products_Mfr_PartNo:mfr_part_no:V'),(14,0,'vtiger_products:productname:Products_Product_Name:productname:V'),(14,1,'vtiger_products:manufacturer:Products_Manufacturer:manufacturer:V'),(14,2,'vtiger_products:productcategory:Products_Product_Category:productcategory:V'),(14,3,'vtiger_contactdetails:firstname:Contacts_First_Name:firstname:V'),(14,4,'vtiger_contactdetails:lastname:Contacts_Last_Name:lastname:V'),(14,5,'vtiger_contactsubdetails:leadsource:Contacts_Lead_Source:leadsource:V'),(15,0,'vtiger_quotes:subject:Quotes_Subject:subject:V'),(15,1,'vtiger_potentialRelQuotes:potentialname:Quotes_Potential_Name:potential_id:I'),(15,2,'vtiger_quotes:quotestage:Quotes_Quote_Stage:quotestage:V'),(15,3,'vtiger_quotes:contactid:Quotes_Contact_Name:contact_id:V'),(15,4,'vtiger_usersRel1:user_name:Quotes_Inventory_Manager:assigned_user_id1:I'),(15,5,'vtiger_accountQuotes:accountname:Quotes_Account_Name:account_id:I'),(16,0,'vtiger_quotes:subject:Quotes_Subject:subject:V'),(16,1,'vtiger_potentialRelQuotes:potentialname:Quotes_Potential_Name:potential_id:I'),(16,2,'vtiger_quotes:quotestage:Quotes_Quote_Stage:quotestage:V'),(16,3,'vtiger_quotes:contactid:Quotes_Contact_Name:contact_id:V'),(16,4,'vtiger_usersRel1:user_name:Quotes_Inventory_Manager:assigned_user_id1:I'),(16,5,'vtiger_accountQuotes:accountname:Quotes_Account_Name:account_id:I'),(16,6,'vtiger_quotes:carrier:Quotes_Carrier:carrier:V'),(16,7,'vtiger_quotes:shipping:Quotes_Shipping:shipping:V'),(17,0,'vtiger_purchaseorder:subject:PurchaseOrder_Subject:subject:V'),(17,1,'vtiger_vendorRelPurchaseOrder:vendorname:PurchaseOrder_Vendor_Name:vendor_id:I'),(17,2,'vtiger_purchaseorder:tracking_no:PurchaseOrder_Tracking_Number:tracking_no:V'),(17,3,'vtiger_contactdetails:firstname:Contacts_First_Name:firstname:V'),(17,4,'vtiger_contactdetails:lastname:Contacts_Last_Name:lastname:V'),(17,5,'vtiger_contactsubdetails:leadsource:Contacts_Lead_Source:leadsource:V'),(17,6,'vtiger_contactdetails:email:Contacts_Email:email:E'),(18,0,'vtiger_purchaseorder:subject:PurchaseOrder_Subject:subject:V'),(18,1,'vtiger_vendorRelPurchaseOrder:vendorname:PurchaseOrder_Vendor_Name:vendor_id:I'),(18,2,'vtiger_purchaseorder:requisition_no:PurchaseOrder_Requisition_No:requisition_no:V'),(18,3,'vtiger_purchaseorder:tracking_no:PurchaseOrder_Tracking_Number:tracking_no:V'),(18,4,'vtiger_contactdetailsPurchaseOrder:lastname:PurchaseOrder_Contact_Name:contact_id:I'),(18,5,'vtiger_purchaseorder:carrier:PurchaseOrder_Carrier:carrier:V'),(18,6,'vtiger_purchaseorder:salescommission:PurchaseOrder_Sales_Commission:salescommission:N'),(18,7,'vtiger_purchaseorder:exciseduty:PurchaseOrder_Excise_Duty:exciseduty:N'),(18,8,'vtiger_usersPurchaseOrder:user_name:PurchaseOrder_Assigned_To:assigned_user_id:V'),(19,0,'vtiger_invoice:subject:Invoice_Subject:subject:V'),(19,1,'vtiger_invoice:salesorderid:Invoice_Sales_Order:salesorder_id:I'),(19,2,'vtiger_invoice:customerno:Invoice_Customer_No:customerno:V'),(19,3,'vtiger_invoice:exciseduty:Invoice_Excise_Duty:exciseduty:N'),(19,4,'vtiger_invoice:salescommission:Invoice_Sales_Commission:salescommission:N'),(19,5,'vtiger_accountInvoice:accountname:Invoice_Account_Name:account_id:I'),(20,0,'vtiger_salesorder:subject:SalesOrder_Subject:subject:V'),(20,1,'vtiger_quotesSalesOrder:subject:SalesOrder_Quote_Name:quote_id:I'),(20,2,'vtiger_contactdetailsSalesOrder:lastname:SalesOrder_Contact_Name:contact_id:I'),(20,3,'vtiger_salesorder:duedate:SalesOrder_Due_Date:duedate:D'),(20,4,'vtiger_salesorder:carrier:SalesOrder_Carrier:carrier:V'),(20,5,'vtiger_salesorder:sostatus:SalesOrder_Status:sostatus:V'),(20,6,'vtiger_accountSalesOrder:accountname:SalesOrder_Account_Name:account_id:I'),(20,7,'vtiger_salesorder:salescommission:SalesOrder_Sales_Commission:salescommission:N'),(20,8,'vtiger_salesorder:exciseduty:SalesOrder_Excise_Duty:exciseduty:N'),(20,9,'vtiger_usersSalesOrder:user_name:SalesOrder_Assigned_To:assigned_user_id:V'),(21,0,'vtiger_campaign:campaignname:Campaigns_Campaign_Name:campaignname:V'),(21,1,'vtiger_campaign:campaigntype:Campaigns_Campaign_Type:campaigntype:V'),(21,2,'vtiger_campaign:targetaudience:Campaigns_Target_Audience:targetaudience:V'),(21,3,'vtiger_campaign:budgetcost:Campaigns_Budget_Cost:budgetcost:I'),(21,4,'vtiger_campaign:actualcost:Campaigns_Actual_Cost:actualcost:I'),(21,5,'vtiger_campaign:expectedrevenue:Campaigns_Expected_Revenue:expectedrevenue:I'),(21,6,'vtiger_campaign:expectedsalescount:Campaigns_Expected_Sales_Count:expectedsalescount:N'),(21,7,'vtiger_campaign:actualsalescount:Campaigns_Actual_Sales_Count:actualsalescount:N'),(21,8,'vtiger_usersCampaigns:user_name:Campaigns_Assigned_To:assigned_user_id:V'),(22,0,'vtiger_contactdetails:lastname:Contacts_Last_Name:lastname:V'),(22,1,'vtiger_contactdetails:email:Contacts_Email:email:E'),(22,2,'vtiger_activity:subject:Emails_Subject:subject:V'),(22,3,'vtiger_email_track:access_count:Emails_Access_Count:access_count:I'),(23,0,'vtiger_account:accountname:Accounts_Account_Name:accountname:V'),(23,1,'vtiger_account:phone:Accounts_Phone:phone:V'),(23,2,'vtiger_account:email1:Accounts_Email:email1:E'),(23,3,'vtiger_activity:subject:Emails_Subject:subject:V'),(23,4,'vtiger_email_track:access_count:Emails_Access_Count:access_count:I'),(24,0,'vtiger_leaddetails:lastname:Leads_Last_Name:lastname:V'),(24,1,'vtiger_leaddetails:company:Leads_Company:company:V'),(24,2,'vtiger_leaddetails:email:Leads_Email:email:E'),(24,3,'vtiger_activity:subject:Emails_Subject:subject:V'),(24,4,'vtiger_email_track:access_count:Emails_Access_Count:access_count:I'),(25,0,'vtiger_vendor:vendorname:Vendors_Vendor_Name:vendorname:V'),(25,1,'vtiger_vendor:glacct:Vendors_GL_Account:glacct:V'),(25,2,'vtiger_vendor:email:Vendors_Email:email:E'),(25,3,'vtiger_activity:subject:Emails_Subject:subject:V'),(25,4,'vtiger_email_track:access_count:Emails_Access_Count:access_count:I'),(26,0,'vtiger_troubletickets:ticket_no:HelpDesk_Ticket_No:ticket_no:V'),(26,1,'vtiger_ticketcf:cf_855:HelpDesk_Dynamix_Ticket_Number:cf_855:I'),(26,2,'vtiger_troubletickets:parent_id:HelpDesk_Related_To:parent_id:V'),(26,3,'vtiger_troubletickets:title:HelpDesk_Title:ticket_title:V'),(26,4,'vtiger_usersHelpDesk:user_name:HelpDesk_Assigned_To:assigned_user_id:V'),(26,5,'vtiger_troubletickets:status:HelpDesk_Status:ticketstatus:V'),(26,6,'vtiger_troubletickets:category:HelpDesk_Category:ticketcategories:V'),(26,7,'vtiger_troubletickets:priority:HelpDesk_Priority:ticketpriorities:V'),(26,8,'vtiger_ticketcf:cf_869:HelpDesk_Request_Date:cf_869:D'),(26,9,'vtiger_ticketcf:cf_871:HelpDesk_Request_Time:cf_871:T'),(26,10,'vtiger_crmentityHelpDesk:createdtime:HelpDesk_Created_Time:createdtime:DT'),(26,11,'vtiger_troubletickets:severity:HelpDesk_Severity:ticketseverities:V'),(26,12,'vtiger_ticketcf:from_portal:HelpDesk_From_Portal:from_portal:C'),(26,13,'vtiger_ticketcf:cf_859:HelpDesk_Check-in_Date:cf_859:D'),(26,14,'vtiger_ticketcf:cf_861:HelpDesk_Check_in_time:cf_861:T'),(26,15,'vtiger_ticketcf:cf_863:HelpDesk_Check_out_date:cf_863:D'),(26,16,'vtiger_ticketcf:cf_865:HelpDesk_Check_out_time:cf_865:T'),(26,17,'vtiger_ticketcf:cf_885:HelpDesk_Hours_checkin_to_checkout:cf_885:V'),(28,0,'vtiger_ticketcf:cf_869:HelpDesk_Request_Date:cf_869:D'),(28,1,'vtiger_ticketcf:cf_871:HelpDesk_Request_Time:cf_871:T'),(28,2,'vtiger_ticketcf:cf_855:HelpDesk_Dynamix_Ticket_Number:cf_855:I'),(28,3,'vtiger_troubletickets:parent_id:HelpDesk_Related_To:parent_id:V'),(28,4,'vtiger_crmentityHelpDesk:description:HelpDesk_Description:description:V'),(28,5,'vtiger_troubletickets:ticket_no:HelpDesk_Ticket_No:ticket_no:V'),(28,6,'vtiger_usersHelpDesk:user_name:HelpDesk_Assigned_To:assigned_user_id:V'),(28,7,'vtiger_troubletickets:category:HelpDesk_Category:ticketcategories:V'),(28,8,'vtiger_troubletickets:priority:HelpDesk_Priority:ticketpriorities:V'),(28,9,'vtiger_troubletickets:severity:HelpDesk_Severity:ticketseverities:V'),(28,10,'vtiger_ticketcf:cf_859:HelpDesk_Check-in_Date:cf_859:D'),(28,11,'vtiger_ticketcf:cf_861:HelpDesk_Check_in_time:cf_861:T'),(28,12,'vtiger_ticketcf:cf_863:HelpDesk_Check_out_date:cf_863:D'),(28,13,'vtiger_ticketcf:cf_865:HelpDesk_Check_out_time:cf_865:T'),(28,14,'vtiger_troubletickets:status:HelpDesk_Status:ticketstatus:V'),(29,0,'vtiger_troubletickets:parent_id:HelpDesk_Related_To:parent_id:V'),(29,1,'vtiger_troubletickets:ticket_no:HelpDesk_Ticket_No:ticket_no:V'),(29,2,'vtiger_ticketcf:cf_855:HelpDesk_Dynamix_Ticket_Number:cf_855:I'),(29,3,'vtiger_troubletickets:title:HelpDesk_Title:ticket_title:V'),(29,4,'vtiger_crmentityHelpDesk:description:HelpDesk_Description:description:V'),(29,5,'vtiger_usersHelpDesk:user_name:HelpDesk_Assigned_To:assigned_user_id:V'),(29,6,'vtiger_ticketcf:cf_885:HelpDesk_Hours_checkin_to_checkout:cf_885:V'),(29,7,'vtiger_troubletickets:severity:HelpDesk_Severity:ticketseverities:V'),(29,8,'vtiger_ticketcf:cf_877:HelpDesk_Ticket_eMail_Date:cf_877:D'),(29,9,'vtiger_ticketcf:cf_879:HelpDesk_Ticket_eMail_Time:cf_879:T');

--
-- Table structure for table `vtiger_selectquery`
--

CREATE TABLE `vtiger_selectquery` (
  `queryid` int(11) NOT NULL,
  `startindex` int(11) DEFAULT 0,
  `numofobjects` int(11) DEFAULT 0,
  PRIMARY KEY (`queryid`),
  KEY `selectquery_queryid_idx` (`queryid`)
) ENGINE=InnoDB DEFAULT CHARSET=utf8mb4 COLLATE=utf8mb4_general_ci;

--
-- Dumping data for table `vtiger_selectquery`
--

INSERT INTO `vtiger_selectquery` VALUES (1,0,0),(2,0,0),(3,0,0),(4,0,0),(5,0,0),(6,0,0),(7,0,0),(8,0,0),(9,0,0),(10,0,0),(11,0,0),(12,0,0),(13,0,0),(14,0,0),(15,0,0),(16,0,0),(17,0,0),(18,0,0),(19,0,0),(20,0,0),(21,0,0),(22,0,0),(23,0,0),(24,0,0),(25,0,0),(26,0,0),(27,0,0),(28,0,0),(29,0,0);

--
-- Table structure for table `vtiger_selectquery_seq`
--

CREATE TABLE `vtiger_selectquery_seq` (
  `id` int(11) NOT NULL
) ENGINE=InnoDB DEFAULT CHARSET=utf8mb4 COLLATE=utf8mb4_general_ci;

--
-- Dumping data for table `vtiger_selectquery_seq`
--

INSERT INTO `vtiger_selectquery_seq` VALUES (29);

--
-- Table structure for table `vtiger_senotesrel`
--

CREATE TABLE `vtiger_senotesrel` (
  `crmid` int(11) NOT NULL DEFAULT 0,
  `notesid` int(11) NOT NULL DEFAULT 0,
  PRIMARY KEY (`crmid`,`notesid`),
  KEY `senotesrel_notesid_idx` (`notesid`),
  KEY `senotesrel_crmid_idx` (`crmid`),
  CONSTRAINT `fk1_crmid` FOREIGN KEY (`crmid`) REFERENCES `vtiger_crmentity` (`crmid`) ON DELETE CASCADE,
  CONSTRAINT `fk_2_vtiger_senotesrel` FOREIGN KEY (`notesid`) REFERENCES `vtiger_notes` (`notesid`) ON DELETE CASCADE
) ENGINE=InnoDB DEFAULT CHARSET=utf8mb4 COLLATE=utf8mb4_general_ci;

--
-- Dumping data for table `vtiger_senotesrel`
--

INSERT INTO `vtiger_senotesrel` VALUES (74,75);

--
-- Table structure for table `vtiger_seproductsrel`
--

CREATE TABLE `vtiger_seproductsrel` (
  `crmid` int(11) NOT NULL DEFAULT 0,
  `productid` int(11) NOT NULL DEFAULT 0,
  `setype` varchar(30) NOT NULL,
  `quantity` int(11) DEFAULT 1,
  PRIMARY KEY (`crmid`,`productid`),
  KEY `seproductsrel_productid_idx` (`productid`),
  KEY `seproductrel_crmid_idx` (`crmid`),
  CONSTRAINT `fk_2_vtiger_seproductsrel` FOREIGN KEY (`productid`) REFERENCES `vtiger_products` (`productid`) ON DELETE CASCADE
) ENGINE=InnoDB DEFAULT CHARSET=utf8mb4 COLLATE=utf8mb4_general_ci;

--
-- Dumping data for table `vtiger_seproductsrel`
--


--
-- Table structure for table `vtiger_service`
--

CREATE TABLE `vtiger_service` (
  `serviceid` int(11) NOT NULL,
  `service_no` varchar(100) NOT NULL,
  `servicename` varchar(50) NOT NULL,
  `servicecategory` varchar(200) DEFAULT NULL,
  `qty_per_unit` decimal(11,2) DEFAULT 0.00,
  `unit_price` decimal(25,8) DEFAULT NULL,
  `sales_start_date` date DEFAULT NULL,
  `sales_end_date` date DEFAULT NULL,
  `start_date` date DEFAULT NULL,
  `expiry_date` date DEFAULT NULL,
  `discontinued` int(11) NOT NULL DEFAULT 0,
  `service_usageunit` varchar(200) DEFAULT NULL,
  `website` varchar(100) DEFAULT NULL,
  `taxclass` varchar(200) DEFAULT NULL,
  `currency_id` int(11) NOT NULL DEFAULT 1,
  `commissionrate` decimal(7,3) DEFAULT NULL,
  `tags` varchar(1) DEFAULT NULL,
  `purchase_cost` decimal(27,8) DEFAULT NULL,
  PRIMARY KEY (`serviceid`),
  CONSTRAINT `fk_1_vtiger_service` FOREIGN KEY (`serviceid`) REFERENCES `vtiger_crmentity` (`crmid`) ON DELETE CASCADE
) ENGINE=InnoDB DEFAULT CHARSET=utf8 COLLATE=utf8_general_ci;

--
-- Dumping data for table `vtiger_service`
--


--
-- Table structure for table `vtiger_service_usageunit`
--

CREATE TABLE `vtiger_service_usageunit` (
  `service_usageunitid` int(11) NOT NULL AUTO_INCREMENT,
  `service_usageunit` varchar(200) NOT NULL,
  `presence` int(11) NOT NULL DEFAULT 1,
  `picklist_valueid` int(11) NOT NULL DEFAULT 0,
  `sortorderid` int(11) DEFAULT 0,
  `color` varchar(10) DEFAULT NULL,
  PRIMARY KEY (`service_usageunitid`)
) ENGINE=InnoDB AUTO_INCREMENT=4 DEFAULT CHARSET=utf8 COLLATE=utf8_general_ci;

--
-- Dumping data for table `vtiger_service_usageunit`
--

INSERT INTO `vtiger_service_usageunit` VALUES (1,'Hours',1,226,1,NULL),(2,'Days',1,227,2,NULL),(3,'Incidents',1,228,3,NULL);

--
-- Table structure for table `vtiger_service_usageunit_seq`
--

CREATE TABLE `vtiger_service_usageunit_seq` (
  `id` int(11) NOT NULL
) ENGINE=InnoDB DEFAULT CHARSET=utf8mb4 COLLATE=utf8mb4_general_ci;

--
-- Dumping data for table `vtiger_service_usageunit_seq`
--

INSERT INTO `vtiger_service_usageunit_seq` VALUES (3);

--
-- Table structure for table `vtiger_servicecategory`
--

CREATE TABLE `vtiger_servicecategory` (
  `servicecategoryid` int(11) NOT NULL AUTO_INCREMENT,
  `servicecategory` varchar(200) NOT NULL,
  `presence` int(11) NOT NULL DEFAULT 1,
  `picklist_valueid` int(11) NOT NULL DEFAULT 0,
  `sortorderid` int(11) DEFAULT 0,
  `color` varchar(10) DEFAULT NULL,
  PRIMARY KEY (`servicecategoryid`)
) ENGINE=InnoDB AUTO_INCREMENT=7 DEFAULT CHARSET=utf8 COLLATE=utf8_general_ci;

--
-- Dumping data for table `vtiger_servicecategory`
--

INSERT INTO `vtiger_servicecategory` VALUES (2,'Support',1,230,2,NULL),(3,'Installation',1,231,3,NULL),(4,'Migration',1,232,4,NULL),(5,'Customization',1,233,5,NULL),(6,'Training',1,234,6,NULL);

--
-- Table structure for table `vtiger_servicecategory_seq`
--

CREATE TABLE `vtiger_servicecategory_seq` (
  `id` int(11) NOT NULL
) ENGINE=InnoDB DEFAULT CHARSET=utf8mb4 COLLATE=utf8mb4_general_ci;

--
-- Dumping data for table `vtiger_servicecategory_seq`
--

INSERT INTO `vtiger_servicecategory_seq` VALUES (6);

--
-- Table structure for table `vtiger_servicecf`
--

CREATE TABLE `vtiger_servicecf` (
  `serviceid` int(11) NOT NULL DEFAULT 0,
  PRIMARY KEY (`serviceid`),
  CONSTRAINT `fk_serviceid_vtiger_servicecf` FOREIGN KEY (`serviceid`) REFERENCES `vtiger_service` (`serviceid`) ON DELETE CASCADE
) ENGINE=InnoDB DEFAULT CHARSET=utf8 COLLATE=utf8_general_ci;

--
-- Dumping data for table `vtiger_servicecf`
--


--
-- Table structure for table `vtiger_servicecontracts`
--

CREATE TABLE `vtiger_servicecontracts` (
  `servicecontractsid` int(11) DEFAULT NULL,
  `start_date` date DEFAULT NULL,
  `end_date` date DEFAULT NULL,
  `sc_related_to` int(11) DEFAULT NULL,
  `tracking_unit` varchar(100) DEFAULT NULL,
  `total_units` decimal(5,2) DEFAULT NULL,
  `used_units` decimal(5,2) DEFAULT NULL,
  `subject` varchar(100) DEFAULT NULL,
  `due_date` date DEFAULT NULL,
  `planned_duration` varchar(256) DEFAULT NULL,
  `actual_duration` varchar(256) DEFAULT NULL,
  `contract_status` varchar(200) DEFAULT NULL,
  `priority` varchar(200) DEFAULT NULL,
  `contract_type` varchar(200) DEFAULT NULL,
  `progress` decimal(5,2) DEFAULT NULL,
  `contract_no` varchar(100) DEFAULT NULL,
  `tags` varchar(1) DEFAULT NULL,
  KEY `fk_crmid_vtiger_servicecontracts` (`servicecontractsid`),
  CONSTRAINT `fk_crmid_vtiger_servicecontracts` FOREIGN KEY (`servicecontractsid`) REFERENCES `vtiger_crmentity` (`crmid`) ON DELETE CASCADE
) ENGINE=InnoDB DEFAULT CHARSET=utf8 COLLATE=utf8_general_ci;

--
-- Dumping data for table `vtiger_servicecontracts`
--

INSERT INTO `vtiger_servicecontracts` VALUES (39,'2023-02-16',NULL,0,'Incidents',0.00,0.00,'Contract with BOH',NULL,'','','In Progress','Normal','',NULL,'SERCON1','');

--
-- Table structure for table `vtiger_servicecontractscf`
--

CREATE TABLE `vtiger_servicecontractscf` (
  `servicecontractsid` int(11) NOT NULL,
  PRIMARY KEY (`servicecontractsid`),
  CONSTRAINT `fk_servicecontractsid_vtiger_servicecontractscf` FOREIGN KEY (`servicecontractsid`) REFERENCES `vtiger_servicecontracts` (`servicecontractsid`) ON DELETE CASCADE
) ENGINE=InnoDB DEFAULT CHARSET=utf8 COLLATE=utf8_general_ci;

--
-- Dumping data for table `vtiger_servicecontractscf`
--

INSERT INTO `vtiger_servicecontractscf` VALUES (39);

--
-- Table structure for table `vtiger_seticketsrel`
--

CREATE TABLE `vtiger_seticketsrel` (
  `crmid` int(11) NOT NULL DEFAULT 0,
  `ticketid` int(11) NOT NULL DEFAULT 0,
  PRIMARY KEY (`crmid`,`ticketid`),
  KEY `seticketsrel_crmid_idx` (`crmid`),
  KEY `seticketsrel_ticketid_idx` (`ticketid`),
  CONSTRAINT `fk_2_vtiger_seticketsrel` FOREIGN KEY (`ticketid`) REFERENCES `vtiger_troubletickets` (`ticketid`) ON DELETE CASCADE
) ENGINE=InnoDB DEFAULT CHARSET=utf8mb4 COLLATE=utf8mb4_general_ci;

--
-- Dumping data for table `vtiger_seticketsrel`
--


--
-- Table structure for table `vtiger_settings_blocks`
--

CREATE TABLE `vtiger_settings_blocks` (
  `blockid` int(11) NOT NULL,
  `label` varchar(250) DEFAULT NULL,
  `sequence` int(11) DEFAULT NULL,
  PRIMARY KEY (`blockid`)
) ENGINE=InnoDB DEFAULT CHARSET=utf8mb4 COLLATE=utf8mb4_general_ci;

--
-- Dumping data for table `vtiger_settings_blocks`
--

INSERT INTO `vtiger_settings_blocks` VALUES (1,'LBL_USER_MANAGEMENT',1),(4,'LBL_OTHER_SETTINGS',10),(5,'LBL_MODULE_MANAGER',2),(6,'LBL_INTEGRATION',8),(7,'LBL_AUTOMATION',3),(8,'LBL_CONFIGURATION',4),(9,'LBL_MARKETING_SALES',5),(10,'LBL_INVENTORY',6),(11,'LBL_MY_PREFERENCES',7),(12,'LBL_EXTENSIONS',9);

--
-- Table structure for table `vtiger_settings_blocks_seq`
--

CREATE TABLE `vtiger_settings_blocks_seq` (
  `id` int(11) NOT NULL
) ENGINE=InnoDB DEFAULT CHARSET=utf8mb4 COLLATE=utf8mb4_general_ci;

--
-- Dumping data for table `vtiger_settings_blocks_seq`
--

INSERT INTO `vtiger_settings_blocks_seq` VALUES (12);

--
-- Table structure for table `vtiger_settings_field`
--

CREATE TABLE `vtiger_settings_field` (
  `fieldid` int(11) NOT NULL,
  `blockid` int(11) DEFAULT NULL,
  `name` varchar(250) DEFAULT NULL,
  `iconpath` varchar(300) DEFAULT NULL,
  `description` text DEFAULT NULL,
  `linkto` text DEFAULT NULL,
  `sequence` int(11) DEFAULT NULL,
  `active` int(11) DEFAULT 0,
  `pinned` int(11) DEFAULT 0,
  PRIMARY KEY (`fieldid`),
  KEY `fk_1_vtiger_settings_field` (`blockid`),
  CONSTRAINT `fk_1_vtiger_settings_field` FOREIGN KEY (`blockid`) REFERENCES `vtiger_settings_blocks` (`blockid`) ON DELETE CASCADE
) ENGINE=InnoDB DEFAULT CHARSET=utf8mb4 COLLATE=utf8mb4_general_ci;

--
-- Dumping data for table `vtiger_settings_field`
--

INSERT INTO `vtiger_settings_field` VALUES (1,1,'LBL_USERS','ico-users.gif','LBL_USER_DESCRIPTION','index.php?module=Users&parent=Settings&view=List',1,0,1),(2,1,'LBL_ROLES','ico-roles.gif','LBL_ROLE_DESCRIPTION','index.php?module=Roles&parent=Settings&view=Index',2,0,0),(3,1,'LBL_PROFILES','ico-profile.gif','LBL_PROFILE_DESCRIPTION','index.php?module=Profiles&parent=Settings&view=List',3,0,0),(4,1,'USERGROUPLIST','ico-groups.gif','LBL_GROUP_DESCRIPTION','index.php?module=Groups&parent=Settings&view=List',5,0,0),(5,1,'LBL_SHARING_ACCESS','shareaccess.gif','LBL_SHARING_ACCESS_DESCRIPTION','index.php?module=SharingAccess&parent=Settings&view=Index',4,0,0),(7,1,'LBL_LOGIN_HISTORY_DETAILS','set-IcoLoginHistory.gif','LBL_LOGIN_HISTORY_DESCRIPTION','index.php?module=LoginHistory&parent=Settings&view=List',6,0,0),(8,5,'VTLIB_LBL_MODULE_MANAGER','vtlib_modmng.gif','VTLIB_LBL_MODULE_MANAGER_DESCRIPTION','index.php?module=ModuleManager&parent=Settings&view=List',1,0,1),(9,8,'LBL_PICKLIST_EDITOR','picklist.gif','LBL_PICKLIST_DESCRIPTION','index.php?parent=Settings&module=Picklist&view=Index',6,0,1),(10,8,'LBL_PICKLIST_DEPENDENCY','picklistdependency.gif','LBL_PICKLIST_DEPENDENCY_DESCRIPTION','index.php?parent=Settings&module=PickListDependency&view=List',7,0,0),(11,8,'LBL_MENU_EDITOR','menueditor.png','LBL_MENU_DESC','index.php?module=MenuEditor&parent=Settings&view=Index',8,0,0),(14,8,'LBL_COMPANY_DETAILS','company.gif','LBL_COMPANY_DESCRIPTION','index.php?parent=Settings&module=Vtiger&view=CompanyDetails',1,0,0),(15,8,'LBL_MAIL_SERVER_SETTINGS','ogmailserver.gif','LBL_MAIL_SERVER_DESCRIPTION','index.php?parent=Settings&module=Vtiger&view=OutgoingServerDetail',4,0,0),(16,8,'LBL_CURRENCY_SETTINGS','currency.gif','LBL_CURRENCY_DESCRIPTION','index.php?parent=Settings&module=Currency&view=List',3,0,0),(17,10,'LBL_TAX_SETTINGS','taxConfiguration.gif','LBL_TAX_DESCRIPTION','index.php?module=Vtiger&parent=Settings&view=TaxIndex',1,0,0),(18,4,'LBL_SYSTEM_INFO','system.gif','LBL_SYSTEM_DESCRIPTION','index.php?module=Settings&submodule=Server&view=ProxyConfig',6,1,0),(20,4,'LBL_DEFAULT_MODULE_VIEW','set-IcoTwoTabConfig.gif','LBL_DEFAULT_MODULE_VIEW_DESC','index.php?module=Settings&action=DefModuleView&parenttab=Settings',2,0,0),(21,10,'INVENTORYTERMSANDCONDITIONS','terms.gif','LBL_INV_TANDC_DESCRIPTION','index.php?parent=Settings&module=Vtiger&view=TermsAndConditionsEdit',2,0,0),(22,5,'LBL_CUSTOMIZE_MODENT_NUMBER','settingsInvNumber.gif','LBL_CUSTOMIZE_MODENT_NUMBER_DESCRIPTION','index.php?module=Vtiger&parent=Settings&view=CustomRecordNumbering',4,0,0),(23,4,'LBL_MAIL_SCANNER','mailScanner.gif','LBL_MAIL_SCANNER_DESCRIPTION','index.php?parent=Settings&module=MailConverter&view=List',5,0,0),(24,7,'LBL_LIST_WORKFLOWS','settingsWorkflow.png','LBL_LIST_WORKFLOWS_DESCRIPTION','index.php?module=Workflows&parent=Settings&view=List',3,0,1),(25,8,'Configuration Editor','migrate.gif','LBL_CONFIG_EDITOR_DESCRIPTION','index.php?module=Vtiger&parent=Settings&view=ConfigEditorDetail',5,0,0),(26,7,'Scheduler','Cron.png','Allows you to Configure Cron Task','index.php?module=CronTasks&parent=Settings&view=List',2,0,0),(28,4,'ModTracker','set-IcoLoginHistory.gif','LBL_MODTRACKER_DESCRIPTION','index.php?module=ModTracker&action=BasicSettings&parenttab=Settings&formodule=ModTracker',9,0,0),(30,8,'LBL_CUSTOMER_PORTAL','portal_icon.png','PORTAL_EXTENSION_DESCRIPTION','index.php?module=CustomerPortal&parent=Settings&view=Index',2,0,0),(31,7,'Webforms','modules/Webforms/img/Webform.png','LBL_WEBFORMS_DESCRIPTION','index.php?module=Webforms&parent=Settings&view=List',1,1,0),(32,5,'LBL_EDIT_FIELDS','','LBL_LAYOUT_EDITOR_DESCRIPTION','index.php?module=LayoutEditor&parent=Settings&view=Index',2,0,0),(33,9,'LBL_LEAD_MAPPING','NULL','NULL','index.php?parent=Settings&module=Leads&view=MappingDetail',1,1,1),(34,9,'LBL_OPPORTUNITY_MAPPING','NULL','NULL','index.php?parent=Settings&module=Potentials&view=MappingDetail',2,1,1),(35,11,'My Preferences','NULL','NULL','index.php?module=Users&view=PreferenceDetail&parent=Settings&record=1',1,0,1),(36,11,'Calendar Settings','NULL','NULL','index.php?module=Users&parent=Settings&view=Calendar&record=1',2,0,1),(37,11,'LBL_MY_TAGS','NULL','NULL','index.php?module=Tags&parent=Settings&view=List&record=1',3,0,1),(38,12,'LBL_EXTENSION_STORE','NULL','NULL','index.php?module=ExtensionStore&parent=Settings&view=ExtensionStore',1,0,1),(39,12,'LBL_GOOGLE','NULL','NULL','index.php?module=Contacts&parent=Settings&view=Extension&extensionModule=Google&extensionView=Index&mode=settings',2,1,1);

--
-- Table structure for table `vtiger_settings_field_seq`
--

CREATE TABLE `vtiger_settings_field_seq` (
  `id` int(11) NOT NULL
) ENGINE=InnoDB DEFAULT CHARSET=utf8mb4 COLLATE=utf8mb4_general_ci;

--
-- Dumping data for table `vtiger_settings_field_seq`
--

INSERT INTO `vtiger_settings_field_seq` VALUES (41);

--
-- Table structure for table `vtiger_sharedcalendar`
--

CREATE TABLE `vtiger_sharedcalendar` (
  `userid` int(11) NOT NULL,
  `sharedid` int(11) NOT NULL,
  PRIMARY KEY (`userid`,`sharedid`)
) ENGINE=InnoDB DEFAULT CHARSET=utf8mb4 COLLATE=utf8mb4_general_ci;

--
-- Dumping data for table `vtiger_sharedcalendar`
--


--
-- Table structure for table `vtiger_shareduserinfo`
--

CREATE TABLE `vtiger_shareduserinfo` (
  `userid` int(11) NOT NULL DEFAULT 0,
  `shareduserid` int(11) NOT NULL DEFAULT 0,
  `color` varchar(50) DEFAULT NULL,
  `visible` int(11) DEFAULT 1
) ENGINE=InnoDB DEFAULT CHARSET=utf8mb4 COLLATE=utf8mb4_general_ci;

--
-- Dumping data for table `vtiger_shareduserinfo`
--


--
-- Table structure for table `vtiger_shippingtaxinfo`
--

CREATE TABLE `vtiger_shippingtaxinfo` (
  `taxid` int(11) NOT NULL,
  `taxname` varchar(50) DEFAULT NULL,
  `taxlabel` varchar(50) DEFAULT NULL,
  `percentage` decimal(7,3) DEFAULT NULL,
  `deleted` int(11) DEFAULT NULL,
  `method` varchar(10) DEFAULT NULL,
  `type` varchar(10) DEFAULT NULL,
  `compoundon` varchar(400) DEFAULT NULL,
  `regions` text DEFAULT NULL,
  PRIMARY KEY (`taxid`),
  KEY `shippingtaxinfo_taxname_idx` (`taxname`)
) ENGINE=InnoDB DEFAULT CHARSET=utf8mb4 COLLATE=utf8mb4_general_ci;

--
-- Dumping data for table `vtiger_shippingtaxinfo`
--

INSERT INTO `vtiger_shippingtaxinfo` VALUES (1,'shtax1','VAT',4.500,0,'Simple','Fixed','[]','[]'),(2,'shtax2','Sales',10.000,0,'Simple','Fixed','[]','[]'),(3,'shtax3','Service',12.500,0,'Simple','Fixed','[]','[]');

--
-- Table structure for table `vtiger_shippingtaxinfo_seq`
--

CREATE TABLE `vtiger_shippingtaxinfo_seq` (
  `id` int(11) NOT NULL
) ENGINE=InnoDB DEFAULT CHARSET=utf8mb4 COLLATE=utf8mb4_general_ci;

--
-- Dumping data for table `vtiger_shippingtaxinfo_seq`
--

INSERT INTO `vtiger_shippingtaxinfo_seq` VALUES (3);

--
-- Table structure for table `vtiger_shorturls`
--

CREATE TABLE `vtiger_shorturls` (
  `id` int(11) NOT NULL AUTO_INCREMENT,
  `uid` varchar(50) DEFAULT NULL,
  `handler_path` varchar(400) DEFAULT NULL,
  `handler_class` varchar(100) DEFAULT NULL,
  `handler_function` varchar(100) DEFAULT NULL,
  `handler_data` varchar(255) DEFAULT NULL,
  `onetime` int(11) DEFAULT NULL,
  PRIMARY KEY (`id`),
  KEY `uid` (`uid`)
) ENGINE=InnoDB AUTO_INCREMENT=268 DEFAULT CHARSET=utf8 COLLATE=utf8_general_ci;

--
-- Dumping data for table `vtiger_shorturls`
--

INSERT INTO `vtiger_shorturls` VALUES (1,'63eea113211620.88877894','modules/Emails/handlers/ViewInBrowser.php','Emails_ViewInBrowser_Handler','viewInBrowser','{\"emailId\":37,\"parentModule\":\"Users\"}',0),(2,'63eeae3e1c61e8.56550314','modules/Emails/handlers/ViewInBrowser.php','Emails_ViewInBrowser_Handler','viewInBrowser','{\"emailId\":44,\"parentModule\":\"Users\"}',0),(3,'63eeae9f4f8001.85310406','modules/Emails/handlers/ViewInBrowser.php','Emails_ViewInBrowser_Handler','viewInBrowser','{\"emailId\":45,\"parentModule\":\"Users\"}',0),(4,'63ffdc4f057705.60913866','modules/Emails/handlers/ViewInBrowser.php','Emails_ViewInBrowser_Handler','viewInBrowser','{\"emailId\":52,\"parentModule\":\"Users\"}',0),(5,'64139a00eed517.88913754','modules/Emails/handlers/ViewInBrowser.php','Emails_ViewInBrowser_Handler','viewInBrowser','{\"emailId\":54,\"parentModule\":\"Contacts\"}',0),(6,'6418d50a7bb658.29730513','modules/Emails/handlers/Tracker.php','Emails_Tracker_Handler','process','{\"record\":55,\"parentId\":\"36\",\"method\":\"open\"}',0),(7,'6418d50ac3d4d7.36050264','modules/Emails/handlers/Tracker.php','Emails_Tracker_Handler','process','{\"record\":56,\"parentId\":\"38\",\"method\":\"open\"}',0),(8,'6418d50b0dcc77.76270542','modules/Emails/handlers/Tracker.php','Emails_Tracker_Handler','process','{\"record\":57,\"parentId\":\"40\",\"method\":\"open\"}',0),(9,'6418d50b46b440.58485802','modules/Emails/handlers/Tracker.php','Emails_Tracker_Handler','process','{\"record\":58,\"parentId\":\"40\",\"method\":\"open\"}',0),(10,'6418d50b8648a8.01600087','modules/Emails/handlers/Tracker.php','Emails_Tracker_Handler','process','{\"record\":59,\"parentId\":\"51\",\"method\":\"open\"}',0),(11,'6418d50bc3d380.46870856','modules/Emails/handlers/Tracker.php','Emails_Tracker_Handler','process','{\"record\":60,\"parentId\":\"53\",\"method\":\"open\"}',0),(12,'6419c47f9db3a3.60778089','modules/Emails/handlers/ViewInBrowser.php','Emails_ViewInBrowser_Handler','viewInBrowser','{\"emailId\":61,\"parentModule\":\"Contacts\"}',0),(13,'6419c9aa0fe495.41180677','modules/Emails/handlers/ViewInBrowser.php','Emails_ViewInBrowser_Handler','viewInBrowser','{\"emailId\":62,\"parentModule\":\"Contacts\"}',0),(14,'6419cab10a01d5.60560117','modules/Emails/handlers/ViewInBrowser.php','Emails_ViewInBrowser_Handler','viewInBrowser','{\"emailId\":63,\"parentModule\":\"Contacts\"}',0),(15,'641a429f47a081.41226940','modules/Emails/handlers/ViewInBrowser.php','Emails_ViewInBrowser_Handler','viewInBrowser','{\"emailId\":64,\"parentModule\":\"Contacts\"}',0),(16,'641a436dcedfe5.29155145','modules/Emails/handlers/ViewInBrowser.php','Emails_ViewInBrowser_Handler','viewInBrowser','{\"emailId\":65,\"parentModule\":\"Contacts\"}',0),(17,'641a4a02b46889.62656201','modules/Emails/handlers/Tracker.php','Emails_Tracker_Handler','process','{\"record\":69,\"parentId\":\"68\",\"method\":\"open\"}',0),(18,'643a13b3c26de9.44526034','modules/Emails/handlers/Tracker.php','Emails_Tracker_Handler','process','{\"record\":133,\"parentId\":\"74\",\"method\":\"open\"}',0),(19,'643a13bc4b6457.66872811','modules/Emails/handlers/Tracker.php','Emails_Tracker_Handler','process','{\"record\":134,\"parentId\":\"76\",\"method\":\"open\"}',0),(20,'643a13c7dd41c5.43905146','modules/Emails/handlers/Tracker.php','Emails_Tracker_Handler','process','{\"record\":135,\"parentId\":\"77\",\"method\":\"open\"}',0),(21,'643a13d05456b9.17720908','modules/Emails/handlers/Tracker.php','Emails_Tracker_Handler','process','{\"record\":136,\"parentId\":\"78\",\"method\":\"open\"}',0),(22,'643a13dbe16e37.66761157','modules/Emails/handlers/Tracker.php','Emails_Tracker_Handler','process','{\"record\":137,\"parentId\":\"79\",\"method\":\"open\"}',0),(23,'643a13e0726303.15165350','modules/Emails/handlers/Tracker.php','Emails_Tracker_Handler','process','{\"record\":138,\"parentId\":\"80\",\"method\":\"open\"}',0),(24,'643a13e977c630.57287647','modules/Emails/handlers/Tracker.php','Emails_Tracker_Handler','process','{\"record\":139,\"parentId\":\"81\",\"method\":\"open\"}',0),(25,'643a13f3995e03.91008080','modules/Emails/handlers/Tracker.php','Emails_Tracker_Handler','process','{\"record\":140,\"parentId\":\"82\",\"method\":\"open\"}',0),(26,'643a13fd9d0352.12289800','modules/Emails/handlers/Tracker.php','Emails_Tracker_Handler','process','{\"record\":141,\"parentId\":\"83\",\"method\":\"open\"}',0),(27,'643a1407a37504.74943308','modules/Emails/handlers/Tracker.php','Emails_Tracker_Handler','process','{\"record\":142,\"parentId\":\"84\",\"method\":\"open\"}',0),(28,'643a1411b58ab6.16642067','modules/Emails/handlers/Tracker.php','Emails_Tracker_Handler','process','{\"record\":143,\"parentId\":\"84\",\"method\":\"open\"}',0),(29,'643a141bbb31f5.13404570','modules/Emails/handlers/Tracker.php','Emails_Tracker_Handler','process','{\"record\":144,\"parentId\":\"85\",\"method\":\"open\"}',0),(30,'643a14226dfea1.55074370','modules/Emails/handlers/Tracker.php','Emails_Tracker_Handler','process','{\"record\":145,\"parentId\":\"86\",\"method\":\"open\"}',0),(31,'643a142b8eacb1.58503859','modules/Emails/handlers/Tracker.php','Emails_Tracker_Handler','process','{\"record\":146,\"parentId\":\"87\",\"method\":\"open\"}',0),(32,'643a14359bba07.29438422','modules/Emails/handlers/Tracker.php','Emails_Tracker_Handler','process','{\"record\":147,\"parentId\":\"88\",\"method\":\"open\"}',0),(33,'643a143aa62906.16883644','modules/Emails/handlers/Tracker.php','Emails_Tracker_Handler','process','{\"record\":148,\"parentId\":\"89\",\"method\":\"open\"}',0),(34,'643a1444b12195.86609388','modules/Emails/handlers/Tracker.php','Emails_Tracker_Handler','process','{\"record\":149,\"parentId\":\"90\",\"method\":\"open\"}',0),(35,'643a144b6b1746.12907452','modules/Emails/handlers/Tracker.php','Emails_Tracker_Handler','process','{\"record\":150,\"parentId\":\"91\",\"method\":\"open\"}',0),(36,'643a14520c3c05.26330027','modules/Emails/handlers/Tracker.php','Emails_Tracker_Handler','process','{\"record\":151,\"parentId\":\"92\",\"method\":\"open\"}',0),(37,'643a1453af8b73.23647199','modules/Emails/handlers/Tracker.php','Emails_Tracker_Handler','process','{\"record\":152,\"parentId\":\"93\",\"method\":\"open\"}',0),(38,'643a145e36d7f7.16553727','modules/Emails/handlers/Tracker.php','Emails_Tracker_Handler','process','{\"record\":153,\"parentId\":\"94\",\"method\":\"open\"}',0),(39,'643a146831ee62.38459349','modules/Emails/handlers/Tracker.php','Emails_Tracker_Handler','process','{\"record\":154,\"parentId\":\"95\",\"method\":\"open\"}',0),(40,'643a14723e69a5.87879422','modules/Emails/handlers/Tracker.php','Emails_Tracker_Handler','process','{\"record\":155,\"parentId\":\"96\",\"method\":\"open\"}',0),(41,'643a147cb644f0.37647177','modules/Emails/handlers/Tracker.php','Emails_Tracker_Handler','process','{\"record\":156,\"parentId\":\"97\",\"method\":\"open\"}',0),(42,'643a148152ff02.88937198','modules/Emails/handlers/Tracker.php','Emails_Tracker_Handler','process','{\"record\":157,\"parentId\":\"98\",\"method\":\"open\"}',0),(43,'643a148b4770c2.62199077','modules/Emails/handlers/Tracker.php','Emails_Tracker_Handler','process','{\"record\":158,\"parentId\":\"99\",\"method\":\"open\"}',0),(44,'643a148cdd1154.55324216','modules/Emails/handlers/Tracker.php','Emails_Tracker_Handler','process','{\"record\":159,\"parentId\":\"100\",\"method\":\"open\"}',0),(45,'643a1496088181.16558338','modules/Emails/handlers/Tracker.php','Emails_Tracker_Handler','process','{\"record\":160,\"parentId\":\"101\",\"method\":\"open\"}',0),(46,'643a149ff19ff4.36054716','modules/Emails/handlers/Tracker.php','Emails_Tracker_Handler','process','{\"record\":161,\"parentId\":\"102\",\"method\":\"open\"}',0),(47,'643a14aa0b7f62.33026434','modules/Emails/handlers/Tracker.php','Emails_Tracker_Handler','process','{\"record\":162,\"parentId\":\"103\",\"method\":\"open\"}',0),(48,'643a14af78df88.18667070','modules/Emails/handlers/Tracker.php','Emails_Tracker_Handler','process','{\"record\":163,\"parentId\":\"104\",\"method\":\"open\"}',0),(49,'643a14ba08ca88.53410104','modules/Emails/handlers/Tracker.php','Emails_Tracker_Handler','process','{\"record\":164,\"parentId\":\"105\",\"method\":\"open\"}',0),(50,'643a14c41aa829.10152452','modules/Emails/handlers/Tracker.php','Emails_Tracker_Handler','process','{\"record\":165,\"parentId\":\"106\",\"method\":\"open\"}',0),(51,'643a14ce5948f5.92380409','modules/Emails/handlers/Tracker.php','Emails_Tracker_Handler','process','{\"record\":166,\"parentId\":\"107\",\"method\":\"open\"}',0),(52,'643a14d8237802.05945672','modules/Emails/handlers/Tracker.php','Emails_Tracker_Handler','process','{\"record\":167,\"parentId\":\"108\",\"method\":\"open\"}',0),(53,'643a14d9c2d092.40430334','modules/Emails/handlers/Tracker.php','Emails_Tracker_Handler','process','{\"record\":168,\"parentId\":\"109\",\"method\":\"open\"}',0),(54,'643a14db636f19.98322775','modules/Emails/handlers/Tracker.php','Emails_Tracker_Handler','process','{\"record\":169,\"parentId\":\"110\",\"method\":\"open\"}',0),(55,'643a14e27661d7.59209162','modules/Emails/handlers/Tracker.php','Emails_Tracker_Handler','process','{\"record\":170,\"parentId\":\"111\",\"method\":\"open\"}',0),(56,'643a14ee04fb08.17566304','modules/Emails/handlers/Tracker.php','Emails_Tracker_Handler','process','{\"record\":171,\"parentId\":\"112\",\"method\":\"open\"}',0),(57,'643a14f801c0a1.74874082','modules/Emails/handlers/Tracker.php','Emails_Tracker_Handler','process','{\"record\":172,\"parentId\":\"113\",\"method\":\"open\"}',0),(58,'643a15023c6cf0.60584309','modules/Emails/handlers/Tracker.php','Emails_Tracker_Handler','process','{\"record\":173,\"parentId\":\"114\",\"method\":\"open\"}',0),(59,'643a1508241dd1.55324208','modules/Emails/handlers/Tracker.php','Emails_Tracker_Handler','process','{\"record\":174,\"parentId\":\"115\",\"method\":\"open\"}',0),(60,'643a151115c050.89003021','modules/Emails/handlers/Tracker.php','Emails_Tracker_Handler','process','{\"record\":175,\"parentId\":\"115\",\"method\":\"open\"}',0),(61,'643a151b1d72d6.09451267','modules/Emails/handlers/Tracker.php','Emails_Tracker_Handler','process','{\"record\":176,\"parentId\":\"116\",\"method\":\"open\"}',0),(62,'643a15261c6705.24442189','modules/Emails/handlers/Tracker.php','Emails_Tracker_Handler','process','{\"record\":177,\"parentId\":\"117\",\"method\":\"open\"}',0),(63,'643a1530296686.02246229','modules/Emails/handlers/Tracker.php','Emails_Tracker_Handler','process','{\"record\":178,\"parentId\":\"118\",\"method\":\"open\"}',0),(64,'643a1536b715a1.23082789','modules/Emails/handlers/Tracker.php','Emails_Tracker_Handler','process','{\"record\":179,\"parentId\":\"119\",\"method\":\"open\"}',0),(65,'643a153a367853.37128417','modules/Emails/handlers/Tracker.php','Emails_Tracker_Handler','process','{\"record\":180,\"parentId\":\"120\",\"method\":\"open\"}',0),(66,'643a153f8d84f0.27701947','modules/Emails/handlers/Tracker.php','Emails_Tracker_Handler','process','{\"record\":181,\"parentId\":\"121\",\"method\":\"open\"}',0),(67,'643a154a8d7279.28709032','modules/Emails/handlers/Tracker.php','Emails_Tracker_Handler','process','{\"record\":182,\"parentId\":\"122\",\"method\":\"open\"}',0),(68,'643a15539c1bc5.05815847','modules/Emails/handlers/Tracker.php','Emails_Tracker_Handler','process','{\"record\":183,\"parentId\":\"123\",\"method\":\"open\"}',0),(69,'643a155a458e10.59924196','modules/Emails/handlers/Tracker.php','Emails_Tracker_Handler','process','{\"record\":184,\"parentId\":\"124\",\"method\":\"open\"}',0),(70,'643a155c425ee2.90863207','modules/Emails/handlers/Tracker.php','Emails_Tracker_Handler','process','{\"record\":185,\"parentId\":\"125\",\"method\":\"open\"}',0),(71,'643a1567e2e581.91298860','modules/Emails/handlers/Tracker.php','Emails_Tracker_Handler','process','{\"record\":186,\"parentId\":\"126\",\"method\":\"open\"}',0),(72,'643a15698d1fa7.73724260','modules/Emails/handlers/Tracker.php','Emails_Tracker_Handler','process','{\"record\":187,\"parentId\":\"127\",\"method\":\"open\"}',0),(73,'643a156b352487.51935769','modules/Emails/handlers/Tracker.php','Emails_Tracker_Handler','process','{\"record\":188,\"parentId\":\"128\",\"method\":\"open\"}',0),(74,'643a15774398e0.17412056','modules/Emails/handlers/Tracker.php','Emails_Tracker_Handler','process','{\"record\":189,\"parentId\":\"129\",\"method\":\"open\"}',0),(75,'643a1582608d20.71290835','modules/Emails/handlers/Tracker.php','Emails_Tracker_Handler','process','{\"record\":190,\"parentId\":\"130\",\"method\":\"open\"}',0),(76,'643a158ae177c2.92886610','modules/Emails/handlers/Tracker.php','Emails_Tracker_Handler','process','{\"record\":191,\"parentId\":\"131\",\"method\":\"open\"}',0),(77,'643a15958fc970.20029180','modules/Emails/handlers/Tracker.php','Emails_Tracker_Handler','process','{\"record\":192,\"parentId\":\"131\",\"method\":\"open\"}',0),(78,'643a159fa063b0.79859718','modules/Emails/handlers/Tracker.php','Emails_Tracker_Handler','process','{\"record\":193,\"parentId\":\"131\",\"method\":\"open\"}',0),(79,'643a15a51c6046.58841994','modules/Emails/handlers/Tracker.php','Emails_Tracker_Handler','process','{\"record\":194,\"parentId\":\"132\",\"method\":\"open\"}',0),(80,'643a1c935c1305.40541359','modules/Emails/handlers/ViewInBrowser.php','Emails_ViewInBrowser_Handler','viewInBrowser','{\"emailId\":195,\"parentModule\":\"Contacts\"}',0),(81,'643da542d10f52.54221851','modules/Emails/handlers/Tracker.php','Emails_Tracker_Handler','process','{\"record\":197,\"parentId\":\"132\",\"method\":\"open\"}',0),(82,'643dc4e61b1051.89648232','modules/Emails/handlers/Tracker.php','Emails_Tracker_Handler','process','{\"record\":199,\"parentId\":\"198\",\"method\":\"open\"}',0),(83,'643eec35a5fcf0.93984560','modules/Emails/handlers/Tracker.php','Emails_Tracker_Handler','process','{\"record\":201,\"parentId\":\"200\",\"method\":\"open\"}',0),(84,'643eec3e2d31f2.55925421','modules/Emails/handlers/Tracker.php','Emails_Tracker_Handler','process','{\"record\":202,\"parentId\":\"200\",\"method\":\"open\"}',0),(85,'643eefba11c463.26647872','modules/Emails/handlers/Tracker.php','Emails_Tracker_Handler','process','{\"record\":203,\"parentId\":\"198\",\"method\":\"open\"}',0),(86,'643f3d132a0d36.82062518','modules/Emails/handlers/Tracker.php','Emails_Tracker_Handler','process','{\"record\":204,\"parentId\":\"200\",\"method\":\"open\"}',0),(87,'643f3d1ef09148.19011253','modules/Emails/handlers/Tracker.php','Emails_Tracker_Handler','process','{\"record\":205,\"parentId\":\"200\",\"method\":\"open\"}',0),(88,'643f3d23bed5a4.93309558','modules/Emails/handlers/Tracker.php','Emails_Tracker_Handler','process','{\"record\":206,\"parentId\":\"200\",\"method\":\"open\"}',0),(89,'64401002994577.86955812','modules/Emails/handlers/Tracker.php','Emails_Tracker_Handler','process','{\"record\":208,\"parentId\":\"207\",\"method\":\"open\"}',0),(90,'6440170a62dcc7.85038452','modules/Emails/handlers/Tracker.php','Emails_Tracker_Handler','process','{\"record\":209,\"parentId\":\"207\",\"method\":\"open\"}',0),(91,'64401715e74c31.94674305','modules/Emails/handlers/Tracker.php','Emails_Tracker_Handler','process','{\"record\":210,\"parentId\":\"207\",\"method\":\"open\"}',0),(92,'644017201ce1b1.59882365','modules/Emails/handlers/Tracker.php','Emails_Tracker_Handler','process','{\"record\":211,\"parentId\":\"207\",\"method\":\"open\"}',0),(93,'6440c6d30a1c62.36464820','modules/Emails/handlers/Tracker.php','Emails_Tracker_Handler','process','{\"record\":212,\"parentId\":\"131\",\"method\":\"open\"}',0),(94,'644184a990f877.06668616','modules/Emails/handlers/Tracker.php','Emails_Tracker_Handler','process','{\"record\":213,\"parentId\":\"127\",\"method\":\"open\"}',0),(95,'644184b4dd5879.94258896','modules/Emails/handlers/Tracker.php','Emails_Tracker_Handler','process','{\"record\":214,\"parentId\":\"128\",\"method\":\"open\"}',0),(96,'64418bb2b919a8.22575894','modules/Emails/handlers/Tracker.php','Emails_Tracker_Handler','process','{\"record\":215,\"parentId\":\"130\",\"method\":\"open\"}',0),(97,'64418f3560f535.74383097','modules/Emails/handlers/Tracker.php','Emails_Tracker_Handler','process','{\"record\":216,\"parentId\":\"130\",\"method\":\"open\"}',0),(98,'644199c301c6e2.88064060','modules/Emails/handlers/Tracker.php','Emails_Tracker_Handler','process','{\"record\":217,\"parentId\":\"128\",\"method\":\"open\"}',0),(99,'6441a44e1393d1.08315368','modules/Emails/handlers/Tracker.php','Emails_Tracker_Handler','process','{\"record\":219,\"parentId\":\"218\",\"method\":\"open\"}',0),(100,'6441a7d1e5ca08.03832074','modules/Emails/handlers/Tracker.php','Emails_Tracker_Handler','process','{\"record\":221,\"parentId\":\"220\",\"method\":\"open\"}',0),(101,'6441ab564ce883.18316374','modules/Emails/handlers/Tracker.php','Emails_Tracker_Handler','process','{\"record\":224,\"parentId\":\"222\",\"method\":\"open\"}',0),(102,'6441ab612b7931.29837812','modules/Emails/handlers/Tracker.php','Emails_Tracker_Handler','process','{\"record\":225,\"parentId\":\"223\",\"method\":\"open\"}',0),(103,'6441ab6cb9ac70.50028102','modules/Emails/handlers/Tracker.php','Emails_Tracker_Handler','process','{\"record\":226,\"parentId\":\"222\",\"method\":\"open\"}',0),(104,'6441aed99a67d6.48958155','modules/Emails/handlers/Tracker.php','Emails_Tracker_Handler','process','{\"record\":229,\"parentId\":\"227\",\"method\":\"open\"}',0),(105,'6441aee541dd65.49076544','modules/Emails/handlers/Tracker.php','Emails_Tracker_Handler','process','{\"record\":230,\"parentId\":\"228\",\"method\":\"open\"}',0),(106,'6441b25e63ab37.50934942','modules/Emails/handlers/Tracker.php','Emails_Tracker_Handler','process','{\"record\":235,\"parentId\":\"231\",\"method\":\"open\"}',0),(107,'6441b2650a2283.93806974','modules/Emails/handlers/Tracker.php','Emails_Tracker_Handler','process','{\"record\":236,\"parentId\":\"232\",\"method\":\"open\"}',0),(108,'6441b26c7e7db1.29177767','modules/Emails/handlers/Tracker.php','Emails_Tracker_Handler','process','{\"record\":237,\"parentId\":\"233\",\"method\":\"open\"}',0),(109,'6441b27326cb32.00247269','modules/Emails/handlers/Tracker.php','Emails_Tracker_Handler','process','{\"record\":238,\"parentId\":\"234\",\"method\":\"open\"}',0),(110,'6441b27c6a2049.66417667','modules/Emails/handlers/Tracker.php','Emails_Tracker_Handler','process','{\"record\":239,\"parentId\":\"227\",\"method\":\"open\"}',0),(111,'6441b2866b3304.63034154','modules/Emails/handlers/Tracker.php','Emails_Tracker_Handler','process','{\"record\":240,\"parentId\":\"231\",\"method\":\"open\"}',0),(112,'6441b28f9e2b24.15905703','modules/Emails/handlers/Tracker.php','Emails_Tracker_Handler','process','{\"record\":241,\"parentId\":\"232\",\"method\":\"open\"}',0),(113,'6441b299ac9364.64637861','modules/Emails/handlers/Tracker.php','Emails_Tracker_Handler','process','{\"record\":242,\"parentId\":\"228\",\"method\":\"open\"}',0),(114,'6441b5e2cf12b7.97551219','modules/Emails/handlers/Tracker.php','Emails_Tracker_Handler','process','{\"record\":243,\"parentId\":\"234\",\"method\":\"open\"}',0),(115,'6441b966153700.09920942','modules/Emails/handlers/Tracker.php','Emails_Tracker_Handler','process','{\"record\":246,\"parentId\":\"244\",\"method\":\"open\"}',0),(116,'6441b970e76705.99667718','modules/Emails/handlers/Tracker.php','Emails_Tracker_Handler','process','{\"record\":247,\"parentId\":\"245\",\"method\":\"open\"}',0),(117,'6441bce963f919.97623005','modules/Emails/handlers/Tracker.php','Emails_Tracker_Handler','process','{\"record\":249,\"parentId\":\"248\",\"method\":\"open\"}',0),(118,'6441c06e3c0808.95911208','modules/Emails/handlers/Tracker.php','Emails_Tracker_Handler','process','{\"record\":251,\"parentId\":\"250\",\"method\":\"open\"}',0),(119,'6441dc8d7a5d58.50504134','modules/Emails/handlers/Tracker.php','Emails_Tracker_Handler','process','{\"record\":254,\"parentId\":\"252\",\"method\":\"open\"}',0),(120,'6441dc949754e6.74546638','modules/Emails/handlers/Tracker.php','Emails_Tracker_Handler','process','{\"record\":255,\"parentId\":\"253\",\"method\":\"open\"}',0),(121,'6441e0131c34e5.56143646','modules/Emails/handlers/Tracker.php','Emails_Tracker_Handler','process','{\"record\":258,\"parentId\":\"252\",\"method\":\"open\"}',0),(122,'6441e01f33aea7.56208293','modules/Emails/handlers/Tracker.php','Emails_Tracker_Handler','process','{\"record\":259,\"parentId\":\"253\",\"method\":\"open\"}',0),(123,'6441e028a65cd1.79133776','modules/Emails/handlers/Tracker.php','Emails_Tracker_Handler','process','{\"record\":260,\"parentId\":\"256\",\"method\":\"open\"}',0),(124,'6441e032b52d97.13957928','modules/Emails/handlers/Tracker.php','Emails_Tracker_Handler','process','{\"record\":261,\"parentId\":\"257\",\"method\":\"open\"}',0),(125,'6441e03d064a96.27033035','modules/Emails/handlers/Tracker.php','Emails_Tracker_Handler','process','{\"record\":262,\"parentId\":\"257\",\"method\":\"open\"}',0),(126,'6441e3962d6539.15764133','modules/Emails/handlers/Tracker.php','Emails_Tracker_Handler','process','{\"record\":264,\"parentId\":\"263\",\"method\":\"open\"}',0),(127,'6441e39fd14417.52789716','modules/Emails/handlers/Tracker.php','Emails_Tracker_Handler','process','{\"record\":265,\"parentId\":\"263\",\"method\":\"open\"}',0),(128,'6441ea9db3ce37.02138403','modules/Emails/handlers/Tracker.php','Emails_Tracker_Handler','process','{\"record\":268,\"parentId\":\"266\",\"method\":\"open\"}',0),(129,'6441eaa6086455.39170580','modules/Emails/handlers/Tracker.php','Emails_Tracker_Handler','process','{\"record\":269,\"parentId\":\"266\",\"method\":\"open\"}',0),(130,'6441eaaadaab70.32421284','modules/Emails/handlers/Tracker.php','Emails_Tracker_Handler','process','{\"record\":270,\"parentId\":\"267\",\"method\":\"open\"}',0),(131,'6441ee22cc31c8.98814515','modules/Emails/handlers/Tracker.php','Emails_Tracker_Handler','process','{\"record\":273,\"parentId\":\"271\",\"method\":\"open\"}',0),(132,'6441ee2d5a3627.05442325','modules/Emails/handlers/Tracker.php','Emails_Tracker_Handler','process','{\"record\":274,\"parentId\":\"272\",\"method\":\"open\"}',0),(133,'6442f24a5a2e84.38576045','modules/Emails/handlers/Tracker.php','Emails_Tracker_Handler','process','{\"record\":276,\"parentId\":\"275\",\"method\":\"open\"}',0),(134,'6442f5ce3a2d02.95703843','modules/Emails/handlers/Tracker.php','Emails_Tracker_Handler','process','{\"record\":278,\"parentId\":\"277\",\"method\":\"open\"}',0),(135,'6442f5d66c4389.01347777','modules/Emails/handlers/Tracker.php','Emails_Tracker_Handler','process','{\"record\":279,\"parentId\":\"87\",\"method\":\"open\"}',0),(136,'6442f9527a2b04.17639931','modules/Emails/handlers/Tracker.php','Emails_Tracker_Handler','process','{\"record\":280,\"parentId\":\"91\",\"method\":\"open\"}',0),(137,'6442fcd5a47228.85653987','modules/Emails/handlers/Tracker.php','Emails_Tracker_Handler','process','{\"record\":281,\"parentId\":\"87\",\"method\":\"open\"}',0),(138,'6442fce0987876.92928691','modules/Emails/handlers/Tracker.php','Emails_Tracker_Handler','process','{\"record\":282,\"parentId\":\"96\",\"method\":\"open\"}',0),(139,'644300598df032.98581344','modules/Emails/handlers/Tracker.php','Emails_Tracker_Handler','process','{\"record\":283,\"parentId\":\"93\",\"method\":\"open\"}',0),(140,'6443005c558291.74292989','modules/Emails/handlers/Tracker.php','Emails_Tracker_Handler','process','{\"record\":284,\"parentId\":\"94\",\"method\":\"open\"}',0),(141,'64430ae6881a75.22156238','modules/Emails/handlers/Tracker.php','Emails_Tracker_Handler','process','{\"record\":286,\"parentId\":\"285\",\"method\":\"open\"}',0),(142,'644c304e72c9b2.83473812','modules/Emails/handlers/Tracker.php','Emails_Tracker_Handler','process','{\"record\":288,\"parentId\":\"287\",\"method\":\"open\"}',0),(143,'644c305918d759.37896094','modules/Emails/handlers/Tracker.php','Emails_Tracker_Handler','process','{\"record\":289,\"parentId\":\"287\",\"method\":\"open\"}',0),(144,'64543c75cd1fd1.07762871','modules/Emails/handlers/Tracker.php','Emails_Tracker_Handler','process','{\"record\":291,\"parentId\":\"290\",\"method\":\"open\"}',0),(145,'64543c7c4ee3b4.54660690','modules/Emails/handlers/Tracker.php','Emails_Tracker_Handler','process','{\"record\":292,\"parentId\":\"290\",\"method\":\"open\"}',0),(146,'645938a2636d65.94390080','modules/Emails/handlers/Tracker.php','Emails_Tracker_Handler','process','{\"record\":294,\"parentId\":\"293\",\"method\":\"open\"}',0),(147,'64596d5de7c349.28615432','modules/Emails/handlers/Tracker.php','Emails_Tracker_Handler','process','{\"record\":296,\"parentId\":\"295\",\"method\":\"open\"}',0),(148,'64599e968fa702.92177163','modules/Emails/handlers/Tracker.php','Emails_Tracker_Handler','process','{\"record\":297,\"parentId\":\"290\",\"method\":\"open\"}',0),(149,'64599e9fcf4882.28412758','modules/Emails/handlers/Tracker.php','Emails_Tracker_Handler','process','{\"record\":298,\"parentId\":\"290\",\"method\":\"open\"}',0),(150,'64599ea9c3d053.02730930','modules/Emails/handlers/Tracker.php','Emails_Tracker_Handler','process','{\"record\":299,\"parentId\":\"290\",\"method\":\"open\"}',0),(151,'64599eb3c630e4.83577020','modules/Emails/handlers/Tracker.php','Emails_Tracker_Handler','process','{\"record\":300,\"parentId\":\"290\",\"method\":\"open\"}',0),(152,'64599ebede5414.20947808','modules/Emails/handlers/Tracker.php','Emails_Tracker_Handler','process','{\"record\":301,\"parentId\":\"290\",\"method\":\"open\"}',0),(153,'64599eca48d7c0.08927357','modules/Emails/handlers/Tracker.php','Emails_Tracker_Handler','process','{\"record\":302,\"parentId\":\"290\",\"method\":\"open\"}',0),(154,'6459a21a1e69b3.14482593','modules/Emails/handlers/Tracker.php','Emails_Tracker_Handler','process','{\"record\":303,\"parentId\":\"290\",\"method\":\"open\"}',0),(155,'6459a22553d554.00471627','modules/Emails/handlers/Tracker.php','Emails_Tracker_Handler','process','{\"record\":304,\"parentId\":\"290\",\"method\":\"open\"}',0),(156,'6459a22f5f5eb8.81226934','modules/Emails/handlers/Tracker.php','Emails_Tracker_Handler','process','{\"record\":305,\"parentId\":\"290\",\"method\":\"open\"}',0),(157,'6459a23ab59bb4.27116112','modules/Emails/handlers/Tracker.php','Emails_Tracker_Handler','process','{\"record\":306,\"parentId\":\"290\",\"method\":\"open\"}',0),(158,'6459a23e79cc27.47174120','modules/Emails/handlers/Tracker.php','Emails_Tracker_Handler','process','{\"record\":307,\"parentId\":\"290\",\"method\":\"open\"}',0),(159,'6459a24987da35.15139793','modules/Emails/handlers/Tracker.php','Emails_Tracker_Handler','process','{\"record\":308,\"parentId\":\"290\",\"method\":\"open\"}',0),(160,'6459a59e6d4830.96028044','modules/Emails/handlers/Tracker.php','Emails_Tracker_Handler','process','{\"record\":309,\"parentId\":\"290\",\"method\":\"open\"}',0),(161,'6459a5a56ae803.72048706','modules/Emails/handlers/Tracker.php','Emails_Tracker_Handler','process','{\"record\":310,\"parentId\":\"290\",\"method\":\"open\"}',0),(162,'6459a5af7bd733.42543457','modules/Emails/handlers/Tracker.php','Emails_Tracker_Handler','process','{\"record\":311,\"parentId\":\"290\",\"method\":\"open\"}',0),(163,'6459a5b967dc98.88588596','modules/Emails/handlers/Tracker.php','Emails_Tracker_Handler','process','{\"record\":312,\"parentId\":\"290\",\"method\":\"open\"}',0),(164,'6459b3adf0b953.92280818','modules/Emails/handlers/Tracker.php','Emails_Tracker_Handler','process','{\"record\":314,\"parentId\":\"290\",\"method\":\"open\"}',0),(165,'6459b732e4a4f1.23649327','modules/Emails/handlers/Tracker.php','Emails_Tracker_Handler','process','{\"record\":316,\"parentId\":\"116\",\"method\":\"open\"}',0),(166,'6459b73a90af61.25925016','modules/Emails/handlers/Tracker.php','Emails_Tracker_Handler','process','{\"record\":317,\"parentId\":\"116\",\"method\":\"open\"}',0),(167,'6459d35295bbe6.99160058','modules/Emails/handlers/Tracker.php','Emails_Tracker_Handler','process','{\"record\":318,\"parentId\":\"130\",\"method\":\"open\"}',0),(168,'6459d359b2bf02.95402461','modules/Emails/handlers/Tracker.php','Emails_Tracker_Handler','process','{\"record\":319,\"parentId\":\"128\",\"method\":\"open\"}',0),(169,'645accee3eba06.57417467','modules/Emails/handlers/Tracker.php','Emails_Tracker_Handler','process','{\"record\":320,\"parentId\":\"295\",\"method\":\"open\"}',0),(170,'645bac94616779.09673569','modules/Emails/handlers/ViewInBrowser.php','Emails_ViewInBrowser_Handler','viewInBrowser','{\"emailId\":321,\"parentModule\":\"Contacts\"}',0),(171,'645bb17244c5f7.51241934','modules/Emails/handlers/Tracker.php','Emails_Tracker_Handler','process','{\"record\":322,\"parentId\":\"290\",\"method\":\"open\"}',0),(172,'645bb1750e16f6.86185129','modules/Emails/handlers/Tracker.php','Emails_Tracker_Handler','process','{\"record\":323,\"parentId\":\"290\",\"method\":\"open\"}',0),(173,'645bd49a35f459.13449837','modules/Emails/handlers/Tracker.php','Emails_Tracker_Handler','process','{\"record\":324,\"parentId\":\"290\",\"method\":\"open\"}',0),(174,'645bd4a0a262f3.50243688','modules/Emails/handlers/Tracker.php','Emails_Tracker_Handler','process','{\"record\":325,\"parentId\":\"290\",\"method\":\"open\"}',0),(175,'645bd4aaa4e890.19119187','modules/Emails/handlers/Tracker.php','Emails_Tracker_Handler','process','{\"record\":326,\"parentId\":\"290\",\"method\":\"open\"}',0),(176,'645bd4b4ae2b54.49354349','modules/Emails/handlers/Tracker.php','Emails_Tracker_Handler','process','{\"record\":327,\"parentId\":\"290\",\"method\":\"open\"}',0),(177,'645bd4bea96d03.77810628','modules/Emails/handlers/Tracker.php','Emails_Tracker_Handler','process','{\"record\":328,\"parentId\":\"290\",\"method\":\"open\"}',0),(178,'645bd4c8afa204.50329284','modules/Emails/handlers/Tracker.php','Emails_Tracker_Handler','process','{\"record\":329,\"parentId\":\"290\",\"method\":\"open\"}',0),(179,'645bdba256e888.73626417','modules/Emails/handlers/Tracker.php','Emails_Tracker_Handler','process','{\"record\":330,\"parentId\":\"198\",\"method\":\"open\"}',0),(180,'645bdba92d51c6.53143805','modules/Emails/handlers/Tracker.php','Emails_Tracker_Handler','process','{\"record\":331,\"parentId\":\"198\",\"method\":\"open\"}',0),(181,'645bdbae3657d4.28090206','modules/Emails/handlers/Tracker.php','Emails_Tracker_Handler','process','{\"record\":332,\"parentId\":\"290\",\"method\":\"open\"}',0),(182,'645bdbaf995477.18522025','modules/Emails/handlers/Tracker.php','Emails_Tracker_Handler','process','{\"record\":333,\"parentId\":\"290\",\"method\":\"open\"}',0),(183,'645bdbb11bbd33.87206684','modules/Emails/handlers/Tracker.php','Emails_Tracker_Handler','process','{\"record\":334,\"parentId\":\"290\",\"method\":\"open\"}',0),(184,'645bdbb2794393.44501278','modules/Emails/handlers/Tracker.php','Emails_Tracker_Handler','process','{\"record\":335,\"parentId\":\"290\",\"method\":\"open\"}',0),(185,'645bdbbe15b676.28419722','modules/Emails/handlers/Tracker.php','Emails_Tracker_Handler','process','{\"record\":336,\"parentId\":\"290\",\"method\":\"open\"}',0),(186,'645bdbc7279ff0.60996338','modules/Emails/handlers/Tracker.php','Emails_Tracker_Handler','process','{\"record\":337,\"parentId\":\"290\",\"method\":\"open\"}',0),(187,'645bdbd1393446.77046110','modules/Emails/handlers/Tracker.php','Emails_Tracker_Handler','process','{\"record\":338,\"parentId\":\"290\",\"method\":\"open\"}',0),(188,'645bdbd6a992e9.62735132','modules/Emails/handlers/Tracker.php','Emails_Tracker_Handler','process','{\"record\":339,\"parentId\":\"290\",\"method\":\"open\"}',0),(189,'645bdbe0582052.70996475','modules/Emails/handlers/Tracker.php','Emails_Tracker_Handler','process','{\"record\":340,\"parentId\":\"290\",\"method\":\"open\"}',0),(190,'645bdbeb6710a8.66235909','modules/Emails/handlers/Tracker.php','Emails_Tracker_Handler','process','{\"record\":341,\"parentId\":\"290\",\"method\":\"open\"}',0),(191,'645bdbf1e66699.03206466','modules/Emails/handlers/Tracker.php','Emails_Tracker_Handler','process','{\"record\":342,\"parentId\":\"290\",\"method\":\"open\"}',0),(192,'645bdbf348b3a7.01749201','modules/Emails/handlers/Tracker.php','Emails_Tracker_Handler','process','{\"record\":343,\"parentId\":\"290\",\"method\":\"open\"}',0),(193,'645bdf265f5d41.49364926','modules/Emails/handlers/Tracker.php','Emails_Tracker_Handler','process','{\"record\":345,\"parentId\":\"344\",\"method\":\"open\"}',0),(194,'645bdf31438ea9.66835469','modules/Emails/handlers/Tracker.php','Emails_Tracker_Handler','process','{\"record\":346,\"parentId\":\"344\",\"method\":\"open\"}',0),(195,'645be62db4a291.43330346','modules/Emails/handlers/Tracker.php','Emails_Tracker_Handler','process','{\"record\":349,\"parentId\":\"293\",\"method\":\"open\"}',0),(196,'645be62f770fd9.03437755','modules/Emails/handlers/Tracker.php','Emails_Tracker_Handler','process','{\"record\":350,\"parentId\":\"293\",\"method\":\"open\"}',0),(197,'645be9b2c97005.48054332','modules/Emails/handlers/Tracker.php','Emails_Tracker_Handler','process','{\"record\":351,\"parentId\":\"112\",\"method\":\"open\"}',0),(198,'645be9ba588a02.17328589','modules/Emails/handlers/Tracker.php','Emails_Tracker_Handler','process','{\"record\":352,\"parentId\":\"118\",\"method\":\"open\"}',0),(199,'645be9c131f236.03605714','modules/Emails/handlers/Tracker.php','Emails_Tracker_Handler','process','{\"record\":353,\"parentId\":\"272\",\"method\":\"open\"}',0),(200,'645be9c95ea795.86691139','modules/Emails/handlers/Tracker.php','Emails_Tracker_Handler','process','{\"record\":354,\"parentId\":\"110\",\"method\":\"open\"}',0),(201,'645be9d360a960.25861251','modules/Emails/handlers/Tracker.php','Emails_Tracker_Handler','process','{\"record\":355,\"parentId\":\"121\",\"method\":\"open\"}',0),(202,'645be9deb5e419.64093093','modules/Emails/handlers/Tracker.php','Emails_Tracker_Handler','process','{\"record\":356,\"parentId\":\"233\",\"method\":\"open\"}',0),(203,'645be9e78f83a4.15959755','modules/Emails/handlers/Tracker.php','Emails_Tracker_Handler','process','{\"record\":357,\"parentId\":\"285\",\"method\":\"open\"}',0),(204,'645bed36234fc2.02161033','modules/Emails/handlers/Tracker.php','Emails_Tracker_Handler','process','{\"record\":358,\"parentId\":\"119\",\"method\":\"open\"}',0),(205,'645c13e1e23899.88085072','modules/Emails/handlers/Tracker.php','Emails_Tracker_Handler','process','{\"record\":360,\"parentId\":\"359\",\"method\":\"open\"}',0),(206,'645c4c226dd0b6.05003046','modules/Emails/handlers/Tracker.php','Emails_Tracker_Handler','process','{\"record\":366,\"parentId\":\"365\",\"method\":\"open\"}',0),(207,'645c4fa5b76fb7.46661642','modules/Emails/handlers/Tracker.php','Emails_Tracker_Handler','process','{\"record\":369,\"parentId\":\"367\",\"method\":\"open\"}',0),(208,'645c4fadc09006.70719091','modules/Emails/handlers/Tracker.php','Emails_Tracker_Handler','process','{\"record\":370,\"parentId\":\"367\",\"method\":\"open\"}',0),(209,'645c5329a03aa2.90422893','modules/Emails/handlers/Tracker.php','Emails_Tracker_Handler','process','{\"record\":372,\"parentId\":\"371\",\"method\":\"open\"}',0),(210,'645c56ae7281c6.26639171','modules/Emails/handlers/Tracker.php','Emails_Tracker_Handler','process','{\"record\":379,\"parentId\":\"375\",\"method\":\"open\"}',0),(211,'645c5a32cdb852.07288225','modules/Emails/handlers/Tracker.php','Emails_Tracker_Handler','process','{\"record\":384,\"parentId\":\"380\",\"method\":\"open\"}',0),(212,'645c5db6072789.12699296','modules/Emails/handlers/Tracker.php','Emails_Tracker_Handler','process','{\"record\":386,\"parentId\":\"385\",\"method\":\"open\"}',0),(213,'645c95f64f71c3.74240755','modules/Emails/handlers/Tracker.php','Emails_Tracker_Handler','process','{\"record\":388,\"parentId\":\"272\",\"method\":\"open\"}',0),(214,'645c96009ae169.77020435','modules/Emails/handlers/Tracker.php','Emails_Tracker_Handler','process','{\"record\":389,\"parentId\":\"387\",\"method\":\"open\"}',0),(215,'645c9979e17195.71310539','modules/Emails/handlers/Tracker.php','Emails_Tracker_Handler','process','{\"record\":390,\"parentId\":\"371\",\"method\":\"open\"}',0),(216,'645c9cfe80bc14.44744991','modules/Emails/handlers/Tracker.php','Emails_Tracker_Handler','process','{\"record\":392,\"parentId\":\"371\",\"method\":\"open\"}',0),(217,'645c9d073beed1.91817102','modules/Emails/handlers/Tracker.php','Emails_Tracker_Handler','process','{\"record\":393,\"parentId\":\"391\",\"method\":\"open\"}',0),(218,'645ca081aafce4.10031425','modules/Emails/handlers/Tracker.php','Emails_Tracker_Handler','process','{\"record\":395,\"parentId\":\"394\",\"method\":\"open\"}',0),(219,'645ca406808c62.11421579','modules/Emails/handlers/Tracker.php','Emails_Tracker_Handler','process','{\"record\":397,\"parentId\":\"396\",\"method\":\"open\"}',0),(220,'645ca408bb3068.81405495','modules/Emails/handlers/Tracker.php','Emails_Tracker_Handler','process','{\"record\":398,\"parentId\":\"271\",\"method\":\"open\"}',0),(221,'645d25a233e779.37967018','modules/Emails/handlers/Tracker.php','Emails_Tracker_Handler','process','{\"record\":399,\"parentId\":\"394\",\"method\":\"open\"}',0),(222,'645d2caa351e24.22706669','modules/Emails/handlers/Tracker.php','Emails_Tracker_Handler','process','{\"record\":400,\"parentId\":\"367\",\"method\":\"open\"}',0),(223,'645d8bd1be74f6.98143379','modules/Emails/handlers/Tracker.php','Emails_Tracker_Handler','process','{\"record\":402,\"parentId\":\"401\",\"method\":\"open\"}',0),(224,'64627fc9c8c235.10747148','modules/Emails/handlers/Tracker.php','Emails_Tracker_Handler','process','{\"record\":406,\"parentId\":\"359\",\"method\":\"open\"}',0),(225,'646283116c1240.55096757','modules/Emails/handlers/Tracker.php','Emails_Tracker_Handler','process','{\"record\":407,\"parentId\":\"367\",\"method\":\"open\"}',0),(226,'64643ac1e3abf5.81363919','modules/Emails/handlers/Tracker.php','Emails_Tracker_Handler','process','{\"record\":408,\"parentId\":\"401\",\"method\":\"open\"}',0),(227,'64650c4a4baae5.28431804','modules/Emails/handlers/Tracker.php','Emails_Tracker_Handler','process','{\"record\":411,\"parentId\":\"409\",\"method\":\"open\"}',0),(228,'6466e541a68e77.25620609','modules/Emails/handlers/Tracker.php','Emails_Tracker_Handler','process','{\"record\":412,\"parentId\":\"271\",\"method\":\"open\"}',0),(229,'6466e548238969.50713440','modules/Emails/handlers/Tracker.php','Emails_Tracker_Handler','process','{\"record\":413,\"parentId\":\"375\",\"method\":\"open\"}',0),(230,'6466e54dbdff49.39938006','modules/Emails/handlers/Tracker.php','Emails_Tracker_Handler','process','{\"record\":414,\"parentId\":\"385\",\"method\":\"open\"}',0),(231,'6466e550540c89.29701752','modules/Emails/handlers/Tracker.php','Emails_Tracker_Handler','process','{\"record\":415,\"parentId\":\"380\",\"method\":\"open\"}',0),(232,'6466e889ba1091.18725929','modules/Emails/handlers/Tracker.php','Emails_Tracker_Handler','process','{\"record\":416,\"parentId\":\"121\",\"method\":\"open\"}',0),(233,'6466f261a69d08.93924503','modules/Emails/handlers/Tracker.php','Emails_Tracker_Handler','process','{\"record\":417,\"parentId\":\"385\",\"method\":\"open\"}',0),(234,'6466f5a9e49de6.36761217','modules/Emails/handlers/Tracker.php','Emails_Tracker_Handler','process','{\"record\":418,\"parentId\":\"371\",\"method\":\"open\"}',0),(235,'6466f8f21cb606.37227568','modules/Emails/handlers/Tracker.php','Emails_Tracker_Handler','process','{\"record\":419,\"parentId\":\"391\",\"method\":\"open\"}',0),(236,'64697851654aa4.84942014','modules/Emails/handlers/Tracker.php','Emails_Tracker_Handler','process','{\"record\":421,\"parentId\":\"420\",\"method\":\"open\"}',0),(237,'646a7b89e0d130.74959454','modules/Emails/handlers/Tracker.php','Emails_Tracker_Handler','process','{\"record\":423,\"parentId\":\"422\",\"method\":\"open\"}',0),(238,'646a8219eb7735.59643696','modules/Emails/handlers/Tracker.php','Emails_Tracker_Handler','process','{\"record\":424,\"parentId\":\"422\",\"method\":\"open\"}',0),(239,'646a82209fbf57.49057143','modules/Emails/handlers/Tracker.php','Emails_Tracker_Handler','process','{\"record\":425,\"parentId\":\"422\",\"method\":\"open\"}',0),(240,'646a9dc21e6b60.67051186','modules/Emails/handlers/Tracker.php','Emails_Tracker_Handler','process','{\"record\":426,\"parentId\":\"110\",\"method\":\"open\"}',0),(241,'646aa109932d06.11771609','modules/Emails/handlers/Tracker.php','Emails_Tracker_Handler','process','{\"record\":427,\"parentId\":\"118\",\"method\":\"open\"}',0),(242,'646aa451e47a91.91408462','modules/Emails/handlers/Tracker.php','Emails_Tracker_Handler','process','{\"record\":428,\"parentId\":\"94\",\"method\":\"open\"}',0),(243,'646aa45d7b6cc2.93956383','modules/Emails/handlers/Tracker.php','Emails_Tracker_Handler','process','{\"record\":429,\"parentId\":\"112\",\"method\":\"open\"}',0),(244,'646aa7997c23d8.79477862','modules/Emails/handlers/Tracker.php','Emails_Tracker_Handler','process','{\"record\":430,\"parentId\":\"96\",\"method\":\"open\"}',0),(245,'646aa79b395778.12932440','modules/Emails/handlers/Tracker.php','Emails_Tracker_Handler','process','{\"record\":431,\"parentId\":\"87\",\"method\":\"open\"}',0),(246,'646aa79ca1f273.62094488','modules/Emails/handlers/Tracker.php','Emails_Tracker_Handler','process','{\"record\":432,\"parentId\":\"277\",\"method\":\"open\"}',0),(247,'646aae29a25b48.39237519','modules/Emails/handlers/Tracker.php','Emails_Tracker_Handler','process','{\"record\":433,\"parentId\":\"275\",\"method\":\"open\"}',0),(248,'646ab17240fb31.82825413','modules/Emails/handlers/Tracker.php','Emails_Tracker_Handler','process','{\"record\":434,\"parentId\":\"267\",\"method\":\"open\"}',0),(249,'646ab17ae2b6c3.52879026','modules/Emails/handlers/Tracker.php','Emails_Tracker_Handler','process','{\"record\":435,\"parentId\":\"266\",\"method\":\"open\"}',0),(250,'646ab17c505ae5.25615556','modules/Emails/handlers/Tracker.php','Emails_Tracker_Handler','process','{\"record\":436,\"parentId\":\"263\",\"method\":\"open\"}',0),(251,'646ab17e0fa342.44401197','modules/Emails/handlers/Tracker.php','Emails_Tracker_Handler','process','{\"record\":437,\"parentId\":\"131\",\"method\":\"open\"}',0),(252,'646ab5319141e3.86927344','modules/Emails/handlers/Tracker.php','Emails_Tracker_Handler','process','{\"record\":438,\"parentId\":\"115\",\"method\":\"open\"}',0),(253,'646ab5391d10b8.31349901','modules/Emails/handlers/Tracker.php','Emails_Tracker_Handler','process','{\"record\":439,\"parentId\":\"109\",\"method\":\"open\"}',0),(254,'646ab879c19aa8.91354183','modules/Emails/handlers/Tracker.php','Emails_Tracker_Handler','process','{\"record\":440,\"parentId\":\"108\",\"method\":\"open\"}',0),(255,'646ab881824d62.66381269','modules/Emails/handlers/Tracker.php','Emails_Tracker_Handler','process','{\"record\":441,\"parentId\":\"85\",\"method\":\"open\"}',0),(256,'646abbc196d682.47437496','modules/Emails/handlers/Tracker.php','Emails_Tracker_Handler','process','{\"record\":442,\"parentId\":\"84\",\"method\":\"open\"}',0),(257,'646abbc9277c05.97891254','modules/Emails/handlers/Tracker.php','Emails_Tracker_Handler','process','{\"record\":443,\"parentId\":\"76\",\"method\":\"open\"}',0),(258,'646abf0950e9f9.44502165','modules/Emails/handlers/Tracker.php','Emails_Tracker_Handler','process','{\"record\":444,\"parentId\":\"74\",\"method\":\"open\"}',0),(259,'646b8be233f396.85323659','modules/Emails/handlers/Tracker.php','Emails_Tracker_Handler','process','{\"record\":445,\"parentId\":\"420\",\"method\":\"open\"}',0),(260,'646be2217547f4.70232334','modules/Emails/handlers/Tracker.php','Emails_Tracker_Handler','process','{\"record\":446,\"parentId\":\"409\",\"method\":\"open\"}',0),(261,'646e322aacbce0.33132931','modules/Emails/handlers/Tracker.php','Emails_Tracker_Handler','process','{\"record\":448,\"parentId\":\"447\",\"method\":\"open\"}',0),(262,'646eb47a40da28.48215202','modules/Emails/handlers/Tracker.php','Emails_Tracker_Handler','process','{\"record\":451,\"parentId\":\"447\",\"method\":\"open\"}',0),(263,'646ed6b1d3c841.68773574','modules/Emails/handlers/Tracker.php','Emails_Tracker_Handler','process','{\"record\":454,\"parentId\":\"452\",\"method\":\"open\"}',0),(264,'646ed6b1eb8e36.98724033','modules/Emails/handlers/Tracker.php','Emails_Tracker_Handler','process','{\"record\":455,\"parentId\":\"452\",\"method\":\"open\"}',0),(265,'646ed6b3686529.58369147','modules/Emails/handlers/Tracker.php','Emails_Tracker_Handler','process','{\"record\":456,\"parentId\":\"452\",\"method\":\"open\"}',0),(266,'646ed6b5683e41.81873810','modules/Emails/handlers/Tracker.php','Emails_Tracker_Handler','process','{\"record\":457,\"parentId\":\"453\",\"method\":\"open\"}',0),(267,'646ed9f98cab92.48599434','modules/Emails/handlers/Tracker.php','Emails_Tracker_Handler','process','{\"record\":464,\"parentId\":\"452\",\"method\":\"open\"}',0);

--
-- Table structure for table `vtiger_smsnotifier`
--

CREATE TABLE `vtiger_smsnotifier` (
  `smsnotifierid` int(11) NOT NULL,
  `message` text DEFAULT NULL,
  `status` varchar(100) DEFAULT NULL,
  PRIMARY KEY (`smsnotifierid`),
  CONSTRAINT `fk_crmid_vtiger_smsnotifier` FOREIGN KEY (`smsnotifierid`) REFERENCES `vtiger_crmentity` (`crmid`) ON DELETE CASCADE
) ENGINE=InnoDB DEFAULT CHARSET=utf8 COLLATE=utf8_general_ci;

--
-- Dumping data for table `vtiger_smsnotifier`
--


--
-- Table structure for table `vtiger_smsnotifier_servers`
--

CREATE TABLE `vtiger_smsnotifier_servers` (
  `id` int(11) NOT NULL AUTO_INCREMENT,
  `password` varchar(255) DEFAULT NULL,
  `isactive` int(11) DEFAULT NULL,
  `providertype` varchar(50) DEFAULT NULL,
  `username` varchar(255) DEFAULT NULL,
  `parameters` text DEFAULT NULL,
  PRIMARY KEY (`id`)
) ENGINE=InnoDB DEFAULT CHARSET=utf8 COLLATE=utf8_general_ci;

--
-- Dumping data for table `vtiger_smsnotifier_servers`
--


--
-- Table structure for table `vtiger_smsnotifier_status`
--

CREATE TABLE `vtiger_smsnotifier_status` (
  `smsnotifierid` int(11) DEFAULT NULL,
  `tonumber` varchar(20) DEFAULT NULL,
  `status` varchar(10) DEFAULT NULL,
  `smsmessageid` varchar(50) DEFAULT NULL,
  `needlookup` int(11) DEFAULT 1,
  `statusid` int(11) NOT NULL AUTO_INCREMENT,
  `statusmessage` varchar(100) DEFAULT NULL,
  PRIMARY KEY (`statusid`)
) ENGINE=InnoDB DEFAULT CHARSET=utf8 COLLATE=utf8_general_ci;

--
-- Dumping data for table `vtiger_smsnotifier_status`
--


--
-- Table structure for table `vtiger_smsnotifiercf`
--

CREATE TABLE `vtiger_smsnotifiercf` (
  `smsnotifierid` int(11) NOT NULL,
  PRIMARY KEY (`smsnotifierid`),
  CONSTRAINT `fk_smsnotifierid_vtiger_smsnotifiercf` FOREIGN KEY (`smsnotifierid`) REFERENCES `vtiger_smsnotifier` (`smsnotifierid`) ON DELETE CASCADE
) ENGINE=InnoDB DEFAULT CHARSET=utf8 COLLATE=utf8_general_ci;

--
-- Dumping data for table `vtiger_smsnotifiercf`
--


--
-- Table structure for table `vtiger_soapservice`
--

CREATE TABLE `vtiger_soapservice` (
  `id` int(11) DEFAULT NULL,
  `type` varchar(25) DEFAULT NULL,
  `sessionid` varchar(100) DEFAULT NULL
) ENGINE=InnoDB DEFAULT CHARSET=utf8mb4 COLLATE=utf8mb4_general_ci;

--
-- Dumping data for table `vtiger_soapservice`
--


--
-- Table structure for table `vtiger_sobillads`
--

CREATE TABLE `vtiger_sobillads` (
  `sobilladdressid` int(11) NOT NULL DEFAULT 0,
  `bill_city` varchar(30) DEFAULT NULL,
  `bill_code` varchar(30) DEFAULT NULL,
  `bill_country` varchar(30) DEFAULT NULL,
  `bill_state` varchar(30) DEFAULT NULL,
  `bill_street` varchar(250) DEFAULT NULL,
  `bill_pobox` varchar(30) DEFAULT NULL,
  PRIMARY KEY (`sobilladdressid`),
  CONSTRAINT `fk_1_vtiger_sobillads` FOREIGN KEY (`sobilladdressid`) REFERENCES `vtiger_salesorder` (`salesorderid`) ON DELETE CASCADE
) ENGINE=InnoDB DEFAULT CHARSET=utf8mb4 COLLATE=utf8mb4_general_ci;

--
-- Dumping data for table `vtiger_sobillads`
--


--
-- Table structure for table `vtiger_soshipads`
--

CREATE TABLE `vtiger_soshipads` (
  `soshipaddressid` int(11) NOT NULL DEFAULT 0,
  `ship_city` varchar(30) DEFAULT NULL,
  `ship_code` varchar(30) DEFAULT NULL,
  `ship_country` varchar(30) DEFAULT NULL,
  `ship_state` varchar(30) DEFAULT NULL,
  `ship_street` varchar(250) DEFAULT NULL,
  `ship_pobox` varchar(30) DEFAULT NULL,
  PRIMARY KEY (`soshipaddressid`),
  CONSTRAINT `fk_1_vtiger_soshipads` FOREIGN KEY (`soshipaddressid`) REFERENCES `vtiger_salesorder` (`salesorderid`) ON DELETE CASCADE
) ENGINE=InnoDB DEFAULT CHARSET=utf8mb4 COLLATE=utf8mb4_general_ci;

--
-- Dumping data for table `vtiger_soshipads`
--


--
-- Table structure for table `vtiger_sostatus`
--

CREATE TABLE `vtiger_sostatus` (
  `sostatusid` int(11) NOT NULL AUTO_INCREMENT,
  `sostatus` varchar(200) NOT NULL,
  `presence` int(11) NOT NULL DEFAULT 1,
  `picklist_valueid` int(11) NOT NULL DEFAULT 0,
  `sortorderid` int(11) DEFAULT NULL,
  `color` varchar(10) DEFAULT NULL,
  PRIMARY KEY (`sostatusid`),
  UNIQUE KEY `sostatus_sostatus_idx` (`sostatus`)
) ENGINE=InnoDB AUTO_INCREMENT=5 DEFAULT CHARSET=utf8mb4 COLLATE=utf8mb4_general_ci;

--
-- Dumping data for table `vtiger_sostatus`
--

INSERT INTO `vtiger_sostatus` VALUES (1,'Created',0,166,0,NULL),(2,'Approved',0,167,1,NULL),(3,'Delivered',0,168,2,NULL),(4,'Cancelled',0,169,3,NULL);

--
-- Table structure for table `vtiger_sostatus_seq`
--

CREATE TABLE `vtiger_sostatus_seq` (
  `id` int(11) NOT NULL
) ENGINE=InnoDB DEFAULT CHARSET=utf8mb4 COLLATE=utf8mb4_general_ci;

--
-- Dumping data for table `vtiger_sostatus_seq`
--

INSERT INTO `vtiger_sostatus_seq` VALUES (4);

--
-- Table structure for table `vtiger_sostatushistory`
--

CREATE TABLE `vtiger_sostatushistory` (
  `historyid` int(11) NOT NULL AUTO_INCREMENT,
  `salesorderid` int(11) NOT NULL,
  `accountname` varchar(100) DEFAULT NULL,
  `total` decimal(10,0) DEFAULT NULL,
  `sostatus` varchar(200) DEFAULT NULL,
  `lastmodified` datetime DEFAULT NULL,
  PRIMARY KEY (`historyid`),
  KEY `sostatushistory_salesorderid_idx` (`salesorderid`),
  CONSTRAINT `fk_1_vtiger_sostatushistory` FOREIGN KEY (`salesorderid`) REFERENCES `vtiger_salesorder` (`salesorderid`) ON DELETE CASCADE
) ENGINE=InnoDB DEFAULT CHARSET=utf8mb4 COLLATE=utf8mb4_general_ci;

--
-- Dumping data for table `vtiger_sostatushistory`
--


--
-- Table structure for table `vtiger_sqltimelog`
--

CREATE TABLE `vtiger_sqltimelog` (
  `id` int(11) DEFAULT NULL,
  `type` varchar(10) DEFAULT NULL,
  `data` text DEFAULT NULL,
  `started` decimal(20,6) DEFAULT NULL,
  `ended` decimal(20,6) DEFAULT NULL,
  `loggedon` datetime DEFAULT NULL
) ENGINE=InnoDB DEFAULT CHARSET=utf8mb4 COLLATE=utf8mb4_general_ci;

--
-- Dumping data for table `vtiger_sqltimelog`
--


--
-- Table structure for table `vtiger_start_hour`
--

CREATE TABLE `vtiger_start_hour` (
  `start_hourid` int(11) NOT NULL AUTO_INCREMENT,
  `start_hour` varchar(200) NOT NULL,
  `sortorderid` int(11) DEFAULT NULL,
  `presence` int(11) NOT NULL DEFAULT 1,
  PRIMARY KEY (`start_hourid`)
) ENGINE=InnoDB AUTO_INCREMENT=25 DEFAULT CHARSET=utf8 COLLATE=utf8_general_ci;

--
-- Dumping data for table `vtiger_start_hour`
--

INSERT INTO `vtiger_start_hour` VALUES (1,'00:00',0,1),(2,'01:00',1,1),(3,'02:00',2,1),(4,'03:00',3,1),(5,'04:00',4,1),(6,'05:00',5,1),(7,'06:00',6,1),(8,'07:00',7,1),(9,'08:00',8,1),(10,'09:00',9,1),(11,'10:00',10,1),(12,'11:00',11,1),(13,'12:00',12,1),(14,'13:00',13,1),(15,'14:00',14,1),(16,'15:00',15,1),(17,'16:00',16,1),(18,'17:00',17,1),(19,'18:00',18,1),(20,'19:00',19,1),(21,'20:00',20,1),(22,'21:00',21,1),(23,'22:00',22,1),(24,'23:00',23,1);

--
-- Table structure for table `vtiger_start_hour_seq`
--

CREATE TABLE `vtiger_start_hour_seq` (
  `id` int(11) NOT NULL
) ENGINE=InnoDB DEFAULT CHARSET=utf8mb4 COLLATE=utf8mb4_general_ci;

--
-- Dumping data for table `vtiger_start_hour_seq`
--

INSERT INTO `vtiger_start_hour_seq` VALUES (24);

--
-- Table structure for table `vtiger_status`
--

CREATE TABLE `vtiger_status` (
  `statusid` int(11) NOT NULL AUTO_INCREMENT,
  `status` varchar(200) NOT NULL,
  `presence` int(11) NOT NULL DEFAULT 1,
  `picklist_valueid` int(11) NOT NULL DEFAULT 0,
  PRIMARY KEY (`statusid`)
) ENGINE=InnoDB AUTO_INCREMENT=3 DEFAULT CHARSET=utf8mb4 COLLATE=utf8mb4_general_ci;

--
-- Dumping data for table `vtiger_status`
--

INSERT INTO `vtiger_status` VALUES (1,'Active',0,1),(2,'Inactive',1,1);

--
-- Table structure for table `vtiger_status_seq`
--

CREATE TABLE `vtiger_status_seq` (
  `id` int(11) NOT NULL
) ENGINE=InnoDB DEFAULT CHARSET=utf8mb4 COLLATE=utf8mb4_general_ci;

--
-- Dumping data for table `vtiger_status_seq`
--

INSERT INTO `vtiger_status_seq` VALUES (2);

--
-- Table structure for table `vtiger_systems_seq`
--

CREATE TABLE `vtiger_systems_seq` (
  `id` int(11) NOT NULL
) ENGINE=InnoDB DEFAULT CHARSET=utf8mb4 COLLATE=utf8mb4_general_ci;

--
-- Dumping data for table `vtiger_systems_seq`
--

INSERT INTO `vtiger_systems_seq` VALUES (1);

--
-- Table structure for table `vtiger_tab`
--

CREATE TABLE `vtiger_tab` (
  `tabid` int(11) NOT NULL DEFAULT 0,
  `name` varchar(25) NOT NULL,
  `presence` int(11) NOT NULL DEFAULT 1,
  `tabsequence` int(11) DEFAULT NULL,
  `tablabel` varchar(100) DEFAULT NULL,
  `modifiedby` int(11) DEFAULT NULL,
  `modifiedtime` int(11) DEFAULT NULL,
  `customized` int(11) DEFAULT NULL,
  `ownedby` int(11) DEFAULT NULL,
  `isentitytype` int(11) NOT NULL DEFAULT 1,
  `trial` int(11) NOT NULL DEFAULT 0,
  `version` varchar(10) DEFAULT NULL,
  `parent` varchar(30) DEFAULT NULL,
  `source` varchar(255) DEFAULT 'custom',
  `issyncable` tinyint(1) DEFAULT 0,
  `allowduplicates` tinyint(1) DEFAULT 1,
  `sync_action_for_duplicates` int(11) DEFAULT 1,
  PRIMARY KEY (`tabid`),
  UNIQUE KEY `tab_name_idx` (`name`),
  KEY `tab_modifiedby_idx` (`modifiedby`),
  KEY `tab_tabid_idx` (`tabid`)
) ENGINE=InnoDB DEFAULT CHARSET=utf8mb4 COLLATE=utf8mb4_general_ci;

--
-- Dumping data for table `vtiger_tab`
--

INSERT INTO `vtiger_tab` VALUES (1,'Dashboard',0,12,'Dashboards',NULL,NULL,0,1,0,0,NULL,'Analytics',NULL,1,1,1),(2,'Potentials',1,7,'Potentials',NULL,NULL,0,0,1,0,NULL,'Sales',NULL,1,1,1),(3,'Home',0,1,'Home',NULL,NULL,0,1,0,0,NULL,NULL,NULL,1,1,1),(4,'Contacts',0,6,'Contacts',NULL,NULL,0,0,1,0,NULL,'Sales',NULL,1,0,1),(6,'Accounts',0,5,'Accounts',NULL,NULL,0,0,1,0,NULL,'Sales',NULL,1,1,1),(7,'Leads',1,4,'Leads',NULL,NULL,0,0,1,0,NULL,'Sales',NULL,1,1,1),(8,'Documents',0,9,'Documents',NULL,NULL,0,0,1,0,NULL,'Tools',NULL,1,1,1),(9,'Calendar',0,3,'Calendar',NULL,NULL,0,0,1,0,NULL,'Tools',NULL,1,1,1),(10,'Emails',0,10,'Emails',NULL,NULL,0,0,1,0,NULL,'Tools',NULL,1,1,1),(13,'HelpDesk',0,11,'HelpDesk',NULL,NULL,0,0,1,0,NULL,'Support',NULL,1,1,1),(14,'Products',1,8,'Products',NULL,NULL,0,0,1,0,NULL,'Inventory',NULL,1,1,1),(15,'Faq',0,-1,'Faq',NULL,NULL,0,1,1,0,NULL,'Support',NULL,1,1,1),(16,'Events',2,-1,'Events',NULL,NULL,0,0,1,0,NULL,NULL,NULL,1,1,1),(18,'Vendors',1,-1,'Vendors',NULL,NULL,0,0,1,0,NULL,'Inventory',NULL,1,1,1),(19,'PriceBooks',1,-1,'PriceBooks',NULL,NULL,0,1,1,0,NULL,'Inventory',NULL,1,1,1),(20,'Quotes',1,-1,'Quotes',NULL,NULL,0,0,1,0,NULL,'Sales',NULL,1,1,1),(21,'PurchaseOrder',1,-1,'PurchaseOrder',NULL,NULL,0,0,1,0,NULL,'Inventory',NULL,1,1,1),(22,'SalesOrder',1,-1,'SalesOrder',NULL,NULL,0,0,1,0,NULL,'Sales',NULL,1,1,1),(23,'Invoice',0,-1,'Invoice',NULL,NULL,0,0,1,0,NULL,'Sales',NULL,1,1,1),(24,'Rss',1,-1,'Rss',NULL,NULL,0,1,0,0,NULL,'Tools',NULL,1,1,1),(25,'Reports',0,-1,'Reports',NULL,NULL,0,1,0,0,NULL,'Analytics',NULL,1,1,1),(26,'Campaigns',1,-1,'Campaigns',NULL,NULL,0,0,1,0,NULL,'Marketing',NULL,1,1,1),(27,'Portal',1,-1,'Portal',NULL,NULL,0,1,0,0,NULL,'Tools',NULL,1,1,1),(28,'Webmails',1,-1,'Webmails',NULL,NULL,0,1,1,0,NULL,NULL,NULL,1,1,1),(29,'Users',0,-1,'Users',NULL,NULL,0,1,0,0,NULL,NULL,NULL,1,1,1),(30,'MailManager',0,-1,'MailManager',NULL,NULL,1,0,0,0,'1.9','Tools',NULL,1,1,1),(31,'Import',0,-1,'Import',NULL,NULL,1,0,0,0,'1.7','',NULL,1,1,1),(32,'Mobile',0,-1,'Mobile',NULL,NULL,1,0,0,0,'2.0','',NULL,1,1,1),(33,'ModTracker',0,-1,'ModTracker',NULL,NULL,0,0,0,0,'1.2','',NULL,1,1,1),(34,'PBXManager',1,-1,'PBXManager',NULL,NULL,1,0,1,0,'2.2','Tools',NULL,1,1,1),(35,'ServiceContracts',0,-1,'Service Contracts',NULL,NULL,0,0,1,0,'2.4','Support',NULL,1,1,1),(36,'Services',1,-1,'Services',NULL,NULL,0,0,1,0,'2.6','Inventory',NULL,1,1,1),(37,'WSAPP',0,-1,'WSAPP',NULL,NULL,1,0,0,0,'3.4.4','',NULL,1,1,1),(38,'Assets',1,-1,'Assets',NULL,NULL,0,0,1,0,'2.0','Inventory',NULL,1,1,1),(39,'CustomerPortal',0,-1,'CustomerPortal',NULL,NULL,0,0,0,0,'1.4','',NULL,1,1,1),(40,'EmailTemplates',0,-1,'Email Templates',NULL,NULL,1,0,0,0,'1.0','Tools',NULL,1,1,1),(41,'Google',1,-1,'Google',NULL,NULL,0,0,0,0,'1.5','',NULL,1,1,1),(42,'ModComments',0,-1,'Comments',NULL,NULL,0,0,1,0,'2.1','',NULL,1,1,1),(43,'ProjectMilestone',1,-1,'ProjectMilestone',NULL,NULL,0,0,1,0,'3.0','Support',NULL,1,1,1),(44,'ProjectTask',1,-1,'ProjectTask',NULL,NULL,0,0,1,0,'3.1','Support',NULL,1,1,1),(45,'Project',1,-1,'Project',NULL,NULL,0,0,1,0,'3.3','Support',NULL,1,1,1),(46,'RecycleBin',0,-1,'Recycle Bin',NULL,NULL,0,0,0,0,'1.5','Tools',NULL,1,1,1),(47,'SMSNotifier',0,-1,'SMSNotifier',NULL,NULL,0,0,1,0,'2.1','Sales',NULL,1,1,1),(48,'Webforms',1,-1,'Webforms',NULL,NULL,0,0,0,0,'1.6','',NULL,1,1,1),(49,'ExtensionStore',0,-1,'Extension Store',NULL,NULL,1,0,0,0,'1.2',NULL,NULL,1,1,1);

--
-- Table structure for table `vtiger_tab_info`
--

CREATE TABLE `vtiger_tab_info` (
  `tabid` int(11) DEFAULT NULL,
  `prefname` varchar(256) DEFAULT NULL,
  `prefvalue` varchar(256) DEFAULT NULL,
  KEY `fk_1_vtiger_tab_info` (`tabid`),
  CONSTRAINT `fk_1_vtiger_tab_info` FOREIGN KEY (`tabid`) REFERENCES `vtiger_tab` (`tabid`) ON DELETE CASCADE ON UPDATE CASCADE
) ENGINE=InnoDB DEFAULT CHARSET=utf8mb4 COLLATE=utf8mb4_general_ci;

--
-- Dumping data for table `vtiger_tab_info`
--

INSERT INTO `vtiger_tab_info` VALUES (30,'vtiger_min_version','6.0.0RC'),(31,'vtiger_min_version','6.0.0rc'),(31,'vtiger_max_version','7.*'),(32,'vtiger_min_version','6.0.0rc'),(33,'vtiger_min_version','6.0.0rc'),(34,'vtiger_min_version','6.0.0'),(34,'vtiger_max_version','7.*'),(35,'vtiger_min_version','6.0.0rc'),(36,'vtiger_min_version','6.0.0rc'),(36,'vtiger_max_version','7.*'),(37,'vtiger_min_version','6.0.0rc'),(38,'vtiger_min_version','6.0.0rc'),(38,'vtiger_max_version','7.*'),(39,'vtiger_min_version','6.0.0rc'),(39,'vtiger_max_version','7.*'),(40,'vtiger_min_version','6.0.0rc'),(40,'vtiger_max_version','7.*'),(41,'vtiger_min_version','6.0.0rc'),(41,'vtiger_max_version','7.*'),(42,'vtiger_min_version','6.0.0rc'),(42,'vtiger_max_version','7.*'),(43,'vtiger_min_version','6.0.0rc'),(43,'vtiger_max_version','7.*'),(44,'vtiger_min_version','6.0.0rc'),(45,'vtiger_min_version','6.0.0rc'),(46,'vtiger_min_version','6.0.0rc'),(46,'vtiger_max_version','7.*'),(47,'vtiger_min_version','6.0.0'),(47,'vtiger_max_version','7.*'),(48,'vtiger_min_version','6.0.0rc'),(48,'vtiger_max_version','7.*'),(49,'vtiger_min_version','6.0.0'),(49,'vtiger_max_version','6.*');

--
-- Table structure for table `vtiger_taskpriority`
--

CREATE TABLE `vtiger_taskpriority` (
  `taskpriorityid` int(11) NOT NULL AUTO_INCREMENT,
  `taskpriority` varchar(200) DEFAULT NULL,
  `presence` int(11) NOT NULL DEFAULT 1,
  `picklist_valueid` int(11) NOT NULL DEFAULT 0,
  `sortorderid` int(11) DEFAULT NULL,
  `color` varchar(10) DEFAULT NULL,
  PRIMARY KEY (`taskpriorityid`)
) ENGINE=InnoDB AUTO_INCREMENT=4 DEFAULT CHARSET=utf8mb4 COLLATE=utf8mb4_general_ci;

--
-- Dumping data for table `vtiger_taskpriority`
--

INSERT INTO `vtiger_taskpriority` VALUES (1,'High',1,170,0,NULL),(2,'Medium',1,171,1,NULL),(3,'Low',1,172,2,NULL);

--
-- Table structure for table `vtiger_taskpriority_seq`
--

CREATE TABLE `vtiger_taskpriority_seq` (
  `id` int(11) NOT NULL
) ENGINE=InnoDB DEFAULT CHARSET=utf8mb4 COLLATE=utf8mb4_general_ci;

--
-- Dumping data for table `vtiger_taskpriority_seq`
--

INSERT INTO `vtiger_taskpriority_seq` VALUES (3);

--
-- Table structure for table `vtiger_taskstatus`
--

CREATE TABLE `vtiger_taskstatus` (
  `taskstatusid` int(11) NOT NULL AUTO_INCREMENT,
  `taskstatus` varchar(200) DEFAULT NULL,
  `presence` int(11) NOT NULL DEFAULT 1,
  `picklist_valueid` int(11) NOT NULL DEFAULT 0,
  `sortorderid` int(11) DEFAULT NULL,
  `color` varchar(10) DEFAULT NULL,
  PRIMARY KEY (`taskstatusid`)
) ENGINE=InnoDB AUTO_INCREMENT=7 DEFAULT CHARSET=utf8mb4 COLLATE=utf8mb4_general_ci;

--
-- Dumping data for table `vtiger_taskstatus`
--

INSERT INTO `vtiger_taskstatus` VALUES (1,'Not Started',0,173,0,NULL),(2,'In Progress',0,174,1,NULL),(3,'Completed',0,175,2,NULL),(4,'Pending Input',0,176,3,NULL),(5,'Deferred',0,177,4,NULL),(6,'Planned',0,178,5,NULL);

--
-- Table structure for table `vtiger_taskstatus_seq`
--

CREATE TABLE `vtiger_taskstatus_seq` (
  `id` int(11) NOT NULL
) ENGINE=InnoDB DEFAULT CHARSET=utf8mb4 COLLATE=utf8mb4_general_ci;

--
-- Dumping data for table `vtiger_taskstatus_seq`
--

INSERT INTO `vtiger_taskstatus_seq` VALUES (6);

--
-- Table structure for table `vtiger_taxclass`
--

CREATE TABLE `vtiger_taxclass` (
  `taxclassid` int(11) NOT NULL AUTO_INCREMENT,
  `taxclass` varchar(200) NOT NULL,
  `sortorderid` int(11) NOT NULL DEFAULT 0,
  `presence` int(11) NOT NULL DEFAULT 1,
  PRIMARY KEY (`taxclassid`),
  UNIQUE KEY `taxclass_carrier_idx` (`taxclass`)
) ENGINE=InnoDB AUTO_INCREMENT=3 DEFAULT CHARSET=utf8mb4 COLLATE=utf8mb4_general_ci;

--
-- Dumping data for table `vtiger_taxclass`
--

INSERT INTO `vtiger_taxclass` VALUES (1,'SalesTax',0,1),(2,'Vat',1,1);

--
-- Table structure for table `vtiger_taxclass_seq`
--

CREATE TABLE `vtiger_taxclass_seq` (
  `id` int(11) NOT NULL
) ENGINE=InnoDB DEFAULT CHARSET=utf8mb4 COLLATE=utf8mb4_general_ci;

--
-- Dumping data for table `vtiger_taxclass_seq`
--

INSERT INTO `vtiger_taxclass_seq` VALUES (2);

--
-- Table structure for table `vtiger_taxregions`
--

CREATE TABLE `vtiger_taxregions` (
  `regionid` int(11) NOT NULL AUTO_INCREMENT,
  `name` varchar(100) NOT NULL,
  PRIMARY KEY (`regionid`)
) ENGINE=InnoDB DEFAULT CHARSET=utf8mb4 COLLATE=utf8mb4_general_ci;

--
-- Dumping data for table `vtiger_taxregions`
--


--
-- Table structure for table `vtiger_ticketcategories`
--

CREATE TABLE `vtiger_ticketcategories` (
  `ticketcategories_id` int(11) NOT NULL AUTO_INCREMENT,
  `ticketcategories` varchar(200) DEFAULT NULL,
  `presence` int(11) NOT NULL DEFAULT 0,
  `picklist_valueid` int(11) NOT NULL DEFAULT 0,
  `sortorderid` int(11) DEFAULT NULL,
  `color` varchar(10) DEFAULT NULL,
  PRIMARY KEY (`ticketcategories_id`)
) ENGINE=InnoDB AUTO_INCREMENT=4 DEFAULT CHARSET=utf8mb4 COLLATE=utf8mb4_general_ci;

--
-- Dumping data for table `vtiger_ticketcategories`
--

INSERT INTO `vtiger_ticketcategories` VALUES (1,'Big Problem',1,179,0,NULL),(2,'Small Problem',1,180,1,NULL),(3,'Other Problem',1,181,2,NULL);

--
-- Table structure for table `vtiger_ticketcategories_seq`
--

CREATE TABLE `vtiger_ticketcategories_seq` (
  `id` int(11) NOT NULL
) ENGINE=InnoDB DEFAULT CHARSET=utf8mb4 COLLATE=utf8mb4_general_ci;

--
-- Dumping data for table `vtiger_ticketcategories_seq`
--

INSERT INTO `vtiger_ticketcategories_seq` VALUES (3);

--
-- Table structure for table `vtiger_ticketcf`
--

CREATE TABLE `vtiger_ticketcf` (
  `ticketid` int(11) NOT NULL DEFAULT 0,
  `from_portal` varchar(3) DEFAULT NULL,
  `cf_855` bigint(20) DEFAULT NULL,
  `cf_859` date DEFAULT NULL,
  `cf_861` time DEFAULT NULL,
  `cf_863` date DEFAULT NULL,
  `cf_865` time DEFAULT NULL,
  `cf_869` date DEFAULT NULL,
  `cf_871` time DEFAULT NULL,
  `cf_873` date DEFAULT NULL,
  `cf_875` time DEFAULT NULL,
  `cf_877` date DEFAULT NULL,
  `cf_879` time DEFAULT NULL,
  `cf_881` time DEFAULT NULL,
  `cf_883` time DEFAULT NULL,
  `cf_885` time DEFAULT NULL,
  `cf_891` int(6) DEFAULT NULL,
  `cf_893` decimal(9,2) DEFAULT NULL,
  `cf_895` decimal(6,2) DEFAULT NULL,
  `cf_897` varchar(50) DEFAULT '',
  PRIMARY KEY (`ticketid`),
  CONSTRAINT `fk_1_vtiger_ticketcf` FOREIGN KEY (`ticketid`) REFERENCES `vtiger_troubletickets` (`ticketid`) ON DELETE CASCADE
) ENGINE=InnoDB DEFAULT CHARSET=utf8mb4 COLLATE=utf8mb4_general_ci;

--
-- Dumping data for table `vtiger_ticketcf`
--

INSERT INTO `vtiger_ticketcf` VALUES (36,'0',99,NULL,NULL,NULL,NULL,NULL,NULL,NULL,NULL,NULL,NULL,NULL,NULL,NULL,NULL,NULL,NULL,''),(38,'0',99,NULL,NULL,NULL,NULL,NULL,NULL,NULL,NULL,NULL,NULL,NULL,NULL,NULL,NULL,NULL,NULL,''),(40,'0',99,NULL,NULL,NULL,NULL,NULL,NULL,NULL,NULL,NULL,NULL,NULL,NULL,NULL,NULL,NULL,NULL,''),(51,'0',121313,NULL,NULL,NULL,NULL,NULL,NULL,NULL,NULL,NULL,NULL,NULL,NULL,NULL,NULL,NULL,NULL,''),(74,'0',109856,'2023-05-05','08:00:00','2023-04-05','09:00:00','2023-04-05','08:00:00','2023-04-04',NULL,'2023-04-04',NULL,NULL,'00:00:00','23:00:00',NULL,NULL,1.50,''),(76,'0',109888,'2023-04-05','13:30:00','2023-04-05','14:00:00','2023-04-05','13:30:00','2023-04-05',NULL,'2023-04-05',NULL,NULL,'00:00:00','00:30:00',NULL,NULL,0.50,''),(77,'0',0,NULL,NULL,NULL,NULL,NULL,NULL,NULL,NULL,NULL,NULL,NULL,NULL,NULL,NULL,NULL,NULL,''),(78,'0',0,NULL,NULL,NULL,NULL,NULL,NULL,NULL,NULL,NULL,NULL,NULL,NULL,NULL,NULL,NULL,NULL,''),(79,'0',0,NULL,NULL,NULL,NULL,NULL,NULL,NULL,NULL,NULL,NULL,NULL,NULL,NULL,NULL,NULL,NULL,''),(80,'0',0,NULL,NULL,NULL,NULL,NULL,NULL,NULL,NULL,NULL,NULL,NULL,NULL,NULL,NULL,NULL,NULL,''),(81,'0',0,NULL,NULL,NULL,NULL,NULL,NULL,NULL,NULL,NULL,NULL,NULL,NULL,NULL,NULL,NULL,NULL,''),(82,'0',0,NULL,NULL,NULL,NULL,NULL,NULL,NULL,NULL,NULL,NULL,NULL,NULL,NULL,NULL,NULL,NULL,''),(83,'0',0,NULL,NULL,NULL,NULL,NULL,NULL,NULL,NULL,NULL,NULL,NULL,NULL,NULL,NULL,NULL,NULL,''),(84,'0',0,'2023-01-30','10:30:00','2023-01-30','12:00:00','2023-01-30','10:30:00','2023-01-30',NULL,'2023-01-30',NULL,NULL,'00:00:00','01:30:00',7,NULL,0.50,''),(85,'0',107832,'2023-01-30','12:30:00','2023-01-30','14:00:00','2023-01-30','12:00:00','2023-01-30',NULL,'2023-01-30',NULL,NULL,'00:30:00','01:30:00',NULL,NULL,NULL,''),(86,'0',108001,NULL,NULL,NULL,NULL,'2023-02-01','17:08:00',NULL,NULL,NULL,NULL,NULL,NULL,NULL,NULL,NULL,NULL,''),(87,'0',108024,'2023-02-03','19:00:00','2023-02-03','20:00:00','2023-02-03','10:00:00','2023-02-05','20:15:00','2023-02-03','19:01:00','01:14:00','09:00:00','01:00:00',NULL,NULL,0.50,''),(88,'0',107815,NULL,NULL,NULL,NULL,NULL,NULL,NULL,NULL,NULL,NULL,NULL,NULL,NULL,NULL,NULL,NULL,''),(89,'0',0,NULL,NULL,NULL,NULL,NULL,NULL,NULL,NULL,NULL,NULL,NULL,NULL,NULL,NULL,NULL,NULL,''),(90,'0',107815,NULL,NULL,NULL,NULL,NULL,NULL,NULL,NULL,NULL,NULL,NULL,NULL,NULL,NULL,NULL,NULL,''),(91,'0',107815,NULL,NULL,NULL,NULL,'2023-02-03','19:29:00','2023-02-03','22:57:00','2023-02-03','19:30:00',NULL,NULL,NULL,NULL,NULL,NULL,''),(92,'0',107721,NULL,NULL,NULL,NULL,NULL,NULL,NULL,NULL,NULL,NULL,NULL,NULL,NULL,NULL,NULL,NULL,''),(93,'0',108059,NULL,'10:00:00',NULL,'17:30:00','2023-02-02',NULL,NULL,'06:00:00','2023-02-02','17:21:00',NULL,NULL,NULL,NULL,NULL,NULL,''),(94,'0',108064,'2023-02-08','09:30:00','2023-02-08','11:00:00','2023-02-08','09:00:00','2023-02-07','20:29:00','2023-02-07','17:29:00','03:00:00','00:30:00','01:30:00',NULL,NULL,0.50,''),(95,'0',108059,NULL,NULL,NULL,NULL,NULL,NULL,NULL,NULL,NULL,NULL,NULL,NULL,NULL,NULL,NULL,NULL,''),(96,'0',107721,'2023-03-07','09:30:00','2023-03-07','11:00:00','2023-02-07','09:30:00','2023-03-07',NULL,'2023-02-07','16:22:00',NULL,'00:00:00','01:30:00',7,NULL,0.50,''),(97,'0',108059,NULL,NULL,NULL,NULL,NULL,NULL,NULL,NULL,NULL,NULL,NULL,NULL,NULL,NULL,NULL,NULL,''),(98,'0',108232,NULL,NULL,NULL,NULL,NULL,NULL,NULL,NULL,NULL,NULL,NULL,NULL,NULL,NULL,NULL,NULL,''),(99,'0',108059,NULL,NULL,NULL,NULL,NULL,NULL,NULL,NULL,NULL,NULL,NULL,NULL,NULL,NULL,NULL,NULL,''),(100,'0',107811,NULL,NULL,NULL,NULL,NULL,NULL,NULL,NULL,NULL,NULL,NULL,NULL,NULL,NULL,NULL,NULL,''),(101,'0',108341,NULL,NULL,NULL,NULL,NULL,NULL,NULL,NULL,NULL,NULL,NULL,NULL,NULL,NULL,NULL,NULL,''),(102,'0',108552,NULL,NULL,NULL,NULL,NULL,NULL,NULL,NULL,NULL,NULL,NULL,NULL,NULL,NULL,NULL,NULL,''),(103,'0',108412,NULL,NULL,NULL,NULL,NULL,NULL,NULL,NULL,NULL,NULL,NULL,NULL,NULL,NULL,NULL,NULL,''),(104,'0',108640,NULL,NULL,NULL,NULL,NULL,NULL,NULL,NULL,NULL,NULL,NULL,NULL,NULL,NULL,NULL,NULL,''),(105,'0',108772,NULL,NULL,NULL,NULL,NULL,NULL,NULL,NULL,NULL,NULL,NULL,NULL,NULL,NULL,NULL,NULL,''),(106,'0',108410,NULL,NULL,NULL,NULL,NULL,NULL,NULL,NULL,NULL,NULL,NULL,NULL,NULL,NULL,NULL,NULL,''),(107,'0',108772,NULL,NULL,NULL,NULL,NULL,NULL,NULL,NULL,NULL,NULL,NULL,NULL,NULL,NULL,NULL,NULL,''),(108,'0',108817,'2023-03-08','08:00:00','2023-03-08','10:00:00','2023-03-08','08:00:00','2023-03-07',NULL,'2023-03-07',NULL,NULL,'00:00:00','02:00:00',NULL,NULL,0.50,''),(109,'0',108825,'2023-03-08','08:00:00','2023-03-08','10:00:00','2023-03-08','08:00:00','2023-03-07',NULL,'2023-03-07',NULL,NULL,'00:00:00','02:00:00',NULL,NULL,0.50,''),(110,'0',108772,'2023-03-06','08:00:00','2023-03-06','11:00:00','2023-03-06','08:00:00','2023-03-04',NULL,'2023-03-04',NULL,NULL,'00:00:00','03:00:00',NULL,NULL,0.50,''),(111,'0',108844,NULL,NULL,NULL,NULL,NULL,NULL,NULL,NULL,NULL,NULL,NULL,NULL,NULL,NULL,NULL,NULL,''),(112,'0',108817,'2023-03-08','08:00:00','2023-03-08','10:00:00','2023-03-08','08:00:00','2023-03-06','21:00:00','2023-03-06','18:34:00','02:26:00','00:00:00','02:00:00',NULL,NULL,0.50,''),(113,'0',108410,NULL,NULL,NULL,NULL,NULL,NULL,NULL,NULL,NULL,NULL,NULL,NULL,NULL,NULL,NULL,NULL,''),(114,'0',108826,NULL,NULL,NULL,NULL,NULL,NULL,NULL,NULL,NULL,NULL,NULL,NULL,NULL,NULL,NULL,NULL,''),(115,'0',108896,'2023-03-30','14:30:00','2023-03-30','16:30:00','2023-03-30','14:30:00','2023-03-30',NULL,'2023-03-16',NULL,NULL,'00:00:00','02:00:00',NULL,NULL,0.50,''),(116,'0',107054,'2023-03-20','07:00:00','2023-03-20','12:00:00','2023-03-20','07:00:00','2023-03-17','13:36:00','2023-03-17','12:57:00','00:39:00','00:00:00','05:00:00',NULL,NULL,NULL,''),(117,'0',108892,NULL,NULL,NULL,NULL,NULL,NULL,NULL,NULL,NULL,NULL,NULL,NULL,NULL,NULL,NULL,NULL,''),(118,'0',108769,'2023-03-20','13:00:00','2023-03-20','14:00:00','2023-03-20','13:00:00','2023-03-20',NULL,'2023-03-20',NULL,NULL,'00:00:00','01:00:00',7,NULL,0.50,''),(119,'0',109160,NULL,NULL,NULL,NULL,NULL,NULL,NULL,NULL,NULL,NULL,NULL,NULL,NULL,NULL,NULL,NULL,''),(120,'0',108788,NULL,NULL,NULL,NULL,NULL,NULL,NULL,NULL,NULL,NULL,NULL,NULL,NULL,NULL,NULL,NULL,''),(121,'0',109234,'2023-03-28','07:00:00','2023-03-28','08:30:00','2023-03-28','07:00:00','2023-03-27',NULL,'2023-03-27',NULL,NULL,'00:00:00','01:30:00',8,NULL,1.00,''),(122,'0',109295,NULL,NULL,NULL,NULL,NULL,NULL,NULL,NULL,NULL,NULL,NULL,NULL,NULL,NULL,NULL,NULL,''),(123,'0',109234,NULL,NULL,NULL,NULL,NULL,NULL,NULL,NULL,NULL,NULL,NULL,NULL,NULL,NULL,NULL,NULL,''),(124,'0',109658,NULL,NULL,NULL,NULL,NULL,NULL,NULL,NULL,NULL,NULL,NULL,NULL,NULL,NULL,NULL,NULL,''),(125,'0',109685,NULL,NULL,NULL,NULL,NULL,NULL,NULL,NULL,NULL,NULL,NULL,NULL,NULL,NULL,NULL,NULL,''),(126,'0',108896,'2023-04-10','02:00:00',NULL,'08:00:00',NULL,NULL,NULL,NULL,NULL,NULL,NULL,NULL,NULL,NULL,NULL,NULL,''),(127,'0',109677,NULL,NULL,'2023-04-07','10:13:00','2023-04-03','08:00:00','2023-03-30','22:48:00','2023-03-30','11:23:00',NULL,NULL,NULL,NULL,NULL,NULL,''),(128,'0',109856,'2023-04-04','07:45:00','2023-04-05','09:00:00','2023-04-05','07:45:00','2023-04-04','12:36:00','2023-04-04','11:35:00','01:01:00','00:00:00','01:15:00',NULL,NULL,NULL,''),(129,'0',109745,NULL,NULL,NULL,NULL,NULL,NULL,NULL,NULL,NULL,NULL,NULL,NULL,NULL,NULL,NULL,NULL,''),(130,'0',109745,'2023-04-05','12:00:00','2023-04-05','15:00:00','2023-04-05','15:00:00','2023-04-04','15:56:00','2023-04-04','15:33:00','00:23:00','03:00:00','03:00:00',NULL,NULL,NULL,''),(131,'0',109888,'2023-04-05','13:30:00','2023-04-05','14:00:00','2023-04-05','13:30:00','2023-04-05','12:27:00','2023-04-05','11:43:00','00:44:00','00:00:00','00:30:00',NULL,NULL,0.50,''),(200,'0',0,NULL,'07:00:00',NULL,'12:00:00',NULL,NULL,NULL,NULL,NULL,NULL,NULL,NULL,NULL,NULL,NULL,NULL,''),(218,'0',109910,NULL,NULL,NULL,NULL,'2023-04-06','09:00:00',NULL,NULL,'2023-04-05','18:38:00',NULL,NULL,NULL,NULL,NULL,NULL,''),(220,'0',109913,NULL,NULL,NULL,NULL,'2023-04-06','10:00:00','2023-04-05','19:31:00','2023-04-05','19:05:00',NULL,NULL,NULL,NULL,NULL,NULL,''),(222,'0',109914,NULL,NULL,NULL,NULL,'2023-04-06','11:00:00','2023-04-05','19:30:00','2023-04-05','19:09:00',NULL,NULL,NULL,NULL,NULL,NULL,''),(223,'0',109915,NULL,NULL,NULL,NULL,'2023-04-06','13:00:00',NULL,NULL,'2023-04-05','19:12:00',NULL,NULL,NULL,NULL,NULL,NULL,''),(227,'0',109842,NULL,NULL,NULL,NULL,'2023-04-07','13:00:00','2023-04-06','21:59:00','2023-04-06','14:25:00',NULL,NULL,NULL,NULL,NULL,NULL,''),(228,'0',109938,NULL,NULL,NULL,NULL,'2023-04-10','20:30:00','2023-04-06','21:58:00','2023-04-06','15:21:00',NULL,NULL,NULL,NULL,NULL,NULL,''),(231,'0',109919,NULL,NULL,NULL,NULL,'2023-04-07','14:00:00','2023-04-06','21:59:00','2023-04-06','15:59:00',NULL,NULL,NULL,NULL,NULL,NULL,''),(232,'0',109930,NULL,NULL,NULL,NULL,'2023-04-07','15:00:00','2023-04-06','21:57:00','2023-04-06','16:15:00',NULL,NULL,NULL,NULL,NULL,NULL,''),(233,'0',109936,NULL,NULL,NULL,NULL,'2023-04-07','16:00:00',NULL,NULL,'2023-04-06','18:19:00',NULL,NULL,NULL,NULL,NULL,NULL,''),(234,'0',109947,NULL,NULL,NULL,NULL,'2023-04-07','17:00:00','2023-04-06','21:57:00','2023-04-06','18:41:00',NULL,NULL,NULL,NULL,NULL,NULL,''),(244,'0',109843,NULL,NULL,NULL,NULL,'2023-04-12','10:00:00',NULL,NULL,'2023-04-10','10:59:00',NULL,NULL,NULL,NULL,NULL,NULL,''),(245,'0',109907,NULL,NULL,'2023-04-11','15:53:00','2023-04-11','16:00:00',NULL,NULL,'2023-04-11','15:30:00',NULL,NULL,NULL,NULL,NULL,NULL,''),(248,'0',109983,NULL,NULL,NULL,NULL,'2023-04-11','17:00:00',NULL,NULL,'2023-04-11','15:46:00',NULL,NULL,NULL,NULL,NULL,NULL,''),(250,'0',109901,NULL,NULL,NULL,NULL,'2023-04-13','09:00:00',NULL,NULL,'2023-04-12','15:20:00',NULL,NULL,NULL,NULL,NULL,NULL,''),(252,'0',110064,NULL,NULL,NULL,NULL,'2023-04-17','07:00:00','2023-04-14','16:51:00','2023-04-13','23:39:00',NULL,NULL,NULL,NULL,NULL,NULL,''),(253,'0',110134,NULL,NULL,NULL,NULL,'2023-04-17','00:00:00','2023-04-14','16:52:00','2023-04-14','11:06:00',NULL,NULL,NULL,NULL,NULL,NULL,''),(256,'0',110152,NULL,NULL,NULL,NULL,'2023-04-17','09:00:00',NULL,NULL,'2023-04-14','21:57:00',NULL,NULL,NULL,NULL,NULL,NULL,''),(257,'0',110153,NULL,NULL,NULL,NULL,'2023-04-17',NULL,NULL,NULL,'2023-04-16','19:37:00',NULL,NULL,NULL,NULL,NULL,NULL,''),(263,'0',110135,'2023-04-18','10:00:00','2023-04-18','12:31:00','2023-04-17','10:00:00','2023-04-17',NULL,'2023-04-17','07:08:00',NULL,'00:00:00','02:31:00',NULL,NULL,0.50,''),(266,'0',110158,'2023-04-19','10:00:00','2023-04-19','11:00:00','2023-04-19','07:00:00','2023-04-18','10:15:00','2023-04-18','09:42:00','00:33:00','03:00:00','01:00:00',NULL,NULL,2.00,''),(267,'0',110263,'2023-04-19','10:30:00','2023-04-19','19:00:00','2023-04-19','00:00:00','2023-04-19','10:00:00','2023-04-19','09:55:00','00:05:00','10:30:00','08:30:00',NULL,NULL,0.50,''),(271,'0',109070,'2023-04-24','08:00:00','2023-04-24','09:30:00','2023-04-24','08:00:00','2023-04-20','07:40:00','2023-04-20','05:45:00','01:55:00','00:00:00','01:30:00',NULL,5.00,0.50,''),(272,'0',110291,'2023-04-24','11:00:00','2023-04-24','13:00:00','2023-04-24','09:00:00','2023-04-23','19:01:00','2023-04-20','18:17:00','00:44:00','02:00:00','02:00:00',NULL,NULL,NULL,'frontline@dynamixsupport.com'),(275,'0',107780,'2023-01-24','08:30:00','2023-01-24','09:00:00','2023-01-24','08:00:00','2023-01-24','18:03:00','2023-01-24','17:52:00','00:11:00','00:30:00','00:30:00',NULL,NULL,0.50,''),(277,'0',107807,'2023-01-26','15:30:00','2023-01-26','16:30:00','2023-01-26','11:30:00','2023-01-26','16:45:00','2023-01-26','13:28:00','03:17:00','04:00:00','01:00:00',NULL,NULL,0.50,''),(285,'0',108212,'2023-02-14','07:00:00','2023-02-14','10:00:00','2023-02-14','08:00:00','2023-02-12','02:17:00','2023-02-10','14:10:00','12:07:00','-01:00:00','03:00:00',NULL,NULL,NULL,''),(287,'0',0,NULL,NULL,NULL,NULL,NULL,NULL,NULL,NULL,NULL,NULL,NULL,NULL,NULL,NULL,NULL,NULL,''),(290,'0',0,'2023-05-08','07:30:00','2023-05-08','09:30:00','2023-05-08','07:00:00','2023-05-08','07:15:00','2023-05-08','08:30:00','-01:15:00','00:30:00','02:00:00',NULL,NULL,NULL,''),(293,'0',107054,'2023-05-10','07:00:00','2023-05-10','10:00:00','2023-05-10','07:00:00','2023-05-08','08:00:00','2023-05-08','05:57:00','02:03:00','00:00:00','03:00:00',NULL,NULL,NULL,''),(295,'0',110763,'2023-05-08','15:00:00','2023-05-08','17:00:00','2023-05-08','15:00:00','2023-05-08','13:40:00','2023-05-08','14:30:00','-00:50:00','00:00:00','02:00:00',8,NULL,2.00,'frontline@dynamixsupport.com'),(313,'0',107054,NULL,NULL,NULL,NULL,NULL,NULL,NULL,NULL,NULL,NULL,'00:00:00','00:00:00','00:00:00',NULL,NULL,NULL,''),(344,'0',0,NULL,NULL,NULL,NULL,NULL,NULL,NULL,NULL,NULL,NULL,'00:00:00','00:00:00','00:00:00',0,0.00,0.00,''),(359,'0',110406,'2023-05-15','08:00:00','2023-05-15','11:30:00','2023-05-15','08:00:00','2023-05-10','14:40:00','2023-05-10','14:21:00','00:19:00','00:00:00','03:30:00',0,0.00,0.50,'support@dynamixcloud.com'),(365,'0',110647,'2023-05-04','15:30:00','2023-05-04','19:00:00','2023-05-04','15:30:00','2023-05-04','14:46:00','2023-05-04','14:44:00','00:02:00','00:00:00','03:30:00',0,0.00,0.50,'frontline@dynamixsupport.com'),(367,'0',110406,'2023-05-03','07:00:00','2023-05-03','09:00:00','2023-05-03','07:00:00','2023-05-01','11:27:00','2023-04-25','18:42:00','16:45:00','00:00:00','02:00:00',0,0.00,0.50,'frontline@dynamixsupport.com'),(371,'0',110291,'2023-04-26','08:00:00','2023-04-26','11:30:00','2023-04-26','08:00:00','2023-04-24','19:50:00','2023-04-24','21:40:00','-01:50:00','00:00:00','03:30:00',0,0.00,2.00,'frontline@dynamixsupport.com'),(375,'0',110134,'2023-04-27','13:00:00','2023-04-27','14:00:00','2023-04-27','13:00:00','2023-04-26','17:30:00','2023-04-26','16:28:00','01:02:00','00:00:00','01:00:00',0,0.00,0.50,'frontline@dynamixsupport.com'),(380,'0',110355,'2023-04-26','13:00:00','2023-04-26','14:00:00','2023-04-26','13:00:00','2023-04-23','09:02:00','2023-04-22','20:05:00','12:57:00','00:00:00','01:00:00',0,0.00,0.50,''),(385,'0',110450,'2023-04-26','09:00:00','2023-04-26','11:30:00','2023-04-26','09:00:00','2023-04-26','17:31:00','2023-04-26','17:27:00','00:04:00','00:00:00','02:30:00',0,7.00,0.50,'frontline@dynamixsupport.com'),(387,'0',110450,'2023-04-26','18:00:00','2023-04-26',NULL,'2023-04-26','18:00:00','2023-04-26','17:31:00','2023-04-26','17:27:00','00:04:00','00:00:00','00:00:00',0,0.00,0.00,'frontline@dynamixsupport.com'),(391,'0',11450,'2023-04-26','18:00:00','2023-04-26','19:00:00','2023-04-26','18:00:00','2023-04-26',NULL,'2023-04-26','21:38:00','00:00:00','00:00:00','01:00:00',0,0.00,0.50,'frontline@dynamixsupport.com'),(394,'0',110364,'2023-04-25','07:00:00','2023-04-25','09:00:00','2023-04-25','07:00:00','2023-04-23','15:42:00','2023-04-23','15:40:00','00:02:00','00:00:00','02:00:00',0,0.00,1.00,''),(396,'0',110353,'2023-04-24','07:00:00','2023-04-24','09:00:00','2023-04-24','07:00:00','2023-04-23','06:30:00','2023-04-22','17:00:00','13:30:00','00:00:00','02:00:00',0,0.00,1.00,'frontline@dynamixsupport.com'),(401,'0',111026,'2023-05-15','09:30:00','2023-05-15','12:00:00','2023-05-15','09:30:00','2023-05-11','17:44:00','2023-05-11','17:02:00','00:42:00','00:00:00','02:30:00',0,0.00,2.00,'frontline@dynamixsupport.com'),(420,'0',110762,NULL,'06:00:00',NULL,'08:00:00','2023-05-22','07:00:00','2023-05-20','18:30:00','2023-05-20','14:37:00','03:53:00','00:00:00','00:00:00',0,0.00,1.00,'frontline@dynamixsupport.com'),(422,'0',110406,'2023-04-26','07:00:00','2023-04-26','11:30:00','2023-04-26','07:00:00','2023-04-25','19:00:00','2023-04-25','18:42:00','00:18:00','00:00:00','04:30:00',0,15.00,0.50,''),(447,'0',111239,'2023-05-24','08:30:00','2023-05-24','09:30:00','2023-05-24','08:30:00','2023-05-24','08:10:00','2023-05-24','08:09:00','00:01:00','00:00:00','01:00:00',0,0.00,0.50,'frontline@dynamixsupport.com'),(452,'0',0,NULL,NULL,NULL,NULL,'2023-05-24','15:30:00','2023-05-24','15:00:00',NULL,NULL,'00:00:00','00:00:00','00:00:00',0,0.00,0.00,''),(453,'0',1112861,NULL,NULL,NULL,NULL,'2023-05-25','07:30:00','2023-05-24','16:00:00','2023-05-24','15:30:00','00:30:00','00:00:00','00:00:00',0,0.00,0.00,'frontline@dynamixsupport.com');

--
-- Table structure for table `vtiger_ticketcomments`
--

CREATE TABLE `vtiger_ticketcomments` (
  `commentid` int(11) NOT NULL AUTO_INCREMENT,
  `ticketid` int(11) DEFAULT NULL,
  `comments` text DEFAULT NULL,
  `ownerid` int(11) NOT NULL DEFAULT 0,
  `ownertype` varchar(10) DEFAULT NULL,
  `createdtime` datetime NOT NULL,
  PRIMARY KEY (`commentid`),
  KEY `ticketcomments_ticketid_idx` (`ticketid`),
  CONSTRAINT `fk_1_vtiger_ticketcomments` FOREIGN KEY (`ticketid`) REFERENCES `vtiger_troubletickets` (`ticketid`) ON DELETE CASCADE
) ENGINE=InnoDB DEFAULT CHARSET=utf8mb4 COLLATE=utf8mb4_general_ci;

--
-- Dumping data for table `vtiger_ticketcomments`
--


--
-- Table structure for table `vtiger_ticketpriorities`
--

CREATE TABLE `vtiger_ticketpriorities` (
  `ticketpriorities_id` int(11) NOT NULL AUTO_INCREMENT,
  `ticketpriorities` varchar(200) DEFAULT NULL,
  `presence` int(11) NOT NULL DEFAULT 0,
  `picklist_valueid` int(11) NOT NULL DEFAULT 0,
  `sortorderid` int(11) DEFAULT NULL,
  `color` varchar(10) DEFAULT NULL,
  PRIMARY KEY (`ticketpriorities_id`)
) ENGINE=InnoDB AUTO_INCREMENT=5 DEFAULT CHARSET=utf8mb4 COLLATE=utf8mb4_general_ci;

--
-- Dumping data for table `vtiger_ticketpriorities`
--

INSERT INTO `vtiger_ticketpriorities` VALUES (1,'Low',1,182,0,NULL),(2,'Normal',1,183,1,NULL),(3,'High',1,184,2,NULL),(4,'Urgent',1,185,3,NULL);

--
-- Table structure for table `vtiger_ticketpriorities_seq`
--

CREATE TABLE `vtiger_ticketpriorities_seq` (
  `id` int(11) NOT NULL
) ENGINE=InnoDB DEFAULT CHARSET=utf8mb4 COLLATE=utf8mb4_general_ci;

--
-- Dumping data for table `vtiger_ticketpriorities_seq`
--

INSERT INTO `vtiger_ticketpriorities_seq` VALUES (4);

--
-- Table structure for table `vtiger_ticketseverities`
--

CREATE TABLE `vtiger_ticketseverities` (
  `ticketseverities_id` int(11) NOT NULL AUTO_INCREMENT,
  `ticketseverities` varchar(200) DEFAULT NULL,
  `presence` int(11) NOT NULL DEFAULT 0,
  `picklist_valueid` int(11) NOT NULL DEFAULT 0,
  `sortorderid` int(11) DEFAULT NULL,
  `color` varchar(10) DEFAULT NULL,
  PRIMARY KEY (`ticketseverities_id`)
) ENGINE=InnoDB AUTO_INCREMENT=5 DEFAULT CHARSET=utf8mb4 COLLATE=utf8mb4_general_ci;

--
-- Dumping data for table `vtiger_ticketseverities`
--

INSERT INTO `vtiger_ticketseverities` VALUES (1,'Minor',1,186,0,NULL),(2,'Major',1,187,1,NULL),(3,'Feature',1,188,2,NULL),(4,'Critical',1,189,3,NULL);

--
-- Table structure for table `vtiger_ticketseverities_seq`
--

CREATE TABLE `vtiger_ticketseverities_seq` (
  `id` int(11) NOT NULL
) ENGINE=InnoDB DEFAULT CHARSET=utf8mb4 COLLATE=utf8mb4_general_ci;

--
-- Dumping data for table `vtiger_ticketseverities_seq`
--

INSERT INTO `vtiger_ticketseverities_seq` VALUES (4);

--
-- Table structure for table `vtiger_ticketstatus`
--

CREATE TABLE `vtiger_ticketstatus` (
  `ticketstatus_id` int(11) NOT NULL AUTO_INCREMENT,
  `ticketstatus` varchar(200) DEFAULT NULL,
  `presence` int(11) NOT NULL DEFAULT 0,
  `picklist_valueid` int(11) NOT NULL DEFAULT 0,
  `sortorderid` int(11) DEFAULT NULL,
  `color` varchar(10) DEFAULT NULL,
  PRIMARY KEY (`ticketstatus_id`)
) ENGINE=InnoDB AUTO_INCREMENT=5 DEFAULT CHARSET=utf8mb4 COLLATE=utf8mb4_general_ci;

--
-- Dumping data for table `vtiger_ticketstatus`
--

INSERT INTO `vtiger_ticketstatus` VALUES (1,'Open',0,190,0,NULL),(2,'In Progress',0,191,1,NULL),(3,'Wait For Response',0,192,2,NULL),(4,'Closed',0,193,3,NULL);

--
-- Table structure for table `vtiger_ticketstatus_seq`
--

CREATE TABLE `vtiger_ticketstatus_seq` (
  `id` int(11) NOT NULL
) ENGINE=InnoDB DEFAULT CHARSET=utf8mb4 COLLATE=utf8mb4_general_ci;

--
-- Dumping data for table `vtiger_ticketstatus_seq`
--

INSERT INTO `vtiger_ticketstatus_seq` VALUES (4);

--
-- Table structure for table `vtiger_time_zone`
--

CREATE TABLE `vtiger_time_zone` (
  `time_zoneid` int(11) NOT NULL AUTO_INCREMENT,
  `time_zone` varchar(200) NOT NULL,
  `sortorderid` int(11) NOT NULL DEFAULT 0,
  `presence` int(11) NOT NULL DEFAULT 1,
  PRIMARY KEY (`time_zoneid`)
) ENGINE=InnoDB AUTO_INCREMENT=98 DEFAULT CHARSET=utf8mb4 COLLATE=utf8mb4_general_ci;

--
-- Dumping data for table `vtiger_time_zone`
--

INSERT INTO `vtiger_time_zone` VALUES (1,'Pacific/Midway',1,1),(2,'Pacific/Samoa',0,1),(3,'Pacific/Honolulu',2,1),(4,'America/Anchorage',3,1),(5,'America/Los_Angeles',5,1),(6,'America/Tijuana',4,1),(7,'America/Denver',6,1),(8,'America/Chihuahua',8,1),(9,'America/Mazatlan',7,1),(10,'America/Phoenix',9,1),(11,'America/Regina',10,1),(12,'America/Tegucigalpa',14,1),(13,'America/Chicago',13,1),(14,'America/Mexico_City',12,1),(15,'America/Monterrey',11,1),(16,'America/New_York',18,1),(17,'America/Bogota',19,1),(18,'America/Lima',16,1),(19,'America/Rio_Branco',15,1),(20,'America/Indiana/Indianapolis',17,1),(21,'America/Caracas',20,1),(22,'America/Halifax',25,1),(23,'America/Manaus',22,1),(24,'America/Santiago',21,1),(25,'America/La_Paz',23,1),(26,'America/Cuiaba',24,1),(27,'America/Asuncion',26,1),(28,'America/St_Johns',27,1),(29,'America/Argentina/Buenos_Aires',30,1),(30,'America/Sao_Paulo',31,1),(31,'America/Godthab',29,1),(32,'America/Montevideo',28,1),(33,'Atlantic/South_Georgia',32,1),(34,'Atlantic/Azores',34,1),(35,'Atlantic/Cape_Verde',33,1),(36,'Europe/London',37,1),(37,'UTC',36,1),(38,'Africa/Monrovia',38,1),(39,'Africa/Casablanca',35,1),(40,'Europe/Belgrade',40,1),(41,'Europe/Sarajevo',42,1),(42,'Europe/Brussels',41,1),(43,'Africa/Algiers',43,1),(44,'Europe/Amsterdam',39,1),(45,'Europe/Minsk',52,1),(46,'Africa/Cairo',47,1),(47,'Europe/Helsinki',49,1),(48,'Europe/Athens',45,1),(49,'Europe/Istanbul',50,1),(50,'Asia/Jerusalem',51,1),(51,'Asia/Amman',44,1),(52,'Asia/Beirut',46,1),(53,'Africa/Windhoek',53,1),(54,'Africa/Harare',48,1),(55,'Asia/Kuwait',55,1),(56,'Asia/Baghdad',54,1),(57,'Africa/Nairobi',57,1),(58,'Asia/Tehran',58,1),(59,'Asia/Tbilisi',61,1),(60,'Europe/Moscow',56,1),(61,'Asia/Muscat',59,1),(62,'Asia/Baku',60,1),(63,'Asia/Yerevan',62,1),(64,'Asia/Karachi',63,1),(65,'Asia/Tashkent',64,1),(66,'Asia/Kolkata',65,1),(67,'Asia/Colombo',66,1),(68,'Asia/Katmandu',67,1),(69,'Asia/Dhaka',69,1),(70,'Asia/Almaty',68,1),(71,'Asia/Yekaterinburg',70,1),(72,'Asia/Rangoon',71,1),(73,'Asia/Novosibirsk',73,1),(74,'Asia/Bangkok',72,1),(75,'Asia/Brunei',74,1),(76,'Asia/Krasnoyarsk',75,1),(77,'Asia/Ulaanbaatar',79,1),(78,'Asia/Kuala_Lumpur',76,1),(79,'Asia/Taipei',78,1),(80,'Australia/Perth',77,1),(81,'Asia/Irkutsk',80,1),(82,'Asia/Seoul',81,1),(83,'Asia/Tokyo',82,1),(84,'Australia/Darwin',84,1),(85,'Australia/Adelaide',83,1),(86,'Australia/Canberra',86,1),(87,'Australia/Brisbane',85,1),(88,'Australia/Hobart',88,1),(89,'Asia/Vladivostok',89,1),(90,'Pacific/Guam',87,1),(91,'Asia/Yakutsk',90,1),(92,'Pacific/Fiji',93,1),(93,'Asia/Kamchatka',94,1),(94,'Pacific/Auckland',92,1),(95,'Asia/Magadan',95,1),(96,'Pacific/Tongatapu',96,1),(97,'Etc/GMT-11',91,1);

--
-- Table structure for table `vtiger_time_zone_seq`
--

CREATE TABLE `vtiger_time_zone_seq` (
  `id` int(11) NOT NULL
) ENGINE=InnoDB DEFAULT CHARSET=utf8mb4 COLLATE=utf8mb4_general_ci;

--
-- Dumping data for table `vtiger_time_zone_seq`
--

INSERT INTO `vtiger_time_zone_seq` VALUES (96);

--
-- Table structure for table `vtiger_tmp_read_group_rel_sharing_per`
--

CREATE TABLE `vtiger_tmp_read_group_rel_sharing_per` (
  `userid` int(11) NOT NULL,
  `tabid` int(11) NOT NULL,
  `relatedtabid` int(11) NOT NULL,
  `sharedgroupid` int(11) NOT NULL,
  PRIMARY KEY (`userid`,`tabid`,`relatedtabid`,`sharedgroupid`),
  KEY `tmp_read_group_rel_sharing_per_userid_sharedgroupid_tabid` (`userid`,`sharedgroupid`,`tabid`),
  CONSTRAINT `fk_4_vtiger_tmp_read_group_rel_sharing_per` FOREIGN KEY (`userid`) REFERENCES `vtiger_users` (`id`) ON DELETE CASCADE
) ENGINE=InnoDB DEFAULT CHARSET=utf8mb4 COLLATE=utf8mb4_general_ci;

--
-- Dumping data for table `vtiger_tmp_read_group_rel_sharing_per`
--


--
-- Table structure for table `vtiger_tmp_read_group_sharing_per`
--

CREATE TABLE `vtiger_tmp_read_group_sharing_per` (
  `userid` int(11) NOT NULL,
  `tabid` int(11) NOT NULL,
  `sharedgroupid` int(11) NOT NULL,
  PRIMARY KEY (`userid`,`tabid`,`sharedgroupid`),
  KEY `tmp_read_group_sharing_per_userid_sharedgroupid_idx` (`userid`,`sharedgroupid`),
  CONSTRAINT `fk_3_vtiger_tmp_read_group_sharing_per` FOREIGN KEY (`userid`) REFERENCES `vtiger_users` (`id`) ON DELETE CASCADE
) ENGINE=InnoDB DEFAULT CHARSET=utf8mb4 COLLATE=utf8mb4_general_ci;

--
-- Dumping data for table `vtiger_tmp_read_group_sharing_per`
--

INSERT INTO `vtiger_tmp_read_group_sharing_per` VALUES (13,13,4);

--
-- Table structure for table `vtiger_tmp_read_user_rel_sharing_per`
--

CREATE TABLE `vtiger_tmp_read_user_rel_sharing_per` (
  `userid` int(11) NOT NULL,
  `tabid` int(11) NOT NULL,
  `relatedtabid` int(11) NOT NULL,
  `shareduserid` int(11) NOT NULL,
  PRIMARY KEY (`userid`,`tabid`,`relatedtabid`,`shareduserid`),
  KEY `tmp_read_user_rel_sharing_per_userid_shared_reltabid_idx` (`userid`,`shareduserid`,`relatedtabid`),
  CONSTRAINT `fk_4_vtiger_tmp_read_user_rel_sharing_per` FOREIGN KEY (`userid`) REFERENCES `vtiger_users` (`id`) ON DELETE CASCADE
) ENGINE=InnoDB DEFAULT CHARSET=utf8mb4 COLLATE=utf8mb4_general_ci;

--
-- Dumping data for table `vtiger_tmp_read_user_rel_sharing_per`
--


--
-- Table structure for table `vtiger_tmp_read_user_sharing_per`
--

CREATE TABLE `vtiger_tmp_read_user_sharing_per` (
  `userid` int(11) NOT NULL,
  `tabid` int(11) NOT NULL,
  `shareduserid` int(11) NOT NULL,
  PRIMARY KEY (`userid`,`tabid`,`shareduserid`),
  KEY `tmp_read_user_sharing_per_userid_shareduserid_idx` (`userid`,`shareduserid`),
  CONSTRAINT `fk_3_vtiger_tmp_read_user_sharing_per` FOREIGN KEY (`userid`) REFERENCES `vtiger_users` (`id`) ON DELETE CASCADE
) ENGINE=InnoDB DEFAULT CHARSET=utf8mb4 COLLATE=utf8mb4_general_ci;

--
-- Dumping data for table `vtiger_tmp_read_user_sharing_per`
--

INSERT INTO `vtiger_tmp_read_user_sharing_per` VALUES (13,13,5),(13,13,6),(13,13,9),(13,13,10);

--
-- Table structure for table `vtiger_tmp_write_group_rel_sharing_per`
--

CREATE TABLE `vtiger_tmp_write_group_rel_sharing_per` (
  `userid` int(11) NOT NULL,
  `tabid` int(11) NOT NULL,
  `relatedtabid` int(11) NOT NULL,
  `sharedgroupid` int(11) NOT NULL,
  PRIMARY KEY (`userid`,`tabid`,`relatedtabid`,`sharedgroupid`),
  KEY `tmp_write_group_rel_sharing_per_userid_sharedgroupid_tabid_idx` (`userid`,`sharedgroupid`,`tabid`),
  CONSTRAINT `fk_4_vtiger_tmp_write_group_rel_sharing_per` FOREIGN KEY (`userid`) REFERENCES `vtiger_users` (`id`) ON DELETE CASCADE
) ENGINE=InnoDB DEFAULT CHARSET=utf8mb4 COLLATE=utf8mb4_general_ci;

--
-- Dumping data for table `vtiger_tmp_write_group_rel_sharing_per`
--


--
-- Table structure for table `vtiger_tmp_write_group_sharing_per`
--

CREATE TABLE `vtiger_tmp_write_group_sharing_per` (
  `userid` int(11) NOT NULL,
  `tabid` int(11) NOT NULL,
  `sharedgroupid` int(11) NOT NULL,
  PRIMARY KEY (`userid`,`tabid`,`sharedgroupid`),
  KEY `tmp_write_group_sharing_per_UK1` (`userid`,`sharedgroupid`),
  CONSTRAINT `fk_3_vtiger_tmp_write_group_sharing_per` FOREIGN KEY (`userid`) REFERENCES `vtiger_users` (`id`) ON DELETE CASCADE
) ENGINE=InnoDB DEFAULT CHARSET=utf8mb4 COLLATE=utf8mb4_general_ci;

--
-- Dumping data for table `vtiger_tmp_write_group_sharing_per`
--


--
-- Table structure for table `vtiger_tmp_write_user_rel_sharing_per`
--

CREATE TABLE `vtiger_tmp_write_user_rel_sharing_per` (
  `userid` int(11) NOT NULL,
  `tabid` int(11) NOT NULL,
  `relatedtabid` int(11) NOT NULL,
  `shareduserid` int(11) NOT NULL,
  PRIMARY KEY (`userid`,`tabid`,`relatedtabid`,`shareduserid`),
  KEY `tmp_write_user_rel_sharing_per_userid_sharduserid_tabid_idx` (`userid`,`shareduserid`,`tabid`),
  CONSTRAINT `fk_4_vtiger_tmp_write_user_rel_sharing_per` FOREIGN KEY (`userid`) REFERENCES `vtiger_users` (`id`) ON DELETE CASCADE
) ENGINE=InnoDB DEFAULT CHARSET=utf8mb4 COLLATE=utf8mb4_general_ci;

--
-- Dumping data for table `vtiger_tmp_write_user_rel_sharing_per`
--


--
-- Table structure for table `vtiger_tmp_write_user_sharing_per`
--

CREATE TABLE `vtiger_tmp_write_user_sharing_per` (
  `userid` int(11) NOT NULL,
  `tabid` int(11) NOT NULL,
  `shareduserid` int(11) NOT NULL,
  PRIMARY KEY (`userid`,`tabid`,`shareduserid`),
  KEY `tmp_write_user_sharing_per_userid_shareduserid_idx` (`userid`,`shareduserid`),
  CONSTRAINT `fk_3_vtiger_tmp_write_user_sharing_per` FOREIGN KEY (`userid`) REFERENCES `vtiger_users` (`id`) ON DELETE CASCADE
) ENGINE=InnoDB DEFAULT CHARSET=utf8mb4 COLLATE=utf8mb4_general_ci;

--
-- Dumping data for table `vtiger_tmp_write_user_sharing_per`
--


--
-- Table structure for table `vtiger_tracker`
--

CREATE TABLE `vtiger_tracker` (
  `id` int(11) NOT NULL AUTO_INCREMENT,
  `user_id` varchar(36) DEFAULT NULL,
  `module_name` varchar(25) DEFAULT NULL,
  `item_id` varchar(36) DEFAULT NULL,
  `item_summary` varchar(255) DEFAULT NULL,
  PRIMARY KEY (`id`)
) ENGINE=InnoDB DEFAULT CHARSET=utf8mb4 COLLATE=utf8mb4_general_ci;

--
-- Dumping data for table `vtiger_tracker`
--


--
-- Table structure for table `vtiger_tracking_unit`
--

CREATE TABLE `vtiger_tracking_unit` (
  `tracking_unitid` int(11) NOT NULL AUTO_INCREMENT,
  `tracking_unit` varchar(200) NOT NULL,
  `presence` int(11) NOT NULL DEFAULT 1,
  `picklist_valueid` int(11) NOT NULL DEFAULT 0,
  `sortorderid` int(11) DEFAULT 0,
  `color` varchar(10) DEFAULT NULL,
  PRIMARY KEY (`tracking_unitid`)
) ENGINE=InnoDB AUTO_INCREMENT=5 DEFAULT CHARSET=utf8 COLLATE=utf8_general_ci;

--
-- Dumping data for table `vtiger_tracking_unit`
--

INSERT INTO `vtiger_tracking_unit` VALUES (2,'Hours',1,211,2,NULL),(3,'Days',1,212,3,NULL),(4,'Incidents',1,213,4,NULL);

--
-- Table structure for table `vtiger_tracking_unit_seq`
--

CREATE TABLE `vtiger_tracking_unit_seq` (
  `id` int(11) NOT NULL
) ENGINE=InnoDB DEFAULT CHARSET=utf8mb4 COLLATE=utf8mb4_general_ci;

--
-- Dumping data for table `vtiger_tracking_unit_seq`
--

INSERT INTO `vtiger_tracking_unit_seq` VALUES (4);

--
-- Table structure for table `vtiger_troubletickets`
--

CREATE TABLE `vtiger_troubletickets` (
  `ticketid` int(11) NOT NULL,
  `ticket_no` varchar(100) NOT NULL,
  `groupname` varchar(100) DEFAULT NULL,
  `parent_id` varchar(100) DEFAULT NULL,
  `product_id` varchar(100) DEFAULT NULL,
  `priority` varchar(200) DEFAULT NULL,
  `severity` varchar(200) DEFAULT NULL,
  `status` varchar(200) DEFAULT NULL,
  `category` varchar(200) DEFAULT NULL,
  `title` varchar(255) NOT NULL,
  `solution` text DEFAULT NULL,
  `update_log` text DEFAULT NULL,
  `version_id` int(11) DEFAULT NULL,
  `hours` decimal(25,8) DEFAULT NULL,
  `days` decimal(25,8) DEFAULT NULL,
  `contact_id` int(11) DEFAULT NULL,
  `tags` varchar(1) DEFAULT NULL,
  `cr_orgname_portaltext` text DEFAULT NULL,
  PRIMARY KEY (`ticketid`),
  KEY `troubletickets_ticketid_idx` (`ticketid`),
  KEY `troubletickets_status_idx` (`status`),
  CONSTRAINT `fk_1_vtiger_troubletickets` FOREIGN KEY (`ticketid`) REFERENCES `vtiger_crmentity` (`crmid`) ON DELETE CASCADE
) ENGINE=InnoDB DEFAULT CHARSET=utf8mb4 COLLATE=utf8mb4_general_ci;

--
-- Dumping data for table `vtiger_troubletickets`
--

INSERT INTO `vtiger_troubletickets` VALUES (36,'TKT000001',NULL,'10',NULL,'High','Major','Open','Small Problem','Internet connection','',NULL,NULL,0.00000000,0.00000000,0,'',NULL),(38,'TKT000002',NULL,'35',NULL,'Urgent','Major','Open','Big Problem','Test Call','',NULL,NULL,0.00000000,0.00000000,0,'',NULL),(40,'TKT000003',NULL,'34',NULL,'High','Major','Open','Big Problem','test 2','',NULL,NULL,0.00000000,0.00000000,0,'',NULL),(51,'TKT000004',NULL,'3',NULL,'Low','Minor','Open','Big Problem','prueba creantis','',NULL,NULL,0.00000000,0.00000000,0,'',NULL),(74,'TKT000005',NULL,'18',NULL,'Normal','Minor','Closed','Other Problem','SD Serramonte SDWAN equipment pickup','Support,\nRecap:\nArrived at 7:45 am\nJumped on the Bridge\nEmployee was on site already\nEmployee left at 8 am\nLocated Comcast equipment on top of Network rack\nDid a continual Ping to insure that me removed the Comcast equipment would not disconnect site.  No issue\nRemoved all equipment including power cords and network cables connected to Comcast devices\nClosed the Rack back after removing equipment\nTook pictures of devices\nSpoke with Support on Bridge\nProvided information requested by Support\nSupport left the bridge and so did I\nAttached pictures of devices to Email\nWaiting for Comcast on site to hand over equipment as requested\nWill drop off store key today back where I picked it up\n\nCradlepoint\nSN MM214800003658\nMAC 003044758c74\nIMEI 357926103386384\n \nAdvantech\nKSA3855737',NULL,NULL,0.00000000,0.00000000,0,'',NULL),(76,'TKT000006',NULL,'29',NULL,'Normal','Minor','Closed','Small Problem','Troubleshoot Dayforce Offline-El Techo','Support,\nRecap:  \nArrived at 1:15 on site and Vincent (GM) was on site at Lolinda\nAsked him to show me where the Lolinda DayForce tablet was located at\nVincent gave me a quick rundowm of the issue\nCalled the Bridge and spoke with Support (Claudette)\nBased on the email information, I was under the impression the DayForce tablet was hard wired as I was asked to remove the Ethernet cable\nTried to unmount the tablet to check connection but could not get it off the wall\nAsked Claudette how to unmount Tablet which she did not know\nTold her I could call Angel who was the one who mounted it\nClaudette said she would stay on the bridge\nCalled Angel and he told me the DayForce Table were connected via wireless\nFollowed his instructions and quickly noted that the Wireless connection was disabled so I re-enabled it\nIt took a few tries but eventually Tablet reconnected\nIP address finally showed\nTrigger a call home and a Software update as per the instructions\nDevice showed a Green connection and Wireless connection\nVincent had staff enter information and it worked as expected according to him\nThen went to El Techo and did the same things for the second Tablet\nWhen done, called the Bridge back but no Claudette\nCalled Dynamix Support, Rohit pickup the call and tranferred me to Dale as he could not contact Claudette\nProvide Dale with IP addresses of both DayForce Tablet and Dale confirmed he could see them online\nInformed Vincent that El Techo DayForce Tablet was fixed as well\nTook pictures\nSuggestions:  DayForce Tablet may need to be hard wired as the isssue was network related instead of a wireless connection\nLeft site',NULL,NULL,0.00000000,0.00000000,0,'',NULL),(77,'TKT000007',NULL,'16',NULL,'Normal','Minor','Closed','Small Problem','Comcast Enterprise Services Planned Maintenance Notification - CM004269753','',NULL,NULL,0.00000000,0.00000000,0,'',NULL),(78,'TKT000008',NULL,'16',NULL,'Normal','Minor','Open','Small Problem','Comcast Enterprise Services Planned Maintenance Notification - CM004269753','',NULL,NULL,12.00000000,0.00000000,0,'',NULL),(79,'TKT000009',NULL,'16',NULL,'Normal','Minor','Closed','Small Problem','Comcast Enterprise Services Planned Maintenance Notification - CM004269753','',NULL,NULL,12.00000000,0.00000000,0,'',NULL),(80,'TKT000010',NULL,'16',NULL,'Normal','Minor','Closed','Small Problem','omcast Enterprise Services Planned Maintenance Notification - CM004269753','',NULL,NULL,12.00000000,0.00000000,0,'',NULL),(81,'TKT000011',NULL,'16',NULL,'Normal','Minor','Closed','Small Problem','Comcast Enterprise Services Planned Maintenance Notification - CM004269753','',NULL,NULL,12.00000000,0.00000000,0,'',NULL),(82,'TKT000012',NULL,'16',NULL,'Normal','Minor','Closed','Small Problem','Comcast Enterprise Services Planned Maintenance Notification - CM004269753','',NULL,NULL,12.00000000,0.00000000,0,'',NULL),(83,'TKT000013',NULL,'16',NULL,'Normal','Minor','Closed','Small Problem','Comcast Enterprise Services Planned Maintenance Notification - CM004269753','',NULL,NULL,12.00000000,0.00000000,0,'',NULL),(84,'TKT000014',NULL,'16',NULL,'Normal','Minor','Closed','Small Problem','omcast Enterprise Services Planned Maintenance Notification - CM004269753','Checking on internet issue on site.  Details				\nof issues detailled with Dynamix Support 				\nIncludes travel time and Toll fee',NULL,NULL,0.00000000,0.00000000,0,'',NULL),(85,'TKT000015',NULL,'16',NULL,'Normal','Minor','Closed','Small Problem','Comcast Enterprise Services Planned Maintenance Notification - CM004269753','Sent by Charlie to Flores Emeryville.  Could not get				\naccess to location as location needs prior 				\nnotifications for access',NULL,NULL,12.00000000,0.00000000,0,'',NULL),(86,'TKT000016',NULL,'21',NULL,'Normal','Minor','Closed','Small Problem','Internet Disruption at A Mano','Comcast has reported that this is a possible modem replacement\nETA for comcast tech is between 6-8 PM\nWe will contact the tech once we get a narrow time from COMCAST',NULL,NULL,0.00000000,0.00000000,0,'',NULL),(87,'TKT000017',NULL,'4',NULL,'Normal','Minor','Closed','Small Problem','After Work Bar / Montaje seguro para televisores de barra','Visit on site to understand actual issue of ticket				\nas information was very unclear.  While on site				\nmet with new GM who was able to provide me				\ncorrect information as to what was needed				\nIncludes travel time',NULL,NULL,0.00000000,0.00000000,0,'',NULL),(88,'TKT000018',NULL,'0',NULL,'Normal','Minor','Closed','Small Problem','Super Duper-Castro / Toast Tap Installation','',NULL,NULL,0.00000000,0.00000000,0,'',NULL),(89,'TKT000019',NULL,'0',NULL,'Normal','Minor','Closed','Small Problem','Cash Drawer Tech Install','',NULL,NULL,0.00000000,0.00000000,0,'',NULL),(90,'TKT000020',NULL,'0',NULL,'Normal','Minor','Closed','Small Problem','Super Duper-Castro / Toast Tap Installation','',NULL,NULL,0.00000000,0.00000000,0,'',NULL),(91,'TKT000021',NULL,'5',NULL,'Low','Minor','Closed','Small Problem','Super Duper-Castro / Toast Tap Installation / Tech No Show','',NULL,NULL,0.00000000,0.00000000,0,'',NULL),(92,'TKT000022',NULL,'0',NULL,'Normal','Minor','Closed','Small Problem','107721 / Super Duper - Emeryville / Toast Tap Replacement','',NULL,NULL,0.00000000,0.00000000,0,'',NULL),(93,'TKT000023',NULL,'5',NULL,'Normal','Minor','Closed','Small Problem','Super Duper Castro / PG&E Electrical service interruption.','',NULL,NULL,7.50000000,0.00000000,0,'',NULL),(94,'TKT000024',NULL,'27',NULL,'Normal','Minor','Closed','Small Problem','108064 / Flores Union / Printer Routing Issue','Worked wiith Dynamix Support to resolve Bar				\nprinter issue.  Spend a lot of time on bridge waiting				\nfor Dynamix Support to do their work on their side				\nIncludes travel time',NULL,NULL,0.00000000,0.00000000,0,'',NULL),(95,'TKT000025',NULL,'0',NULL,'Normal','Minor','Closed','Small Problem','Super Duper Castro / PG&E Electrical service interruption.','',NULL,NULL,0.00000000,0.00000000,0,'',NULL),(96,'TKT000026',NULL,'16',NULL,'Normal','Minor','Closed','Small Problem','107721 / Super Duper - Emeryville / Toast Tap Replacement','N/A - No invoice - No records',NULL,NULL,0.00000000,0.00000000,0,'',NULL),(97,'TKT000027',NULL,'0',NULL,'Normal','Minor','Closed','Small Problem','Super Duper Castro / PG&E Electrical service interruption.','',NULL,NULL,0.00000000,0.00000000,0,'',NULL),(98,'TKT000028',NULL,'0',NULL,'Normal','Minor','Closed','Small Problem','108232 / After Work Bar / To troubleshoot the Cash Drawer and Printer','',NULL,NULL,0.00000000,0.00000000,0,'',NULL),(99,'TKT000029',NULL,'0',NULL,'Normal','Minor','Closed','Small Problem','108059 / Super Duper - Castro / Schedule Power Interruption','',NULL,NULL,0.00000000,0.00000000,0,'',NULL),(100,'TKT000030',NULL,'0',NULL,'Normal','Minor','Closed','Small Problem','The Tailor\'s Son / Onboarding of Handhelds','',NULL,NULL,0.00000000,0.00000000,0,'',NULL),(101,'TKT000031',NULL,'15',NULL,'Normal','Minor','Closed','Small Problem','DVR/Camera Setup','Hello Team,\n\n \n\nWe would like to request a technician for the location below:\n\nAddress: 5399 Prospect Road\n\nTime: Earliest tomorrow. \n\nAccess to Store:  Granted c/o Kitchen Staff \n\nDynamix Ref Number: 108341\n\n \n\nWork Needed:\nTask 1: Work with Dynamix TAC Team to configure/install iVMS software\nTask 2: Check functionality with Support and GM\n\n \n\nManager currently cannot access cameras but iVMS should already be installed. \n\nRegards,\nEarl',NULL,NULL,0.00000000,0.00000000,0,'',NULL),(102,'TKT000032',NULL,'0',NULL,'Normal','Minor','Closed','Small Problem','Super Duper - Castro / Scheduled Power Interruption','',NULL,NULL,0.00000000,0.00000000,0,'',NULL),(103,'TKT000033',NULL,'0',NULL,'Normal','Minor','Closed','Small Problem','Field Tech Visit Request','Hello Blue Technology,\n \nWe would like to request that the technician be available on February 28, 2023, at the following location:\n \n\nDynamix Ref: 00108412\nAddress: 5959 Shellmound Street, San Francisco, CA 94608\nStore: Super Duper - Emeryville\nDate: February 28, 2023 (Tuesday)\nTime: 10:00 AM PST\n\n\nHere are the primary goals:\n\n1. Install the replacement Toast Tap device\n2. Test all Toast-Tap functionality.\n3. Drop off the defective Toast Tap device using the label kit.\n4. Send us the tracking number from the return label kit.\n\nPlease confirm the availability of the schedule.\n\nThank you.\n\nBest,',NULL,NULL,0.00000000,0.00000000,0,'',NULL),(104,'TKT000034',NULL,'0',NULL,'Normal','Minor','Closed','Small Problem','00108672 / Delarosa Yerba Buena / Printer issue','Adding Troubleshooting steps done:\n\nCheck Physical connection: power and ethernet cable – firmly connected\nThe green light is on at the ethernet port\nTest print – ok\nTried printing from the POS – no go\nPower cycle the printer – done\nTried printing again – still no go\nLocate the reset button and tried to print – no IP address\nCheck for the backup printer\nThey have the TP 200 printer\nTried to connect the printer but still not printing and still no IP address upon printing the test print\n\nPlease let us know if you have other questions.\n\nRegards,\nDianah',NULL,NULL,0.00000000,0.00000000,0,'',NULL),(105,'TKT000035',NULL,'0',NULL,'Normal','Minor','Closed','Small Problem','108772 - aMano network rack','BT Support,\n\n \n\nRequest a technician for the following:\n\nAddress: 450 Hayes St, SF, CA 94102\n\nDate: Monday, 3/6/23\n\nTime: 8-10am\n\nAccess to store: granted by kitchen staff (in at 8am)\n\nDynamix reference number: 108772\n\n \n\nWork to be completed (NOTE - all hardware is onsite, underneath network rack)\n\nadd monitor and mouse to DVR – place on top of dehydrator, to the right of the rack.\nadd battery backup and devices set according to BOH standard\nadd CloudCover\nNOTE: device should be powered on and plugged into switch\n*** NOC will designate which port to use for music licensing***\n\nSonos system to remain as is – no changes should be made to AV system\n \n\nThere is a lockbox upstairs – when facing office door,  to the left, near the ceiling. Code is 1987.\n\n \n\nYann was originally scheduled at 98 Mission at this time – I want that changed. Yann should take this aMano call and let’s have Angel take care of 98 Mission.\n\n \n\nPlease reach out with any questions or concerns.\n\n \n\nThank you,',NULL,NULL,0.00000000,0.00000000,0,'',NULL),(106,'TKT000036',NULL,'0',NULL,'Normal','Minor','Closed','Small Problem','Troubleshoot KDS 2 (kept on rebooting)','Hello Blue Technology, \n\nWe would like to request a technician for the location below:\nStore Name: Super Duper - Los Gatos\nStore Address: 15991 Los Gatos Blvd., Bldg 3\nDate & Time: March 8, Wednesday at  8AM\nAccess to the store: Granted Janitor \nDynamix Reference number: 108410\n\nWork Needed: \nInstall the replacement KDS\nReturn the defective KDS\nProvide the inbound tracking number to FLS\n\n\n\nRegards, \nClaudette',NULL,NULL,0.00000000,0.00000000,0,'',NULL),(107,'TKT000037',NULL,'0',NULL,'Normal','Minor','Closed','Small Problem','108772 - aMano network rack','Hello Yann,\n\nHere\'s the bridge information:\n\n510-982-2796\nParticipant pin # 6694\n\nAnd it is now open.\nPlease join the conference when you can for the check-in.\n\n \n\nBest regards,\nDianah',NULL,NULL,0.00000000,0.00000000,0,'',NULL),(108,'TKT000038',NULL,'9',NULL,'Normal','Minor','Closed','Small Problem','108817 and 108825 / Super Duper – Metreon / Printer not printing and No sound on their Music','Tested both Receipt printers and  they tested/print 				\ncorrectly.  Got the IP address for both printers				\nDid some tests with Tech Minerva to validate the 				\nproblem.  Realized that Receipts Printers between 				\nKiosk and Term1 has been swapped between the 				\ntwo Workstations.  Swapped Printers back to proper 				\nlocations and reconnected both of them				\nTested Kiosk Workstation again and Kiosk finally 				\nprinted correctly.  				\nIncludes travel time.',NULL,NULL,0.00000000,0.00000000,0,'',NULL),(109,'TKT000039',NULL,'9',NULL,'Normal','Minor','Closed','Small Problem','108817 and 108825 / Super Duper – Metreon / Printer not printing and No sound on their Music','Tested both Receipt printers and  they tested/print 				\ncorrectly.  Got the IP address for both printers				\nDid some tests with Tech Minerva to validate the 				\nproblem.  Realized that Receipts Printers between 				\nKiosk and Term1 has been swapped between the 				\ntwo Workstations.  Swapped Printers back to proper 				\nlocations and reconnected both of them				\nTested Kiosk Workstation again and Kiosk finally 				\nprinted correctly.  				\nIncludes travel time.',NULL,NULL,0.00000000,0.00000000,0,'',NULL),(110,'TKT000040',NULL,'21',NULL,'Normal','Minor','Closed','Small Problem','108772 - aMano network rack','Hello Nuranne,\n\nPlease see Yann\'s report below. \n\nInstalled Battery Backup/Surge Protector within the				\nRack.  Setup and connected Monitor for DVR.  Got 				\nDVR Specs and sent information to Support.  Setup				\nHikvision IVMS on Manager\'s PC				\nIncludes travel time				\n\n\nFor now, we will close this ticket. I kindly request that you review the report and let us know if there are any further actions required.\n\nBest regards,\n\nDale',NULL,NULL,0.00000000,0.00000000,0,'',NULL),(111,'TKT000041',NULL,'0',NULL,'Normal','Minor','Closed','Small Problem','SD Downtown - Printer offline/Device Irregularities','Hello Team,\n\nWe would like to request a technician for the location below:\n\nAddress: 37 Yerba Buena, San Francisco, CA 94103\n\nDate: Earliest availbility\n\nTime: Earliest availbility\n\nAccess to Store:  TBD\n\nDynamix Ref Number: 108844\n\n \n\nWork Needed:\nTask 1: Check/troubleshoot why printer is offline\nTask 2: Check other devices that are not compliant with IP convention\n \n\nTroubleshooting Steps taken:\n· Checked printer connections & reboot\n· Verified printer is not being picked-up in the network\n· Staff Andi mentioned they\'ve tried everything to get it to work but to no avail\n· Requesting immediate assistance if at all possible.\n\nRegards,\nEarl',NULL,NULL,0.00000000,0.00000000,0,'',NULL),(112,'TKT000042',NULL,'9',NULL,'Normal','Minor','Closed','Small Problem','108817 and 108825 / Super Duper – Metreon / Printer not printing and No sound on their Music','To all,\nWent on site this morning and this is what I did :\n- Joined the Bridge\n- Tested both Receipt printers and  they appear\\s to test print correctly\n- Got the IP address for both printers\n- Did some tests with Tech Minerva to validate the problem\n- Realized that Receipts Printers between Kiosk and Term1 has been swapped between the two Workstations\n- Swapped Printers back to proper locations and reconnected both of them\n- Tested Kiosk Workstation again and Kiosk finally printted correctly\n- Tested Term1 Workstation and Receipt printer still printed at Kiosk  \n-  Minerva checked her Workstation Term1 Configurations and it all looked good on her side but we still had issue\n-  Minerva called Toast Support and Toast Support pointed out that the Printer was not setup correctly on the device itself (Printer setup of the actual Workstation in location) and that were it needed to be changed.  We both learned something today about the Toast printing setting\n- Tested that Term 1 Worstation as well and it finally printed correctly\n- Tested the third Workstation (Term 2)  for validation and it tested correctly as well. \n- When Manager came in, Minerva had him test again so he could see for himself that all Workstations were printing correctly.  All good. \n- Manager to void all checks used for test purposes\n- Fixed the music issue as well \n- Left the Bridge.\n \nPs:  Got an error message on Kiosk Workstation (Error starting Toast App.  Saw that message a few times/see attached picture).  Unit did a software update \n \nThank you.',NULL,NULL,0.00000000,0.00000000,0,'',NULL),(113,'TKT000043',NULL,'0',NULL,'Normal','Minor','Closed','Small Problem','108410 / Super Duper Los Gatos / installation of replacement KDS','Hello Blue Technology, \n\nWe would like to request a technician for the location below:\nDate & Time: March 13, Monday at  8 AM\nStore Name: Super Duper - Los Gatos\nStore Address: 15991 Los Gatos Blvd., Bldg 3\nAccess to the store: Granted Janitor \nDynamix Reference number: 108410\n\nTasks: \nInstall the replacement KDS\nReturn the defective KDS\nProvide the inbound tracking number to FLS\n\n\n\nRegards, \nDianah',NULL,NULL,0.00000000,0.00000000,0,'',NULL),(114,'TKT000044',NULL,'0',NULL,'Normal','Minor','Closed','Small Problem','Beretta - Pop Up / Troubleshoot wireless phone','Hello Team, \n\nWe would like to request a technician for the location below: \n\nAddress: 661 Divisadero Street\nDate:Time:  Today if possible\nAccess to Store: Managers office\nDynamix Ref Number: 00108826\nDevice Type: Phone \nConnection Type: Wired / Wireless\n\nWork Needed:\nTask 1: Connect / Pair Yealink wireless phone to the Receiver \nTask 2: Make Test calls both inbound and outbound\n\nTroubleshooting Steps taken:\n· Rebooted phone manually\n· Hard reset\n\nLet us know if you have other questions.\n\nRegards,\nJeremy.',NULL,NULL,0.00000000,0.00000000,0,'',NULL),(115,'TKT000045',NULL,'20',NULL,'Normal','Minor','Closed','Small Problem','Uno Dos Tacos / Connect Yealink Receiver to network','To all,\nArrived at 2:00 pm, but due to short notice, I eat lunch on site and started working on system at 2:30 pm\nWorked on the Bar side first but all the available Patch Panel Ports were all faulty (2B, 1A and 1B) and I toned them as well to make sure\nthey were correctly labelled. Then went on the counter side and find the only available Patch Panel Port (5B) and connected to the network\nwithout issues. When I tried to connect the Verizon Base to the phones themselves (phones and bases comes in different boxes with this\nnew model) and I simply could not tell which phone should be associated with which Base. I did not get a clear answer from GoIT on that. After explaining the issues with Nuranne, she told me to call SystemGoIT which I did and we were eventually able to connect the phones to the bases. The the phones had to do a long upgrade which took almost 20 minutes and when that was done, we were able to test the phone and quickly realized we could call out but not answer any calls when calling Unos Dos Tacos. Called SystemGoIT again and after providing them the actual phone numbers of the phone themselves, they realized the new phones were not properly setup in the Unos Dos Tacos Hunt Group. When that was corrected, the phone started receiving calls. Monica, who was on site, put one site on the Counter close to the Base (I labelled both of the phones as well) and she brought the second phone itself at the Bar but the Base itself remained connected directly at the Switch. She tested it and still got excellent reception all the way from the bar. Left the premises to go to the next appointment.',NULL,NULL,0.00000000,0.00000000,0,'',NULL),(116,'TKT000046',NULL,'19',NULL,'Normal','Minor','Closed','Small Problem','Field Tech Request - NAPA','Went on site to assist with Ciena installation and 				\nvalidation.  See details below.  Pictures in OneDrive				\nTravel time				\n\nDate: 3/20/2023\nTime: 7:00AM PST\nAccess to Store: Granted by Nuranne \nDynamix Ref Number: 107054 \n\nWork Needed:\nTask 1: Assistance with moving rack equipment \nTask 2: Assistance with ATT Ciena install/Activation as needed\nTask 3: Cienna Speed Test\n\nPlease advise if this is possible.\n\nThank you,\nChristian Cruz',NULL,NULL,0.00000000,0.00000000,0,'',NULL),(117,'TKT000047',NULL,'0',NULL,'Normal','Minor','Closed','Small Problem','108892 / SD Castro / Cash Drawer not opening automatically','Hello Blue Technology,\n\n\nWe would like to request a technician for the location below:\n\n\nAddress: SD Castro / 2304 Market Street, San Francisco CA 94119\nTime: 8:00 AM PST\nDate: March 20, 2023 (Monday)\nAccess to Store: Granted c/o store Janitor Daniel (Contact #: 4152907072)\nDynamix Ref Number: 108892\n\n\n\nWork Needed:\nCheck the Cash Drawer not opening automatically\nCheck the Cash Drawer\'s physical connection\nTest Cash Drawer Functionality\n\n\nTroubleshooting Steps were taken:\nRestarted the register\n\n\nThank you and looking forward to your response.\n\n\nRegards,\nDianah',NULL,NULL,0.00000000,0.00000000,0,'',NULL),(118,'TKT000048',NULL,'14',NULL,'Normal','Minor','Closed','Small Problem','Super Duper - Berkeley / Resolve camera 2','Arrived at 1:00 pm												\nWas shown what camera was not allowing access to recorded video.  Could see no video was recorded on that specific camera												\nRebooted DVR and camera itself.  I could see that camera was now recording and storing video and it was accessible												\nShowed the GM that that camera video was now successfully recording.  Created a Saved to quicly access all cameras available',NULL,NULL,0.00000000,0.00000000,0,'',NULL),(119,'TKT000049',NULL,'28',NULL,'Normal','Minor','Closed','Small Problem','Flores Corte Madera / Cameras are offline','Hello Team, \n\nWe would like to request a technician for the location below: \n\nAddress: 301 Corte Madera, Town Center\nDate:Time:  10AM PST March 22 2023 (Wednesday)\nAccess to Store: Network room\nDynamix Ref Number: 00109160\nDevice Type: Security Camera \nConnection Type: Wired\n\nWork Needed:\nTask 1: Check DVR if it\'s offline\nTask 2: Check IVMS Software if the cameras are up\n\nTroubleshooting Steps taken:\n· Tried rebooting remotely / devices are offline\n\nLet us know if you have other questions.\n\nRegards,\nJeremy.',NULL,NULL,0.00000000,0.00000000,0,'',NULL),(120,'TKT000050',NULL,'16',NULL,'Normal','Minor','Closed','Small Problem','Super Duper - Emeryville /  Phone Setup','Hello Team, \n\nWe would like to request a technician for the location below: \n\nAddress: 5959 Shellmound Street\nDate: 3/22/2023\nTime: 10:00 AM PST If possible today (22nd) or by tomorrow \nAccess to Store:  Office and Kitchen\nDynamix Ref Number: 00108788\nDevice Type: Phone\nConnection Type: Wired / Wireless\n\nWork Needed:\nTask 1: Setup phone \nTask 2: Register phone\nTask 3: Test outbound and inbound calls\n\nLet us know if any help needed on our end.\n\nRegards,\nJeremy.',NULL,NULL,0.00000000,0.00000000,0,'',NULL),(121,'TKT000051',NULL,'11',NULL,'Normal','Minor','Closed','Small Problem','Installation of replacement KDS at SD Novato','To all,\nThe installation has been completed.  Prior to a new equipment install, could the Toast User and Password be provided before the actual install?  The Dynamix tech always has to call me back with the info so clearly they don\'t have it themselves.  As the field tech, I will need that information during the time of installation.  Secondly, the configuration of the device is done by memory only and to the best of my recollection.  Would be best to follow a specific protocol of how it is to be setup so it\'s consistent at every location.  Also, I like to do a test order to see if the device is connected correctly but I do not recall how to void a check on Toast.  Can I be forwarded instructions on how to void a check in a Quick Service option as well as to how to void in a full Service operations?  Would be good information to have. There is a test check closed to cash that the Manager will need to void.  The check was left on the terminal itself.  I will upload all pictures that I took this morning and load them in the OneDrive for this site. Finally, I will take care of shipping the broken Workstation back to Toast.  Thank you.',NULL,NULL,0.00000000,0.00000000,0,'',NULL),(122,'TKT000052',NULL,'0',NULL,'Normal','Minor','Closed','Small Problem','Tech Request: Damage outside cable TV / After work Bar','Hello Blue Technology, \n \nWe would like to request a technician for the location below:\n\n \n\nAddress: 409 Gough Street\nDate: March 24, 2023\nTime: between 2PM-5PM\nAccess to Store:  Store manager \nDynamix Ref Number: 109295\nWork Needed:\n\nTo check /assess the cable outside. The manager complained about one of the cable TV wire from outside seemed to be  pulled out and damaged.\n\n\n\n\nRegards, \nClaudette',NULL,NULL,0.00000000,0.00000000,0,'',NULL),(123,'TKT000053',NULL,'11',NULL,'Normal','Minor','Closed','Small Problem','nstallation of replacement KDS at SD Novato','Hello BT, \n\nWe are sending you the bridge information for tech dispatch on March 27 at SD-Novato. \n\nConference Bridge Phone # 510-982-2796\nParticipant pin # 6694\n\n\n\nRegards, \nClaudette',NULL,NULL,0.00000000,0.00000000,0,'',NULL),(124,'TKT000054',NULL,'0',NULL,'Normal','Minor','Closed','Small Problem','SD Downtown Replacement Kitchen Printer Onboarding','Hello Blue Technology,\n\n\nWe would like to request a technician for the location below:\n\n\nAddress: 721 Market Street, Downtown\n\nDate:  April 3, 2023 Monday\n\nTime: 8:00 AM PST\n\n \n\nAccess to Store:  Granted c/o Janitor\n\nDynamix Ref Number: 109658\n\nDevice Type: Toast Kitchen Printer\n\nConnection Type: Hardwired \n\n\nWork Needed:\n\nTask 1: Install the replacement Kitchen Printer\nTask 2: Make sure label is added to the device CSD002-KITCHEN\nTask 3: If RMA, drop off the defective unit.\n\n \n\n \n\nRegards, \nAlexandra',NULL,NULL,0.00000000,0.00000000,0,'',NULL),(125,'TKT000055',NULL,'0',NULL,'Normal','Minor','Closed','Small Problem','SD Downtown Replacement Kitchen Printer Onboarding','Hello Blue Technology,\n\n\nWe would like to request a technician for the location below:\n\n\nAddress: 721 Market Street, Downtown\n\nDate:  April 3, 2023 Monday\n\nTime: 8:00 AM PST\n\n \n\nAccess to Store:  Granted c/o Janitor\n\nDynamix Ref Number: 109685\n\nDevice Type: Toast Kitchen Printer\n\nConnection Type: Hardwired \n\n\nWork Needed:\n\nTask 1: Install the replacement Kitchen Printer\nTask 2: Make sure label is added to the device CSD002-KITCHEN\nTask 3: If RMA, drop off the defective unit.',NULL,NULL,0.00000000,0.00000000,0,'',NULL),(126,'TKT000056',NULL,'0',NULL,'Normal','Minor','Closed','Small Problem','Uno Dos Tacos / Phone installation and activation','Hello Team, \n\nWe would like to request a technician for the location below: \n\nAddress: 595 Market Street\nDate:Time:  8AM Today 3/30/2023 or Tomorrow 3/31/2023\nAccess to Store: Office / Restaurant\nDynamix Ref Number: 00108896\nDevice Type: Wireless phones\nConnection Type: Wireless / Wired\n\nWork Needed:\nTask 1: Install and setup new Phones\nTask 2: Coordinate with OneTalk / Verizon to Register the phone\nTask 3: Test inbound and outbound calls on the new phones\n\nLet us know if you have further questions.\n\nThanks & Regards,\nJeremy.\n\n\n--------------- Original Message ---------------\nFrom: Nuranne Dairkee [ndairkee@backofthehouseinc.com]\nSent: 3/29/2023, 8:59 PM\nTo: support@dynamixcloud.com\nSubject: RE: Business phone line\n\nHello Dale,\n\n \n\nMy apologies for the late reply here.\n\n \n\nYes, please proceed with tech dispatch request. Submit the request to Blue Technology and explain the work that needs to be done. JC will assign a technician based on job requirements and availability.\n\n \n\nThe phones for Beretta – Divisadero should have arrived today as well. This is ticket 108826. Submit a separate request so we get the proper closing reports to each ticket – but make sure it’s clear that both calls are to be done on the same day.\n\n \n\nSince both locations have been without phones for over three weeks now – we need to have this scheduled as soon as possible this week. Please include me on both tech dispatch requests and let me know if you have any questions.\n\n \n\nThank you,',NULL,NULL,6.00000000,0.00000000,0,'',NULL),(127,'TKT000057',NULL,'30',NULL,'Normal','Minor','Closed','Small Problem','Request Tech Visit LRS Pager','',NULL,NULL,0.00000000,0.00000000,0,'',NULL),(128,'TKT000058',NULL,'18',NULL,'Normal','Minor','Closed','Small Problem','Tech Request at SD Serramonte SDWAN equipment pickup','Support, \nRecap: \nArrived at 7:45 am \nJumped on the Bridge \nEmployee was on site already \nEmployee left at 8 am \nLocated Comcast equipment on top of Network rack \nDid a continual Ping to insure that me removed the Comcast equipment would not disconnect site.  No issue \nRemoved all equipment including power cords and network cables connected to Comcast devices \nClosed the Rack back after removing equipment \nTook pictures of devices \nSpoke with Support on Bridge \nProvided information requested by Support \nSupport left the bridge and so did I \nAttached pictures of devices to Email \nWaiting for Comcast on site to hand over equipment as requested \nWill drop off store key today back where I picked it up',NULL,NULL,0.00000000,0.00000000,0,'',NULL),(129,'TKT000059',NULL,'0',NULL,'Normal','Minor','Closed','Small Problem','The Tailor\'s Son / Outdoor speaker issue','C,\n\n \n\nThanks so much for confirming.\n\n \n\nTo clarify the calls:\n\n109874 – Internet outage\n\n109745 – Outdoor speakers\n\n \n\nPriority is internet issue first – time permitting for the outdoor speakers. As the restaurant opens at 5pm, we may need to reschedule the visit for outside speakers until tomorrow.\n\n \n\nThank you,\n\n \n\nFrom: supportticket@mybluetechnology.com \nSent: Tuesday, April 4, 2023 3:56 PM\nTo: Dynamix ServiceDesk \nCc: jc@mybluetechnology.com; Nuranne Dairkee ; bim@mybluetechnology.com\nSubject: RE: The Tailor\'s Son / Outdoor speaker issue\n\n \n\nHi,\n\n \n\nThe technician assigned is BIM.\n\n \n\nShe would be there in around 1 hour.\n\n \n\nHer cellphone number is ‪(415) 632-2318\n\n \n\nJC',NULL,NULL,0.00000000,0.00000000,0,'',NULL),(130,'TKT000060',NULL,'32',NULL,'Normal','Minor','Closed','Small Problem','Hello Blue Technology,   We would like to request a technician for the location below: Address: 2516 Mission St- El Techo and Lolinda Date:  ASAP, If possible today April 5 Time: 9PM PST  Access to Store:  C/o Staff  Dynamix Ref Number: 109888 Device Type','Replace the cables of both speakers. 				\nSet up serial panel				\nReplace broken speaker binding terminal with a new one				\nFix the binding terminal for the other  speaker				\nCover cable connections with waterproof tape				\n\n\n \n\nThank you again for coordinating Bim’s visit today – I’m glad we’re able to do see her wide array of skills on these types of calls.  \n\n \n\nBim and I discussed the current situation with the outdoor speakers and she said she has the availability to do the job tomorrow. Can we schedule her from 12 – 3pm? If she’s able to complete the job sooner, that’s fine too. She had mentioned 2-3 hours.\n\n \n\nPlease let me know if this is possible and then I’ll loop in the Dynamix team on the plan.\n\n \n\nThank you,',NULL,NULL,5.00000000,0.00000000,0,'',NULL),(131,'TKT000061',NULL,'29',NULL,'Normal','Minor','Closed','Small Problem','Troubleshoot Dayforce Offline-El Techo','Vincent gave me a quick rundowm of the issue\nCalled the Bridge and spoke with Support (Claudette)\nBased on the email information, I was under the impression the DayForce tablet was hard wired as I was asked to remove the Ethernet cable\nTried to unmount the tablet to check connection but could not get it off the wall\nAsked Claudette how to unmount Tablet which she did not know\nTold her I could call Angel who was the one who mounted it\nClaudette said she would stay on the bridge\nCalled Angel and he told me the DayForce Table were connected via wireless\nFollowed his instructions and quickly noted that the Wireless connection was disabled so I re-enabled it\nIt took a few tries but eventually Tablet reconnected\nIP address finally showed\nTrigger a call home and a Software update as per the instructions\nDevice showed a Green connection and Wireless connection\nVincent had staff enter information and it worked as expected according to him\nThen went to El Techo and did the same things for the second Tablet\nWhen done, called the Bridge back but no Claudette\nCalled Dynamix Support, Rohit pickup the call and tranferred me to Dale as he could not contact Claudette\nProvide Dale with IP addresses of both DayForce Tablet and Dale confirmed he could see them online\nInformed Vincent that El Techo DayForce Tablet was fixed as well\nTook pictures\nSuggestions:  DayForce Tablet may need to be hard wired as the isssue was network related instead of a wireless connection\nLeft site',NULL,NULL,7.50000000,0.00000000,0,'',NULL),(200,'TKT000062',NULL,'0',NULL,'High','Minor','Open','Other Problem','pepe estoy en test','',NULL,NULL,5.00000000,0.00000000,198,'',NULL),(218,'TKT000063',NULL,'32',NULL,'Normal','Minor','Closed','Small Problem','Troubleshoot Dayforce Offline at The Tailor\'s Son','',NULL,NULL,0.00000000,0.00000000,0,'',NULL),(220,'TKT000064',NULL,'20',NULL,'Normal','Minor','Closed','Small Problem','Wireless','',NULL,NULL,0.00000000,0.00000000,0,'',NULL),(222,'TKT000065',NULL,'3',NULL,'Normal','Minor','Closed','Small Problem','BRD Day Force Clock In Error','',NULL,NULL,0.00000000,0.00000000,0,'',NULL),(223,'TKT000066',NULL,'15',NULL,'Normal','Minor','Closed','Small Problem','Dayforce Tablet Offline','',NULL,NULL,0.00000000,0.00000000,0,'',NULL),(227,'TKT000067',NULL,'18',NULL,'Normal','Minor','Closed','Small Problem','Dayforce Tablet','',NULL,NULL,0.00000000,0.00000000,0,'',NULL),(228,'TKT000068',NULL,'32',NULL,'Normal','Minor','Closed','Small Problem','Run a test why expo printer didnt work on offline mode','',NULL,NULL,0.00000000,0.00000000,0,'',NULL),(231,'TKT000069',NULL,'6',NULL,'Normal','Minor','Closed','Small Problem','Clock-In Devise at SD-Downtown','',NULL,NULL,0.00000000,0.00000000,0,'',NULL),(232,'TKT000070',NULL,'12',NULL,'Normal','Minor','Closed','Small Problem','Dayforce clock','',NULL,NULL,0.00000000,0.00000000,0,'',NULL),(233,'TKT000071',NULL,'19',NULL,'Normal','Minor','Closed','Small Problem','Napa SD - DayForce Tablet Issues','',NULL,NULL,0.00000000,0.00000000,0,'',NULL),(234,'TKT000072',NULL,'5',NULL,'Normal','Minor','Closed','Small Problem','Troubleshoot Dayforce Offline at SD Castro','',NULL,NULL,0.00000000,0.00000000,0,'',NULL),(244,'TKT000073',NULL,'24',NULL,'Normal','Minor','Closed','Small Problem','Printer Red Light On','',NULL,NULL,0.00000000,0.00000000,0,'',NULL),(245,'TKT000074',NULL,'10',NULL,'Normal','Minor','Closed','Small Problem','Reconnect Dayforce Touchclocks Wirelessly to BOHTC / 98 Mission Street','',NULL,NULL,0.00000000,0.00000000,0,'',NULL),(248,'TKT000075',NULL,'17',NULL,'Normal','Minor','Closed','Small Problem','Super Duper Laurel Village / Reconnect Dayforce Touchclock to the Network','',NULL,NULL,0.00000000,0.00000000,0,'',NULL),(250,'TKT000076',NULL,'6',NULL,'Normal','Minor','Closed','Small Problem','Super Duper Laurel Village / Reconnect Dayforce Touchclock to the Network','',NULL,NULL,0.00000000,0.00000000,0,'',NULL),(252,'TKT000077',NULL,'11',NULL,'Normal','Minor','Closed','Small Problem','110064 / Super Duper - Novato / KDS offline, KDS displays wrong time','',NULL,NULL,0.00000000,0.00000000,0,'',NULL),(253,'TKT000078',NULL,'22',NULL,'Normal','Minor','Closed','Small Problem','Investigate the Beeping sounds','',NULL,NULL,0.00000000,0.00000000,0,'',NULL),(256,'TKT000079',NULL,'34',NULL,'Normal','Minor','Closed','Small Problem','110152 / Wildseed Palo Alto / Investigate Grill printer not printing / FWLD002-KP-GRILL','',NULL,NULL,0.00000000,0.00000000,0,'',NULL),(257,'TKT000080',NULL,'5',NULL,'Normal','Minor','Closed','Small Problem','Investigate Terminal Printer and Back-up printer not working- Receipts rerouted to Kiosk Printer','',NULL,NULL,0.00000000,0.00000000,0,'',NULL),(263,'TKT000081',NULL,'4',NULL,'Normal','Minor','Closed','Small Problem','The Bird Hayes / Reset AV Matrix','Arrived on site at 9:55 am\nLocated the TV with the stated issue.  Tv #4 has signal but not maching channel as stated\nJumped on the Bridge\nGuy (After Work Bar GM) arrived on site\nExplain to him what I suppose to do while on site\nTold him I\'m about to reboot the Matrix for the Bar Tv\'s\nRebooted the Matrix in the Network room\nDisconnecred and reconnected HDMI connection to Matrix at TV\nSpoke with Jeremy on the Bridge and explained to him what I had done but told him I would provide details in my report\nTV #4 is back but still with incorrect channel\nTested TV #8 using the Samsung remote to change channel (which seems to control the rest of the TV\'s which I change channel and other TV\'s on the Matrix) except for TV #4\nDecide to use the Comcast remote and TV #4 respond to switching channels\nMatch the channel of TV #4 with TV #8 (again, that TV seems to control the Matrix Channels) and all TV\'s are now on the same channel\nDid a few more test and I can get get all Matrix TV\'s on the same channel included TV #4\nAsk Guy to test it himself and he is able to have TV #4 matching the rest of the other Matrix TV\'s using a Samsung remote (used the one labelled Matrix)\nTalked with Guy and explain to him that different TV\'s have various imput (Matrix connection/some with Apple TV\'s and some with Comcast boxes) and that Nuranne and I worked on a document that clarify which TV\'s has what specific device connected to each TV\'s along with the HDMI imputs and I suggested if Nuranne can email Guy so they have the TV\'s connection nformation on site (information is not accessible to me at this time) which could be useful when needed. \nAsk if Guy had any additional questions and if we was comfortable with the process and he said he was\nAsk Jeremy if he had any more questions and he said no so I left the Bridge\nLeft the site',NULL,NULL,0.00000000,0.00000000,0,'',NULL),(266,'TKT000082',NULL,'12',NULL,'Normal','Minor','Closed','Small Problem','Super Duper -Los Gatos / Intermittent Internet Connection','Arrived on site by 8:00 am\nConnected to the Bridge\nWaited for a few minutes to be granted access\nWent to the office and followed instructions\nChecked the physical connections of devices on site (took pictures)\nAll physical connection are looking correct\nDid a Continual Pinging from the Manager\'s PC until the time I left.  All good\nVisually looked at the Toast system which all looks to be working as expected\nThen work on the DayForce Tablet\nReconnected the device to the WIFI SSID (BOHTC)\nChecked the device which is now online\nTook pictures for confirmation (4 pictures - more to come)\nThank you.',NULL,NULL,0.00000000,0.00000000,0,'',NULL),(267,'TKT000083',NULL,'29',NULL,'Normal','Minor','Closed','Small Problem','Field Tech Request Urgent','Arrived on site at 11:00 am as per JC request after picking up Fiber equipment at Corporate.  Started testing the network to find out where the problem was.  Started at Lolinda and checked the network at Rack 2 and everything looked to be working correctly.  Moved on to Rack 1 and everything looked good at that point.  All Lolinda devices appeared to be working correctly.  Moved on to El Techo and Rack 3 and I could see that every device connected to Rack 3 was offline.  Checked the Fiber connection and I could see that the light was off.  Based on previous experience with Fiber, I tried various steps to get the connection going again.  After doing multiple tests, it became clear that they were a connectivity issue with the Fiber.  Also, when I arrived, I called the Bridge but no tech joined after 30 minutes so I called JC to inform him and then I joined the bridge again and I was joined by Dale and other technicians.  Eventually Greg joined the call as well.  With guidance from Greg, we proceeded to do additional tests, replacing Fiber cable and SFP and nothing happened.  Greg contacted Rodrigo after it became clear that the Fiber connection was broken somewhere between Lolinda and El Techo.  Rodrigo contacted Access Cabling and they dispatched Francisco to assist on site and he arrived by 2:00 pm.  After he arrived, he and I spent more time trying to possibly locate where the problem with the was and in the meantime, Rodrigo started working on a backup plan which was to use network cable to possibly bypass the Fiber connection.  Around 4:30 pm, I was asked to go to my office as I had a few 100 feet long cables that would be necessary to go from El Techo to Lolinda.  In the meantime, Rodrigo left Novato to assist, and Guido also arrived on site to assist.  Nuranne was also dispatched to assist.  Eventually, we were able to run a cable from El Techo to Lolinda and additional configuration was done by Greg to establish a secondary connection between Lolinda and El Techo without creating a possible loop.  About 7:00 pm, the connection to El Techo was restored and the crew made sure that all network devices at El Techo were working correctly.   Then Rodrigo took everyone to dinner at Lolinda which was very nice.  \nThank you.',NULL,NULL,0.00000000,0.00000000,0,'',NULL),(271,'TKT000084',NULL,'20',NULL,'Normal','Minor','Closed','Small Problem','BT Tech Request','To all, \nRecap for Service call: \nArrived on site an jumped on the Bridge (I did not have any specific Bridge info but I checked anyway) and then I jumped on the second bridge that I used in the past but still by myself at that time.  Called Dynamix Support to reach Christian directly and we finally connected.  While on site, I realized that I did not have the correct connector to connect the AV cable and the network cable together next to each other to the Cloud Cover as you can see on the pictures sent earlier.  I knew of a Computer Store (Central Computers) near by that opened at 9:00 am so I went on site and was able to get the proper adapter to allow the connection to Cloud Cover.  I connected to Port 17 originally (Port 14 was being used but I saw it was not connected to anything so I connected Cloud Cover to Port 14 but the volume was still very loud so I reconnected the DMX to ensure that they had proper music which they could control.  Christian told me that some other software might possibly still needed to be installed but the physical connection is done (Cloud Cover to network and AV cable ready to connect).  Either myself or Herman (Manager on site) will simply need to move the the AV (white and Red cable to the Cloud Cover from the DMX when ready so Unos Dos Tacos can test it and possibly control the volume unless it\'s controlled on the PC itself.  Since the restaurant was open when I came back, I did not want to inconvenience the on site customers with possible loud music.  Please let me know if they are additional steps that need to take place.  Thank you.',NULL,NULL,0.00000000,0.00000000,0,'',NULL),(272,'TKT000085',NULL,'34',NULL,'Normal','Minor','Closed','Small Problem','Wildseed Palo Alto / Printer Replacement','Check the Network connection of the printer 				\nsince it will not pick up the correct IP address',NULL,NULL,0.00000000,0.00000000,0,'',NULL),(275,'TKT000086',NULL,'5',NULL,'Normal','Minor','Closed','Small Problem','nstallation of Toast Flex Counter, Receipt Printer and Direct attached Toast Tap','N/A - No records of invoice on that date for that location',NULL,NULL,0.00000000,0.00000000,0,'',NULL),(277,'TKT000087',NULL,'32',NULL,'Normal','Minor','Closed','Small Problem','The Tailor\'s Son / Cash Drawer replacement','Pick up Cash Drawer at Corprate and deliver and 				\ninstall at Tailor Son restaurant				\nDVR Checklist at Tailor Son				\nTravel time included',NULL,NULL,0.00000000,0.00000000,0,'',NULL),(285,'TKT000088',NULL,'17',NULL,'Normal','Minor','Closed','Small Problem','Request for BT Tech Dispatch at SD Laurel Village','',NULL,NULL,0.00000000,0.00000000,0,'',NULL),(287,'TKT000089',NULL,'2',NULL,'Low','Minor','Open','Big Problem','testing data en dev','',NULL,NULL,0.00000000,0.00000000,198,'',NULL),(290,'TKT000090',NULL,'20',NULL,'Low','Minor','Open','Small Problem','TESTING 7.5 Insert','test hardware',NULL,NULL,0.00000000,0.00000000,198,'',NULL),(293,'TKT000091',NULL,'19',NULL,'Normal','Feature','Closed','Small Problem','Super Duper - NAPA network h','Remote hands needed for network validation				\nRemote hands needed for failover testing',NULL,NULL,0.00000000,0.00000000,0,'',NULL),(295,'TKT000092',NULL,'34',NULL,'High','Major','Closed','Big Problem','Investigate why kitchen printers wouldn\'t print','To all, \nRecap of Service Call: \nArrived at 3:00 pm after getting a P1 call from JC and dropped everything I was doing \nDid not jumped on ther Bridge right away since I drove straight there without checking my email \nClaudette called me directly on my cell while I was on site and I told her to call me back in 30 minutes as I know I would be crawling under the kictchen equipment to most likely run a new cable which I ended running two eventually.   \nTested Patch Panel Port 7 which is where the Switch that connects to all three Kitchen printers connects to the rest of the network and it tested back.  Port 8 was connected to the KDS so I left it alone. \nI ran a new Cable from Patch Panel Port 5 to where the Swith was a I got connected but after doing some tests, the Expo printer would not print and I tested it and I was not getting an IP address automatically.  I used another cable and the Expo still did not get an Assigned IP Address.  Spoke with Claudette and provided the MAC address to see if NOC could see the MAC address as I thought possibly it may have been a Toast configuration issue.  \nAt that point, Nuranne had joined the conversation and it was suggested to connect the Expo printer directly to the VLAN Switch within the Rack which I did after locating the backup Kitchen Printer on site \nThe Expo printer did finally get an IP address and I brought it back on the line and it started to work correctly but then Grill printer sent the orders to another printer so I took that Grill printer to the Rack and gain it gave an IP address and from there, they were additional Toast configuration done and Daniel, the Manager on site was able to check that everything was printing correctly \nAs for the Patch Panel Port connection on the Hot Line, only Patch Panel Port #4, #5 and # 8 are working (all used).  Patch Panel Port #8 and 11 and bad.  Others, I cannot even see behind the hot line.  \nI also replaced the currect 8 Port Switch for the kitchen Printers with one that was less dirty.  I put the old one in the box in the Manager\'s office network equipment so they have a backup on site    \nI left the site at 5:00 pm.  Thank you.',NULL,NULL,0.00000000,0.00000000,0,'',NULL),(313,'TKT000093',NULL,'17',NULL,'Normal','Major','Open','Big Problem','tEST 10','',NULL,NULL,NULL,NULL,0,'',NULL),(344,'TKT000094',NULL,'2',NULL,'Low','Minor','Open','Big Problem','Creantis','',NULL,NULL,NULL,NULL,198,'',NULL),(359,'TKT000095',NULL,'25',NULL,'Normal','Minor','Closed','Small Problem','Tech Visit at Dela Rosa Yerba Buena /  Connect Newly Opened Ports to Patch Panel','-	KDS  3 terminals work only 1 for Hot KDS \n-	From the beginning of start Pizza KDS shown not correct IP addresses :10.120.16.222   but when moved to port switch  38 IP got corrected  but keeping shown on and off in 2 seconds both port 37 and 38 got same problem and also switch light at port turn on and off every 2 second.\n-	I checked all cable network signal from patch panel many times already that 100% pass thru complete signal and rechecked every time before starting this mission and sure that IP shown on and off not from patch panel or cable issued because I have tried directed connected pass thru from KDS to switch port directly it’s same problem that IP address shown on and off .\n-	Clean up area for kitchen turn to work.\n-	Today I put everything back on \n    \n               KDS Cold connected to Switch  37   but inactive  RJ45  then use WiFi connected\n               KDS Hot Working Perfect  Switch port 4\n               KDS Pizza connected to Switch port 38 but inactive  RJ45  then use WiFi connected\n\n              My opinion is that switch hub have something wrong .',NULL,NULL,NULL,NULL,0,'',NULL),(365,'TKT000096',NULL,'29',NULL,'Normal','Critical','Closed','Big Problem','Network Monitoring - Service Downtime','To all, \nSupport Task recap: \nArrived on site around 3:30 pm \nJumped on one Bridge but no one \nJumped on the second Bridge but no one either \nChecked the Reservation Rack - Rack 2 and I could see that the Fiber connection was not lighted up to the Menazine Rack - Rack 1 so El Techo had no connection at all \nHalf of Lolinda was working correctly as what ever Toast equipment was connected to Rack 2 had internet but any Toast equipment connected to Rack 1 was down \nAround 4:30 pm, Nuranne arrived on site and I explained to her my findings \nWe spoke to Greg and Rodrigo and Rodrigo mentioned that a box of cable was still in site and it was decided to run a cable from Rack 2 to Rack 1 in order to re-establish connection \nNuranne and I ran the cable and taped it on the floor and I had to get RG45 terminations in my car and return to the site and terminte both ends and we had a succesful connection, we spoke with Greg and the network cable was connected from the Router at Rack 2 to El Techo whichh gave El Techo full connectivity but keeping Lolinda as is. \nNuranne went to El Techo making sure they were fully functional   \nNuranne organized for Access Cabling to come in Friday to run proper cables to have both El Techo and Lolinda fully connected for Friday night. \nThe Service call ended at 7:00 pm \nThank you.',NULL,NULL,NULL,NULL,0,'',NULL),(367,'TKT000097',NULL,'25',NULL,'Normal','Minor','Closed','Big Problem','Dela Rosa Yerba Buena / Wiring issue from Patch','Rechecked all cable signal working 100% pass thru. Follow Dynamix team checking  switch port  all KDS IP  address shown on and off in 2 seconds.  Can\'t fix problems.',NULL,NULL,NULL,NULL,0,'',NULL),(371,'TKT000098',NULL,'34',NULL,'Normal','Minor','Closed','Small Problem','110388/Wildseed Palo Alto/Remove 6 Port Switch','To all, \nRecap from Service Call: \nArrived on site and called the Bridge \nStarted checking the available Ports on the kitchen line (Ports 4, 54, 7,8 and 11)  \nPort 4 and Port 5 tested fine \nPort 7 is where the Switch was connected to \nPort 8 had been fixed has the Kitchen KDS was connected to that Port \nPort 11 was still bad \nThen proceeded to connect the KP Bar to Port 4 \nConnected on the Switch as well to Port 4 \nTested it with technician who could see it online \nRemoved the cable that was used to connect to the 8 Port Switch \nExplain to technician that they were not enough Ports available to remove the 8 Port Switch connected to Port 7 \nPort 2 of the 8 Port Switch is connected to the Expo printer \nPort 3 is connected to the Pantry printer \nPort 5 is connected to the Grill printer \nI could not locate Patch Panel Port 9 and 10 on the Hot line and they are probably behind the hotline shelves (which is extremely to move to see where those Ports might be located at \nPort 9 and Port 10 were covered on the Patch Panel in the Rack for some reasons which I do not know \nIt would be my recommendation to send to send Access Cabling to fix Port 11 and locate Port 9 and 10 to test them as well so we can actually remove the temporary Switch  \nWhen that portion of the work was done, I worked with Dynamix Support on the Toast equipment identification and a specific Excel sheet will be provided separately \nI had the restaurant Manager checked the Toast system before leaving to validate that everything was working as expected \nLeft the site at about 11:00 am \nThank you.',NULL,NULL,NULL,NULL,0,'',NULL),(375,'TKT000099',NULL,'22',NULL,'Normal','Minor','Closed','Other Problem','Tech Visit Beretta /UPS Replacement','To all, \nRecap of Service Call: \nArrived on site and jumped on the bridge with Alexandra \nLocated and unboxed the UPS replacement \nRealized that the Rack had the location is a Music Rack with smaller screws needed which I had brought Network Rack screws and those did not fit.  At this time, I do not have any more small screws to fit that Music Rack.   \nAlso, FYI, the UPS in itself is about 40 LB so it would require two people to hold it at the bottom of the Rack and properly secure it (the ears for that UPS have been installed) with the correct screws to fit into that Music Rack  \nThe old UPS was sitting on a site stand so I installed the new UPS on that stand next to the Music Rack (see picture)  \nI disconnected all the equipment and reconnected the Network Switch, the Router, the Comcast Ciena, the Comcast Modem and the two music devices as well as the DVR.  All other equipment was connected to an extension cord    \nThen Alexandra and I proceeded to test the network (Manager\'s PCs/Wifi/Toast equipment, etc) to make sure everything was back online.    \nTook pictures for the report and left',NULL,NULL,NULL,NULL,0,'',NULL),(380,'TKT000100',NULL,'29',NULL,'Normal','Minor','Closed','Other Problem','110355/Lolinda/Installation of 2 Handhelds','To all,\nRecap for Service Call,\nArrived on site at 1:00 pm\nJumped on the Bridge\nClaudette from Dynamix provided the necessary SSID information in order to connect to the network\nWhen I asked for the Toast email and Password to continue the installation, I was told to ask the Manager on site which is a different procedure from before\nVincent, the GM, was on site so I had to disrupt his meeting in order to get the necessary information to move forward.  From my standpoint, that seems unpractical and that information should be provided by Support\nAlso, the email instructions provided would not have worked with a technician not familiar with setting up that Hand Held Toast device.  That information was very inaccurate and far from complete.   I was able to complete due to my prior experience but that can be improved in case of other technician that would be setting up a Hand Held\nAfter the setup of both Hand Held, the necessary information was provided to Support for their Tracking and pictures of the devices were taken as well.  See attached.\nThank you.',NULL,NULL,NULL,NULL,0,'',NULL),(385,'TKT000101',NULL,'4',NULL,'High','Minor','Closed','Other Problem','RE: 110450 / Afterwork Bar / TV sounds and TV outside','To all,\nRecap for the Service call:\nGot on site and jumped on the bridge with Alexandra\nRebooted both Matrix as soon as I got to the site\nThen I started working on the outside TV issues.  After testing the left side Patch Panel port, and disconnecting the connection, I could get programs so it became clear that the TV was possibly connected via Wifi.  Which it was.  Ideally, if I can be informed of an important details when checking a network issue, the process would have gone faster\nI then tested the connecction and I was able to verify that the physical Patch Panel connection was good.  But yest still no connectivity on the TV.  Then I tested all the patch cables and I discovered that the cable going from the Patch Panel top the bottom Matrix was not connected so I had to get that one reconnected which was abit of a challenge\nNext, I still did not have connectivity from the TV.  I tested the cable at the TV and all good as well.  Finakky, I decided to connect the patch panel port to the Switch and see if I could get connectivity on my laptop.  Got it right away.  Then I connected to the NIC Port of the HDMI Receiver (see picture) and I got no traffic at all which tells me that the devive attached to the TV is probably defective.  Then I did the same thing for the second TV and got the same results (no traffic light/connectivity) so based on that, I believe the replacement of those units will restore the hardware connection to the Matrix in the Network Room. \nFinally, I tested, the right side RG45 and it was defective so I re-terminated it again (3rd time and I\'m running out of cable) and after that I tested successfully.  So both outside Patch Panel Ports are again working.  As for After Work Bar Management, PLEASE make it as part of the closing duties to put the terminations into the boxes which were installed for that purpose, lock it correctly and only unlock then when needed.  If those keep getting damaged, a new cable run will need to be run at a much more extensive cost which AWB will pay for. \nWhile I was finishing the terminations, myself and AGM Alex tested the synchronization of the TV\'s between the two different Matrix and they were perfectly synchronized.  Yesterday, while I was on site, they had about a second to a second and a half delay between the TV\'s back and the front TV\'s. \nI was not able to notice any sound issues yesterday as they were too much noise anyway with the crowd at AWB.  I would suggest to possibly check the sound tonight on site tonight while it\'s less crowded but with all TV\'s on\nFinally, the outside TV\'s on the wireless connection cannot joined the Matrix so they wil probably be out of sync from the rest of the AWB TV\'s.\nLeft at 11:00am.  Thank  you.',NULL,NULL,NULL,NULL,0,'',NULL),(387,'TKT000102',NULL,'0',NULL,'Normal','Minor','Open','Other Problem','110450 / Afterwork Bar / TV sounds and TV outside','To all, \nRecap of Support Call: \nI was called around 5:15 pm to go to After Work Bar to fix what I believe was a sound issue.  When I got on site which was by 6:00 pm, Monica explained to me that all the TV\'s were on both Matrix but the TV\'s in the back and in the Front did not appeared to be synchronized.  My only suggestion was that both Matrix boxes would need to be reset but beings it was 6:00 pm and the bar was full of customers, rebooting both Matrix could become a disaster so no action were taken at that time.  I was also told that an outside TV was not working as well but I established that the end connection had been damaged again (once again, the connection was left unprotected from the box so another termination will need to  be done and I did not have the necessary tools to take care of it since that specific information was not provided before going on site. \nIt\'s extremity important that Management address the problem of those outside RG45 connection left unprotected at the end of the days even though specific boxes have been setup so the terminations can be protected at all times when not used.  This will be the third time I have to redo the end outside and eventually I will run out of cable and a new run will need to take place at a much larger cost to After Work Bar when it should never have been necessary in the first place. \nThank you.',NULL,NULL,NULL,NULL,0,'',NULL),(391,'TKT000103',NULL,'4',NULL,'High','Major','Closed','Other Problem','110352 / Afterwork bar / Reconnect Television to Matrix','To all,\nRecap of Support Call:\nI was called around 5:15 pm to go to After Work Bar to fix what I believe was a sound issue.  When I got on site which was by 6:00 pm, Monica explained to me that all the TV\'s were on both Matrix but the TV\'s in the back and in the Front did not appeared to be synchronized.  My only suggestion was that both Matrix boxes would need to be reset but beings it was 6:00 pm and the bar was full of customers, rebooting both Matrix could become a disaster so no action were taken at that time.  I was also told that an outside TV was not working as well but I established that the end connection had been damaged again (once again, the connection was left unprotected from the box so another termination will need to  be done and I did not have the necessary tools to take care of it since that specific information was not provided before going on site.\nIt\'s extremity important that Management address the problem of those outside RG45 connection left unprotected at the end of the days even though specific boxes have been setup so the terminations can be protected at all times when not used.  This will be the third time I have to redo the end outside and eventually I will run out of cable and a new run will need to take place at a much larger cost to After Work Bar when it should never have been necessary in the first place.\nThank you',NULL,NULL,NULL,NULL,0,'',NULL),(394,'TKT000104',NULL,'13',NULL,'Normal','Minor','Closed','Other Problem','Request Tech Visit Switch Installation at SD Concord','After replacing the fans (2) on the switch,  everything looked good: \n  \n* Toast devices are online. \n  \n* Office computers have the internet. \n  \n* Wifi works fine,  online. \n  \n* Music on cloud box is playing normally',NULL,NULL,NULL,NULL,0,'',NULL),(396,'TKT000105',NULL,'11',NULL,'Normal','Minor','Closed','Other Problem','Super Duper - Novato/Installation of KDS','The KDS has been replaced,\n \n \n \nI will email the label after dropping off the replacement at UPS.',NULL,NULL,NULL,NULL,0,'',NULL),(401,'TKT000106',NULL,'34',NULL,'Normal','Minor','Closed','Other Problem','Installation of replacement KDS FWLD002-KDS-001','To all,\nReport from Wildseed Palo Alto.  There is a new process that JC wanted me to see about accessing the Ticket # but to a prior commitment on Friday, I was not able to participate.  So here is the report.\nGot on site and jumped on the Bridge and spoke with Manager Daniel who showed me where the new KDS was located so I could install it\nDaniel gave me some information on how some changes to the network cables were made from the last time I was on site\nI removed the old KDS and proceeded to install the new one\nAlexandra provided me the needed Toast User and Password for that specific site in order to complete the installation\nAlexandra jumped of the Bridge has she was assisting another tech apparently was I worked towards the instalaltion of the new KDS\nNate called me directly and he was the new technician assisgned to the call since Alexandra was helping some other tech\nManager Daniel indicated the the old Patch Panel Port #8 was used to connected to the KDS had given him problems and he had connected to old KDS to the 8 Port Switch instead which started to work again after he did so.\nI used that same cable and I was able to connect to the Network (so the KDS is now connected to the 8 Port Switch as well)\nI proceeded to to test Patch Panel Port #8 and it was defective as well so I can confirm it cannot be used\nNate assigned a new IP address to the KDS and I validated.  \nI completed the instalaltion of the KDS and I had Manager Daniel test it to confirm it was fully functioning.  \nThen I checked the Expo Printer and I could see that it was given me an IP address which matched the setting that Nate had\nManager Daniel showed me a picture he took last Friday which showed the NO IP was assigned to that printer when he tested it\nProceeded to clean up old cables and re-organized current cables on the hot line\nTook pictures as requested by Nate of the Patch Panel Portsthat are accessible on the Hot line (working and not working)\nOn the very right side of the Bar are Port 4 & 5.  They are both working (Patch Panel Port #4 is connected to the Bar Orders printer and Patch Patch Panel Port #5 is connected to the 8 Port Switch on the Hot Line \nBased on what I see on the Patch Panel in the office, there should be Patch Panel Port #6, #8, #9 and #10 but I beleive all of those are behind the hot line equipment and not accessible.  I have not been able to locate them myself\nPatch Panel Port #7, #8 and #11 are visible but all of them do not have a clean connection when I tested them so they cannot be used\nEffectively, you only have Patch Panel Ports #4 and #5 (actually usuable and accessible) and the 8 Port Switch on the Hot Line.\nSee attached pictures\nPhysical label on the KDS was added as well\nBefore leaving, I had Manager Daniel test all printers just to make sure and he confirmed all was working\nLeft the site at 11:30 am.\nThank you.',NULL,NULL,NULL,NULL,0,'',NULL),(420,'TKT000107',NULL,'11',NULL,'Normal','Minor','Closed','Other Problem','Super Duper - Novato /  UPS Replacement / 110762','',NULL,NULL,NULL,NULL,0,'',NULL),(422,'TKT000108',NULL,'25',NULL,'Normal','Minor','Closed','Other Problem','110406 / Dela Rosa Yerba Buena / Wirirng issue from Patch','network cable, Switch panels and KDS IP address inspection . Some electric problems need to change RJ45 jack for 2 ports and replaced   6Ft.  cat6e cable. Clean up all old kitchen network cables and uninstall all switch hub  cable and power supply under counter.',NULL,NULL,NULL,NULL,0,'',NULL),(447,'TKT000109',NULL,'17',NULL,'High','Critical','Closed','Big Problem','Urgent: Super Duper Laurel Village /  Network Down','Recap of Service Call:\nArrived on site at 8:30 am\nCalled Greg directly as directed\nExplain to him what I saw on site and he asked me to power cycle the POE Injector that connects to the Verizon Antenna on the roof which was connected to the Secondary internet on the Meraki Router\nAfter the reboot was done, internet came back on but only on certain VLAN\nGreg corrected that but we still had connectivity issues\nGreg asked me to power down the AT&T Modem which was connected to the the Primary WAN.  When I did that, the Internet came back on on all VLAN\nChecked the Toast system that appaered to be online.  Manager on site confirmed that all Toast equipment including the Hand Haelds were working\nThe only problem left on site is the Ceridian which would not connect to the Wifi SSID (BOHTC)\nI suggested to connect to another SSID to get it online but I did not get the authorization\nI asked for the BOHTC SSID Password so I could test it on my laptop but I was not given the information \nFor additional information, the AT&T Ciena is live but has a SFP Connector that cannot be connected as the VLAN Switch does not have a Fiber Port\nGreg told me he was going to arrange for me to pick a Converter from Corporate but I receive no follow-up as of 12:30 pm PST. \nAnother visit is possibly being requested for May 25th in the morning but no confirmation yet.\nIf confirmed, I need an early appointment (7:30 am start) as I have a 9:00 am appointment already scheduled for the 25th.    \nLeft the store at 9:30 am to get to my next scheduled appointment.\nThank you.',NULL,NULL,NULL,NULL,0,'',NULL),(452,'TKT000110',NULL,'449',NULL,'Low','Minor','Open','Other Problem','FCOR001 Corzetti :  Re: Items for storage','',NULL,NULL,NULL,NULL,0,'',NULL),(453,'TKT000111',NULL,'17',NULL,'High','Major','Open','Other Problem','Re: Internet Downtime Update','',NULL,NULL,NULL,NULL,0,'',NULL);

--
-- Table structure for table `vtiger_usageunit`
--

CREATE TABLE `vtiger_usageunit` (
  `usageunitid` int(11) NOT NULL AUTO_INCREMENT,
  `usageunit` varchar(200) NOT NULL,
  `presence` int(11) NOT NULL DEFAULT 1,
  `picklist_valueid` int(11) NOT NULL DEFAULT 0,
  `sortorderid` int(11) DEFAULT NULL,
  `color` varchar(10) DEFAULT NULL,
  PRIMARY KEY (`usageunitid`),
  UNIQUE KEY `usageunit_usageunit_idx` (`usageunit`)
) ENGINE=InnoDB AUTO_INCREMENT=17 DEFAULT CHARSET=utf8mb4 COLLATE=utf8mb4_general_ci;

--
-- Dumping data for table `vtiger_usageunit`
--

INSERT INTO `vtiger_usageunit` VALUES (1,'Box',1,194,0,NULL),(2,'Carton',1,195,1,NULL),(3,'Dozen',1,196,2,NULL),(4,'Each',1,197,3,NULL),(5,'Hours',1,198,4,NULL),(6,'Impressions',1,199,5,NULL),(7,'Lb',1,200,6,NULL),(8,'M',1,201,7,NULL),(9,'Pack',1,202,8,NULL),(10,'Pages',1,203,9,NULL),(11,'Pieces',1,204,10,NULL),(12,'Quantity',1,205,11,NULL),(13,'Reams',1,206,12,NULL),(14,'Sheet',1,207,13,NULL),(15,'Spiral Binder',1,208,14,NULL),(16,'Sq Ft',1,209,15,NULL);

--
-- Table structure for table `vtiger_usageunit_seq`
--

CREATE TABLE `vtiger_usageunit_seq` (
  `id` int(11) NOT NULL
) ENGINE=InnoDB DEFAULT CHARSET=utf8mb4 COLLATE=utf8mb4_general_ci;

--
-- Dumping data for table `vtiger_usageunit_seq`
--

INSERT INTO `vtiger_usageunit_seq` VALUES (16);

--
-- Table structure for table `vtiger_user2mergefields`
--

CREATE TABLE `vtiger_user2mergefields` (
  `userid` int(11) DEFAULT NULL,
  `tabid` int(11) DEFAULT NULL,
  `fieldid` int(11) DEFAULT NULL,
  `visible` int(11) DEFAULT NULL,
  KEY `userid_tabid_idx` (`userid`,`tabid`)
) ENGINE=InnoDB DEFAULT CHARSET=utf8mb4 COLLATE=utf8mb4_general_ci;

--
-- Dumping data for table `vtiger_user2mergefields`
--


--
-- Table structure for table `vtiger_user2role`
--

CREATE TABLE `vtiger_user2role` (
  `userid` int(11) NOT NULL,
  `roleid` varchar(255) NOT NULL,
  PRIMARY KEY (`userid`),
  KEY `user2role_roleid_idx` (`roleid`),
  CONSTRAINT `fk_2_vtiger_user2role` FOREIGN KEY (`userid`) REFERENCES `vtiger_users` (`id`) ON DELETE CASCADE
) ENGINE=InnoDB DEFAULT CHARSET=utf8mb4 COLLATE=utf8mb4_general_ci;

--
-- Dumping data for table `vtiger_user2role`
--

INSERT INTO `vtiger_user2role` VALUES (1,'H2'),(8,'H2'),(12,'H2'),(6,'H6'),(11,'H6'),(5,'H7'),(9,'H7'),(10,'H7'),(13,'H8');

--
-- Table structure for table `vtiger_user_module_preferences`
--

CREATE TABLE `vtiger_user_module_preferences` (
  `userid` int(11) NOT NULL,
  `tabid` int(11) NOT NULL,
  `default_cvid` int(11) NOT NULL,
  PRIMARY KEY (`userid`,`tabid`),
  KEY `fk_2_vtiger_user_module_preferences` (`tabid`),
  CONSTRAINT `fk_2_vtiger_user_module_preferences` FOREIGN KEY (`tabid`) REFERENCES `vtiger_tab` (`tabid`) ON DELETE CASCADE ON UPDATE CASCADE
) ENGINE=InnoDB DEFAULT CHARSET=utf8mb4 COLLATE=utf8mb4_general_ci;

--
-- Dumping data for table `vtiger_user_module_preferences`
--

INSERT INTO `vtiger_user_module_preferences` VALUES (1,13,68),(6,13,73);

--
-- Table structure for table `vtiger_users2group`
--

CREATE TABLE `vtiger_users2group` (
  `groupid` int(11) NOT NULL,
  `userid` int(11) NOT NULL,
  PRIMARY KEY (`groupid`,`userid`),
  KEY `users2group_groupname_uerid_idx` (`groupid`,`userid`),
  KEY `fk_2_vtiger_users2group` (`userid`),
  CONSTRAINT `fk_2_vtiger_users2group` FOREIGN KEY (`userid`) REFERENCES `vtiger_users` (`id`) ON DELETE CASCADE
) ENGINE=InnoDB DEFAULT CHARSET=utf8mb4 COLLATE=utf8mb4_general_ci;

--
-- Dumping data for table `vtiger_users2group`
--

INSERT INTO `vtiger_users2group` VALUES (4,5),(4,6),(4,9),(4,10);

--
-- Table structure for table `vtiger_users_last_import`
--

CREATE TABLE `vtiger_users_last_import` (
  `id` int(11) NOT NULL AUTO_INCREMENT,
  `assigned_user_id` varchar(36) DEFAULT NULL,
  `bean_type` varchar(36) DEFAULT NULL,
  `bean_id` varchar(36) DEFAULT NULL,
  `deleted` int(11) NOT NULL DEFAULT 0,
  PRIMARY KEY (`id`),
  KEY `idx_user_id` (`assigned_user_id`)
) ENGINE=InnoDB DEFAULT CHARSET=utf8mb4 COLLATE=utf8mb4_general_ci;

--
-- Dumping data for table `vtiger_users_last_import`
--


--
-- Table structure for table `vtiger_users_seq`
--

CREATE TABLE `vtiger_users_seq` (
  `id` int(11) NOT NULL
) ENGINE=InnoDB DEFAULT CHARSET=utf8mb4 COLLATE=utf8mb4_general_ci;

--
-- Dumping data for table `vtiger_users_seq`
--

INSERT INTO `vtiger_users_seq` VALUES (13);

--
-- Table structure for table `vtiger_vendor`
--

CREATE TABLE `vtiger_vendor` (
  `vendorid` int(11) NOT NULL DEFAULT 0,
  `vendor_no` varchar(100) NOT NULL,
  `vendorname` varchar(100) DEFAULT NULL,
  `phone` varchar(100) DEFAULT NULL,
  `email` varchar(100) DEFAULT NULL,
  `website` varchar(100) DEFAULT NULL,
  `glacct` varchar(200) DEFAULT NULL,
  `category` varchar(50) DEFAULT NULL,
  `street` text DEFAULT NULL,
  `city` varchar(30) DEFAULT NULL,
  `state` varchar(30) DEFAULT NULL,
  `pobox` varchar(30) DEFAULT NULL,
  `postalcode` varchar(100) DEFAULT NULL,
  `country` varchar(100) DEFAULT NULL,
  `description` text DEFAULT NULL,
  `tags` varchar(1) DEFAULT NULL,
  PRIMARY KEY (`vendorid`),
  CONSTRAINT `fk_1_vtiger_vendor` FOREIGN KEY (`vendorid`) REFERENCES `vtiger_crmentity` (`crmid`) ON DELETE CASCADE
) ENGINE=InnoDB DEFAULT CHARSET=utf8mb4 COLLATE=utf8mb4_general_ci;

--
-- Dumping data for table `vtiger_vendor`
--


--
-- Table structure for table `vtiger_vendorcf`
--

CREATE TABLE `vtiger_vendorcf` (
  `vendorid` int(11) NOT NULL DEFAULT 0,
  PRIMARY KEY (`vendorid`),
  CONSTRAINT `fk_1_vtiger_vendorcf` FOREIGN KEY (`vendorid`) REFERENCES `vtiger_vendor` (`vendorid`) ON DELETE CASCADE
) ENGINE=InnoDB DEFAULT CHARSET=utf8mb4 COLLATE=utf8mb4_general_ci;

--
-- Dumping data for table `vtiger_vendorcf`
--


--
-- Table structure for table `vtiger_vendorcontactrel`
--

CREATE TABLE `vtiger_vendorcontactrel` (
  `vendorid` int(11) NOT NULL DEFAULT 0,
  `contactid` int(11) NOT NULL DEFAULT 0,
  PRIMARY KEY (`vendorid`,`contactid`),
  KEY `vendorcontactrel_vendorid_idx` (`vendorid`),
  KEY `vendorcontactrel_contact_idx` (`contactid`),
  CONSTRAINT `fk_2_vtiger_vendorcontactrel` FOREIGN KEY (`vendorid`) REFERENCES `vtiger_vendor` (`vendorid`) ON DELETE CASCADE
) ENGINE=InnoDB DEFAULT CHARSET=utf8mb4 COLLATE=utf8mb4_general_ci;

--
-- Dumping data for table `vtiger_vendorcontactrel`
--


--
-- Table structure for table `vtiger_version`
--

CREATE TABLE `vtiger_version` (
  `id` int(11) NOT NULL AUTO_INCREMENT,
  `old_version` varchar(30) DEFAULT NULL,
  `current_version` varchar(30) DEFAULT NULL,
  PRIMARY KEY (`id`)
) ENGINE=InnoDB AUTO_INCREMENT=2 DEFAULT CHARSET=utf8mb4 COLLATE=utf8mb4_general_ci;

--
-- Dumping data for table `vtiger_version`
--

INSERT INTO `vtiger_version` VALUES (1,'7.5.0','7.5.0');

--
-- Table structure for table `vtiger_version_seq`
--

CREATE TABLE `vtiger_version_seq` (
  `id` int(11) NOT NULL
) ENGINE=InnoDB DEFAULT CHARSET=utf8mb4 COLLATE=utf8mb4_general_ci;

--
-- Dumping data for table `vtiger_version_seq`
--

INSERT INTO `vtiger_version_seq` VALUES (1);

--
-- Table structure for table `vtiger_visibility`
--

CREATE TABLE `vtiger_visibility` (
  `visibilityid` int(11) NOT NULL AUTO_INCREMENT,
  `visibility` varchar(200) NOT NULL,
  `sortorderid` int(11) NOT NULL DEFAULT 0,
  `presence` int(11) NOT NULL DEFAULT 1,
  `color` varchar(10) DEFAULT NULL,
  PRIMARY KEY (`visibilityid`),
  UNIQUE KEY `visibility_visibility_idx` (`visibility`)
) ENGINE=InnoDB AUTO_INCREMENT=3 DEFAULT CHARSET=utf8mb4 COLLATE=utf8mb4_general_ci;

--
-- Dumping data for table `vtiger_visibility`
--

INSERT INTO `vtiger_visibility` VALUES (1,'Private',0,1,NULL),(2,'Public',1,1,NULL);

--
-- Table structure for table `vtiger_visibility_seq`
--

CREATE TABLE `vtiger_visibility_seq` (
  `id` int(11) NOT NULL
) ENGINE=InnoDB DEFAULT CHARSET=utf8mb4 COLLATE=utf8mb4_general_ci;

--
-- Dumping data for table `vtiger_visibility_seq`
--

INSERT INTO `vtiger_visibility_seq` VALUES (2);

--
-- Table structure for table `vtiger_webform_file_fields`
--

CREATE TABLE `vtiger_webform_file_fields` (
  `id` int(11) NOT NULL AUTO_INCREMENT,
  `webformid` int(11) NOT NULL,
  `fieldname` varchar(100) NOT NULL,
  `fieldlabel` varchar(100) NOT NULL,
  `required` int(11) NOT NULL DEFAULT 0,
  PRIMARY KEY (`id`),
  KEY `fk_vtiger_webforms` (`webformid`),
  CONSTRAINT `fk_vtiger_webforms` FOREIGN KEY (`webformid`) REFERENCES `vtiger_webforms` (`id`) ON DELETE CASCADE
) ENGINE=InnoDB DEFAULT CHARSET=utf8 COLLATE=utf8_general_ci;

--
-- Dumping data for table `vtiger_webform_file_fields`
--


--
-- Table structure for table `vtiger_webforms`
--

CREATE TABLE `vtiger_webforms` (
  `id` int(11) NOT NULL AUTO_INCREMENT,
  `name` varchar(100) NOT NULL,
  `publicid` varchar(100) NOT NULL,
  `enabled` int(11) NOT NULL DEFAULT 1,
  `targetmodule` varchar(50) NOT NULL,
  `description` text DEFAULT NULL,
  `ownerid` int(11) NOT NULL,
  `returnurl` varchar(250) DEFAULT NULL,
  `captcha` int(11) NOT NULL DEFAULT 0,
  `roundrobin` int(11) NOT NULL DEFAULT 0,
  `roundrobin_userid` varchar(256) DEFAULT NULL,
  `roundrobin_logic` int(11) NOT NULL DEFAULT 0,
  PRIMARY KEY (`id`),
  UNIQUE KEY `webformname` (`name`),
  UNIQUE KEY `publicid` (`id`),
  KEY `webforms_webforms_id_idx` (`id`)
) ENGINE=InnoDB DEFAULT CHARSET=utf8 COLLATE=utf8_general_ci;

--
-- Dumping data for table `vtiger_webforms`
--


--
-- Table structure for table `vtiger_wordtemplates`
--

CREATE TABLE `vtiger_wordtemplates` (
  `templateid` int(11) NOT NULL,
  `filename` varchar(100) NOT NULL,
  `module` varchar(30) NOT NULL,
  `date_entered` timestamp NOT NULL DEFAULT current_timestamp() ON UPDATE current_timestamp(),
  `parent_type` varchar(50) NOT NULL,
  `data` longblob DEFAULT NULL,
  `description` text DEFAULT NULL,
  `filesize` varchar(50) NOT NULL,
  `filetype` varchar(20) NOT NULL,
  `deleted` int(11) NOT NULL DEFAULT 0,
  PRIMARY KEY (`templateid`)
) ENGINE=InnoDB DEFAULT CHARSET=utf8mb4 COLLATE=utf8mb4_general_ci;

--
-- Dumping data for table `vtiger_wordtemplates`
--


--
-- Table structure for table `vtiger_ws_entity`
--

CREATE TABLE `vtiger_ws_entity` (
  `id` int(11) NOT NULL AUTO_INCREMENT,
  `name` varchar(25) NOT NULL,
  `handler_path` varchar(255) NOT NULL,
  `handler_class` varchar(64) NOT NULL,
  `ismodule` int(11) NOT NULL,
  PRIMARY KEY (`id`)
) ENGINE=InnoDB AUTO_INCREMENT=36 DEFAULT CHARSET=utf8mb4 COLLATE=utf8mb4_general_ci;

--
-- Dumping data for table `vtiger_ws_entity`
--

INSERT INTO `vtiger_ws_entity` VALUES (1,'Campaigns','include/Webservices/VtigerModuleOperation.php','VtigerModuleOperation',1),(2,'Invoice','include/Webservices/LineItem/VtigerInventoryOperation.php','VtigerInventoryOperation',1),(3,'SalesOrder','include/Webservices/LineItem/VtigerInventoryOperation.php','VtigerInventoryOperation',1),(4,'PurchaseOrder','include/Webservices/LineItem/VtigerInventoryOperation.php','VtigerInventoryOperation',1),(5,'Quotes','include/Webservices/LineItem/VtigerInventoryOperation.php','VtigerInventoryOperation',1),(6,'Faq','include/Webservices/VtigerModuleOperation.php','VtigerModuleOperation',1),(7,'Vendors','include/Webservices/VtigerModuleOperation.php','VtigerModuleOperation',1),(8,'PriceBooks','include/Webservices/VtigerModuleOperation.php','VtigerModuleOperation',1),(9,'Calendar','include/Webservices/VtigerModuleOperation.php','VtigerModuleOperation',1),(10,'Leads','include/Webservices/VtigerModuleOperation.php','VtigerModuleOperation',1),(11,'Accounts','include/Webservices/VtigerModuleOperation.php','VtigerModuleOperation',1),(12,'Contacts','include/Webservices/VtigerModuleOperation.php','VtigerModuleOperation',1),(13,'Potentials','include/Webservices/VtigerModuleOperation.php','VtigerModuleOperation',1),(14,'Products','include/Webservices/VtigerProductOperation.php','VtigerProductOperation',1),(15,'Documents','include/Webservices/VtigerModuleOperation.php','VtigerModuleOperation',1),(16,'Emails','include/Webservices/VtigerModuleOperation.php','VtigerModuleOperation',1),(17,'HelpDesk','include/Webservices/VtigerModuleOperation.php','VtigerModuleOperation',1),(18,'Events','include/Webservices/VtigerModuleOperation.php','VtigerModuleOperation',1),(19,'Users','include/Webservices/VtigerModuleOperation.php','VtigerModuleOperation',1),(20,'Groups','include/Webservices/VtigerActorOperation.php','VtigerActorOperation',0),(21,'Currency','include/Webservices/VtigerActorOperation.php','VtigerActorOperation',0),(22,'DocumentFolders','include/Webservices/VtigerActorOperation.php','VtigerActorOperation',0),(23,'CompanyDetails','include/Webservices/VtigerCompanyDetails.php','VtigerCompanyDetails',0),(24,'PBXManager','include/Webservices/VtigerModuleOperation.php','VtigerModuleOperation',1),(25,'ServiceContracts','include/Webservices/VtigerModuleOperation.php','VtigerModuleOperation',1),(26,'Services','include/Webservices/VtigerProductOperation.php','VtigerProductOperation',1),(27,'Assets','include/Webservices/VtigerModuleOperation.php','VtigerModuleOperation',1),(28,'ModComments','include/Webservices/VtigerModuleOperation.php','VtigerModuleOperation',1),(29,'ProjectMilestone','include/Webservices/VtigerModuleOperation.php','VtigerModuleOperation',1),(30,'ProjectTask','include/Webservices/VtigerModuleOperation.php','VtigerModuleOperation',1),(31,'Project','include/Webservices/VtigerModuleOperation.php','VtigerModuleOperation',1),(32,'SMSNotifier','include/Webservices/VtigerModuleOperation.php','VtigerModuleOperation',1),(33,'LineItem','include/Webservices/LineItem/VtigerLineItemOperation.php','VtigerLineItemOperation',0),(34,'Tax','include/Webservices/LineItem/VtigerTaxOperation.php','VtigerTaxOperation',0),(35,'ProductTaxes','include/Webservices/LineItem/VtigerProductTaxesOperation.php','VtigerProductTaxesOperation',0);

--
-- Table structure for table `vtiger_ws_entity_fieldtype`
--

CREATE TABLE `vtiger_ws_entity_fieldtype` (
  `fieldtypeid` int(11) NOT NULL AUTO_INCREMENT,
  `table_name` varchar(50) NOT NULL,
  `field_name` varchar(50) NOT NULL,
  `fieldtype` varchar(200) NOT NULL,
  PRIMARY KEY (`fieldtypeid`),
  UNIQUE KEY `vtiger_idx_1_tablename_fieldname` (`table_name`,`field_name`)
) ENGINE=InnoDB AUTO_INCREMENT=11 DEFAULT CHARSET=utf8mb4 COLLATE=utf8mb4_general_ci;

--
-- Dumping data for table `vtiger_ws_entity_fieldtype`
--

INSERT INTO `vtiger_ws_entity_fieldtype` VALUES (1,'vtiger_attachmentsfolder','createdby','reference'),(2,'vtiger_organizationdetails','logoname','file'),(3,'vtiger_organizationdetails','phone','phone'),(4,'vtiger_organizationdetails','fax','phone'),(5,'vtiger_organizationdetails','website','url'),(6,'vtiger_inventoryproductrel','productid','reference'),(7,'vtiger_inventoryproductrel','id','reference'),(8,'vtiger_inventoryproductrel','incrementondel','autogenerated'),(9,'vtiger_producttaxrel','productid','reference'),(10,'vtiger_producttaxrel','taxid','reference');

--
-- Table structure for table `vtiger_ws_entity_fieldtype_seq`
--

CREATE TABLE `vtiger_ws_entity_fieldtype_seq` (
  `id` int(11) NOT NULL
) ENGINE=InnoDB DEFAULT CHARSET=utf8mb4 COLLATE=utf8mb4_general_ci;

--
-- Dumping data for table `vtiger_ws_entity_fieldtype_seq`
--

INSERT INTO `vtiger_ws_entity_fieldtype_seq` VALUES (10);

--
-- Table structure for table `vtiger_ws_entity_name`
--

CREATE TABLE `vtiger_ws_entity_name` (
  `entity_id` int(11) NOT NULL,
  `name_fields` varchar(50) NOT NULL,
  `index_field` varchar(50) NOT NULL,
  `table_name` varchar(50) NOT NULL,
  PRIMARY KEY (`entity_id`)
) ENGINE=InnoDB DEFAULT CHARSET=utf8mb4 COLLATE=utf8mb4_general_ci;

--
-- Dumping data for table `vtiger_ws_entity_name`
--

INSERT INTO `vtiger_ws_entity_name` VALUES (20,'groupname','groupid','vtiger_groups'),(21,'currency_name','id','vtiger_currency_info'),(22,'foldername','folderid','vtiger_attachmentsfolder'),(23,'organizationname','groupid','vtiger_organizationdetails'),(34,'taxlabel','taxid','vtiger_inventorytaxinfo');

--
-- Table structure for table `vtiger_ws_entity_referencetype`
--

CREATE TABLE `vtiger_ws_entity_referencetype` (
  `fieldtypeid` int(11) NOT NULL,
  `type` varchar(25) NOT NULL,
  PRIMARY KEY (`fieldtypeid`,`type`),
  CONSTRAINT `vtiger_fk_1_actors_referencetype` FOREIGN KEY (`fieldtypeid`) REFERENCES `vtiger_ws_entity_fieldtype` (`fieldtypeid`) ON DELETE CASCADE
) ENGINE=InnoDB DEFAULT CHARSET=utf8mb4 COLLATE=utf8mb4_general_ci;

--
-- Dumping data for table `vtiger_ws_entity_referencetype`
--

INSERT INTO `vtiger_ws_entity_referencetype` VALUES (5,'Users'),(6,'Products'),(7,'Invoice'),(7,'PurchaseOrder'),(7,'Quotes'),(7,'SalesOrder'),(9,'Products'),(10,'Tax');

--
-- Table structure for table `vtiger_ws_entity_seq`
--

CREATE TABLE `vtiger_ws_entity_seq` (
  `id` int(11) NOT NULL
) ENGINE=InnoDB DEFAULT CHARSET=utf8mb4 COLLATE=utf8mb4_general_ci;

--
-- Dumping data for table `vtiger_ws_entity_seq`
--

INSERT INTO `vtiger_ws_entity_seq` VALUES (35);

--
-- Table structure for table `vtiger_ws_entity_tables`
--

CREATE TABLE `vtiger_ws_entity_tables` (
  `webservice_entity_id` int(11) NOT NULL,
  `table_name` varchar(50) NOT NULL,
  PRIMARY KEY (`webservice_entity_id`,`table_name`),
  CONSTRAINT `fk_1_vtiger_ws_actor_tables` FOREIGN KEY (`webservice_entity_id`) REFERENCES `vtiger_ws_entity` (`id`) ON DELETE CASCADE
) ENGINE=InnoDB DEFAULT CHARSET=utf8mb4 COLLATE=utf8mb4_general_ci;

--
-- Dumping data for table `vtiger_ws_entity_tables`
--

INSERT INTO `vtiger_ws_entity_tables` VALUES (20,'vtiger_groups'),(21,'vtiger_currency_info'),(22,'vtiger_attachmentsfolder'),(23,'vtiger_organizationdetails'),(33,'vtiger_inventoryproductrel'),(34,'vtiger_inventorytaxinfo'),(35,'vtiger_producttaxrel');

--
-- Table structure for table `vtiger_ws_fieldinfo`
--

CREATE TABLE `vtiger_ws_fieldinfo` (
  `id` varchar(64) NOT NULL,
  `property_name` varchar(32) DEFAULT NULL,
  `property_value` varchar(64) DEFAULT NULL,
  PRIMARY KEY (`id`)
) ENGINE=InnoDB DEFAULT CHARSET=utf8mb4 COLLATE=utf8mb4_general_ci;

--
-- Dumping data for table `vtiger_ws_fieldinfo`
--

INSERT INTO `vtiger_ws_fieldinfo` VALUES ('vtiger_organizationdetails.organization_id','upload.path','1');

--
-- Table structure for table `vtiger_ws_fieldtype`
--

CREATE TABLE `vtiger_ws_fieldtype` (
  `fieldtypeid` int(11) NOT NULL AUTO_INCREMENT,
  `uitype` varchar(30) NOT NULL,
  `fieldtype` varchar(200) NOT NULL,
  PRIMARY KEY (`fieldtypeid`),
  UNIQUE KEY `uitype_idx` (`uitype`)
) ENGINE=InnoDB AUTO_INCREMENT=42 DEFAULT CHARSET=utf8mb4 COLLATE=utf8mb4_general_ci;

--
-- Dumping data for table `vtiger_ws_fieldtype`
--

INSERT INTO `vtiger_ws_fieldtype` VALUES (1,'15','picklist'),(2,'16','picklist'),(3,'19','text'),(4,'20','text'),(5,'21','text'),(6,'24','text'),(7,'3','autogenerated'),(8,'11','phone'),(9,'33','multipicklist'),(10,'17','url'),(11,'85','skype'),(12,'56','boolean'),(13,'156','boolean'),(14,'53','owner'),(15,'61','file'),(16,'28','file'),(17,'13','email'),(18,'71','currency'),(19,'72','currency'),(20,'50','reference'),(21,'51','reference'),(22,'57','reference'),(23,'58','reference'),(24,'73','reference'),(25,'75','reference'),(26,'76','reference'),(27,'78','reference'),(28,'80','reference'),(29,'81','reference'),(30,'101','reference'),(31,'52','reference'),(32,'357','reference'),(33,'59','reference'),(34,'66','reference'),(35,'77','reference'),(36,'68','reference'),(37,'117','reference'),(38,'26','reference'),(39,'10','reference'),(40,'98','reference'),(41,'69','image');

--
-- Table structure for table `vtiger_ws_operation`
--

CREATE TABLE `vtiger_ws_operation` (
  `operationid` int(11) NOT NULL AUTO_INCREMENT,
  `name` varchar(128) NOT NULL,
  `handler_path` varchar(255) NOT NULL,
  `handler_method` varchar(64) NOT NULL,
  `type` varchar(8) NOT NULL,
  `prelogin` int(11) NOT NULL,
  PRIMARY KEY (`operationid`)
) ENGINE=InnoDB AUTO_INCREMENT=39 DEFAULT CHARSET=utf8mb4 COLLATE=utf8mb4_general_ci;

--
-- Dumping data for table `vtiger_ws_operation`
--

INSERT INTO `vtiger_ws_operation` VALUES (1,'login','include/Webservices/Login.php','vtws_login','POST',1),(2,'retrieve','include/Webservices/Retrieve.php','vtws_retrieve','GET',0),(3,'create','include/Webservices/Create.php','vtws_create','POST',0),(4,'update','include/Webservices/Update.php','vtws_update','POST',0),(5,'delete','include/Webservices/Delete.php','vtws_delete','POST',0),(6,'sync','include/Webservices/GetUpdates.php','vtws_sync','GET',0),(7,'query','include/Webservices/Query.php','vtws_query','GET',0),(8,'logout','include/Webservices/Logout.php','vtws_logout','POST',0),(9,'listtypes','include/Webservices/ModuleTypes.php','vtws_listtypes','GET',0),(10,'getchallenge','include/Webservices/AuthToken.php','vtws_getchallenge','GET',1),(11,'describe','include/Webservices/DescribeObject.php','vtws_describe','GET',0),(12,'extendsession','include/Webservices/ExtendSession.php','vtws_extendSession','POST',1),(13,'convertlead','include/Webservices/ConvertLead.php','vtws_convertlead','POST',0),(14,'revise','include/Webservices/Revise.php','vtws_revise','POST',0),(15,'changePassword','include/Webservices/ChangePassword.php','vtws_changePassword','POST',0),(16,'deleteUser','include/Webservices/DeleteUser.php','vtws_deleteUser','POST',0),(17,'mobile.fetchallalerts','modules/Mobile/api/wsapi.php','mobile_ws_fetchAllAlerts','POST',0),(18,'mobile.alertdetailswithmessage','modules/Mobile/api/wsapi.php','mobile_ws_alertDetailsWithMessage','POST',0),(19,'mobile.fetchmodulefilters','modules/Mobile/api/wsapi.php','mobile_ws_fetchModuleFilters','POST',0),(20,'mobile.fetchrecord','modules/Mobile/api/wsapi.php','mobile_ws_fetchRecord','POST',0),(21,'mobile.fetchrecordwithgrouping','modules/Mobile/api/wsapi.php','mobile_ws_fetchRecordWithGrouping','POST',0),(22,'mobile.filterdetailswithcount','modules/Mobile/api/wsapi.php','mobile_ws_filterDetailsWithCount','POST',0),(23,'mobile.listmodulerecords','modules/Mobile/api/wsapi.php','mobile_ws_listModuleRecords','POST',0),(24,'mobile.saverecord','modules/Mobile/api/wsapi.php','mobile_ws_saveRecord','POST',0),(25,'mobile.syncModuleRecords','modules/Mobile/api/wsapi.php','mobile_ws_syncModuleRecords','POST',0),(26,'mobile.query','modules/Mobile/api/wsapi.php','mobile_ws_query','POST',0),(27,'mobile.querywithgrouping','modules/Mobile/api/wsapi.php','mobile_ws_queryWithGrouping','POST',0),(28,'wsapp_register','modules/WSAPP/api/ws/Register.php','wsapp_register','POST',0),(29,'wsapp_deregister','modules/WSAPP/api/ws/DeRegister.php','wsapp_deregister','POST',0),(30,'wsapp_get','modules/WSAPP/api/ws/Get.php','wsapp_get','POST',0),(31,'wsapp_put','modules/WSAPP/api/ws/Put.php','wsapp_put','POST',0),(32,'wsapp_map','modules/WSAPP/api/ws/Map.php','wsapp_map','POST',0),(33,'retrieve_inventory','include/Webservices/LineItem/RetrieveInventory.php','vtws_retrieve_inventory','GET',0),(34,'relatedtypes','include/Webservices/RelatedTypes.php','vtws_relatedtypes','GET',0),(35,'retrieve_related','include/Webservices/RetrieveRelated.php','vtws_retrieve_related','GET',0),(36,'query_related','include/Webservices/QueryRelated.php','vtws_query_related','GET',0),(37,'add_related','include/Webservices/AddRelated.php','vtws_add_related','POST',0),(38,'files_retrieve','include/Webservices/FileRetrieve.php','vtws_file_retrieve','GET',0);

--
-- Table structure for table `vtiger_ws_operation_parameters`
--

CREATE TABLE `vtiger_ws_operation_parameters` (
  `operationid` int(11) NOT NULL AUTO_INCREMENT,
  `name` varchar(128) NOT NULL,
  `type` varchar(64) NOT NULL,
  `sequence` int(11) NOT NULL,
  PRIMARY KEY (`operationid`,`name`)
) ENGINE=InnoDB AUTO_INCREMENT=39 DEFAULT CHARSET=utf8mb4 COLLATE=utf8mb4_general_ci;

--
-- Dumping data for table `vtiger_ws_operation_parameters`
--

INSERT INTO `vtiger_ws_operation_parameters` VALUES (1,'accessKey','String',2),(1,'username','String',1),(2,'id','String',1),(3,'element','encoded',2),(3,'elementType','String',1),(4,'element','encoded',1),(5,'id','String',1),(6,'elementType','String',2),(6,'modifiedTime','DateTime',1),(7,'query','String',1),(8,'sessionName','String',1),(9,'fieldTypeList','encoded',1),(10,'username','String',1),(11,'elementType','String',1),(13,'accountName','String',3),(13,'assignedTo','String',2),(13,'avoidPotential','Boolean',4),(13,'leadId','String',1),(13,'potential','Encoded',5),(14,'element','Encoded',1),(15,'confirmPassword','String',4),(15,'id','String',1),(15,'newPassword','String',3),(15,'oldPassword','String',2),(16,'id','String',1),(16,'newOwnerId','String',2),(18,'alertid','string',1),(19,'module','string',1),(20,'record','string',1),(21,'record','string',1),(22,'filterid','string',1),(23,'elements','encoded',1),(24,'module','string',1),(24,'record','string',2),(24,'values','encoded',3),(25,'module','string',1),(25,'page','string',3),(25,'syncToken','string',2),(26,'module','string',1),(26,'page','string',3),(26,'query','string',2),(27,'module','string',1),(27,'page','string',3),(27,'query','string',2),(28,'synctype','string',2),(28,'type','string',1),(29,'key','string',2),(29,'type','string',1),(30,'key','string',1),(30,'module','string',2),(30,'token','string',3),(31,'element','encoded',2),(31,'key','string',1),(32,'element','encoded',2),(32,'key','string',1),(33,'id','String',1),(34,'elementType','string',1),(35,'id','string',1),(35,'relatedLabel','string',3),(35,'relatedType','string',2),(36,'id','string',2),(36,'query','string',1),(36,'relatedLabel','string',3),(37,'relatedRecordId','string',2),(37,'relationIdLabel','string',3),(37,'sourceRecordId','string',1),(38,'id','string',1);

--
-- Table structure for table `vtiger_ws_operation_seq`
--

CREATE TABLE `vtiger_ws_operation_seq` (
  `id` int(11) NOT NULL
) ENGINE=InnoDB DEFAULT CHARSET=utf8mb4 COLLATE=utf8mb4_general_ci;

--
-- Dumping data for table `vtiger_ws_operation_seq`
--

INSERT INTO `vtiger_ws_operation_seq` VALUES (38);

--
-- Table structure for table `vtiger_ws_referencetype`
--

CREATE TABLE `vtiger_ws_referencetype` (
  `fieldtypeid` int(11) NOT NULL,
  `type` varchar(25) NOT NULL,
  PRIMARY KEY (`fieldtypeid`,`type`),
  CONSTRAINT `fk_1_vtiger_referencetype` FOREIGN KEY (`fieldtypeid`) REFERENCES `vtiger_ws_fieldtype` (`fieldtypeid`) ON DELETE CASCADE
) ENGINE=InnoDB DEFAULT CHARSET=utf8mb4 COLLATE=utf8mb4_general_ci;

--
-- Dumping data for table `vtiger_ws_referencetype`
--

INSERT INTO `vtiger_ws_referencetype` VALUES (20,'Accounts'),(21,'Accounts'),(22,'Contacts'),(23,'Campaigns'),(24,'Accounts'),(25,'Vendors'),(26,'Potentials'),(27,'Quotes'),(28,'SalesOrder'),(29,'Vendors'),(30,'Users'),(31,'Users'),(32,'Accounts'),(32,'Contacts'),(32,'Leads'),(32,'Users'),(32,'Vendors'),(33,'Products'),(34,'Accounts'),(34,'Campaigns'),(34,'HelpDesk'),(34,'Invoice'),(34,'Leads'),(34,'Potentials'),(34,'PurchaseOrder'),(34,'Quotes'),(34,'SalesOrder'),(35,'Users'),(36,'Accounts'),(36,'Contacts'),(37,'Currency'),(38,'DocumentFolders');

--
-- Table structure for table `vtiger_ws_userauthtoken`
--

CREATE TABLE `vtiger_ws_userauthtoken` (
  `userid` int(11) NOT NULL,
  `token` varchar(36) NOT NULL,
  `expiretime` int(11) NOT NULL,
  PRIMARY KEY (`userid`,`expiretime`),
  UNIQUE KEY `userid_idx` (`userid`)
) ENGINE=InnoDB DEFAULT CHARSET=utf8mb4 COLLATE=utf8mb4_general_ci;

--
-- Dumping data for table `vtiger_ws_userauthtoken`
--


--
-- Table structure for table `vtiger_wsapp_handlerdetails`
--

CREATE TABLE `vtiger_wsapp_handlerdetails` (
  `type` varchar(200) NOT NULL,
  `handlerclass` varchar(100) DEFAULT NULL,
  `handlerpath` varchar(300) DEFAULT NULL
) ENGINE=InnoDB DEFAULT CHARSET=utf8 COLLATE=utf8_general_ci;

--
-- Dumping data for table `vtiger_wsapp_handlerdetails`
--

INSERT INTO `vtiger_wsapp_handlerdetails` VALUES ('Outlook','OutlookHandler','modules/WSAPP/Handlers/OutlookHandler.php'),('vtigerCRM','vtigerCRMHandler','modules/WSAPP/Handlers/vtigerCRMHandler.php'),('vtigerSyncLib','WSAPP_VtigerSyncEventHandler','modules/WSAPP/synclib/handlers/VtigerSyncEventHandler.php'),('Google_vtigerHandler','Google_Vtiger_Handler','modules/Google/handlers/Vtiger.php'),('Google_vtigerSyncHandler','Google_VtigerSync_Handler','modules/Google/handlers/VtigerSync.php');

--
-- Table structure for table `vtiger_wsapp_logs_basic`
--

CREATE TABLE `vtiger_wsapp_logs_basic` (
  `id` int(11) NOT NULL AUTO_INCREMENT,
  `extensiontabid` int(11) DEFAULT NULL,
  `module` varchar(50) NOT NULL,
  `sync_datetime` datetime NOT NULL,
  `app_create_count` int(11) DEFAULT NULL,
  `app_update_count` int(11) DEFAULT NULL,
  `app_delete_count` int(11) DEFAULT NULL,
  `app_skip_count` int(11) DEFAULT NULL,
  `vt_create_count` int(11) DEFAULT NULL,
  `vt_update_count` int(11) DEFAULT NULL,
  `vt_delete_count` int(11) DEFAULT NULL,
  `vt_skip_count` int(11) DEFAULT NULL,
  `userid` int(11) DEFAULT NULL,
  PRIMARY KEY (`id`)
) ENGINE=InnoDB DEFAULT CHARSET=utf8 COLLATE=utf8_general_ci;

--
-- Dumping data for table `vtiger_wsapp_logs_basic`
--


--
-- Table structure for table `vtiger_wsapp_logs_details`
--

CREATE TABLE `vtiger_wsapp_logs_details` (
  `id` int(11) NOT NULL,
  `app_create_ids` mediumtext DEFAULT NULL,
  `app_update_ids` mediumtext DEFAULT NULL,
  `app_delete_ids` mediumtext DEFAULT NULL,
  `app_skip_info` mediumtext DEFAULT NULL,
  `vt_create_ids` mediumtext DEFAULT NULL,
  `vt_update_ids` mediumtext DEFAULT NULL,
  `vt_delete_ids` mediumtext DEFAULT NULL,
  `vt_skip_info` mediumtext DEFAULT NULL,
  KEY `vtiger_wsapp_logs_basic_ibfk_1` (`id`),
  CONSTRAINT `vtiger_wsapp_logs_basic_ibfk_1` FOREIGN KEY (`id`) REFERENCES `vtiger_wsapp_logs_basic` (`id`) ON DELETE CASCADE
) ENGINE=InnoDB DEFAULT CHARSET=utf8 COLLATE=utf8_general_ci;

--
-- Dumping data for table `vtiger_wsapp_logs_details`
--


--
-- Table structure for table `vtiger_wsapp_queuerecords`
--

CREATE TABLE `vtiger_wsapp_queuerecords` (
  `syncserverid` int(11) DEFAULT NULL,
  `details` varchar(300) DEFAULT NULL,
  `flag` varchar(100) DEFAULT NULL,
  `appid` int(11) DEFAULT NULL
) ENGINE=InnoDB DEFAULT CHARSET=utf8 COLLATE=utf8_general_ci;

--
-- Dumping data for table `vtiger_wsapp_queuerecords`
--


--
-- Table structure for table `vtiger_wsapp_recordmapping`
--

CREATE TABLE `vtiger_wsapp_recordmapping` (
  `id` int(11) NOT NULL AUTO_INCREMENT,
  `serverid` varchar(10) DEFAULT NULL,
  `clientid` varchar(255) DEFAULT NULL,
  `clientmodifiedtime` datetime DEFAULT NULL,
  `appid` int(11) DEFAULT NULL,
  `servermodifiedtime` datetime DEFAULT NULL,
  `serverappid` int(11) DEFAULT NULL,
  PRIMARY KEY (`id`)
) ENGINE=InnoDB DEFAULT CHARSET=utf8 COLLATE=utf8_general_ci;

--
-- Dumping data for table `vtiger_wsapp_recordmapping`
--


--
-- Table structure for table `vtiger_wsapp_sync_state`
--

CREATE TABLE `vtiger_wsapp_sync_state` (
  `id` int(11) NOT NULL AUTO_INCREMENT,
  `name` varchar(200) DEFAULT NULL,
  `stateencodedvalues` varchar(300) NOT NULL,
  `userid` int(11) DEFAULT NULL,
  PRIMARY KEY (`id`)
) ENGINE=InnoDB DEFAULT CHARSET=utf8 COLLATE=utf8_general_ci;

--
-- Dumping data for table `vtiger_wsapp_sync_state`
--



