

--
-- Table structure for table `vtiger_mailmanager_mailrel`
--

CREATE TABLE `vtiger_mailmanager_mailrel` (
  `mailuid` varchar(999) DEFAULT NULL,
  `crmid` int(11) DEFAULT NULL,
  `emailid` int(11) DEFAULT NULL
) ENGINE=InnoDB DEFAULT CHARSET=utf8 COLLATE=utf8_general_ci;

--
-- Dumping data for table `vtiger_mailmanager_mailrel`
--


--
-- Table structure for table `vtiger_mailscanner_actions`
--

CREATE TABLE `vtiger_mailscanner_actions` (
  `actionid` int(11) NOT NULL AUTO_INCREMENT,
  `scannerid` int(11) DEFAULT NULL,
  `actiontype` varchar(10) DEFAULT NULL,
  `module` varchar(30) DEFAULT NULL,
  `lookup` varchar(30) DEFAULT NULL,
  `sequence` int(11) DEFAULT NULL,
  PRIMARY KEY (`actionid`)
) ENGINE=InnoDB AUTO_INCREMENT=6 DEFAULT CHARSET=utf8mb4 COLLATE=utf8mb4_general_ci;

--
-- Dumping data for table `vtiger_mailscanner_actions`
--

INSERT INTO `vtiger_mailscanner_actions` VALUES (2,2,'CREATE','HelpDesk','FROM',1);

--
-- Table structure for table `vtiger_mailscanner_folders`
--

CREATE TABLE `vtiger_mailscanner_folders` (
  `folderid` int(11) NOT NULL AUTO_INCREMENT,
  `scannerid` int(11) DEFAULT NULL,
  `foldername` varchar(255) DEFAULT NULL,
  `lastscan` varchar(30) DEFAULT NULL,
  `rescan` int(11) DEFAULT NULL,
  `enabled` int(11) DEFAULT NULL,
  PRIMARY KEY (`folderid`),
  KEY `folderid_idx` (`folderid`)
) ENGINE=InnoDB AUTO_INCREMENT=9 DEFAULT CHARSET=utf8mb4 COLLATE=utf8mb4_general_ci;

--
-- Dumping data for table `vtiger_mailscanner_folders`
--

INSERT INTO `vtiger_mailscanner_folders` VALUES (7,2,'INBOX','14-Apr-2023',0,1),(8,3,'INBOX','14-Apr-2023',0,1);

--
-- Table structure for table `vtiger_mailscanner_ids`
--

CREATE TABLE `vtiger_mailscanner_ids` (
  `scannerid` int(11) DEFAULT NULL,
  `messageid` varchar(512) DEFAULT NULL,
  `crmid` int(11) DEFAULT NULL,
  `refids` text DEFAULT NULL,
  KEY `scanner_message_ids_idx` (`scannerid`,`messageid`),
  KEY `messageids_crmid_idx` (`crmid`)
) ENGINE=InnoDB DEFAULT CHARSET=utf8mb4 COLLATE=utf8mb4_general_ci;

--
-- Dumping data for table `vtiger_mailscanner_ids`
--

INSERT INTO `vtiger_mailscanner_ids` VALUES (NULL,'<7j3j9zx21ybk.3fp81z6f4cu8g@infong-us93>',53,NULL),(NULL,'<3wr1nzpx7abu.168a9wvf0din7@infong-us93>',36,NULL),(NULL,'<64ksoxyey8ei.dk6b9n051qdk@infong-us93>',38,NULL),(NULL,'<gi8n7fb73m3.rtahaez3rz0s@infong-us93>',40,NULL),(NULL,'<28jnzr45d2x7.xhjbttgxuu8z@infong-us93>',40,NULL),(NULL,'<476zchkytc7f.rk5w71uzcerq@infong-us93>',51,NULL),(NULL,'<64i6ramx1qff.3nfg7s2s9juoo@infong-us93>',53,NULL),(NULL,'<4yj4nxp6bqf3.2tmdtp5stm04s@infong-us93>',53,NULL),(NULL,'<j6l4yda0rl6.28n0gkc47fi8w@infong-us93>',53,NULL),(NULL,'<cvod7iqaenl.2s73putabisk4@infong-us93>',53,NULL),(NULL,'<2ad2dvsi274v.38ewfayeru04s@infong-us93>',53,NULL),(NULL,'<6hplnimizip9.1am7b1hsaa0nd@infong-us93>',53,NULL),(NULL,'<5nq7jjnkyzuq.3fft5qn9x9k48@infong-us93>',68,NULL),(2,'<SCXf2000000000000000000000000000000000000000000000RT3EI900UGZzPqQvQ3C31AHfIVT-tQ@sfdc.net>',NULL,NULL),(2,'<AC700000000219102A11728B6A2mscom_mkt_prod78@engage.microsoft.com>',NULL,NULL),(2,'<1871105485.330092.1681491990614@email.ionos.com>',NULL,NULL),(NULL,'<63djux0ebsmr.ag6belwhp1fh@server1.crmbluetechnology.xyz>',74,NULL),(NULL,'<2cyzboi3fum4.q1zqkok3x8vv@server1.crmbluetechnology.xyz>',76,NULL),(NULL,'<6wee4rmw1dqf.y1654292p9ud@server1.crmbluetechnology.xyz>',77,NULL),(NULL,'<2nbnbjo51ec0.15596jz120hsx@server1.crmbluetechnology.xyz>',78,NULL),(NULL,'<7142pyjl5wbf.18alckgduz9s0@server1.crmbluetechnology.xyz>',79,NULL),(NULL,'<3kxemao8dujk.2m5p5i225cmcg@server1.crmbluetechnology.xyz>',80,NULL),(NULL,'<3qmqqu0m26ll.19iszm437qxaj@server1.crmbluetechnology.xyz>',81,NULL),(NULL,'<4smpoabdxuyb.1tkzyvu7w9ysh@server1.crmbluetechnology.xyz>',82,NULL),(NULL,'<4wdiq8vysni5.11qj3lh0x3hhe@server1.crmbluetechnology.xyz>',83,NULL),(NULL,'<53pdh0qorbpj.dr29c22wfkur@server1.crmbluetechnology.xyz>',84,NULL),(NULL,'<5nsoijgpl1jl.1yr90qimvokk0@server1.crmbluetechnology.xyz>',84,NULL),(NULL,'<5ulz2y9sszrv.getl6y26dxwr@server1.crmbluetechnology.xyz>',85,NULL),(NULL,'<3g20301s8g82.345x9ngfxmas0@server1.crmbluetechnology.xyz>',86,NULL),(NULL,'<4gc8u5i8wbvv.18hgb5cf2yvg1@server1.crmbluetechnology.xyz>',87,NULL),(NULL,'<4v2ujey5yw51.31ju8agns5yc0@server1.crmbluetechnology.xyz>',88,NULL),(NULL,'<56nxwmav6hbu.8yyvq39t5h93@server1.crmbluetechnology.xyz>',89,NULL),(NULL,'<5jhzs93hrio4.rtsdcdkk1ych@server1.crmbluetechnology.xyz>',90,NULL),(NULL,'<3cyrmpw84pxn.2l6v84mzcsw0w@server1.crmbluetechnology.xyz>',91,NULL),(NULL,'<e9rwugba5aq.2vssrwkyf7swc@server1.crmbluetechnology.xyz>',92,NULL),(NULL,'<5h759quwt1eb.3v39da9wz8e8c@server1.crmbluetechnology.xyz>',93,NULL),(NULL,'<1qz07eepyiqm.lbk4rak5eldx@server1.crmbluetechnology.xyz>',94,NULL),(NULL,'<1kzbj4bwar8o.7yuqz8u9wovy@server1.crmbluetechnology.xyz>',95,NULL),(NULL,'<1yohw2h8a54i.18jt1vq2ziu25@server1.crmbluetechnology.xyz>',96,NULL),(NULL,'<5paut7dc5jzw.15skqumaqufxe@server1.crmbluetechnology.xyz>',97,NULL),(NULL,'<2lnix9ztac1t.1u769rwspktsi@server1.crmbluetechnology.xyz>',98,NULL),(NULL,'<28jnmzq0h9xn.3vgh9href12ck@server1.crmbluetechnology.xyz>',99,NULL),(NULL,'<6w32hoxg5pjg.1inuu0hr97eje@server1.crmbluetechnology.xyz>',100,NULL),(NULL,'<amc34ig8xp2.2y7vbnej5wmcc@server1.crmbluetechnology.xyz>',101,NULL),(NULL,'<7jvqhbct9lzz.27b6obrfpn40w@server1.crmbluetechnology.xyz>',102,NULL),(NULL,'<db5lecnpmei.h75is9v2b4vy@server1.crmbluetechnology.xyz>',103,NULL),(NULL,'<3s60dymap19r.37dw072pmlk48@server1.crmbluetechnology.xyz>',104,NULL),(NULL,'<abuxhnrwwqi.rqoymrn6l0es@server1.crmbluetechnology.xyz>',105,NULL),(NULL,'<ubnfcui7flw.12fy9ic3lzidb@server1.crmbluetechnology.xyz>',106,NULL),(NULL,'<2sjvqc8aq4su.19np3m3lfzn14@server1.crmbluetechnology.xyz>',107,NULL),(NULL,'<14vw0dqkta6w.22q658vves9w8@server1.crmbluetechnology.xyz>',108,NULL),(NULL,'<62rmt2q7y09l.8i76mg2qd4mm@server1.crmbluetechnology.xyz>',109,NULL),(NULL,'<33wdahixy4m3.2du34ut7b4yso@server1.crmbluetechnology.xyz>',110,NULL),(NULL,'<3pi6ojjfhm1u.1y8285jalrvow@server1.crmbluetechnology.xyz>',111,NULL),(NULL,'<6a9qb174ctq.1ly9xoax6urz7@server1.crmbluetechnology.xyz>',112,NULL),(NULL,'<2fb38c5zdo8.qke9kdbdk79t@server1.crmbluetechnology.xyz>',113,NULL),(NULL,'<1w3rhl09u39e.1j72sa5ctu2vj@server1.crmbluetechnology.xyz>',114,NULL),(NULL,'<160z7rh159mw.26efgiq519r4o@server1.crmbluetechnology.xyz>',115,NULL),(NULL,'<oygpt9zles1.c19ipx3itqf7@server1.crmbluetechnology.xyz>',115,NULL),(NULL,'<xm0vbejd4wr.1sl281knok3na@server1.crmbluetechnology.xyz>',116,NULL),(NULL,'<wc887i0mjom.34dv3as7qig4o@server1.crmbluetechnology.xyz>',117,NULL),(NULL,'<1b3tdkb3rv3k.1zjpl4qcps000@server1.crmbluetechnology.xyz>',118,NULL),(NULL,'<5pk4q072fnzq.ranazxt8pwxg@server1.crmbluetechnology.xyz>',119,NULL),(NULL,'<1phwwfsz9uey.2mguwutcv60ww@server1.crmbluetechnology.xyz>',120,NULL),(NULL,'<4eymb1gxub7j.f23r1bzb377a@server1.crmbluetechnology.xyz>',121,NULL),(NULL,'<4fmfrqq9428a.6a6npmqs3n2q@server1.crmbluetechnology.xyz>',122,NULL),(NULL,'<4vdqxrq82r0z.2c15k2vlbd8go@server1.crmbluetechnology.xyz>',123,NULL),(NULL,'<26e4w5gbbdqy.1qxtm10u6fmgc@server1.crmbluetechnology.xyz>',124,NULL),(NULL,'<22rkm5jqdc9o.2lkhnf2rpo8w0@server1.crmbluetechnology.xyz>',125,NULL),(NULL,'<72rq3pbo8m07.2ai837eg60lcs@server1.crmbluetechnology.xyz>',126,NULL),(NULL,'<4fjme455ewkp.1g7sue0kpyp57@server1.crmbluetechnology.xyz>',127,NULL),(NULL,'<1o37dmgsbzor.12whxg23gmovf@server1.crmbluetechnology.xyz>',128,NULL),(NULL,'<248qr7aui2yf.1y5qc5ymexfoo@server1.crmbluetechnology.xyz>',129,NULL),(NULL,'<30l99gg18d4y.2buaf2jrr7pco@server1.crmbluetechnology.xyz>',130,NULL),(NULL,'<75t6e985mh6y.mppbzu19mc5m@server1.crmbluetechnology.xyz>',131,NULL),(NULL,'<4hkyubi1xlsl.1ac459nloxd4n@server1.crmbluetechnology.xyz>',131,NULL),(NULL,'<50i9063b94f3.1tj43q17f4vsi@server1.crmbluetechnology.xyz>',131,NULL),(NULL,'<wegoxuznrfp.2gss8iycrl448@server1.crmbluetechnology.xyz>',132,NULL),(NULL,'<2yh1ntj640b7.37x7kbtjeeuc8@server1.crmbluetechnology.xyz>',73,NULL),(NULL,'<6jqn44s5a6o2.2akcmur4klwk4@server1.crmbluetechnology.xyz>',132,NULL),(NULL,'<wsssv0yzx7q.131p9ll5rad09@server1.crmbluetechnology.xyz>',198,NULL),(NULL,'<57o72dr0y2b9.2cjqimhsj7k0k@server1.crmbluetechnology.xyz>',200,NULL),(NULL,'<1fdfgwrm2v5q.qmqezfpz0xdo@server1.crmbluetechnology.xyz>',200,NULL),(NULL,'<ss1qcuzm5dm.1odri2louvvvn@server1.crmbluetechnology.xyz>',198,NULL),(NULL,'<1e5gekousm4z.pov9ebgc12t8@server1.crmbluetechnology.xyz>',200,NULL),(NULL,'<7i6sb4m2j5lq.wr9d3ukfc63h@server1.crmbluetechnology.xyz>',200,NULL),(NULL,'<5y6ue2guuzhf.wmoezaruhhjb@server1.crmbluetechnology.xyz>',200,NULL),(NULL,'<4x7n1y35zmyq.ktc6i86rznx1@server1.crmbluetechnology.xyz>',207,NULL),(NULL,'<353vcapgswei.2ncu13qmzkmck@server1.crmbluetechnology.xyz>',207,NULL),(NULL,'<77khztuacxlh.mkeyhhrkpvqx@server1.crmbluetechnology.xyz>',207,NULL),(NULL,'<xvkpf92xw68.24woji8izkro4@server1.crmbluetechnology.xyz>',207,NULL),(NULL,'<piosrun5b6b.10l6gyr0zuj5b@server1.crmbluetechnology.xyz>',131,NULL),(NULL,'<4jzt9rkckl9l.3gk3gd0lszwg4@server1.crmbluetechnology.xyz>',127,NULL),(NULL,'<6wfd83lw82wk.1jeayfjf4p9nm@server1.crmbluetechnology.xyz>',128,NULL),(NULL,'<5t23tennfoaa.3iakk5nz5s6co@server1.crmbluetechnology.xyz>',130,NULL),(NULL,'<31up566dr6lx.9dpawnd5e5yj@server1.crmbluetechnology.xyz>',130,NULL),(NULL,'<3ofmlh0q0n7.38cv2smko3cwk@server1.crmbluetechnology.xyz>',128,NULL),(NULL,'<o3ozw3gzya6.1585tinsb6acd@server1.crmbluetechnology.xyz>',218,NULL),(NULL,'<78j8keo05qz5.2y45ax101neoo@server1.crmbluetechnology.xyz>',220,NULL),(NULL,'<2frjvvbq2kpi.1s7gsktgr7xgs@server1.crmbluetechnology.xyz>',222,NULL),(NULL,'<1d7renlcb7mp.2znk6af5anggw@server1.crmbluetechnology.xyz>',223,NULL),(NULL,'<5sg2ifnevyp8.2ohdt2wwefsw8@server1.crmbluetechnology.xyz>',222,NULL),(NULL,'<4vpcuwunhtjt.22ui9mowdvhco@server1.crmbluetechnology.xyz>',227,NULL),(NULL,'<22ccyichduxx.1x3j05vpfon0a@server1.crmbluetechnology.xyz>',228,NULL),(NULL,'<34z08e8nkfha.3f9nn0980ds04@server1.crmbluetechnology.xyz>',231,NULL),(NULL,'<bwsh7she89x.2wn91o8znfwgc@server1.crmbluetechnology.xyz>',232,NULL),(NULL,'<3y3yobewu63w.1k02574rp2y11@server1.crmbluetechnology.xyz>',233,NULL),(NULL,'<180u52e0o0vn.3pq3p01fleeck@server1.crmbluetechnology.xyz>',234,NULL),(NULL,'<3bbscpvtn88s.3n4rbz5w9pc0s@server1.crmbluetechnology.xyz>',227,NULL),(NULL,'<3chdzo37dls6.brea5oujckti@server1.crmbluetechnology.xyz>',231,NULL),(NULL,'<4xm7bdb3elcf.vt59i39jhvny@server1.crmbluetechnology.xyz>',232,NULL),(NULL,'<5dvh1cc831jt.8nxchfw8c9v0@server1.crmbluetechnology.xyz>',228,NULL),(NULL,'<6jbkrwhgvco2.303grmlk57uog@server1.crmbluetechnology.xyz>',234,NULL),(NULL,'<plo7c4nyfdy.2kjyo9rb7k2sw@server1.crmbluetechnology.xyz>',244,NULL),(NULL,'<77offfwsjqls.2wn6apz3qyo0g@server1.crmbluetechnology.xyz>',245,NULL),(NULL,'<3apldkku7a3t.1qqho6rinqqwp@server1.crmbluetechnology.xyz>',248,NULL),(NULL,'<1whmxqo6tzse.30vxb6e3ffk08@server1.crmbluetechnology.xyz>',250,NULL),(NULL,'<3x8pl3xz3gct.51rx107d9m0@server1.crmbluetechnology.xyz>',252,NULL),(NULL,'<4qhb6krr8zh0.27kbsza55t8gw@server1.crmbluetechnology.xyz>',253,NULL),(NULL,'<yfn47izeryr.utlgpx01f7p7@server1.crmbluetechnology.xyz>',252,NULL),(NULL,'<1mfi82punoyn.3hjh0v6ofn40o@server1.crmbluetechnology.xyz>',253,NULL),(NULL,'<56sma2afcilk.2la4cnpc8iecg@server1.crmbluetechnology.xyz>',256,NULL),(NULL,'<5ndqs7a9o1te.m672f1o0xtgc@server1.crmbluetechnology.xyz>',257,NULL),(NULL,'<7hhut6wzfb1.3iniyhiy0jok8@server1.crmbluetechnology.xyz>',257,NULL),(NULL,'<1he8s0v8ybo6.1v84c9iq3rd6f@server1.crmbluetechnology.xyz>',263,NULL),(NULL,'<6izsh29yi2lb.6hn0dpizhof6@server1.crmbluetechnology.xyz>',263,NULL),(NULL,'<5owqus9bf925.1kbbtedybb1s0@server1.crmbluetechnology.xyz>',266,NULL),(NULL,'<9yppn4kwcdi.2olcle7zb8sgw@server1.crmbluetechnology.xyz>',266,NULL),(NULL,'<6tg39ppcsxwq.a1ynvvy5kiu6@server1.crmbluetechnology.xyz>',267,NULL),(NULL,'<6x1scqytuc6a.wwz1uxbh8tiu@server1.crmbluetechnology.xyz>',271,NULL),(NULL,'<2uslbq1mri25.h0zz3me1hglj@server1.crmbluetechnology.xyz>',272,NULL),(NULL,'<2v81hmp0f9l6.2eyihm2y4ngg4@server1.crmbluetechnology.xyz>',275,NULL),(NULL,'<1ubnvwaleg26.2jurj2ry7fuo0@server1.crmbluetechnology.xyz>',277,NULL),(NULL,'<3dozl37fusba.lnps57moqeht@server1.crmbluetechnology.xyz>',87,NULL),(NULL,'<3wg3uld80lle.2b6ax8ek5ytc8@server1.crmbluetechnology.xyz>',91,NULL),(NULL,'<56m5qw1st4np.38pqrfr4je2o0@server1.crmbluetechnology.xyz>',87,NULL),(NULL,'<4r785cvn2fa8.2vlbn1wo3o84c@server1.crmbluetechnology.xyz>',96,NULL),(NULL,'<4gbty6z1njo9.1fa4ga3x9wd0v@server1.crmbluetechnology.xyz>',93,NULL),(NULL,'<2o8ijjp8s47w.ge0ovgzk0g8j@server1.crmbluetechnology.xyz>',94,NULL),(NULL,'<4cychs0rdip2.tqa9bk1ynbmo@server1.crmbluetechnology.xyz>',285,NULL),(NULL,'<3mfcep4rbm8e.3dxh5omd1qkg4@server1.crmbluetechnology.xyz>',287,NULL),(NULL,'<sawlki3f4nt.2k5b2n6pbn0gw@server1.crmbluetechnology.xyz>',287,NULL),(NULL,'<6gxgkrjwme0l.w6i0namfardf@server1.crmbluetechnology.xyz>',290,NULL),(NULL,'<2gwnsrujhnjw.3qmec7vb09s0s@server1.crmbluetechnology.xyz>',290,NULL),(NULL,'<35z30glqt482.3kqylb21e4qos@server1.crmbluetechnology.xyz>',293,NULL),(NULL,'<79b0vrkj7fj1.2bu3v4gh6hxcc@server1.crmbluetechnology.xyz>',295,NULL),(NULL,'<4igs4wet7s0m.3bc6szvfr8cg0@server1.crmbluetechnology.xyz>',290,NULL),(NULL,'<6gpi5xh6rusf.285saefea1j4w@server1.crmbluetechnology.xyz>',290,NULL),(NULL,'<63u7z6h3ldih.igdt217a5shm@server1.crmbluetechnology.xyz>',290,NULL),(NULL,'<672edg8ufw6r.3nmv3tea12m88@server1.crmbluetechnology.xyz>',290,NULL),(NULL,'<6xonsefoon26.9wcy2rdt70fu@server1.crmbluetechnology.xyz>',290,NULL),(NULL,'<2a8dnoeuhlu2.37wx3jdemdesc@server1.crmbluetechnology.xyz>',290,NULL),(NULL,'<10jtasv6qihm.6o60afx401zh@server1.crmbluetechnology.xyz>',290,NULL),(NULL,'<2mndjuayomjp.fykqqmrnvd39@server1.crmbluetechnology.xyz>',290,NULL),(NULL,'<2zb9vw2aag4v.o9e4eokqq3ym@server1.crmbluetechnology.xyz>',290,NULL),(NULL,'<5o96ymmnyipm.21uvwgaisvlwk@server1.crmbluetechnology.xyz>',290,NULL),(NULL,'<3syc7669zk8u.2fymxtbz2tog4@server1.crmbluetechnology.xyz>',290,NULL),(NULL,'<48n3wvlybayx.35388g1mrr0g8@server1.crmbluetechnology.xyz>',290,NULL),(NULL,'<3g1mm33ali8u.mz7g64ar2s1o@server1.crmbluetechnology.xyz>',290,NULL),(NULL,'<3c7igg9106g5.2s3iwc4x1yqsg@server1.crmbluetechnology.xyz>',290,NULL),(NULL,'<3v5zv4v8dm7j.3d2n559qexwkk@server1.crmbluetechnology.xyz>',290,NULL),(NULL,'<38ur8cfg3ni1.353b4t3hn8qok@server1.crmbluetechnology.xyz>',290,NULL),(NULL,'<7jjw1wsb1ga5.xkjybm0r665l@server1.crmbluetechnology.xyz>',290,NULL),(NULL,'<76gnt33nzeia.10jlw3drz52a2@server1.crmbluetechnology.xyz>',116,NULL),(NULL,'<4kfiap21nltm.3lbynydd7osgw@server1.crmbluetechnology.xyz>',116,NULL),(NULL,'<4u64a2ficeoi.2ytk3q0y12iok@server1.crmbluetechnology.xyz>',130,NULL),(NULL,'<5l76gpae9zrt.1506gplneok1r@server1.crmbluetechnology.xyz>',128,NULL),(NULL,'<21irrwel5ywe.eo12puwm7qlp@server1.crmbluetechnology.xyz>',295,NULL),(NULL,'<32kc6n9hhifo.3bcyqcu9t88w0@server1.crmbluetechnology.xyz>',198,NULL),(NULL,'<29kw8ujdg0vm.1af111biim6vw@server1.crmbluetechnology.xyz>',290,NULL),(NULL,'<g7oaq15uf79.2jhz58dt5fk0g@server1.crmbluetechnology.xyz>',290,NULL),(NULL,'<1soafgjccvx6.27z6f2a9l2dcw@server1.crmbluetechnology.xyz>',290,NULL),(NULL,'<52q8q0653teo.bmgtzltplyxf@server1.crmbluetechnology.xyz>',290,NULL),(NULL,'<555n02a1ks6i.2z4jch0t4v0gg@server1.crmbluetechnology.xyz>',290,NULL),(NULL,'<5fllqublqcvo.8mpmqdxs31us@server1.crmbluetechnology.xyz>',290,NULL),(NULL,'<5aetfwmom8ji.1a63fi3l37twu@server1.crmbluetechnology.xyz>',290,NULL),(NULL,'<5h6njp6d32ko.2mr2pca4vpk4g@server1.crmbluetechnology.xyz>',290,NULL),(NULL,'<2ra8en8e0lnm.3dwfjbwz9a044@server1.crmbluetechnology.xyz>',198,NULL),(NULL,'<1fc6g9ru91ux.3h8ztxpijz6so@server1.crmbluetechnology.xyz>',198,NULL),(NULL,'<1pfkw3ibqzzi.2kbnhp7dace8w@server1.crmbluetechnology.xyz>',290,NULL),(NULL,'<4s7glljh94fj.2y0u9gwfwqgwg@server1.crmbluetechnology.xyz>',290,NULL),(NULL,'<vszy3oqwr75.21pwpvqtyww00@server1.crmbluetechnology.xyz>',290,NULL),(NULL,'<3saq6g6kllf6.399mpaujvj0gk@server1.crmbluetechnology.xyz>',290,NULL),(NULL,'<oufql9sz9oe.y03yh8i9apze@server1.crmbluetechnology.xyz>',290,NULL),(NULL,'<18tvttoiy11j.2sk0djgpnvy8s@server1.crmbluetechnology.xyz>',290,NULL),(NULL,'<1t9w4y80yh8x.14rl018ebp91l@server1.crmbluetechnology.xyz>',290,NULL),(NULL,'<5ag2tb0nr8pi.mq7c902zx8r5@server1.crmbluetechnology.xyz>',290,NULL),(NULL,'<2r9pmbdafpb4.1nql1ip0oj93p@server1.crmbluetechnology.xyz>',290,NULL),(NULL,'<37y4iluh4r8r.2g7myczcfa4gk@server1.crmbluetechnology.xyz>',290,NULL),(NULL,'<778qr9tblxip.ltwa5zc1wu94@server1.crmbluetechnology.xyz>',290,NULL),(NULL,'<2a06dthtzysz.3lakv4fbbdc0c@server1.crmbluetechnology.xyz>',290,NULL),(NULL,'<31418k5h9pnq.3hhvqxsleaucc@server1.crmbluetechnology.xyz>',344,NULL),(NULL,'<242qj165jxv5.flg4iefo7ccw@server1.crmbluetechnology.xyz>',344,NULL),(NULL,'<5p5b8sqppb8t.1i9hnuly290rg@server1.crmbluetechnology.xyz>',293,NULL),(NULL,'<3pyof3x1l92n.3ihj12xgo0w0s@server1.crmbluetechnology.xyz>',293,NULL),(NULL,'<6c6on3y5qbhu.3krv4wgov3i88@server1.crmbluetechnology.xyz>',112,NULL),(NULL,'<2rn1xdrxdi2i.2ifp7stv6z6ss@server1.crmbluetechnology.xyz>',118,NULL),(NULL,'<1ke89746f4ch.2jik91gdvm68k@server1.crmbluetechnology.xyz>',272,NULL),(NULL,'<2ygsg1aqqaix.1vzwbmcusm0zv@server1.crmbluetechnology.xyz>',110,NULL),(NULL,'<30ok0dbl3wsz.2m3cyc0fougwc@server1.crmbluetechnology.xyz>',121,NULL),(NULL,'<5o9ylzc25b6m.2mn8dkpb8u04o@server1.crmbluetechnology.xyz>',233,NULL),(NULL,'<4h95tyi8iktj.w49k65bbkev5@server1.crmbluetechnology.xyz>',285,NULL),(NULL,'<174a9eyg2xbq.2sc92o4nwjc4o@server1.crmbluetechnology.xyz>',119,NULL),(NULL,'<737gjoe2ff1d.ve3svre2tfng@server1.crmbluetechnology.xyz>',359,NULL),(NULL,'<3hcx4utwwysi.mrvvh6zsx55x@server1.crmbluetechnology.xyz>',365,NULL),(NULL,'<5rw2xqiwz2jp.2szob79q3h44c@server1.crmbluetechnology.xyz>',367,NULL),(NULL,'<617vsnu5sdd9.hodmcnpufw1t@server1.crmbluetechnology.xyz>',367,NULL),(NULL,'<51dxc3ho3zmx.3mm14hyqd52co@server1.crmbluetechnology.xyz>',371,NULL),(NULL,'<3lh7tappf5im.pv1gvgsjwhro@server1.crmbluetechnology.xyz>',375,NULL),(NULL,'<6g5svarn63hu.6iwh4rjxg2c@server1.crmbluetechnology.xyz>',380,NULL),(NULL,'<a487rkr5pyu.9cq29jl5kv2l@server1.crmbluetechnology.xyz>',385,NULL),(NULL,'<2k7a3r8vhrsm.31zxdfmevh6oo@server1.crmbluetechnology.xyz>',272,NULL),(NULL,'<4uf00fidi39c.1uyqkxamk04fb@server1.crmbluetechnology.xyz>',387,NULL),(NULL,'<732hw5zjccjd.3k60xdzx6s2ss@server1.crmbluetechnology.xyz>',371,NULL),(NULL,'<42a15q5mxgqm.1zpoo5b6g3k00@server1.crmbluetechnology.xyz>',371,NULL),(NULL,'<1vjhmtgszk7b.vkg0zx01zpal@server1.crmbluetechnology.xyz>',391,NULL),(NULL,'<43m17a8m5s7a.y52q4sy8sscz@server1.crmbluetechnology.xyz>',396,NULL),(NULL,'<5u9q4ck9a5mw.gl64463iavua@server1.crmbluetechnology.xyz>',271,NULL),(NULL,'<1n7fi34sdeaq.3c1waa6rs22os@server1.crmbluetechnology.xyz>',394,NULL),(NULL,'<1ojp46uehf3e.1locxedtrltyn@server1.crmbluetechnology.xyz>',367,NULL),(NULL,'<5ycbtwqiq9ch.3ilqmr0ssb8k4@server1.crmbluetechnology.xyz>',401,NULL),(NULL,'<6a01hisw7t8p.3f40cgo5mfggo@server1.crmbluetechnology.xyz>',359,NULL),(NULL,'<3efjy3aosglt.38r9lybyyv400@server1.crmbluetechnology.xyz>',367,NULL),(NULL,'<74686jeb10ap.3ifvce4zmcis4@server1.crmbluetechnology.xyz>',401,NULL),(NULL,'<2e0eb8ek0vnu.3ko1tq9g7yuc0@server1.crmbluetechnology.xyz>',409,NULL),(NULL,'<58e4dx94gksh.2m5bs6a2s4u88@server1.crmbluetechnology.xyz>',271,NULL),(NULL,'<146cv9zfu62w.sqqv8wtc2j8o@server1.crmbluetechnology.xyz>',375,NULL),(NULL,'<5xwmsz8uyd71.ixlmroe8vsi5@server1.crmbluetechnology.xyz>',385,NULL),(NULL,'<2mmwjbeqiw5s.1zyreorewwu8w@server1.crmbluetechnology.xyz>',380,NULL),(NULL,'<5uyp22vo3pmx.22gcd5jcamhww@server1.crmbluetechnology.xyz>',121,NULL),(NULL,'<57t26a7vt0f5.8ua55jawac8v@server1.crmbluetechnology.xyz>',385,NULL),(NULL,'<759t5hwht67d.1x3kdv7e0dd1a@server1.crmbluetechnology.xyz>',371,NULL),(NULL,'<ysbbj5zi3g2.18c8lqm96gk4x@server1.crmbluetechnology.xyz>',391,NULL),(NULL,'<36jn5ak8vp01.22n8kynwx0g0s@server1.crmbluetechnology.xyz>',420,NULL),(NULL,'<70ozo7gm4byh.3ur42sml9jcwc@server1.crmbluetechnology.xyz>',422,NULL),(NULL,'<7d97fnzq4d95.2sd2t6kta680g@server1.crmbluetechnology.xyz>',422,NULL),(NULL,'<4zdnvlfo11k0.2dxkmqgym3vog@server1.crmbluetechnology.xyz>',422,NULL),(NULL,'<zzr8rzh6i0y.2il46j602ugwo@server1.crmbluetechnology.xyz>',110,NULL),(NULL,'<4m7hn91oxdzd.30in2yucxhs0w@server1.crmbluetechnology.xyz>',118,NULL),(NULL,'<74snny5f279t.3kq5l9uemxicg@server1.crmbluetechnology.xyz>',94,NULL),(NULL,'<3uqv1ktd7e59.2z7r6g810mo04@server1.crmbluetechnology.xyz>',112,NULL),(NULL,'<3wcxct7t6eft.133hsg3zwh1ki@server1.crmbluetechnology.xyz>',96,NULL),(NULL,'<1tak8ozptrx7.3q076p39jjs44@server1.crmbluetechnology.xyz>',87,NULL),(NULL,'<5204b8so44gs.2tbffa97pgiso@server1.crmbluetechnology.xyz>',277,NULL),(NULL,'<534ipcz3sm5l.vsgodo3f9pmh@server1.crmbluetechnology.xyz>',275,NULL),(NULL,'<21wk17iyuusy.1m6fosexq3pbr@server1.crmbluetechnology.xyz>',267,NULL),(NULL,'<72izor5fsp6i.22v8cidjsrd4@server1.crmbluetechnology.xyz>',266,NULL),(NULL,'<2ifokvlyhcvw.wrz0500b94k1@server1.crmbluetechnology.xyz>',263,NULL),(NULL,'<i1tmomkt6da.ua47ugpxntg4@server1.crmbluetechnology.xyz>',131,NULL),(NULL,'<4kdgkf6cpwkx.39pazr0mq38ko@server1.crmbluetechnology.xyz>',115,NULL),(NULL,'<xe2t8q1dum1.u8k9t8yig9tn@server1.crmbluetechnology.xyz>',109,NULL),(NULL,'<621bb3hcnnuh.1qmziunvh70o1@server1.crmbluetechnology.xyz>',108,NULL),(NULL,'<430qhdr9pqpt.28w7l9xiq2o00@server1.crmbluetechnology.xyz>',85,NULL),(NULL,'<4pxha1y0s79d.3xtpa2i4ooep@server1.crmbluetechnology.xyz>',84,NULL),(NULL,'<18pjv0gzzlqh.6w0g0fje3b3@server1.crmbluetechnology.xyz>',76,NULL),(NULL,'<2ju9uk83972h.38moy5la3juoc@server1.crmbluetechnology.xyz>',74,NULL),(NULL,'<1na3x27i3obm.xmrs130jzket@server1.crmbluetechnology.xyz>',420,NULL),(NULL,'<3ogfn498dn35.34ntkv1d9y4g0@server1.crmbluetechnology.xyz>',409,NULL),(NULL,'<5gi83tifbne2.y64x1x91qyv5@server1.crmbluetechnology.xyz>',447,NULL),(NULL,'<21kux7v09j0a.3ex34s4mk604c@server1.crmbluetechnology.xyz>',447,NULL),(NULL,'<7cifmomwsfqp.o8rywq5bmpyx@server1.crmbluetechnology.xyz>',452,NULL),(NULL,'<39ir2qrvgb03.1yfsvvi9rp0kw@server1.crmbluetechnology.xyz>',452,NULL),(NULL,'<396yf566w9md.2iu8ye8w3c84s@server1.crmbluetechnology.xyz>',453,NULL);

--
-- Table structure for table `vtiger_mailscanner_ruleactions`
--

CREATE TABLE `vtiger_mailscanner_ruleactions` (
  `ruleid` int(11) DEFAULT NULL,
  `actionid` int(11) DEFAULT NULL
) ENGINE=InnoDB DEFAULT CHARSET=utf8mb4 COLLATE=utf8mb4_general_ci;

--
-- Dumping data for table `vtiger_mailscanner_ruleactions`
--

INSERT INTO `vtiger_mailscanner_ruleactions` VALUES (2,2);

--
-- Table structure for table `vtiger_mailscanner_rules`
--

CREATE TABLE `vtiger_mailscanner_rules` (
  `ruleid` int(11) NOT NULL AUTO_INCREMENT,
  `scannerid` int(11) DEFAULT NULL,
  `fromaddress` varchar(255) DEFAULT NULL,
  `toaddress` varchar(255) DEFAULT NULL,
  `subjectop` varchar(20) DEFAULT NULL,
  `subject` varchar(255) DEFAULT NULL,
  `bodyop` varchar(20) DEFAULT NULL,
  `body` varchar(255) DEFAULT NULL,
  `matchusing` varchar(5) DEFAULT NULL,
  `sequence` int(11) DEFAULT NULL,
  `assigned_to` int(11) DEFAULT NULL,
  `cc` varchar(255) DEFAULT NULL,
  `bcc` varchar(255) DEFAULT NULL,
  PRIMARY KEY (`ruleid`)
) ENGINE=InnoDB AUTO_INCREMENT=6 DEFAULT CHARSET=utf8mb4 COLLATE=utf8mb4_general_ci;

--
-- Dumping data for table `vtiger_mailscanner_rules`
--

INSERT INTO `vtiger_mailscanner_rules` VALUES (2,2,'','supportticket@mybluetechnology.com','','','','','OR',1,6,'','');

--
-- Table structure for table `vtiger_manufacturer`
--

CREATE TABLE `vtiger_manufacturer` (
  `manufacturerid` int(11) NOT NULL AUTO_INCREMENT,
  `manufacturer` varchar(200) NOT NULL,
  `presence` int(11) NOT NULL DEFAULT 1,
  `picklist_valueid` int(11) NOT NULL DEFAULT 0,
  `sortorderid` int(11) DEFAULT NULL,
  `color` varchar(10) DEFAULT NULL,
  PRIMARY KEY (`manufacturerid`),
  UNIQUE KEY `manufacturer_manufacturer_idx` (`manufacturer`)
) ENGINE=InnoDB AUTO_INCREMENT=5 DEFAULT CHARSET=utf8mb4 COLLATE=utf8mb4_general_ci;

--
-- Dumping data for table `vtiger_manufacturer`
--

INSERT INTO `vtiger_manufacturer` VALUES (2,'AltvetPet Inc.',1,124,1,NULL),(3,'LexPon Inc.',1,125,2,NULL),(4,'MetBeat Corp',1,126,3,NULL);

--
-- Table structure for table `vtiger_manufacturer_seq`
--

CREATE TABLE `vtiger_manufacturer_seq` (
  `id` int(11) NOT NULL
) ENGINE=InnoDB DEFAULT CHARSET=utf8mb4 COLLATE=utf8mb4_general_ci;

--
-- Dumping data for table `vtiger_manufacturer_seq`
--

INSERT INTO `vtiger_manufacturer_seq` VALUES (4);

--
-- Table structure for table `vtiger_mobile_alerts`
--

CREATE TABLE `vtiger_mobile_alerts` (
  `id` int(11) NOT NULL AUTO_INCREMENT,
  `handler_path` varchar(500) DEFAULT NULL,
  `handler_class` varchar(50) DEFAULT NULL,
  `sequence` int(11) DEFAULT NULL,
  `deleted` int(11) NOT NULL DEFAULT 0,
  PRIMARY KEY (`id`)
) ENGINE=InnoDB AUTO_INCREMENT=8 DEFAULT CHARSET=utf8 COLLATE=utf8_general_ci;

--
-- Dumping data for table `vtiger_mobile_alerts`
--

INSERT INTO `vtiger_mobile_alerts` VALUES (1,'modules/Mobile/api/ws/models/alerts/IdleTicketsOfMine.php','Mobile_WS_AlertModel_IdleTicketsOfMine',NULL,0),(2,'modules/Mobile/api/ws/models/alerts/NewTicketOfMine.php','Mobile_WS_AlertModel_NewTicketOfMine',NULL,0),(3,'modules/Mobile/api/ws/models/alerts/PendingTicketsOfMine.php','Mobile_WS_AlertModel_PendingTicketsOfMine',NULL,0),(4,'modules/Mobile/api/ws/models/alerts/PotentialsDueIn5Days.php','Mobile_WS_AlertModel_PotentialsDueIn5Days',NULL,0),(5,'modules/Mobile/api/ws/models/alerts/EventsOfMineToday.php','Mobile_WS_AlertModel_EventsOfMineToday',NULL,0),(6,'modules/Mobile/api/ws/models/alerts/ProjectTasksOfMine.php','Mobile_WS_AlertModel_ProjectTasksOfMine',NULL,0),(7,'modules/Mobile/api/ws/models/alerts/Projects.php','Mobile_WS_AlertModel_Projects',NULL,0);

--
-- Table structure for table `vtiger_modcomments`
--

CREATE TABLE `vtiger_modcomments` (
  `modcommentsid` int(11) DEFAULT NULL,
  `commentcontent` text DEFAULT NULL,
  `related_to` int(11) DEFAULT NULL,
  `parent_comments` int(11) DEFAULT NULL,
  `customer` int(11) DEFAULT NULL,
  `userid` int(11) DEFAULT NULL,
  `reasontoedit` varchar(100) DEFAULT NULL,
  `is_private` int(11) DEFAULT 0,
  `filename` varchar(255) DEFAULT NULL,
  `related_email_id` int(11) DEFAULT NULL,
  KEY `relatedto_idx` (`related_to`),
  KEY `fk_crmid_vtiger_modcomments` (`modcommentsid`),
  CONSTRAINT `fk_crmid_vtiger_modcomments` FOREIGN KEY (`modcommentsid`) REFERENCES `vtiger_crmentity` (`crmid`) ON DELETE CASCADE
) ENGINE=InnoDB DEFAULT CHARSET=utf8 COLLATE=utf8_general_ci;

--
-- Dumping data for table `vtiger_modcomments`
--

INSERT INTO `vtiger_modcomments` VALUES (41,'test comment',40,0,0,6,'',0,'0',0),(42,'Comment 2',40,0,0,6,'',0,'43',0),(47,'Pivture 1',38,0,0,1,'',0,'48',0),(49,'@SecondTechnician OK',38,47,0,6,'',0,'0',0),(50,'@JCIsmodes ok gtfdres',40,42,0,1,'',0,'0',0),(347,'Pictures attached',293,0,0,6,'',1,'348',0),(361,'Bim please, confirm asap',359,0,0,6,'',1,'1',0),(362,'Bim, please be sure to be at 8am and not 7am as the original ticket email',359,0,0,6,'',1,'1',0),(363,'test',290,0,0,6,'',1,'1',0),(364,'OK',290,363,0,6,'',1,'1',0),(368,'Notice that switch port 13 was used. This needs to be changed as Port 13 is assigned exclusively to music devices. @bim@mybluetechnology.com Please make this change to the next available port and communicate with Dynamix team here or on the bridge. NOC team needs to configure the port for Toast devices outside of 1-12 range. Once the correct IP is being retained via RJ45 connection on the Toast devices – you’ll need to disable WiFi connection and forget the saved network. I will send you a separate email with your unique Toast credentials.',367,0,0,6,'',1,'1',0),(373,'Task 1: Remove the temporary 6 Port Switch \nTask 2: Check if the patch for those ports is in a good working condition',371,0,0,6,'',1,'374',0),(376,'Pictures',375,0,0,6,'',1,'377,378',0),(381,'Pictures',380,0,0,6,'',1,'382,383',0),(403,'IP Address Pizza KDS before moved to port 38',359,0,0,10,'',1,'404,405',0),(458,'Pics from Nuranne',452,0,0,6,'',0,'459,460,461,462,463',0);

--
-- Table structure for table `vtiger_modcommentscf`
--

CREATE TABLE `vtiger_modcommentscf` (
  `modcommentsid` int(11) NOT NULL,
  PRIMARY KEY (`modcommentsid`),
  CONSTRAINT `fk_modcommentsid_vtiger_modcommentscf` FOREIGN KEY (`modcommentsid`) REFERENCES `vtiger_modcomments` (`modcommentsid`) ON DELETE CASCADE
) ENGINE=InnoDB DEFAULT CHARSET=utf8 COLLATE=utf8_general_ci;

--
-- Dumping data for table `vtiger_modcommentscf`
--

INSERT INTO `vtiger_modcommentscf` VALUES (41),(42),(47),(49),(50),(347),(361),(362),(363),(364),(368),(373),(376),(381),(403),(458);

--
-- Table structure for table `vtiger_modentity_num`
--

CREATE TABLE `vtiger_modentity_num` (
  `num_id` int(11) NOT NULL,
  `semodule` varchar(100) DEFAULT NULL,
  `prefix` varchar(50) NOT NULL DEFAULT '',
  `start_id` varchar(50) NOT NULL,
  `cur_id` varchar(50) NOT NULL,
  `active` varchar(2) NOT NULL,
  PRIMARY KEY (`num_id`),
  UNIQUE KEY `num_idx` (`num_id`),
  KEY `semodule_active_idx` (`semodule`,`active`)
) ENGINE=InnoDB DEFAULT CHARSET=utf8mb4 COLLATE=utf8mb4_general_ci;

--
-- Dumping data for table `vtiger_modentity_num`
--

INSERT INTO `vtiger_modentity_num` VALUES (1,'Leads','LEA','1','1','1'),(2,'Accounts','ACC','1','000037','1'),(3,'Campaigns','CAM','1','1','1'),(4,'Contacts','CON','1','000013','1'),(5,'Potentials','POT','1','1','1'),(6,'HelpDesk','TT','1','1','0'),(7,'Quotes','QUO','1','1','1'),(8,'SalesOrder','SO','1','1','1'),(9,'PurchaseOrder','PO','1','1','1'),(10,'Invoice','INV','1','1','1'),(11,'Products','PRO','1','1','1'),(12,'Vendors','VEN','1','1','1'),(13,'PriceBooks','PB','1','1','1'),(14,'Faq','FAQ','1','1','1'),(15,'Documents','DOC','1','2','1'),(16,'ServiceContracts','SERCON','1','2','1'),(17,'Services','SER','1','1','1'),(18,'Assets','ASSET','1','1','1'),(19,'ProjectMilestone','PM','1','1','1'),(20,'ProjectTask','PT','1','1','1'),(21,'Project','PROJ','1','1','1'),(22,'HelpDesk','TKT','000001','000112','1');

--
-- Table structure for table `vtiger_modentity_num_seq`
--

CREATE TABLE `vtiger_modentity_num_seq` (
  `id` int(11) NOT NULL
) ENGINE=InnoDB DEFAULT CHARSET=utf8mb4 COLLATE=utf8mb4_general_ci;

--
-- Dumping data for table `vtiger_modentity_num_seq`
--

INSERT INTO `vtiger_modentity_num_seq` VALUES (22);

--
-- Table structure for table `vtiger_modtracker_basic`
--

CREATE TABLE `vtiger_modtracker_basic` (
  `id` int(11) NOT NULL,
  `crmid` int(11) DEFAULT NULL,
  `module` varchar(50) DEFAULT NULL,
  `whodid` int(11) DEFAULT NULL,
  `changedon` datetime DEFAULT NULL,
  `status` int(11) DEFAULT 0,
  PRIMARY KEY (`id`),
  KEY `crmidx` (`crmid`),
  KEY `idx` (`id`)
) ENGINE=InnoDB DEFAULT CHARSET=utf8 COLLATE=utf8_general_ci;

--
-- Dumping data for table `vtiger_modtracker_basic`
--

INSERT INTO `vtiger_modtracker_basic` VALUES (1,2,'Accounts',1,'2023-02-16 17:52:01',2),(2,35,'Accounts',1,'2023-02-16 18:02:18',0),(3,36,'HelpDesk',1,'2023-02-16 19:26:53',2),(4,36,'HelpDesk',1,'2023-02-16 19:38:11',0),(5,36,'HelpDesk',1,'2023-02-16 19:38:58',0),(6,3,'Accounts',1,'2023-02-16 20:31:08',0),(7,37,'Emails',1,'2023-02-16 21:33:06',2),(8,38,'HelpDesk',1,'2023-02-16 22:06:26',2),(9,39,'ServiceContracts',1,'2023-02-16 22:08:58',2),(10,38,'HelpDesk',1,'2023-02-16 22:10:02',4),(11,40,'HelpDesk',6,'2023-02-16 22:24:12',2),(12,40,'HelpDesk',6,'2023-02-16 22:28:03',4),(13,41,'ModComments',6,'2023-02-16 22:28:03',2),(14,40,'HelpDesk',6,'2023-02-16 22:28:27',4),(15,42,'ModComments',6,'2023-02-16 22:28:27',2),(16,44,'Emails',6,'2023-02-16 22:29:17',2),(17,45,'Emails',6,'2023-02-16 22:30:55',2),(18,40,'HelpDesk',6,'2023-02-16 22:39:29',0),(19,38,'HelpDesk',1,'2023-02-17 05:13:23',4),(20,47,'ModComments',1,'2023-02-17 05:13:22',2),(21,38,'HelpDesk',6,'2023-02-17 05:14:45',4),(22,49,'ModComments',6,'2023-02-17 05:14:45',2),(23,40,'HelpDesk',1,'2023-02-17 05:16:16',4),(24,50,'ModComments',1,'2023-02-17 05:16:16',2),(25,51,'HelpDesk',1,'2023-03-01 23:13:51',2),(26,52,'Emails',1,'2023-03-01 23:14:22',2),(27,53,'Contacts',1,'2023-03-16 22:24:10',2),(28,54,'Emails',1,'2023-03-16 22:36:48',2),(29,53,'Contacts',1,'2023-03-16 22:36:48',4),(30,55,'Emails',1,'2023-03-20 21:50:02',2),(31,36,'HelpDesk',1,'2023-03-20 21:50:02',4),(32,56,'Emails',1,'2023-03-20 21:50:02',2),(33,38,'HelpDesk',1,'2023-03-20 21:50:02',4),(34,57,'Emails',1,'2023-03-20 21:50:02',2),(35,40,'HelpDesk',1,'2023-03-20 21:50:03',4),(36,58,'Emails',1,'2023-03-20 21:50:03',2),(37,40,'HelpDesk',1,'2023-03-20 21:50:03',4),(38,59,'Emails',1,'2023-03-20 21:50:03',2),(39,51,'HelpDesk',1,'2023-03-20 21:50:03',4),(40,60,'Emails',1,'2023-03-20 21:50:03',2),(41,53,'Contacts',1,'2023-03-20 21:50:03',4),(42,61,'Emails',1,'2023-03-21 14:51:43',2),(43,53,'Contacts',1,'2023-03-21 14:51:43',4),(44,62,'Emails',1,'2023-03-21 15:13:45',2),(45,53,'Contacts',1,'2023-03-21 15:13:46',4),(46,63,'Emails',1,'2023-03-21 15:18:08',2),(47,53,'Contacts',1,'2023-03-21 15:18:09',4),(48,64,'Emails',1,'2023-03-21 23:49:50',2),(49,53,'Contacts',1,'2023-03-21 23:49:51',4),(50,65,'Emails',1,'2023-03-21 23:53:17',2),(51,53,'Contacts',1,'2023-03-21 23:53:17',4),(52,53,'Contacts',1,'2023-03-21 23:57:01',1),(53,66,'Contacts',1,'2023-03-21 23:57:57',2),(54,66,'Contacts',1,'2023-03-22 00:12:00',1),(55,67,'Contacts',1,'2023-03-22 00:14:08',2),(56,67,'Contacts',1,'2023-03-22 00:17:26',1),(57,68,'Contacts',1,'2023-03-22 00:18:03',2),(58,69,'Emails',1,'2023-03-22 00:21:22',2),(59,68,'Contacts',1,'2023-03-22 00:21:22',4),(60,68,'Contacts',1,'2023-03-22 00:22:23',1),(61,70,'Contacts',1,'2023-03-22 00:23:00',2),(62,70,'Contacts',1,'2023-03-22 00:23:51',1),(63,71,'Contacts',1,'2023-03-22 00:28:12',1),(64,72,'Contacts',1,'2023-03-22 00:30:39',1),(65,74,'HelpDesk',6,'2023-04-05 19:53:00',2),(66,75,'Documents',6,'2023-04-05 20:01:38',2),(67,74,'HelpDesk',6,'2023-04-05 20:01:38',4),(68,76,'HelpDesk',6,'2023-04-05 20:24:43',2),(69,77,'HelpDesk',6,'2023-04-05 20:40:06',2),(70,78,'HelpDesk',6,'2023-04-05 20:42:37',2),(71,79,'HelpDesk',6,'2023-04-05 20:44:13',2),(72,80,'HelpDesk',6,'2023-04-05 20:46:59',2),(73,81,'HelpDesk',6,'2023-04-05 20:49:15',2),(74,82,'HelpDesk',6,'2023-04-05 20:50:36',2),(75,83,'HelpDesk',6,'2023-04-05 20:51:39',2),(76,84,'HelpDesk',6,'2023-04-05 20:52:35',2),(77,84,'HelpDesk',6,'2023-04-05 20:53:31',0),(78,85,'HelpDesk',6,'2023-04-05 20:59:53',2),(79,40,'HelpDesk',6,'2023-04-05 21:00:03',1),(80,51,'HelpDesk',6,'2023-04-05 21:00:03',1),(81,38,'HelpDesk',6,'2023-04-05 21:00:03',1),(82,36,'HelpDesk',6,'2023-04-05 21:00:20',1),(83,76,'HelpDesk',6,'2023-04-05 21:02:13',0),(84,86,'HelpDesk',6,'2023-04-05 21:15:32',2),(85,87,'HelpDesk',6,'2023-04-05 21:25:43',2),(86,88,'HelpDesk',6,'2023-04-05 21:30:13',2),(87,89,'HelpDesk',6,'2023-04-05 21:32:08',2),(88,90,'HelpDesk',6,'2023-04-05 21:34:18',2),(89,91,'HelpDesk',6,'2023-04-05 21:47:02',2),(90,92,'HelpDesk',6,'2023-04-05 21:49:00',2),(91,93,'HelpDesk',6,'2023-04-05 21:53:37',2),(92,94,'HelpDesk',6,'2023-04-05 21:55:02',2),(93,95,'HelpDesk',6,'2023-04-05 21:55:52',2),(94,96,'HelpDesk',6,'2023-04-05 21:57:29',2),(95,97,'HelpDesk',6,'2023-04-05 22:05:25',2),(96,98,'HelpDesk',6,'2023-04-05 22:08:08',2),(97,99,'HelpDesk',6,'2023-04-05 22:08:44',2),(98,100,'HelpDesk',6,'2023-04-05 22:10:17',2),(99,101,'HelpDesk',6,'2023-04-05 23:31:51',2),(100,102,'HelpDesk',6,'2023-04-05 23:38:55',2),(101,103,'HelpDesk',6,'2023-04-05 23:40:22',2),(102,104,'HelpDesk',6,'2023-04-05 23:44:04',2),(103,105,'HelpDesk',6,'2023-04-06 00:11:44',2),(104,106,'HelpDesk',6,'2023-04-06 00:12:36',2),(105,107,'HelpDesk',6,'2023-04-06 00:13:44',2),(106,108,'HelpDesk',6,'2023-04-06 00:15:57',2),(107,109,'HelpDesk',6,'2023-04-06 00:17:29',2),(108,110,'HelpDesk',6,'2023-04-06 00:19:03',2),(109,111,'HelpDesk',6,'2023-04-06 00:20:44',2),(110,112,'HelpDesk',6,'2023-04-06 00:23:48',2),(111,113,'HelpDesk',6,'2023-04-06 00:25:24',2),(112,114,'HelpDesk',6,'2023-04-06 00:26:47',2),(113,115,'HelpDesk',6,'2023-04-06 00:28:23',2),(114,115,'HelpDesk',6,'2023-04-06 00:29:03',0),(115,116,'HelpDesk',6,'2023-04-06 00:30:17',2),(116,117,'HelpDesk',6,'2023-04-06 00:31:45',2),(117,118,'HelpDesk',6,'2023-04-06 00:34:39',2),(118,119,'HelpDesk',6,'2023-04-06 00:35:46',2),(119,120,'HelpDesk',6,'2023-04-06 00:37:17',2),(120,121,'HelpDesk',6,'2023-04-06 00:38:31',2),(121,122,'HelpDesk',6,'2023-04-06 00:40:19',2),(122,123,'HelpDesk',6,'2023-04-06 00:41:45',2),(123,124,'HelpDesk',6,'2023-04-06 00:44:57',2),(124,125,'HelpDesk',6,'2023-04-06 00:46:14',2),(125,126,'HelpDesk',6,'2023-04-06 00:48:14',2),(126,127,'HelpDesk',6,'2023-04-06 00:50:15',2),(127,128,'HelpDesk',6,'2023-04-06 00:53:41',2),(128,129,'HelpDesk',6,'2023-04-06 00:56:40',2),(129,130,'HelpDesk',6,'2023-04-06 01:00:51',2),(130,131,'HelpDesk',6,'2023-04-06 01:02:59',2),(131,15,'Accounts',6,'2023-04-06 03:09:49',0),(132,11,'Accounts',6,'2023-04-06 03:10:17',0),(133,27,'Accounts',6,'2023-04-06 03:10:35',0),(134,7,'Accounts',6,'2023-04-06 03:13:21',0),(135,32,'Accounts',6,'2023-04-06 03:13:36',0),(136,23,'Accounts',6,'2023-04-06 03:13:47',0),(137,10,'Accounts',6,'2023-04-06 03:14:02',0),(138,16,'Accounts',6,'2023-04-06 03:14:14',0),(139,6,'Accounts',6,'2023-04-06 03:14:24',0),(140,26,'Accounts',6,'2023-04-06 03:14:37',0),(141,9,'Accounts',6,'2023-04-06 03:15:06',0),(142,22,'Accounts',6,'2023-04-06 03:15:19',0),(143,25,'Accounts',6,'2023-04-06 03:15:41',0),(144,34,'Accounts',6,'2023-04-06 03:15:52',0),(145,5,'Accounts',6,'2023-04-06 03:16:03',0),(146,8,'Accounts',6,'2023-04-06 03:16:50',0),(147,24,'Accounts',6,'2023-04-06 03:17:22',0),(148,18,'Accounts',6,'2023-04-06 03:19:38',0),(149,21,'Accounts',6,'2023-04-06 03:20:02',0),(150,4,'Accounts',6,'2023-04-06 03:20:20',0),(151,12,'Accounts',6,'2023-04-06 03:27:05',0),(152,13,'Accounts',6,'2023-04-06 03:27:20',0),(153,14,'Accounts',6,'2023-04-06 03:27:31',0),(154,17,'Accounts',6,'2023-04-06 03:27:48',0),(155,19,'Accounts',6,'2023-04-06 03:28:00',0),(156,20,'Accounts',6,'2023-04-06 03:28:12',0),(157,2,'Accounts',6,'2023-04-06 03:30:24',0),(158,131,'HelpDesk',1,'2023-04-14 23:45:03',0),(159,131,'HelpDesk',1,'2023-04-14 23:45:16',0),(160,131,'HelpDesk',6,'2023-04-15 00:48:06',0),(161,131,'HelpDesk',6,'2023-04-15 00:48:22',0),(162,131,'HelpDesk',6,'2023-04-15 00:51:42',0),(163,131,'HelpDesk',6,'2023-04-15 00:54:33',0),(164,131,'HelpDesk',6,'2023-04-15 00:57:15',0),(165,132,'Contacts',6,'2023-04-15 01:30:19',2),(166,29,'Accounts',1,'2023-04-15 01:40:59',0),(167,133,'Emails',1,'2023-04-15 03:02:11',2),(168,74,'HelpDesk',1,'2023-04-15 03:02:11',4),(169,134,'Emails',1,'2023-04-15 03:02:20',2),(170,76,'HelpDesk',1,'2023-04-15 03:02:20',4),(171,135,'Emails',1,'2023-04-15 03:02:31',2),(172,77,'HelpDesk',1,'2023-04-15 03:02:31',4),(173,136,'Emails',1,'2023-04-15 03:02:40',2),(174,78,'HelpDesk',1,'2023-04-15 03:02:40',4),(175,137,'Emails',1,'2023-04-15 03:02:51',2),(176,79,'HelpDesk',1,'2023-04-15 03:02:51',4),(177,138,'Emails',1,'2023-04-15 03:02:56',2),(178,80,'HelpDesk',1,'2023-04-15 03:02:56',4),(179,139,'Emails',1,'2023-04-15 03:03:05',2),(180,81,'HelpDesk',1,'2023-04-15 03:03:05',4),(181,140,'Emails',1,'2023-04-15 03:03:15',2),(182,82,'HelpDesk',1,'2023-04-15 03:03:15',4),(183,141,'Emails',1,'2023-04-15 03:03:25',2),(184,83,'HelpDesk',1,'2023-04-15 03:03:25',4),(185,142,'Emails',1,'2023-04-15 03:03:35',2),(186,84,'HelpDesk',1,'2023-04-15 03:03:35',4),(187,143,'Emails',1,'2023-04-15 03:03:45',2),(188,84,'HelpDesk',1,'2023-04-15 03:03:45',4),(189,144,'Emails',1,'2023-04-15 03:03:55',2),(190,85,'HelpDesk',1,'2023-04-15 03:03:55',4),(191,145,'Emails',1,'2023-04-15 03:04:02',2),(192,86,'HelpDesk',1,'2023-04-15 03:04:02',4),(193,146,'Emails',1,'2023-04-15 03:04:11',2),(194,87,'HelpDesk',1,'2023-04-15 03:04:11',4),(195,147,'Emails',1,'2023-04-15 03:04:21',2),(196,88,'HelpDesk',1,'2023-04-15 03:04:21',4),(197,148,'Emails',1,'2023-04-15 03:04:26',2),(198,89,'HelpDesk',1,'2023-04-15 03:04:26',4),(199,149,'Emails',1,'2023-04-15 03:04:36',2),(200,90,'HelpDesk',1,'2023-04-15 03:04:36',4),(201,150,'Emails',1,'2023-04-15 03:04:43',2),(202,91,'HelpDesk',1,'2023-04-15 03:04:43',4),(203,151,'Emails',1,'2023-04-15 03:04:49',2),(204,92,'HelpDesk',1,'2023-04-15 03:04:50',4),(205,152,'Emails',1,'2023-04-15 03:04:51',2),(206,93,'HelpDesk',1,'2023-04-15 03:04:51',4),(207,153,'Emails',1,'2023-04-15 03:05:02',2),(208,94,'HelpDesk',1,'2023-04-15 03:05:02',4),(209,154,'Emails',1,'2023-04-15 03:05:12',2),(210,95,'HelpDesk',1,'2023-04-15 03:05:12',4),(211,155,'Emails',1,'2023-04-15 03:05:22',2),(212,96,'HelpDesk',1,'2023-04-15 03:05:22',4),(213,156,'Emails',1,'2023-04-15 03:05:32',2),(214,97,'HelpDesk',1,'2023-04-15 03:05:32',4),(215,157,'Emails',1,'2023-04-15 03:05:37',2),(216,98,'HelpDesk',1,'2023-04-15 03:05:37',4),(217,158,'Emails',1,'2023-04-15 03:05:47',2),(218,99,'HelpDesk',1,'2023-04-15 03:05:47',4),(219,159,'Emails',1,'2023-04-15 03:05:48',2),(220,100,'HelpDesk',1,'2023-04-15 03:05:48',4),(221,160,'Emails',1,'2023-04-15 03:05:57',2),(222,101,'HelpDesk',1,'2023-04-15 03:05:58',4),(223,161,'Emails',1,'2023-04-15 03:06:07',2),(224,102,'HelpDesk',1,'2023-04-15 03:06:07',4),(225,162,'Emails',1,'2023-04-15 03:06:17',2),(226,103,'HelpDesk',1,'2023-04-15 03:06:18',4),(227,163,'Emails',1,'2023-04-15 03:06:23',2),(228,104,'HelpDesk',1,'2023-04-15 03:06:23',4),(229,164,'Emails',1,'2023-04-15 03:06:33',2),(230,105,'HelpDesk',1,'2023-04-15 03:06:34',4),(231,165,'Emails',1,'2023-04-15 03:06:44',2),(232,106,'HelpDesk',1,'2023-04-15 03:06:44',4),(233,166,'Emails',1,'2023-04-15 03:06:54',2),(234,107,'HelpDesk',1,'2023-04-15 03:06:54',4),(235,167,'Emails',1,'2023-04-15 03:07:04',2),(236,108,'HelpDesk',1,'2023-04-15 03:07:04',4),(237,168,'Emails',1,'2023-04-15 03:07:05',2),(238,109,'HelpDesk',1,'2023-04-15 03:07:05',4),(239,169,'Emails',1,'2023-04-15 03:07:07',2),(240,110,'HelpDesk',1,'2023-04-15 03:07:07',4),(241,170,'Emails',1,'2023-04-15 03:07:14',2),(242,111,'HelpDesk',1,'2023-04-15 03:07:14',4),(243,171,'Emails',1,'2023-04-15 03:07:25',2),(244,112,'HelpDesk',1,'2023-04-15 03:07:26',4),(245,172,'Emails',1,'2023-04-15 03:07:35',2),(246,113,'HelpDesk',1,'2023-04-15 03:07:36',4),(247,173,'Emails',1,'2023-04-15 03:07:46',2),(248,114,'HelpDesk',1,'2023-04-15 03:07:46',4),(249,174,'Emails',1,'2023-04-15 03:07:52',2),(250,115,'HelpDesk',1,'2023-04-15 03:07:52',4),(251,175,'Emails',1,'2023-04-15 03:08:01',2),(252,115,'HelpDesk',1,'2023-04-15 03:08:01',4),(253,176,'Emails',1,'2023-04-15 03:08:11',2),(254,116,'HelpDesk',1,'2023-04-15 03:08:11',4),(255,177,'Emails',1,'2023-04-15 03:08:22',2),(256,117,'HelpDesk',1,'2023-04-15 03:08:22',4),(257,178,'Emails',1,'2023-04-15 03:08:32',2),(258,118,'HelpDesk',1,'2023-04-15 03:08:32',4),(259,179,'Emails',1,'2023-04-15 03:08:38',2),(260,119,'HelpDesk',1,'2023-04-15 03:08:38',4),(261,180,'Emails',1,'2023-04-15 03:08:42',2),(262,120,'HelpDesk',1,'2023-04-15 03:08:42',4),(263,181,'Emails',1,'2023-04-15 03:08:47',2),(264,121,'HelpDesk',1,'2023-04-15 03:08:47',4),(265,182,'Emails',1,'2023-04-15 03:08:58',2),(266,122,'HelpDesk',1,'2023-04-15 03:08:58',4),(267,183,'Emails',1,'2023-04-15 03:09:07',2),(268,123,'HelpDesk',1,'2023-04-15 03:09:07',4),(269,184,'Emails',1,'2023-04-15 03:09:14',2),(270,124,'HelpDesk',1,'2023-04-15 03:09:14',4),(271,185,'Emails',1,'2023-04-15 03:09:16',2),(272,125,'HelpDesk',1,'2023-04-15 03:09:16',4),(273,186,'Emails',1,'2023-04-15 03:09:27',2),(274,126,'HelpDesk',1,'2023-04-15 03:09:27',4),(275,187,'Emails',1,'2023-04-15 03:09:29',2),(276,127,'HelpDesk',1,'2023-04-15 03:09:29',4),(277,188,'Emails',1,'2023-04-15 03:09:31',2),(278,128,'HelpDesk',1,'2023-04-15 03:09:31',4),(279,189,'Emails',1,'2023-04-15 03:09:43',2),(280,129,'HelpDesk',1,'2023-04-15 03:09:43',4),(281,190,'Emails',1,'2023-04-15 03:09:54',2),(282,130,'HelpDesk',1,'2023-04-15 03:09:54',4),(283,191,'Emails',1,'2023-04-15 03:10:02',2),(284,131,'HelpDesk',1,'2023-04-15 03:10:02',4),(285,192,'Emails',1,'2023-04-15 03:10:13',2),(286,131,'HelpDesk',1,'2023-04-15 03:10:13',4),(287,193,'Emails',1,'2023-04-15 03:10:23',2),(288,131,'HelpDesk',1,'2023-04-15 03:10:23',4),(289,194,'Emails',1,'2023-04-15 03:10:29',2),(290,132,'Contacts',1,'2023-04-15 03:10:29',4),(291,195,'Emails',1,'2023-04-15 03:40:03',2),(292,73,'Contacts',1,'2023-04-15 03:40:03',4),(293,126,'HelpDesk',6,'2023-04-15 23:00:01',0),(294,126,'HelpDesk',6,'2023-04-15 23:00:24',0),(295,126,'HelpDesk',6,'2023-04-15 23:00:44',0),(296,131,'HelpDesk',6,'2023-04-15 23:03:14',0),(297,131,'HelpDesk',6,'2023-04-15 23:07:04',0),(298,131,'HelpDesk',6,'2023-04-15 23:08:53',0),(299,131,'HelpDesk',6,'2023-04-15 23:11:35',0),(300,131,'HelpDesk',6,'2023-04-15 23:13:31',0),(301,131,'HelpDesk',6,'2023-04-15 23:13:39',0),(302,131,'HelpDesk',6,'2023-04-15 23:13:48',0),(303,131,'HelpDesk',6,'2023-04-15 23:15:27',0),(304,131,'HelpDesk',6,'2023-04-15 23:22:07',0),(305,131,'HelpDesk',1,'2023-04-17 16:42:54',0),(306,131,'HelpDesk',1,'2023-04-17 16:44:05',0),(307,132,'Contacts',1,'2023-04-17 19:30:25',0),(308,197,'Emails',1,'2023-04-17 20:00:02',2),(309,132,'Contacts',1,'2023-04-17 20:00:02',4),(310,131,'HelpDesk',1,'2023-04-17 21:19:28',0),(311,131,'HelpDesk',6,'2023-04-17 21:21:15',0),(312,131,'HelpDesk',1,'2023-04-17 21:33:04',0),(313,198,'Contacts',1,'2023-04-17 22:00:01',2),(314,199,'Emails',1,'2023-04-17 22:15:01',2),(315,198,'Contacts',1,'2023-04-17 22:15:02',4),(316,126,'HelpDesk',6,'2023-04-18 00:34:15',0),(317,126,'HelpDesk',6,'2023-04-18 00:34:42',0),(318,130,'HelpDesk',6,'2023-04-18 00:35:19',0),(319,130,'HelpDesk',6,'2023-04-18 00:35:32',0),(320,130,'HelpDesk',6,'2023-04-18 00:36:43',0),(321,130,'HelpDesk',6,'2023-04-18 01:25:41',0),(322,130,'HelpDesk',6,'2023-04-18 01:27:38',0),(323,131,'HelpDesk',6,'2023-04-18 02:14:01',0),(324,131,'HelpDesk',6,'2023-04-18 02:46:08',0),(325,131,'HelpDesk',6,'2023-04-18 02:46:25',0),(326,131,'HelpDesk',6,'2023-04-18 02:47:07',0),(327,131,'HelpDesk',6,'2023-04-18 02:48:34',0),(328,131,'HelpDesk',6,'2023-04-18 02:49:47',0),(329,131,'HelpDesk',6,'2023-04-18 02:51:31',0),(330,131,'HelpDesk',6,'2023-04-18 02:54:37',0),(331,131,'HelpDesk',6,'2023-04-18 02:56:08',0),(332,131,'HelpDesk',6,'2023-04-18 02:56:38',0),(333,131,'HelpDesk',6,'2023-04-18 02:58:35',0),(334,131,'HelpDesk',6,'2023-04-18 02:59:22',0),(335,131,'HelpDesk',6,'2023-04-18 03:00:07',0),(336,130,'HelpDesk',1,'2023-04-18 03:01:09',0),(337,130,'HelpDesk',1,'2023-04-18 03:05:41',0),(338,130,'HelpDesk',1,'2023-04-18 03:05:51',0),(339,130,'HelpDesk',1,'2023-04-18 03:06:07',0),(340,130,'HelpDesk',1,'2023-04-18 03:33:24',0),(341,130,'HelpDesk',1,'2023-04-18 03:49:12',0),(342,130,'HelpDesk',1,'2023-04-18 03:50:10',0),(343,130,'HelpDesk',1,'2023-04-18 06:00:24',0),(344,130,'HelpDesk',1,'2023-04-18 06:00:28',0),(345,130,'HelpDesk',1,'2023-04-18 06:10:06',0),(346,130,'HelpDesk',1,'2023-04-18 06:10:22',0),(347,130,'HelpDesk',1,'2023-04-18 06:10:28',0),(348,130,'HelpDesk',1,'2023-04-18 06:11:28',0),(349,130,'HelpDesk',1,'2023-04-18 06:11:39',0),(350,130,'HelpDesk',1,'2023-04-18 06:11:39',0),(351,130,'HelpDesk',1,'2023-04-18 06:11:48',0),(352,130,'HelpDesk',1,'2023-04-18 06:12:05',0),(353,130,'HelpDesk',1,'2023-04-18 06:12:16',0),(354,130,'HelpDesk',1,'2023-04-18 06:13:15',0),(355,130,'HelpDesk',1,'2023-04-18 06:13:28',0),(356,130,'HelpDesk',1,'2023-04-18 06:13:28',0),(357,130,'HelpDesk',1,'2023-04-18 06:13:42',0),(358,130,'HelpDesk',1,'2023-04-18 06:13:42',0),(359,130,'HelpDesk',1,'2023-04-18 06:13:49',0),(360,130,'HelpDesk',1,'2023-04-18 06:13:49',0),(361,130,'HelpDesk',1,'2023-04-18 06:13:56',0),(362,130,'HelpDesk',1,'2023-04-18 06:13:57',0),(363,130,'HelpDesk',1,'2023-04-18 06:14:25',0),(364,130,'HelpDesk',1,'2023-04-18 06:14:33',0),(365,130,'HelpDesk',1,'2023-04-18 06:14:39',0),(366,130,'HelpDesk',1,'2023-04-18 06:14:39',0),(367,130,'HelpDesk',1,'2023-04-18 06:14:45',0),(368,130,'HelpDesk',1,'2023-04-18 06:14:50',0),(369,130,'HelpDesk',1,'2023-04-18 06:14:55',0),(370,130,'HelpDesk',1,'2023-04-18 06:18:54',0),(371,130,'HelpDesk',1,'2023-04-18 06:20:11',0),(372,130,'HelpDesk',1,'2023-04-18 06:20:51',0),(373,130,'HelpDesk',1,'2023-04-18 06:20:58',0),(374,130,'HelpDesk',1,'2023-04-18 06:20:58',0),(375,130,'HelpDesk',1,'2023-04-18 06:21:17',0),(376,130,'HelpDesk',1,'2023-04-18 17:19:25',0),(377,126,'HelpDesk',6,'2023-04-18 17:23:01',0),(378,126,'HelpDesk',6,'2023-04-18 17:25:35',0),(379,200,'HelpDesk',1,'2023-04-18 19:13:34',2),(380,201,'Emails',1,'2023-04-18 19:15:01',2),(381,200,'HelpDesk',1,'2023-04-18 19:15:01',4),(382,202,'Emails',1,'2023-04-18 19:15:10',2),(383,200,'HelpDesk',1,'2023-04-18 19:15:10',4),(384,198,'Contacts',6,'2023-04-18 19:19:45',0),(385,203,'Emails',1,'2023-04-18 19:30:01',2),(386,198,'Contacts',1,'2023-04-18 19:30:02',4),(387,200,'HelpDesk',6,'2023-04-19 00:55:04',0),(388,204,'Emails',1,'2023-04-19 01:00:02',2),(389,200,'HelpDesk',1,'2023-04-19 01:00:03',4),(390,205,'Emails',1,'2023-04-19 01:00:14',2),(391,200,'HelpDesk',1,'2023-04-19 01:00:14',4),(392,206,'Emails',1,'2023-04-19 01:00:19',2),(393,200,'HelpDesk',1,'2023-04-19 01:00:19',4),(394,132,'Contacts',6,'2023-04-19 15:47:12',0),(395,132,'Contacts',6,'2023-04-19 15:50:03',0),(396,132,'Contacts',6,'2023-04-19 15:52:49',1),(397,207,'Contacts',6,'2023-04-19 15:56:32',2),(398,208,'Emails',1,'2023-04-19 16:00:02',2),(399,207,'Contacts',1,'2023-04-19 16:00:02',4),(400,207,'Contacts',6,'2023-04-19 16:16:28',0),(401,207,'Contacts',6,'2023-04-19 16:19:15',0),(402,96,'HelpDesk',6,'2023-04-19 16:20:49',0),(403,78,'HelpDesk',6,'2023-04-19 16:21:16',0),(404,207,'Contacts',6,'2023-04-19 16:22:10',0),(405,209,'Emails',1,'2023-04-19 16:30:02',2),(406,207,'Contacts',1,'2023-04-19 16:30:02',4),(407,210,'Emails',1,'2023-04-19 16:30:13',2),(408,207,'Contacts',1,'2023-04-19 16:30:13',4),(409,211,'Emails',1,'2023-04-19 16:30:24',2),(410,207,'Contacts',1,'2023-04-19 16:30:24',4),(411,93,'HelpDesk',6,'2023-04-19 21:42:03',0),(412,200,'HelpDesk',6,'2023-04-20 04:43:17',1),(413,131,'HelpDesk',6,'2023-04-20 04:50:20',0),(414,131,'HelpDesk',6,'2023-04-20 04:50:39',0),(415,131,'HelpDesk',6,'2023-04-20 04:53:24',0),(416,212,'Emails',1,'2023-04-20 05:00:02',2),(417,131,'HelpDesk',1,'2023-04-20 05:00:03',4),(418,127,'HelpDesk',6,'2023-04-20 18:18:40',0),(419,128,'HelpDesk',6,'2023-04-20 18:21:08',0),(420,128,'HelpDesk',6,'2023-04-20 18:21:53',0),(421,128,'HelpDesk',6,'2023-04-20 18:23:18',0),(422,213,'Emails',1,'2023-04-20 18:30:01',2),(423,127,'HelpDesk',1,'2023-04-20 18:30:01',4),(424,214,'Emails',1,'2023-04-20 18:30:12',2),(425,128,'HelpDesk',1,'2023-04-20 18:30:12',4),(426,130,'HelpDesk',6,'2023-04-20 18:55:47',0),(427,130,'HelpDesk',6,'2023-04-20 18:57:33',0),(428,130,'HelpDesk',6,'2023-04-20 18:58:39',0),(429,215,'Emails',1,'2023-04-20 19:00:02',2),(430,130,'HelpDesk',1,'2023-04-20 19:00:02',4),(431,130,'HelpDesk',6,'2023-04-20 19:12:19',0),(432,130,'HelpDesk',6,'2023-04-20 19:12:56',0),(433,130,'HelpDesk',6,'2023-04-20 19:13:37',0),(434,130,'HelpDesk',6,'2023-04-20 19:14:02',0),(435,216,'Emails',1,'2023-04-20 19:15:01',2),(436,130,'HelpDesk',1,'2023-04-20 19:15:01',4),(437,130,'HelpDesk',6,'2023-04-20 19:15:39',0),(438,130,'HelpDesk',6,'2023-04-20 19:15:46',0),(439,130,'HelpDesk',6,'2023-04-20 19:16:04',0),(440,130,'HelpDesk',6,'2023-04-20 19:16:11',0),(441,130,'HelpDesk',6,'2023-04-20 19:16:17',0),(442,130,'HelpDesk',6,'2023-04-20 19:32:00',0),(443,128,'HelpDesk',6,'2023-04-20 19:34:43',0),(444,128,'HelpDesk',6,'2023-04-20 19:34:50',0),(445,128,'HelpDesk',6,'2023-04-20 19:35:07',0),(446,128,'HelpDesk',6,'2023-04-20 19:35:15',0),(447,128,'HelpDesk',6,'2023-04-20 19:36:18',0),(448,128,'HelpDesk',6,'2023-04-20 19:36:41',0),(449,130,'HelpDesk',6,'2023-04-20 19:50:03',0),(450,130,'HelpDesk',6,'2023-04-20 19:50:23',0),(451,128,'HelpDesk',6,'2023-04-20 19:53:55',0),(452,128,'HelpDesk',6,'2023-04-20 19:55:05',0),(453,128,'HelpDesk',6,'2023-04-20 19:57:57',0),(454,128,'HelpDesk',6,'2023-04-20 19:58:35',0),(455,217,'Emails',1,'2023-04-20 20:00:02',2),(456,128,'HelpDesk',1,'2023-04-20 20:00:02',4),(457,131,'HelpDesk',6,'2023-04-20 20:01:44',0),(458,131,'HelpDesk',6,'2023-04-20 20:01:55',0),(459,131,'HelpDesk',6,'2023-04-20 20:02:14',0),(460,131,'HelpDesk',6,'2023-04-20 20:02:43',0),(461,131,'HelpDesk',6,'2023-04-20 20:07:17',0),(462,131,'HelpDesk',6,'2023-04-20 20:07:32',0),(463,218,'HelpDesk',6,'2023-04-20 20:44:04',2),(464,219,'Emails',1,'2023-04-20 20:45:01',2),(465,218,'HelpDesk',1,'2023-04-20 20:45:02',4),(466,220,'HelpDesk',6,'2023-04-20 20:59:28',2),(467,221,'Emails',1,'2023-04-20 21:00:01',2),(468,220,'HelpDesk',1,'2023-04-20 21:00:01',4),(469,222,'HelpDesk',6,'2023-04-20 21:01:55',2),(470,223,'HelpDesk',6,'2023-04-20 21:05:00',2),(471,222,'HelpDesk',6,'2023-04-20 21:07:06',0),(472,222,'HelpDesk',6,'2023-04-20 21:07:19',0),(473,220,'HelpDesk',6,'2023-04-20 21:08:21',0),(474,220,'HelpDesk',6,'2023-04-20 21:08:37',0),(475,222,'HelpDesk',6,'2023-04-20 21:12:17',0),(476,224,'Emails',1,'2023-04-20 21:15:02',2),(477,222,'HelpDesk',1,'2023-04-20 21:15:02',4),(478,225,'Emails',1,'2023-04-20 21:15:13',2),(479,223,'HelpDesk',1,'2023-04-20 21:15:13',4),(480,226,'Emails',1,'2023-04-20 21:15:24',2),(481,222,'HelpDesk',1,'2023-04-20 21:15:24',4),(482,227,'HelpDesk',6,'2023-04-20 21:18:58',2),(483,228,'HelpDesk',6,'2023-04-20 21:21:32',2),(484,229,'Emails',1,'2023-04-20 21:30:01',2),(485,227,'HelpDesk',1,'2023-04-20 21:30:01',4),(486,230,'Emails',1,'2023-04-20 21:30:13',2),(487,228,'HelpDesk',1,'2023-04-20 21:30:13',4),(488,231,'HelpDesk',6,'2023-04-20 21:30:42',2),(489,232,'HelpDesk',6,'2023-04-20 21:34:11',2),(490,233,'HelpDesk',6,'2023-04-20 21:36:42',2),(491,234,'HelpDesk',6,'2023-04-20 21:38:51',2),(492,227,'HelpDesk',6,'2023-04-20 21:40:16',0),(493,231,'HelpDesk',6,'2023-04-20 21:41:23',0),(494,232,'HelpDesk',6,'2023-04-20 21:42:30',0),(495,228,'HelpDesk',6,'2023-04-20 21:44:01',0),(496,235,'Emails',1,'2023-04-20 21:45:02',2),(497,231,'HelpDesk',1,'2023-04-20 21:45:02',4),(498,234,'HelpDesk',6,'2023-04-20 21:45:02',0),(499,236,'Emails',1,'2023-04-20 21:45:08',2),(500,232,'HelpDesk',1,'2023-04-20 21:45:09',4),(501,237,'Emails',1,'2023-04-20 21:45:16',2),(502,233,'HelpDesk',1,'2023-04-20 21:45:16',4),(503,238,'Emails',1,'2023-04-20 21:45:23',2),(504,234,'HelpDesk',1,'2023-04-20 21:45:23',4),(505,239,'Emails',1,'2023-04-20 21:45:32',2),(506,227,'HelpDesk',1,'2023-04-20 21:45:32',4),(507,240,'Emails',1,'2023-04-20 21:45:42',2),(508,231,'HelpDesk',1,'2023-04-20 21:45:42',4),(509,241,'Emails',1,'2023-04-20 21:45:51',2),(510,232,'HelpDesk',1,'2023-04-20 21:45:51',4),(511,242,'Emails',1,'2023-04-20 21:46:01',2),(512,228,'HelpDesk',1,'2023-04-20 21:46:01',4),(513,233,'HelpDesk',6,'2023-04-20 21:50:59',0),(514,227,'HelpDesk',6,'2023-04-20 21:54:59',0),(515,243,'Emails',1,'2023-04-20 22:00:02',2),(516,234,'HelpDesk',1,'2023-04-20 22:00:02',4),(517,244,'HelpDesk',6,'2023-04-20 22:05:51',2),(518,245,'HelpDesk',6,'2023-04-20 22:11:39',2),(519,246,'Emails',1,'2023-04-20 22:15:01',2),(520,244,'HelpDesk',1,'2023-04-20 22:15:02',4),(521,247,'Emails',1,'2023-04-20 22:15:12',2),(522,245,'HelpDesk',1,'2023-04-20 22:15:12',4),(523,245,'HelpDesk',6,'2023-04-20 22:16:57',0),(524,245,'HelpDesk',6,'2023-04-20 22:17:32',0),(525,248,'HelpDesk',6,'2023-04-20 22:25:22',2),(526,249,'Emails',1,'2023-04-20 22:30:01',2),(527,248,'HelpDesk',1,'2023-04-20 22:30:01',4),(528,250,'HelpDesk',6,'2023-04-20 22:36:31',2),(529,251,'Emails',1,'2023-04-20 22:45:01',2),(530,250,'HelpDesk',1,'2023-04-20 22:45:02',4),(531,252,'HelpDesk',6,'2023-04-21 00:38:36',2),(532,253,'HelpDesk',6,'2023-04-21 00:44:05',2),(533,254,'Emails',1,'2023-04-21 00:45:01',2),(534,252,'HelpDesk',1,'2023-04-21 00:45:01',4),(535,255,'Emails',1,'2023-04-21 00:45:08',2),(536,253,'HelpDesk',1,'2023-04-21 00:45:08',4),(537,252,'HelpDesk',6,'2023-04-21 00:45:55',0),(538,253,'HelpDesk',6,'2023-04-21 00:47:14',0),(539,256,'HelpDesk',6,'2023-04-21 00:51:10',2),(540,257,'HelpDesk',6,'2023-04-21 00:56:50',2),(541,257,'HelpDesk',6,'2023-04-21 00:57:28',0),(542,258,'Emails',1,'2023-04-21 01:00:02',2),(543,252,'HelpDesk',1,'2023-04-21 01:00:03',4),(544,259,'Emails',1,'2023-04-21 01:00:15',2),(545,253,'HelpDesk',1,'2023-04-21 01:00:15',4),(546,260,'Emails',1,'2023-04-21 01:00:24',2),(547,256,'HelpDesk',1,'2023-04-21 01:00:24',4),(548,261,'Emails',1,'2023-04-21 01:00:34',2),(549,257,'HelpDesk',1,'2023-04-21 01:00:34',4),(550,262,'Emails',1,'2023-04-21 01:00:44',2),(551,257,'HelpDesk',1,'2023-04-21 01:00:45',4),(552,263,'HelpDesk',6,'2023-04-21 01:03:59',2),(553,263,'HelpDesk',6,'2023-04-21 01:04:23',0),(554,264,'Emails',1,'2023-04-21 01:15:01',2),(555,263,'HelpDesk',1,'2023-04-21 01:15:02',4),(556,265,'Emails',1,'2023-04-21 01:15:11',2),(557,263,'HelpDesk',1,'2023-04-21 01:15:11',4),(558,266,'HelpDesk',6,'2023-04-21 01:32:29',2),(559,266,'HelpDesk',6,'2023-04-21 01:32:49',0),(560,266,'HelpDesk',6,'2023-04-21 01:33:53',0),(561,266,'HelpDesk',6,'2023-04-21 01:34:09',0),(562,267,'HelpDesk',6,'2023-04-21 01:42:25',2),(563,268,'Emails',1,'2023-04-21 01:45:01',2),(564,266,'HelpDesk',1,'2023-04-21 01:45:01',4),(565,269,'Emails',1,'2023-04-21 01:45:09',2),(566,266,'HelpDesk',1,'2023-04-21 01:45:10',4),(567,270,'Emails',1,'2023-04-21 01:45:14',2),(568,267,'HelpDesk',1,'2023-04-21 01:45:14',4),(569,271,'HelpDesk',6,'2023-04-21 01:46:38',2),(570,272,'HelpDesk',6,'2023-04-21 01:54:52',2),(571,273,'Emails',1,'2023-04-21 02:00:02',2),(572,271,'HelpDesk',1,'2023-04-21 02:00:02',4),(573,274,'Emails',1,'2023-04-21 02:00:13',2),(574,272,'HelpDesk',1,'2023-04-21 02:00:13',4),(575,272,'HelpDesk',6,'2023-04-21 03:01:27',0),(576,275,'HelpDesk',6,'2023-04-21 20:25:38',2),(577,276,'Emails',1,'2023-04-21 20:30:01',2),(578,275,'HelpDesk',1,'2023-04-21 20:30:02',4),(579,277,'HelpDesk',6,'2023-04-21 20:31:46',2),(580,86,'HelpDesk',6,'2023-04-21 20:42:28',0),(581,87,'HelpDesk',6,'2023-04-21 20:43:32',0),(582,278,'Emails',1,'2023-04-21 20:45:02',2),(583,277,'HelpDesk',1,'2023-04-21 20:45:02',4),(584,279,'Emails',1,'2023-04-21 20:45:10',2),(585,87,'HelpDesk',1,'2023-04-21 20:45:10',4),(586,87,'HelpDesk',6,'2023-04-21 20:48:41',0),(587,91,'HelpDesk',6,'2023-04-21 20:55:58',0),(588,280,'Emails',1,'2023-04-21 21:00:02',2),(589,91,'HelpDesk',1,'2023-04-21 21:00:02',4),(590,87,'HelpDesk',6,'2023-04-21 21:06:48',0),(591,87,'HelpDesk',6,'2023-04-21 21:07:07',0),(592,87,'HelpDesk',6,'2023-04-21 21:07:25',0),(593,87,'HelpDesk',6,'2023-04-21 21:08:37',0),(594,87,'HelpDesk',6,'2023-04-21 21:08:47',0),(595,91,'HelpDesk',6,'2023-04-21 21:10:11',0),(596,92,'HelpDesk',6,'2023-04-21 21:11:13',1),(597,96,'HelpDesk',6,'2023-04-21 21:12:24',0),(598,99,'HelpDesk',6,'2023-04-21 21:13:49',1),(599,97,'HelpDesk',6,'2023-04-21 21:14:04',1),(600,95,'HelpDesk',6,'2023-04-21 21:14:19',1),(601,281,'Emails',1,'2023-04-21 21:15:01',2),(602,87,'HelpDesk',1,'2023-04-21 21:15:01',4),(603,282,'Emails',1,'2023-04-21 21:15:12',2),(604,96,'HelpDesk',1,'2023-04-21 21:15:12',4),(605,93,'HelpDesk',6,'2023-04-21 21:17:24',0),(606,94,'HelpDesk',6,'2023-04-21 21:21:15',0),(607,283,'Emails',1,'2023-04-21 21:30:01',2),(608,93,'HelpDesk',1,'2023-04-21 21:30:01',4),(609,284,'Emails',1,'2023-04-21 21:30:04',2),(610,94,'HelpDesk',1,'2023-04-21 21:30:04',4),(611,285,'HelpDesk',6,'2023-04-21 22:06:12',2),(612,286,'Emails',1,'2023-04-21 22:15:02',2),(613,285,'HelpDesk',1,'2023-04-21 22:15:02',4),(614,287,'HelpDesk',1,'2023-04-28 20:30:31',2),(615,288,'Emails',1,'2023-04-28 20:45:02',2),(616,287,'HelpDesk',1,'2023-04-28 20:45:02',4),(617,289,'Emails',1,'2023-04-28 20:45:13',2),(618,287,'HelpDesk',1,'2023-04-28 20:45:13',4),(619,290,'HelpDesk',1,'2023-05-04 23:01:49',2),(620,291,'Emails',1,'2023-05-04 23:15:01',2),(621,290,'HelpDesk',1,'2023-05-04 23:15:01',4),(622,292,'Emails',1,'2023-05-04 23:15:08',2),(623,290,'HelpDesk',1,'2023-05-04 23:15:08',4),(624,293,'HelpDesk',6,'2023-05-08 17:51:22',2),(625,294,'Emails',1,'2023-05-08 18:00:01',2),(626,293,'HelpDesk',1,'2023-05-08 18:00:02',4),(627,295,'HelpDesk',6,'2023-05-08 21:41:11',2),(628,295,'HelpDesk',6,'2023-05-08 21:41:50',0),(629,296,'Emails',1,'2023-05-08 21:45:01',2),(630,295,'HelpDesk',1,'2023-05-08 21:45:01',4),(631,128,'HelpDesk',1,'2023-05-09 00:02:45',0),(632,128,'HelpDesk',1,'2023-05-09 00:15:07',0),(633,128,'HelpDesk',1,'2023-05-09 00:36:50',0),(634,128,'HelpDesk',1,'2023-05-09 00:44:00',0),(635,130,'HelpDesk',1,'2023-05-09 00:49:20',0),(636,290,'HelpDesk',6,'2023-05-09 01:12:09',0),(637,290,'HelpDesk',6,'2023-05-09 01:12:27',0),(638,290,'HelpDesk',6,'2023-05-09 01:12:50',0),(639,290,'HelpDesk',6,'2023-05-09 01:13:00',0),(640,297,'Emails',1,'2023-05-09 01:15:02',2),(641,290,'HelpDesk',1,'2023-05-09 01:15:02',4),(642,298,'Emails',1,'2023-05-09 01:15:11',2),(643,290,'HelpDesk',1,'2023-05-09 01:15:11',4),(644,299,'Emails',1,'2023-05-09 01:15:21',2),(645,290,'HelpDesk',1,'2023-05-09 01:15:21',4),(646,300,'Emails',1,'2023-05-09 01:15:31',2),(647,290,'HelpDesk',1,'2023-05-09 01:15:31',4),(648,301,'Emails',1,'2023-05-09 01:15:42',2),(649,290,'HelpDesk',1,'2023-05-09 01:15:42',4),(650,302,'Emails',1,'2023-05-09 01:15:54',2),(651,290,'HelpDesk',1,'2023-05-09 01:15:54',4),(652,290,'HelpDesk',6,'2023-05-09 01:20:56',0),(653,290,'HelpDesk',6,'2023-05-09 01:25:34',0),(654,290,'HelpDesk',6,'2023-05-09 01:26:56',0),(655,290,'HelpDesk',6,'2023-05-09 01:28:17',0),(656,290,'HelpDesk',6,'2023-05-09 01:28:57',0),(657,290,'HelpDesk',6,'2023-05-09 01:29:57',0),(658,303,'Emails',1,'2023-05-09 01:30:01',2),(659,290,'HelpDesk',1,'2023-05-09 01:30:02',4),(660,304,'Emails',1,'2023-05-09 01:30:13',2),(661,290,'HelpDesk',1,'2023-05-09 01:30:13',4),(662,305,'Emails',1,'2023-05-09 01:30:23',2),(663,290,'HelpDesk',1,'2023-05-09 01:30:23',4),(664,306,'Emails',1,'2023-05-09 01:30:34',2),(665,290,'HelpDesk',1,'2023-05-09 01:30:34',4),(666,290,'HelpDesk',6,'2023-05-09 01:30:36',0),(667,307,'Emails',1,'2023-05-09 01:30:38',2),(668,290,'HelpDesk',1,'2023-05-09 01:30:38',4),(669,308,'Emails',1,'2023-05-09 01:30:49',2),(670,290,'HelpDesk',1,'2023-05-09 01:30:49',4),(671,290,'HelpDesk',1,'2023-05-09 01:35:59',0),(672,290,'HelpDesk',1,'2023-05-09 01:36:38',0),(673,309,'Emails',1,'2023-05-09 01:45:02',2),(674,290,'HelpDesk',1,'2023-05-09 01:45:02',4),(675,310,'Emails',1,'2023-05-09 01:45:09',2),(676,290,'HelpDesk',1,'2023-05-09 01:45:09',4),(677,311,'Emails',1,'2023-05-09 01:45:19',2),(678,290,'HelpDesk',1,'2023-05-09 01:45:19',4),(679,312,'Emails',1,'2023-05-09 01:45:29',2),(680,290,'HelpDesk',1,'2023-05-09 01:45:29',4),(681,290,'HelpDesk',6,'2023-05-09 02:30:49',0),(682,313,'HelpDesk',6,'2023-05-09 02:31:56',2),(683,313,'HelpDesk',6,'2023-05-09 02:41:14',1),(684,116,'HelpDesk',6,'2023-05-09 02:42:19',0),(685,314,'Emails',1,'2023-05-09 02:45:01',2),(686,290,'HelpDesk',1,'2023-05-09 02:45:01',4),(687,315,'Emails',1,'2023-05-09 02:45:12',2),(688,116,'HelpDesk',6,'2023-05-09 02:47:14',0),(689,116,'HelpDesk',6,'2023-05-09 02:48:35',0),(690,316,'Emails',1,'2023-05-09 03:00:02',2),(691,116,'HelpDesk',1,'2023-05-09 03:00:02',4),(692,317,'Emails',1,'2023-05-09 03:00:10',2),(693,116,'HelpDesk',1,'2023-05-09 03:00:10',4),(694,130,'HelpDesk',6,'2023-05-09 04:44:56',0),(695,130,'HelpDesk',6,'2023-05-09 04:45:33',0),(696,128,'HelpDesk',6,'2023-05-09 04:52:58',0),(697,318,'Emails',1,'2023-05-09 05:00:02',2),(698,130,'HelpDesk',1,'2023-05-09 05:00:02',4),(699,319,'Emails',1,'2023-05-09 05:00:09',2),(700,128,'HelpDesk',1,'2023-05-09 05:00:09',4),(701,285,'HelpDesk',6,'2023-05-09 05:07:24',0),(702,295,'HelpDesk',6,'2023-05-09 22:30:30',0),(703,295,'HelpDesk',6,'2023-05-09 22:41:12',0),(704,320,'Emails',1,'2023-05-09 22:45:01',2),(705,295,'HelpDesk',1,'2023-05-09 22:45:02',4),(706,321,'Emails',1,'2023-05-10 14:39:16',2),(707,198,'Contacts',1,'2023-05-10 14:39:16',4),(708,290,'HelpDesk',1,'2023-05-10 14:56:03',0),(709,322,'Emails',1,'2023-05-10 15:00:01',2),(710,290,'HelpDesk',1,'2023-05-10 15:00:02',4),(711,323,'Emails',1,'2023-05-10 15:00:05',2),(712,290,'HelpDesk',1,'2023-05-10 15:00:05',4),(713,290,'HelpDesk',1,'2023-05-10 17:18:12',0),(714,290,'HelpDesk',1,'2023-05-10 17:21:27',0),(715,324,'Emails',1,'2023-05-10 17:30:01',2),(716,290,'HelpDesk',1,'2023-05-10 17:30:02',4),(717,325,'Emails',1,'2023-05-10 17:30:08',2),(718,290,'HelpDesk',1,'2023-05-10 17:30:08',4),(719,326,'Emails',1,'2023-05-10 17:30:18',2),(720,290,'HelpDesk',1,'2023-05-10 17:30:18',4),(721,327,'Emails',1,'2023-05-10 17:30:28',2),(722,290,'HelpDesk',1,'2023-05-10 17:30:28',4),(723,328,'Emails',1,'2023-05-10 17:30:38',2),(724,290,'HelpDesk',1,'2023-05-10 17:30:38',4),(725,329,'Emails',1,'2023-05-10 17:30:48',2),(726,290,'HelpDesk',1,'2023-05-10 17:30:48',4),(727,198,'Contacts',1,'2023-05-10 17:46:06',0),(728,198,'Contacts',1,'2023-05-10 17:46:10',0),(729,290,'HelpDesk',1,'2023-05-10 17:49:07',0),(730,290,'HelpDesk',1,'2023-05-10 17:49:29',0),(731,290,'HelpDesk',1,'2023-05-10 17:49:32',0),(732,330,'Emails',1,'2023-05-10 18:00:02',2),(733,198,'Contacts',1,'2023-05-10 18:00:02',4),(734,331,'Emails',1,'2023-05-10 18:00:09',2),(735,198,'Contacts',1,'2023-05-10 18:00:09',4),(736,332,'Emails',1,'2023-05-10 18:00:14',2),(737,290,'HelpDesk',1,'2023-05-10 18:00:14',4),(738,333,'Emails',1,'2023-05-10 18:00:15',2),(739,290,'HelpDesk',1,'2023-05-10 18:00:15',4),(740,334,'Emails',1,'2023-05-10 18:00:17',2),(741,290,'HelpDesk',1,'2023-05-10 18:00:17',4),(742,335,'Emails',1,'2023-05-10 18:00:18',2),(743,290,'HelpDesk',1,'2023-05-10 18:00:18',4),(744,336,'Emails',1,'2023-05-10 18:00:30',2),(745,290,'HelpDesk',1,'2023-05-10 18:00:30',4),(746,337,'Emails',1,'2023-05-10 18:00:39',2),(747,290,'HelpDesk',1,'2023-05-10 18:00:39',4),(748,338,'Emails',1,'2023-05-10 18:00:49',2),(749,290,'HelpDesk',1,'2023-05-10 18:00:49',4),(750,339,'Emails',1,'2023-05-10 18:00:54',2),(751,290,'HelpDesk',1,'2023-05-10 18:00:54',4),(752,340,'Emails',1,'2023-05-10 18:01:04',2),(753,290,'HelpDesk',1,'2023-05-10 18:01:04',4),(754,341,'Emails',1,'2023-05-10 18:01:15',2),(755,290,'HelpDesk',1,'2023-05-10 18:01:15',4),(756,342,'Emails',1,'2023-05-10 18:01:21',2),(757,290,'HelpDesk',1,'2023-05-10 18:01:21',4),(758,343,'Emails',1,'2023-05-10 18:01:23',2),(759,290,'HelpDesk',1,'2023-05-10 18:01:23',4),(760,344,'HelpDesk',1,'2023-05-10 18:07:50',2),(761,345,'Emails',1,'2023-05-10 18:15:01',2),(762,344,'HelpDesk',1,'2023-05-10 18:15:02',4),(763,346,'Emails',1,'2023-05-10 18:15:13',2),(764,344,'HelpDesk',1,'2023-05-10 18:15:13',4),(765,293,'HelpDesk',6,'2023-05-10 18:32:05',0),(766,293,'HelpDesk',6,'2023-05-10 18:32:25',0),(767,293,'HelpDesk',6,'2023-05-10 18:37:09',4),(768,347,'ModComments',6,'2023-05-10 18:37:09',2),(769,349,'Emails',1,'2023-05-10 18:45:01',2),(770,293,'HelpDesk',1,'2023-05-10 18:45:01',4),(771,350,'Emails',1,'2023-05-10 18:45:03',2),(772,293,'HelpDesk',1,'2023-05-10 18:45:03',4),(773,112,'HelpDesk',6,'2023-05-10 18:45:42',0),(774,118,'HelpDesk',6,'2023-05-10 18:52:19',0),(775,272,'HelpDesk',6,'2023-05-10 18:52:58',0),(776,110,'HelpDesk',6,'2023-05-10 18:53:39',0),(777,121,'HelpDesk',6,'2023-05-10 18:54:55',0),(778,233,'HelpDesk',6,'2023-05-10 18:57:38',0),(779,285,'HelpDesk',6,'2023-05-10 18:59:15',0),(780,351,'Emails',1,'2023-05-10 19:00:02',2),(781,112,'HelpDesk',1,'2023-05-10 19:00:02',4),(782,119,'HelpDesk',6,'2023-05-10 19:00:03',0),(783,352,'Emails',1,'2023-05-10 19:00:10',2),(784,118,'HelpDesk',1,'2023-05-10 19:00:10',4),(785,353,'Emails',1,'2023-05-10 19:00:17',2),(786,272,'HelpDesk',1,'2023-05-10 19:00:17',4),(787,354,'Emails',1,'2023-05-10 19:00:25',2),(788,110,'HelpDesk',1,'2023-05-10 19:00:25',4),(789,355,'Emails',1,'2023-05-10 19:00:35',2),(790,121,'HelpDesk',1,'2023-05-10 19:00:35',4),(791,356,'Emails',1,'2023-05-10 19:00:46',2),(792,233,'HelpDesk',1,'2023-05-10 19:00:46',4),(793,357,'Emails',1,'2023-05-10 19:00:55',2),(794,285,'HelpDesk',1,'2023-05-10 19:00:55',4),(795,358,'Emails',1,'2023-05-10 19:15:01',2),(796,119,'HelpDesk',1,'2023-05-10 19:15:02',4),(797,359,'HelpDesk',6,'2023-05-10 21:56:37',2),(798,360,'Emails',1,'2023-05-10 22:00:01',2),(799,359,'HelpDesk',1,'2023-05-10 22:00:01',4),(800,359,'HelpDesk',6,'2023-05-10 22:35:38',4),(801,361,'ModComments',6,'2023-05-10 22:35:38',2),(802,359,'HelpDesk',6,'2023-05-10 22:36:39',0),(803,359,'HelpDesk',6,'2023-05-11 01:06:20',4),(804,362,'ModComments',6,'2023-05-11 01:06:20',2),(805,290,'HelpDesk',6,'2023-05-11 01:15:00',4),(806,363,'ModComments',6,'2023-05-11 01:15:00',2),(807,290,'HelpDesk',6,'2023-05-11 01:15:10',4),(808,364,'ModComments',6,'2023-05-11 01:15:10',2),(809,359,'HelpDesk',6,'2023-05-11 01:34:12',0),(810,295,'HelpDesk',6,'2023-05-11 01:40:59',0),(811,365,'HelpDesk',6,'2023-05-11 01:56:47',2),(812,366,'Emails',1,'2023-05-11 02:00:02',2),(813,365,'HelpDesk',1,'2023-05-11 02:00:02',4),(814,367,'HelpDesk',6,'2023-05-11 02:03:59',2),(815,367,'HelpDesk',6,'2023-05-11 02:06:07',0),(816,367,'HelpDesk',6,'2023-05-11 02:08:14',4),(817,368,'ModComments',6,'2023-05-11 02:08:14',2),(818,369,'Emails',1,'2023-05-11 02:15:01',2),(819,367,'HelpDesk',1,'2023-05-11 02:15:01',4),(820,370,'Emails',1,'2023-05-11 02:15:09',2),(821,367,'HelpDesk',1,'2023-05-11 02:15:09',4),(822,371,'HelpDesk',6,'2023-05-11 02:29:57',2),(823,372,'Emails',1,'2023-05-11 02:30:01',2),(824,371,'HelpDesk',1,'2023-05-11 02:30:01',4),(825,371,'HelpDesk',6,'2023-05-11 02:30:47',4),(826,373,'ModComments',6,'2023-05-11 02:30:47',2),(827,375,'HelpDesk',6,'2023-05-11 02:37:53',2),(828,375,'HelpDesk',6,'2023-05-11 02:38:31',4),(829,376,'ModComments',6,'2023-05-11 02:38:31',2),(830,379,'Emails',1,'2023-05-11 02:45:02',2),(831,375,'HelpDesk',1,'2023-05-11 02:45:02',4),(832,380,'HelpDesk',6,'2023-05-11 02:47:25',2),(833,380,'HelpDesk',6,'2023-05-11 02:47:52',4),(834,381,'ModComments',6,'2023-05-11 02:47:52',2),(835,384,'Emails',1,'2023-05-11 03:00:02',2),(836,380,'HelpDesk',1,'2023-05-11 03:00:02',4),(837,385,'HelpDesk',6,'2023-05-11 03:00:59',2),(838,371,'HelpDesk',6,'2023-05-11 03:06:06',0),(839,385,'HelpDesk',6,'2023-05-11 03:08:34',0),(840,386,'Emails',1,'2023-05-11 03:15:01',2),(841,385,'HelpDesk',1,'2023-05-11 03:15:02',4),(842,375,'HelpDesk',6,'2023-05-11 03:15:49',0),(843,272,'HelpDesk',6,'2023-05-11 07:03:30',0),(844,387,'HelpDesk',6,'2023-05-11 07:11:40',2),(845,388,'Emails',1,'2023-05-11 07:15:01',2),(846,272,'HelpDesk',1,'2023-05-11 07:15:02',4),(847,389,'Emails',1,'2023-05-11 07:15:12',2),(848,387,'HelpDesk',1,'2023-05-11 07:15:12',4),(849,371,'HelpDesk',6,'2023-05-11 07:19:24',0),(850,387,'HelpDesk',6,'2023-05-11 07:22:30',1),(851,390,'Emails',1,'2023-05-11 07:30:01',2),(852,371,'HelpDesk',1,'2023-05-11 07:30:01',4),(853,371,'HelpDesk',6,'2023-05-11 07:34:31',0),(854,391,'HelpDesk',6,'2023-05-11 07:42:44',2),(855,392,'Emails',1,'2023-05-11 07:45:02',2),(856,371,'HelpDesk',1,'2023-05-11 07:45:02',4),(857,393,'Emails',1,'2023-05-11 07:45:11',2),(858,391,'HelpDesk',1,'2023-05-11 07:45:11',4),(859,391,'HelpDesk',6,'2023-05-11 07:45:58',0),(860,394,'HelpDesk',6,'2023-05-11 07:58:42',2),(861,395,'Emails',1,'2023-05-11 08:00:01',2),(862,394,'HelpDesk',1,'2023-05-11 08:00:01',4),(863,395,'Emails',1,'2023-05-11 08:00:06',1),(864,396,'HelpDesk',6,'2023-05-11 08:05:41',2),(865,271,'HelpDesk',6,'2023-05-11 08:13:01',0),(866,271,'HelpDesk',6,'2023-05-11 08:14:56',0),(867,397,'Emails',1,'2023-05-11 08:15:02',2),(868,396,'HelpDesk',1,'2023-05-11 08:15:02',4),(869,398,'Emails',1,'2023-05-11 08:15:04',2),(870,271,'HelpDesk',1,'2023-05-11 08:15:04',4),(871,271,'HelpDesk',6,'2023-05-11 08:15:23',0),(872,394,'HelpDesk',6,'2023-05-11 16:35:25',0),(873,394,'HelpDesk',6,'2023-05-11 17:19:38',0),(874,394,'HelpDesk',6,'2023-05-11 17:20:05',0),(875,394,'HelpDesk',6,'2023-05-11 17:20:26',0),(876,399,'Emails',1,'2023-05-11 17:28:02',2),(877,394,'HelpDesk',1,'2023-05-11 17:28:02',4),(878,367,'HelpDesk',10,'2023-05-11 17:52:10',0),(879,400,'Emails',1,'2023-05-11 17:58:02',2),(880,367,'HelpDesk',1,'2023-05-11 17:58:02',4),(881,401,'HelpDesk',6,'2023-05-12 00:30:18',2),(882,402,'Emails',1,'2023-05-12 00:44:01',2),(883,401,'HelpDesk',1,'2023-05-12 00:44:01',4),(884,290,'HelpDesk',6,'2023-05-15 15:18:57',1),(885,367,'HelpDesk',10,'2023-05-15 18:44:17',0),(886,359,'HelpDesk',10,'2023-05-15 18:48:08',0),(887,359,'HelpDesk',10,'2023-05-15 18:51:14',4),(888,403,'ModComments',10,'2023-05-15 18:51:14',2),(889,406,'Emails',1,'2023-05-15 18:54:01',2),(890,359,'HelpDesk',1,'2023-05-15 18:54:01',4),(891,359,'HelpDesk',10,'2023-05-15 18:54:22',0),(892,367,'HelpDesk',10,'2023-05-15 18:58:39',0),(893,359,'HelpDesk',10,'2023-05-15 19:00:21',0),(894,407,'Emails',1,'2023-05-15 19:08:01',2),(895,367,'HelpDesk',1,'2023-05-15 19:08:01',4),(896,401,'HelpDesk',6,'2023-05-17 01:19:08',0),(897,401,'HelpDesk',5,'2023-05-17 02:15:54',0),(898,408,'Emails',1,'2023-05-17 02:24:01',2),(899,401,'HelpDesk',1,'2023-05-17 02:24:01',4),(900,394,'HelpDesk',6,'2023-05-17 16:55:20',0),(901,409,'Contacts',6,'2023-05-17 17:08:53',2),(902,411,'Emails',1,'2023-05-17 17:18:02',2),(903,409,'Contacts',1,'2023-05-17 17:18:02',4),(904,401,'HelpDesk',5,'2023-05-19 02:38:41',0),(905,271,'HelpDesk',5,'2023-05-19 02:44:57',0),(906,375,'HelpDesk',5,'2023-05-19 02:49:30',0),(907,385,'HelpDesk',5,'2023-05-19 02:52:57',0),(908,380,'HelpDesk',5,'2023-05-19 02:54:17',0),(909,412,'Emails',1,'2023-05-19 02:56:01',2),(910,271,'HelpDesk',1,'2023-05-19 02:56:01',4),(911,413,'Emails',1,'2023-05-19 02:56:08',2),(912,375,'HelpDesk',1,'2023-05-19 02:56:08',4),(913,414,'Emails',1,'2023-05-19 02:56:13',2),(914,385,'HelpDesk',1,'2023-05-19 02:56:13',4),(915,415,'Emails',1,'2023-05-19 02:56:16',2),(916,380,'HelpDesk',1,'2023-05-19 02:56:16',4),(917,121,'HelpDesk',5,'2023-05-19 03:02:16',0),(918,416,'Emails',1,'2023-05-19 03:10:01',2),(919,121,'HelpDesk',1,'2023-05-19 03:10:01',4),(920,401,'HelpDesk',5,'2023-05-19 03:40:59',0),(921,365,'HelpDesk',5,'2023-05-19 03:43:52',0),(922,385,'HelpDesk',5,'2023-05-19 03:50:40',0),(923,417,'Emails',1,'2023-05-19 03:52:01',2),(924,385,'HelpDesk',1,'2023-05-19 03:52:01',4),(925,371,'HelpDesk',5,'2023-05-19 03:55:18',0),(926,380,'HelpDesk',5,'2023-05-19 03:56:04',0),(927,380,'HelpDesk',5,'2023-05-19 04:04:58',0),(928,418,'Emails',1,'2023-05-19 04:06:01',2),(929,371,'HelpDesk',1,'2023-05-19 04:06:01',4),(930,391,'HelpDesk',5,'2023-05-19 04:11:52',0),(931,419,'Emails',1,'2023-05-19 04:20:01',2),(932,391,'HelpDesk',1,'2023-05-19 04:20:02',4),(933,391,'HelpDesk',6,'2023-05-19 06:03:52',0),(934,420,'HelpDesk',6,'2023-05-21 01:44:15',2),(935,421,'Emails',1,'2023-05-21 01:48:01',2),(936,420,'HelpDesk',1,'2023-05-21 01:48:01',4),(937,422,'HelpDesk',6,'2023-05-21 20:12:16',2),(938,423,'Emails',1,'2023-05-21 20:14:01',2),(939,422,'HelpDesk',1,'2023-05-21 20:14:01',4),(940,422,'HelpDesk',10,'2023-05-21 20:33:59',0),(941,422,'HelpDesk',10,'2023-05-21 20:34:25',0),(942,422,'HelpDesk',10,'2023-05-21 20:39:53',0),(943,424,'Emails',1,'2023-05-21 20:42:01',2),(944,422,'HelpDesk',1,'2023-05-21 20:42:01',4),(945,425,'Emails',1,'2023-05-21 20:42:08',2),(946,422,'HelpDesk',1,'2023-05-21 20:42:08',4),(947,110,'HelpDesk',5,'2023-05-21 22:24:35',0),(948,426,'Emails',1,'2023-05-21 22:40:01',2),(949,110,'HelpDesk',1,'2023-05-21 22:40:02',4),(950,118,'HelpDesk',5,'2023-05-21 22:50:25',0),(951,427,'Emails',1,'2023-05-21 22:54:01',2),(952,118,'HelpDesk',1,'2023-05-21 22:54:01',4),(953,94,'HelpDesk',5,'2023-05-21 22:54:48',0),(954,112,'HelpDesk',5,'2023-05-21 22:59:36',0),(955,112,'HelpDesk',5,'2023-05-21 23:00:32',0),(956,428,'Emails',1,'2023-05-21 23:08:01',2),(957,94,'HelpDesk',1,'2023-05-21 23:08:01',4),(958,429,'Emails',1,'2023-05-21 23:08:13',2),(959,112,'HelpDesk',1,'2023-05-21 23:08:13',4),(960,96,'HelpDesk',5,'2023-05-21 23:08:32',0),(961,96,'HelpDesk',5,'2023-05-21 23:10:32',0),(962,87,'HelpDesk',5,'2023-05-21 23:13:25',0),(963,277,'HelpDesk',5,'2023-05-21 23:15:50',0),(964,87,'HelpDesk',5,'2023-05-21 23:18:30',0),(965,430,'Emails',1,'2023-05-21 23:22:01',2),(966,96,'HelpDesk',1,'2023-05-21 23:22:01',4),(967,431,'Emails',1,'2023-05-21 23:22:03',2),(968,87,'HelpDesk',1,'2023-05-21 23:22:03',4),(969,432,'Emails',1,'2023-05-21 23:22:04',2),(970,277,'HelpDesk',1,'2023-05-21 23:22:04',4),(971,275,'HelpDesk',5,'2023-05-21 23:48:37',0),(972,433,'Emails',1,'2023-05-21 23:50:01',2),(973,275,'HelpDesk',1,'2023-05-21 23:50:01',4),(974,267,'HelpDesk',5,'2023-05-21 23:53:13',0),(975,266,'HelpDesk',5,'2023-05-21 23:56:31',0),(976,263,'HelpDesk',5,'2023-05-21 23:58:36',0),(977,131,'HelpDesk',5,'2023-05-22 00:02:57',0),(978,434,'Emails',1,'2023-05-22 00:04:02',2),(979,267,'HelpDesk',1,'2023-05-22 00:04:02',4),(980,435,'Emails',1,'2023-05-22 00:04:10',2),(981,266,'HelpDesk',1,'2023-05-22 00:04:10',4),(982,436,'Emails',1,'2023-05-22 00:04:12',2),(983,263,'HelpDesk',1,'2023-05-22 00:04:12',4),(984,437,'Emails',1,'2023-05-22 00:04:14',2),(985,131,'HelpDesk',1,'2023-05-22 00:04:14',4),(986,115,'HelpDesk',5,'2023-05-22 00:08:06',0),(987,109,'HelpDesk',5,'2023-05-22 00:14:17',0),(988,109,'HelpDesk',5,'2023-05-22 00:19:48',0),(989,438,'Emails',1,'2023-05-22 00:20:01',2),(990,115,'HelpDesk',1,'2023-05-22 00:20:01',4),(991,115,'HelpDesk',5,'2023-05-22 00:20:07',0),(992,439,'Emails',1,'2023-05-22 00:20:09',2),(993,109,'HelpDesk',1,'2023-05-22 00:20:09',4),(994,131,'HelpDesk',5,'2023-05-22 00:22:19',0),(995,108,'HelpDesk',5,'2023-05-22 00:27:01',0),(996,85,'HelpDesk',5,'2023-05-22 00:32:52',0),(997,440,'Emails',1,'2023-05-22 00:34:01',2),(998,108,'HelpDesk',1,'2023-05-22 00:34:01',4),(999,441,'Emails',1,'2023-05-22 00:34:09',2),(1000,85,'HelpDesk',1,'2023-05-22 00:34:09',4),(1001,84,'HelpDesk',5,'2023-05-22 00:39:55',0),(1002,76,'HelpDesk',5,'2023-05-22 00:45:21',0),(1003,442,'Emails',1,'2023-05-22 00:48:01',2),(1004,84,'HelpDesk',1,'2023-05-22 00:48:01',4),(1005,443,'Emails',1,'2023-05-22 00:48:09',2),(1006,76,'HelpDesk',1,'2023-05-22 00:48:09',4),(1007,74,'HelpDesk',5,'2023-05-22 00:50:02',0),(1008,444,'Emails',1,'2023-05-22 01:02:01',2),(1009,74,'HelpDesk',1,'2023-05-22 01:02:01',4),(1010,420,'HelpDesk',9,'2023-05-22 15:26:06',0),(1011,445,'Emails',1,'2023-05-22 15:36:02',2),(1012,420,'HelpDesk',1,'2023-05-22 15:36:02',4),(1013,409,'Contacts',6,'2023-05-22 21:43:27',0),(1014,446,'Emails',1,'2023-05-22 21:44:01',2),(1015,409,'Contacts',1,'2023-05-22 21:44:01',4),(1016,420,'HelpDesk',6,'2023-05-22 21:47:33',0),(1017,420,'HelpDesk',9,'2023-05-23 16:02:05',0),(1018,420,'HelpDesk',9,'2023-05-23 16:02:26',0),(1019,76,'HelpDesk',6,'2023-05-23 19:34:21',0),(1020,447,'HelpDesk',6,'2023-05-24 15:39:55',2),(1021,448,'Emails',1,'2023-05-24 15:50:02',2),(1022,447,'HelpDesk',1,'2023-05-24 15:50:02',4),(1023,449,'Accounts',6,'2023-05-24 21:41:35',2),(1024,450,'Accounts',6,'2023-05-24 21:46:57',2),(1025,447,'HelpDesk',5,'2023-05-25 01:00:03',0),(1026,451,'Emails',1,'2023-05-25 01:06:02',2),(1027,447,'HelpDesk',1,'2023-05-25 01:06:02',4),(1028,447,'HelpDesk',5,'2023-05-25 01:07:09',0),(1029,447,'HelpDesk',5,'2023-05-25 01:24:42',0),(1030,452,'HelpDesk',1,'2023-05-25 03:19:03',2),(1031,452,'HelpDesk',6,'2023-05-25 03:23:03',0),(1032,453,'HelpDesk',6,'2023-05-25 03:30:22',2),(1033,454,'Emails',1,'2023-05-25 03:32:01',2),(1034,452,'HelpDesk',1,'2023-05-25 03:32:01',4),(1035,454,'Emails',1,'2023-05-25 03:32:01',1),(1036,455,'Emails',1,'2023-05-25 03:32:01',2),(1037,452,'HelpDesk',1,'2023-05-25 03:32:01',4),(1038,456,'Emails',1,'2023-05-25 03:32:03',2),(1039,452,'HelpDesk',1,'2023-05-25 03:32:03',4),(1040,457,'Emails',1,'2023-05-25 03:32:05',2),(1041,453,'HelpDesk',1,'2023-05-25 03:32:05',4),(1042,453,'HelpDesk',6,'2023-05-25 03:33:12',0),(1043,452,'HelpDesk',6,'2023-05-25 03:39:11',4),(1044,458,'ModComments',6,'2023-05-25 03:39:10',2),(1045,464,'Emails',1,'2023-05-25 03:46:01',2),(1046,452,'HelpDesk',1,'2023-05-25 03:46:01',4),(1047,464,'Emails',1,'2023-05-25 03:46:12',1),(1048,447,'HelpDesk',6,'2023-05-25 03:51:25',0);

--
-- Table structure for table `vtiger_modtracker_basic_seq`
--

CREATE TABLE `vtiger_modtracker_basic_seq` (
  `id` int(11) NOT NULL
) ENGINE=InnoDB DEFAULT CHARSET=utf8mb4 COLLATE=utf8mb4_general_ci;

--
-- Dumping data for table `vtiger_modtracker_basic_seq`
--

INSERT INTO `vtiger_modtracker_basic_seq` VALUES (1048);

--
-- Table structure for table `vtiger_modtracker_detail`
--

CREATE TABLE `vtiger_modtracker_detail` (
  `id` int(11) DEFAULT NULL,
  `fieldname` varchar(100) DEFAULT NULL,
  `prevalue` text DEFAULT NULL,
  `postvalue` text DEFAULT NULL,
  KEY `idx` (`id`)
) ENGINE=InnoDB DEFAULT CHARSET=utf8 COLLATE=utf8_general_ci;

--
-- Dumping data for table `vtiger_modtracker_detail`
--



--
-- Table structure for table `vtiger_modtracker_relations`
--

CREATE TABLE `vtiger_modtracker_relations` (
  `id` int(11) NOT NULL,
  `targetmodule` varchar(100) NOT NULL,
  `targetid` int(11) NOT NULL,
  `changedon` datetime DEFAULT NULL,
  PRIMARY KEY (`id`)
) ENGINE=InnoDB DEFAULT CHARSET=utf8 COLLATE=utf8_general_ci;

--
-- Dumping data for table `vtiger_modtracker_relations`
--

INSERT INTO `vtiger_modtracker_relations` VALUES (10,'ServiceContracts',39,'2023-02-16 22:10:02'),(12,'ModComments',41,'2023-02-16 22:28:03'),(14,'ModComments',42,'2023-02-16 22:28:27'),(19,'ModComments',47,'2023-02-17 05:13:23'),(21,'ModComments',49,'2023-02-17 05:14:45'),(23,'ModComments',50,'2023-02-17 05:16:16'),(29,'Emails',54,'2023-03-16 22:36:48'),(31,'Emails',55,'2023-03-20 21:50:02'),(33,'Emails',56,'2023-03-20 21:50:02'),(35,'Emails',57,'2023-03-20 21:50:03'),(37,'Emails',58,'2023-03-20 21:50:03'),(39,'Emails',59,'2023-03-20 21:50:03'),(41,'Emails',60,'2023-03-20 21:50:03'),(43,'Emails',61,'2023-03-21 14:51:43'),(45,'Emails',62,'2023-03-21 15:13:46'),(47,'Emails',63,'2023-03-21 15:18:09'),(49,'Emails',64,'2023-03-21 23:49:51'),(51,'Emails',65,'2023-03-21 23:53:17'),(59,'Emails',69,'2023-03-22 00:21:22'),(67,'Documents',75,'2023-04-05 20:01:38'),(168,'Emails',133,'2023-04-15 03:02:11'),(170,'Emails',134,'2023-04-15 03:02:20'),(172,'Emails',135,'2023-04-15 03:02:31'),(174,'Emails',136,'2023-04-15 03:02:40'),(176,'Emails',137,'2023-04-15 03:02:51'),(178,'Emails',138,'2023-04-15 03:02:56'),(180,'Emails',139,'2023-04-15 03:03:05'),(182,'Emails',140,'2023-04-15 03:03:15'),(184,'Emails',141,'2023-04-15 03:03:25'),(186,'Emails',142,'2023-04-15 03:03:35'),(188,'Emails',143,'2023-04-15 03:03:45'),(190,'Emails',144,'2023-04-15 03:03:55'),(192,'Emails',145,'2023-04-15 03:04:02'),(194,'Emails',146,'2023-04-15 03:04:11'),(196,'Emails',147,'2023-04-15 03:04:21'),(198,'Emails',148,'2023-04-15 03:04:26'),(200,'Emails',149,'2023-04-15 03:04:36'),(202,'Emails',150,'2023-04-15 03:04:43'),(204,'Emails',151,'2023-04-15 03:04:50'),(206,'Emails',152,'2023-04-15 03:04:51'),(208,'Emails',153,'2023-04-15 03:05:02'),(210,'Emails',154,'2023-04-15 03:05:12'),(212,'Emails',155,'2023-04-15 03:05:22'),(214,'Emails',156,'2023-04-15 03:05:32'),(216,'Emails',157,'2023-04-15 03:05:37'),(218,'Emails',158,'2023-04-15 03:05:47'),(220,'Emails',159,'2023-04-15 03:05:48'),(222,'Emails',160,'2023-04-15 03:05:58'),(224,'Emails',161,'2023-04-15 03:06:07'),(226,'Emails',162,'2023-04-15 03:06:18'),(228,'Emails',163,'2023-04-15 03:06:23'),(230,'Emails',164,'2023-04-15 03:06:34'),(232,'Emails',165,'2023-04-15 03:06:44'),(234,'Emails',166,'2023-04-15 03:06:54'),(236,'Emails',167,'2023-04-15 03:07:04'),(238,'Emails',168,'2023-04-15 03:07:05'),(240,'Emails',169,'2023-04-15 03:07:07'),(242,'Emails',170,'2023-04-15 03:07:14'),(244,'Emails',171,'2023-04-15 03:07:26'),(246,'Emails',172,'2023-04-15 03:07:36'),(248,'Emails',173,'2023-04-15 03:07:46'),(250,'Emails',174,'2023-04-15 03:07:52'),(252,'Emails',175,'2023-04-15 03:08:01'),(254,'Emails',176,'2023-04-15 03:08:11'),(256,'Emails',177,'2023-04-15 03:08:22'),(258,'Emails',178,'2023-04-15 03:08:32'),(260,'Emails',179,'2023-04-15 03:08:38'),(262,'Emails',180,'2023-04-15 03:08:42'),(264,'Emails',181,'2023-04-15 03:08:47'),(266,'Emails',182,'2023-04-15 03:08:58'),(268,'Emails',183,'2023-04-15 03:09:07'),(270,'Emails',184,'2023-04-15 03:09:14'),(272,'Emails',185,'2023-04-15 03:09:16'),(274,'Emails',186,'2023-04-15 03:09:27'),(276,'Emails',187,'2023-04-15 03:09:29'),(278,'Emails',188,'2023-04-15 03:09:31'),(280,'Emails',189,'2023-04-15 03:09:43'),(282,'Emails',190,'2023-04-15 03:09:54'),(284,'Emails',191,'2023-04-15 03:10:02'),(286,'Emails',192,'2023-04-15 03:10:13'),(288,'Emails',193,'2023-04-15 03:10:23'),(290,'Emails',194,'2023-04-15 03:10:29'),(292,'Emails',195,'2023-04-15 03:40:03'),(309,'Emails',197,'2023-04-17 20:00:02'),(315,'Emails',199,'2023-04-17 22:15:02'),(381,'Emails',201,'2023-04-18 19:15:01'),(383,'Emails',202,'2023-04-18 19:15:10'),(386,'Emails',203,'2023-04-18 19:30:02'),(389,'Emails',204,'2023-04-19 01:00:03'),(391,'Emails',205,'2023-04-19 01:00:14'),(393,'Emails',206,'2023-04-19 01:00:19'),(399,'Emails',208,'2023-04-19 16:00:02'),(406,'Emails',209,'2023-04-19 16:30:02'),(408,'Emails',210,'2023-04-19 16:30:13'),(410,'Emails',211,'2023-04-19 16:30:24'),(417,'Emails',212,'2023-04-20 05:00:03'),(423,'Emails',213,'2023-04-20 18:30:01'),(425,'Emails',214,'2023-04-20 18:30:12'),(430,'Emails',215,'2023-04-20 19:00:02'),(436,'Emails',216,'2023-04-20 19:15:01'),(456,'Emails',217,'2023-04-20 20:00:02'),(465,'Emails',219,'2023-04-20 20:45:02'),(468,'Emails',221,'2023-04-20 21:00:01'),(477,'Emails',224,'2023-04-20 21:15:02'),(479,'Emails',225,'2023-04-20 21:15:13'),(481,'Emails',226,'2023-04-20 21:15:24'),(485,'Emails',229,'2023-04-20 21:30:01'),(487,'Emails',230,'2023-04-20 21:30:13'),(497,'Emails',235,'2023-04-20 21:45:02'),(500,'Emails',236,'2023-04-20 21:45:09'),(502,'Emails',237,'2023-04-20 21:45:16'),(504,'Emails',238,'2023-04-20 21:45:23'),(506,'Emails',239,'2023-04-20 21:45:32'),(508,'Emails',240,'2023-04-20 21:45:42'),(510,'Emails',241,'2023-04-20 21:45:51'),(512,'Emails',242,'2023-04-20 21:46:01'),(516,'Emails',243,'2023-04-20 22:00:02'),(520,'Emails',246,'2023-04-20 22:15:02'),(522,'Emails',247,'2023-04-20 22:15:12'),(527,'Emails',249,'2023-04-20 22:30:01'),(530,'Emails',251,'2023-04-20 22:45:02'),(534,'Emails',254,'2023-04-21 00:45:01'),(536,'Emails',255,'2023-04-21 00:45:08'),(543,'Emails',258,'2023-04-21 01:00:03'),(545,'Emails',259,'2023-04-21 01:00:15'),(547,'Emails',260,'2023-04-21 01:00:24'),(549,'Emails',261,'2023-04-21 01:00:34'),(551,'Emails',262,'2023-04-21 01:00:45'),(555,'Emails',264,'2023-04-21 01:15:02'),(557,'Emails',265,'2023-04-21 01:15:11'),(564,'Emails',268,'2023-04-21 01:45:01'),(566,'Emails',269,'2023-04-21 01:45:10'),(568,'Emails',270,'2023-04-21 01:45:14'),(572,'Emails',273,'2023-04-21 02:00:02'),(574,'Emails',274,'2023-04-21 02:00:13'),(578,'Emails',276,'2023-04-21 20:30:02'),(583,'Emails',278,'2023-04-21 20:45:02'),(585,'Emails',279,'2023-04-21 20:45:10'),(589,'Emails',280,'2023-04-21 21:00:02'),(602,'Emails',281,'2023-04-21 21:15:01'),(604,'Emails',282,'2023-04-21 21:15:12'),(608,'Emails',283,'2023-04-21 21:30:01'),(610,'Emails',284,'2023-04-21 21:30:04'),(613,'Emails',286,'2023-04-21 22:15:02'),(616,'Emails',288,'2023-04-28 20:45:02'),(618,'Emails',289,'2023-04-28 20:45:13'),(621,'Emails',291,'2023-05-04 23:15:01'),(623,'Emails',292,'2023-05-04 23:15:08'),(626,'Emails',294,'2023-05-08 18:00:02'),(630,'Emails',296,'2023-05-08 21:45:01'),(641,'Emails',297,'2023-05-09 01:15:02'),(643,'Emails',298,'2023-05-09 01:15:11'),(645,'Emails',299,'2023-05-09 01:15:21'),(647,'Emails',300,'2023-05-09 01:15:31'),(649,'Emails',301,'2023-05-09 01:15:42'),(651,'Emails',302,'2023-05-09 01:15:54'),(659,'Emails',303,'2023-05-09 01:30:02'),(661,'Emails',304,'2023-05-09 01:30:13'),(663,'Emails',305,'2023-05-09 01:30:23'),(665,'Emails',306,'2023-05-09 01:30:34'),(668,'Emails',307,'2023-05-09 01:30:38'),(670,'Emails',308,'2023-05-09 01:30:49'),(674,'Emails',309,'2023-05-09 01:45:02'),(676,'Emails',310,'2023-05-09 01:45:09'),(678,'Emails',311,'2023-05-09 01:45:19'),(680,'Emails',312,'2023-05-09 01:45:29'),(686,'Emails',314,'2023-05-09 02:45:01'),(691,'Emails',316,'2023-05-09 03:00:02'),(693,'Emails',317,'2023-05-09 03:00:10'),(698,'Emails',318,'2023-05-09 05:00:02'),(700,'Emails',319,'2023-05-09 05:00:09'),(705,'Emails',320,'2023-05-09 22:45:02'),(707,'Emails',321,'2023-05-10 14:39:16'),(710,'Emails',322,'2023-05-10 15:00:02'),(712,'Emails',323,'2023-05-10 15:00:05'),(716,'Emails',324,'2023-05-10 17:30:02'),(718,'Emails',325,'2023-05-10 17:30:08'),(720,'Emails',326,'2023-05-10 17:30:18'),(722,'Emails',327,'2023-05-10 17:30:28'),(724,'Emails',328,'2023-05-10 17:30:38'),(726,'Emails',329,'2023-05-10 17:30:48'),(733,'Emails',330,'2023-05-10 18:00:02'),(735,'Emails',331,'2023-05-10 18:00:09'),(737,'Emails',332,'2023-05-10 18:00:14'),(739,'Emails',333,'2023-05-10 18:00:15'),(741,'Emails',334,'2023-05-10 18:00:17'),(743,'Emails',335,'2023-05-10 18:00:18'),(745,'Emails',336,'2023-05-10 18:00:30'),(747,'Emails',337,'2023-05-10 18:00:39'),(749,'Emails',338,'2023-05-10 18:00:49'),(751,'Emails',339,'2023-05-10 18:00:54'),(753,'Emails',340,'2023-05-10 18:01:04'),(755,'Emails',341,'2023-05-10 18:01:15'),(757,'Emails',342,'2023-05-10 18:01:21'),(759,'Emails',343,'2023-05-10 18:01:23'),(762,'Emails',345,'2023-05-10 18:15:02'),(764,'Emails',346,'2023-05-10 18:15:13'),(767,'ModComments',347,'2023-05-10 18:37:09'),(770,'Emails',349,'2023-05-10 18:45:01'),(772,'Emails',350,'2023-05-10 18:45:03'),(781,'Emails',351,'2023-05-10 19:00:02'),(784,'Emails',352,'2023-05-10 19:00:10'),(786,'Emails',353,'2023-05-10 19:00:17'),(788,'Emails',354,'2023-05-10 19:00:25'),(790,'Emails',355,'2023-05-10 19:00:35'),(792,'Emails',356,'2023-05-10 19:00:46'),(794,'Emails',357,'2023-05-10 19:00:55'),(796,'Emails',358,'2023-05-10 19:15:02'),(799,'Emails',360,'2023-05-10 22:00:01'),(800,'ModComments',361,'2023-05-10 22:35:38'),(803,'ModComments',362,'2023-05-11 01:06:20'),(805,'ModComments',363,'2023-05-11 01:15:00'),(807,'ModComments',364,'2023-05-11 01:15:10'),(813,'Emails',366,'2023-05-11 02:00:02'),(816,'ModComments',368,'2023-05-11 02:08:14'),(819,'Emails',369,'2023-05-11 02:15:01'),(821,'Emails',370,'2023-05-11 02:15:09'),(824,'Emails',372,'2023-05-11 02:30:01'),(825,'ModComments',373,'2023-05-11 02:30:47'),(828,'ModComments',376,'2023-05-11 02:38:31'),(831,'Emails',379,'2023-05-11 02:45:02'),(833,'ModComments',381,'2023-05-11 02:47:52'),(836,'Emails',384,'2023-05-11 03:00:02'),(841,'Emails',386,'2023-05-11 03:15:02'),(846,'Emails',388,'2023-05-11 07:15:02'),(848,'Emails',389,'2023-05-11 07:15:12'),(852,'Emails',390,'2023-05-11 07:30:01'),(856,'Emails',392,'2023-05-11 07:45:02'),(858,'Emails',393,'2023-05-11 07:45:11'),(862,'Emails',395,'2023-05-11 08:00:01'),(868,'Emails',397,'2023-05-11 08:15:02'),(870,'Emails',398,'2023-05-11 08:15:04'),(877,'Emails',399,'2023-05-11 17:28:02'),(880,'Emails',400,'2023-05-11 17:58:02'),(883,'Emails',402,'2023-05-12 00:44:01'),(887,'ModComments',403,'2023-05-15 18:51:14'),(890,'Emails',406,'2023-05-15 18:54:01'),(895,'Emails',407,'2023-05-15 19:08:01'),(899,'Emails',408,'2023-05-17 02:24:01'),(903,'Emails',411,'2023-05-17 17:18:02'),(910,'Emails',412,'2023-05-19 02:56:01'),(912,'Emails',413,'2023-05-19 02:56:08'),(914,'Emails',414,'2023-05-19 02:56:13'),(916,'Emails',415,'2023-05-19 02:56:16'),(919,'Emails',416,'2023-05-19 03:10:01'),(924,'Emails',417,'2023-05-19 03:52:01'),(929,'Emails',418,'2023-05-19 04:06:01'),(932,'Emails',419,'2023-05-19 04:20:02'),(936,'Emails',421,'2023-05-21 01:48:01'),(939,'Emails',423,'2023-05-21 20:14:01'),(944,'Emails',424,'2023-05-21 20:42:01'),(946,'Emails',425,'2023-05-21 20:42:08'),(949,'Emails',426,'2023-05-21 22:40:02'),(952,'Emails',427,'2023-05-21 22:54:01'),(957,'Emails',428,'2023-05-21 23:08:01'),(959,'Emails',429,'2023-05-21 23:08:13'),(966,'Emails',430,'2023-05-21 23:22:01'),(968,'Emails',431,'2023-05-21 23:22:03'),(970,'Emails',432,'2023-05-21 23:22:04'),(973,'Emails',433,'2023-05-21 23:50:01'),(979,'Emails',434,'2023-05-22 00:04:02'),(981,'Emails',435,'2023-05-22 00:04:10'),(983,'Emails',436,'2023-05-22 00:04:12'),(985,'Emails',437,'2023-05-22 00:04:14'),(990,'Emails',438,'2023-05-22 00:20:01'),(993,'Emails',439,'2023-05-22 00:20:09'),(998,'Emails',440,'2023-05-22 00:34:01'),(1000,'Emails',441,'2023-05-22 00:34:09'),(1004,'Emails',442,'2023-05-22 00:48:01'),(1006,'Emails',443,'2023-05-22 00:48:09'),(1009,'Emails',444,'2023-05-22 01:02:01'),(1012,'Emails',445,'2023-05-22 15:36:02'),(1015,'Emails',446,'2023-05-22 21:44:01'),(1022,'Emails',448,'2023-05-24 15:50:02'),(1027,'Emails',451,'2023-05-25 01:06:02'),(1034,'Emails',454,'2023-05-25 03:32:01'),(1037,'Emails',455,'2023-05-25 03:32:01'),(1039,'Emails',456,'2023-05-25 03:32:03'),(1041,'Emails',457,'2023-05-25 03:32:05'),(1043,'ModComments',458,'2023-05-25 03:39:11'),(1046,'Emails',464,'2023-05-25 03:46:01');

--
-- Table structure for table `vtiger_modtracker_tabs`
--

CREATE TABLE `vtiger_modtracker_tabs` (
  `tabid` int(11) NOT NULL,
  `visible` int(11) DEFAULT 0,
  PRIMARY KEY (`tabid`)
) ENGINE=InnoDB DEFAULT CHARSET=utf8 COLLATE=utf8_general_ci;

--
-- Dumping data for table `vtiger_modtracker_tabs`
--

INSERT INTO `vtiger_modtracker_tabs` VALUES (2,1),(4,1),(6,1),(7,1),(8,1),(9,1),(10,1),(13,1),(14,1),(15,1),(16,1),(18,1),(19,1),(20,1),(21,1),(22,1),(23,1),(26,1),(28,1),(34,1),(35,1),(36,1),(38,1),(42,1),(43,1),(44,1),(45,1),(47,1);

--
-- Table structure for table `vtiger_module_dashboard_widgets`
--

CREATE TABLE `vtiger_module_dashboard_widgets` (
  `id` int(11) NOT NULL AUTO_INCREMENT,
  `linkid` int(11) DEFAULT NULL,
  `userid` int(11) DEFAULT NULL,
  `filterid` int(11) DEFAULT NULL,
  `title` varchar(100) DEFAULT NULL,
  `data` text DEFAULT NULL,
  `position` varchar(50) DEFAULT NULL,
  `reportid` int(11) DEFAULT NULL,
  `dashboardtabid` int(11) DEFAULT NULL,
  `size` varchar(50) DEFAULT NULL,
  PRIMARY KEY (`id`),
  KEY `dashboardtabid` (`dashboardtabid`),
  CONSTRAINT `vtiger_module_dashboard_widgets_ibfk_1` FOREIGN KEY (`dashboardtabid`) REFERENCES `vtiger_dashboard_tabs` (`id`) ON DELETE CASCADE
) ENGINE=InnoDB AUTO_INCREMENT=25 DEFAULT CHARSET=utf8mb4 COLLATE=utf8mb4_general_ci;

--
-- Dumping data for table `vtiger_module_dashboard_widgets`
--

INSERT INTO `vtiger_module_dashboard_widgets` VALUES (3,57,6,NULL,NULL,'null','{\"row\":\"1\",\"col\":\"1\"}',NULL,10,NULL),(4,67,6,NULL,NULL,'null','{\"row\":\"1\",\"col\":\"2\"}',NULL,10,NULL),(5,99,6,NULL,NULL,'null','{\"row\":\"2\",\"col\":\"1\"}',NULL,10,NULL),(6,68,6,NULL,NULL,'null','{\"row\":\"1\",\"col\":\"4\"}',NULL,10,NULL),(7,100,6,13,NULL,'{\"module\":\"HelpDesk\",\"fields\":[\"assigned_user_id\"]}','{\"row\":\"2\",\"col\":\"4\"}',NULL,10,NULL),(8,56,6,NULL,NULL,'null','{\"row\":\"1\",\"col\":\"3\"}',NULL,10,NULL),(9,67,5,NULL,NULL,'null','{\"row\":\"1\",\"col\":\"1\"}',NULL,8,NULL),(10,0,6,NULL,'ChartReportWidget_HelpDesk_27',NULL,'{\"row\":\"2\",\"col\":\"2\"}',27,10,NULL),(11,67,10,NULL,NULL,'null','{\"row\":\"1\",\"col\":\"1\"}',NULL,27,NULL),(12,57,10,NULL,NULL,'null','{\"row\":\"1\",\"col\":\"2\"}',NULL,27,NULL),(13,68,10,NULL,NULL,'null','{\"row\":\"1\",\"col\":\"4\"}',NULL,27,NULL),(14,67,9,NULL,NULL,'null','{\"row\":\"1\",\"col\":\"1\"}',NULL,26,NULL),(15,68,9,NULL,NULL,'null','{\"row\":\"1\",\"col\":\"2\"}',NULL,26,NULL),(16,56,9,NULL,NULL,'null','{\"row\":\"1\",\"col\":\"4\"}',NULL,26,NULL),(17,66,9,NULL,NULL,'null','{\"row\":\"1\",\"col\":\"3\"}',NULL,26,NULL),(18,57,9,NULL,NULL,'null','{\"row\":\"2\",\"col\":\"1\"}',NULL,26,NULL),(19,68,5,NULL,NULL,'null','{\"row\":\"1\",\"col\":\"2\"}',NULL,8,NULL),(20,56,5,NULL,NULL,'null','{\"row\":\"1\",\"col\":\"4\"}',NULL,8,NULL),(21,57,5,NULL,NULL,'null','{\"row\":\"1\",\"col\":\"3\"}',NULL,8,NULL),(22,66,5,NULL,NULL,'null','{\"row\":\"2\",\"col\":\"1\"}',NULL,8,NULL),(23,66,10,NULL,NULL,'null','{\"row\":\"1\",\"col\":\"3\"}',NULL,27,NULL),(24,56,10,NULL,NULL,'null','{\"row\":\"2\",\"col\":\"1\"}',NULL,27,NULL);

--
-- Table structure for table `vtiger_no_of_currency_decimals`
--

CREATE TABLE `vtiger_no_of_currency_decimals` (
  `no_of_currency_decimalsid` int(11) NOT NULL AUTO_INCREMENT,
  `no_of_currency_decimals` varchar(200) NOT NULL,
  `sortorderid` int(11) DEFAULT NULL,
  `presence` int(11) NOT NULL DEFAULT 1,
  PRIMARY KEY (`no_of_currency_decimalsid`)
) ENGINE=InnoDB AUTO_INCREMENT=8 DEFAULT CHARSET=utf8 COLLATE=utf8_general_ci;

--
-- Dumping data for table `vtiger_no_of_currency_decimals`
--

INSERT INTO `vtiger_no_of_currency_decimals` VALUES (2,'2',2,1),(3,'3',3,1),(4,'4',4,1),(5,'5',5,1),(6,'0',0,1),(7,'1',1,1);

--
-- Table structure for table `vtiger_no_of_currency_decimals_seq`
--

CREATE TABLE `vtiger_no_of_currency_decimals_seq` (
  `id` int(11) NOT NULL
) ENGINE=InnoDB DEFAULT CHARSET=utf8mb4 COLLATE=utf8mb4_general_ci;

--
-- Dumping data for table `vtiger_no_of_currency_decimals_seq`
--

INSERT INTO `vtiger_no_of_currency_decimals_seq` VALUES (7);

--
-- Table structure for table `vtiger_notebook_contents`
--

CREATE TABLE `vtiger_notebook_contents` (
  `userid` int(11) NOT NULL,
  `notebookid` int(11) NOT NULL,
  `contents` text DEFAULT NULL
) ENGINE=InnoDB DEFAULT CHARSET=utf8mb4 COLLATE=utf8mb4_general_ci;

--
-- Dumping data for table `vtiger_notebook_contents`
--


--
-- Table structure for table `vtiger_notes`
--

CREATE TABLE `vtiger_notes` (
  `notesid` int(11) NOT NULL DEFAULT 0,
  `note_no` varchar(100) NOT NULL,
  `title` varchar(50) NOT NULL,
  `filename` varchar(200) DEFAULT NULL,
  `notecontent` text DEFAULT NULL,
  `folderid` int(11) NOT NULL DEFAULT 1,
  `filetype` varchar(50) DEFAULT NULL,
  `filelocationtype` varchar(5) DEFAULT NULL,
  `filedownloadcount` int(11) DEFAULT NULL,
  `filestatus` int(11) DEFAULT NULL,
  `filesize` int(11) NOT NULL DEFAULT 0,
  `fileversion` varchar(50) DEFAULT NULL,
  `tags` varchar(1) DEFAULT NULL,
  PRIMARY KEY (`notesid`),
  KEY `notes_title_idx` (`title`),
  KEY `notes_notesid_idx` (`notesid`),
  CONSTRAINT `fk_1_vtiger_notes` FOREIGN KEY (`notesid`) REFERENCES `vtiger_crmentity` (`crmid`) ON DELETE CASCADE
) ENGINE=InnoDB DEFAULT CHARSET=utf8mb4 COLLATE=utf8mb4_general_ci;

--
-- Dumping data for table `vtiger_notes`
--

INSERT INTO `vtiger_notes` VALUES (75,'DOC1','DLRYB02','DLRYB02.jpg','',1,'image/jpeg','I',NULL,1,118706,'','');

--
-- Table structure for table `vtiger_notescf`
--

CREATE TABLE `vtiger_notescf` (
  `notesid` int(11) NOT NULL DEFAULT 0,
  PRIMARY KEY (`notesid`),
  CONSTRAINT `fk_notesid_vtiger_notescf` FOREIGN KEY (`notesid`) REFERENCES `vtiger_notes` (`notesid`) ON DELETE CASCADE
) ENGINE=InnoDB DEFAULT CHARSET=utf8mb4 COLLATE=utf8mb4_general_ci;

--
-- Dumping data for table `vtiger_notescf`
--

INSERT INTO `vtiger_notescf` VALUES (75);

--
-- Table structure for table `vtiger_notificationscheduler`
--

CREATE TABLE `vtiger_notificationscheduler` (
  `schedulednotificationid` int(11) NOT NULL AUTO_INCREMENT,
  `schedulednotificationname` varchar(200) DEFAULT NULL,
  `active` int(11) DEFAULT NULL,
  `notificationsubject` varchar(200) DEFAULT NULL,
  `notificationbody` text DEFAULT NULL,
  `label` varchar(50) DEFAULT NULL,
  `type` varchar(10) DEFAULT NULL,
  PRIMARY KEY (`schedulednotificationid`),
  UNIQUE KEY `notificationscheduler_schedulednotificationname_idx` (`schedulednotificationname`)
) ENGINE=InnoDB AUTO_INCREMENT=9 DEFAULT CHARSET=utf8mb4 COLLATE=utf8mb4_general_ci;

--
-- Dumping data for table `vtiger_notificationscheduler`
--

INSERT INTO `vtiger_notificationscheduler` VALUES (1,'LBL_TASK_NOTIFICATION_DESCRITPION',1,'Task Delay Notification','Tasks delayed beyond 24 hrs ','LBL_TASK_NOTIFICATION',NULL),(2,'LBL_BIG_DEAL_DESCRIPTION',1,'Big Deal notification','Success! A big deal has been won! ','LBL_BIG_DEAL',NULL),(3,'LBL_TICKETS_DESCRIPTION',1,'Pending Tickets notification','Ticket pending please ','LBL_PENDING_TICKETS',NULL),(4,'LBL_MANY_TICKETS_DESCRIPTION',1,'Too many tickets Notification','Too many tickets pending against this entity ','LBL_MANY_TICKETS',NULL),(5,'LBL_START_DESCRIPTION',1,'Support Start Notification','10','LBL_START_NOTIFICATION','select'),(6,'LBL_SUPPORT_DESCRIPTION',1,'Support ending please','11','LBL_SUPPORT_NOTICIATION','select'),(7,'LBL_SUPPORT_DESCRIPTION_MONTH',1,'Support ending please','12','LBL_SUPPORT_NOTICIATION_MONTH','select'),(8,'LBL_ACTIVITY_REMINDER_DESCRIPTION',1,'Activity Reminder Notification','This is a reminder notification for the Activity','LBL_ACTIVITY_NOTIFICATION',NULL);

--
-- Table structure for table `vtiger_notificationscheduler_seq`
--

CREATE TABLE `vtiger_notificationscheduler_seq` (
  `id` int(11) NOT NULL
) ENGINE=InnoDB DEFAULT CHARSET=utf8mb4 COLLATE=utf8mb4_general_ci;

--
-- Dumping data for table `vtiger_notificationscheduler_seq`
--

INSERT INTO `vtiger_notificationscheduler_seq` VALUES (8);

--
-- Table structure for table `vtiger_opportunity_type`
--

CREATE TABLE `vtiger_opportunity_type` (
  `opptypeid` int(11) NOT NULL AUTO_INCREMENT,
  `opportunity_type` varchar(200) NOT NULL,
  `presence` int(11) NOT NULL DEFAULT 1,
  `picklist_valueid` int(11) NOT NULL DEFAULT 0,
  `sortorderid` int(11) DEFAULT NULL,
  `color` varchar(10) DEFAULT NULL,
  PRIMARY KEY (`opptypeid`),
  UNIQUE KEY `opportunity_type_opportunity_type_idx` (`opportunity_type`)
) ENGINE=InnoDB AUTO_INCREMENT=4 DEFAULT CHARSET=utf8mb4 COLLATE=utf8mb4_general_ci;

--
-- Dumping data for table `vtiger_opportunity_type`
--

INSERT INTO `vtiger_opportunity_type` VALUES (2,'Existing Business',1,128,1,NULL),(3,'New Business',1,129,2,NULL);

--
-- Table structure for table `vtiger_opportunity_type_seq`
--

CREATE TABLE `vtiger_opportunity_type_seq` (
  `id` int(11) NOT NULL
) ENGINE=InnoDB DEFAULT CHARSET=utf8mb4 COLLATE=utf8mb4_general_ci;

--
-- Dumping data for table `vtiger_opportunity_type_seq`
--

INSERT INTO `vtiger_opportunity_type_seq` VALUES (3);

--
-- Table structure for table `vtiger_opportunitystage`
--

CREATE TABLE `vtiger_opportunitystage` (
  `potstageid` int(11) NOT NULL AUTO_INCREMENT,
  `stage` varchar(200) NOT NULL,
  `sortorderid` int(11) NOT NULL DEFAULT 0,
  `presence` int(11) NOT NULL DEFAULT 1,
  `probability` decimal(3,2) DEFAULT 0.00,
  PRIMARY KEY (`potstageid`),
  UNIQUE KEY `opportunitystage_stage_idx` (`stage`)
) ENGINE=InnoDB DEFAULT CHARSET=utf8mb4 COLLATE=utf8mb4_general_ci;

--
-- Dumping data for table `vtiger_opportunitystage`
--


--
-- Table structure for table `vtiger_org_share_action2tab`
--

CREATE TABLE `vtiger_org_share_action2tab` (
  `share_action_id` int(11) NOT NULL,
  `tabid` int(11) NOT NULL,
  PRIMARY KEY (`share_action_id`,`tabid`),
  KEY `fk_2_vtiger_org_share_action2tab` (`tabid`),
  CONSTRAINT `fk_2_vtiger_org_share_action2tab` FOREIGN KEY (`tabid`) REFERENCES `vtiger_tab` (`tabid`) ON DELETE CASCADE
) ENGINE=InnoDB DEFAULT CHARSET=utf8mb4 COLLATE=utf8mb4_general_ci;

--
-- Dumping data for table `vtiger_org_share_action2tab`
--

INSERT INTO `vtiger_org_share_action2tab` VALUES (0,2),(0,4),(0,6),(0,7),(0,8),(0,9),(0,10),(0,13),(0,14),(0,16),(0,18),(0,20),(0,21),(0,22),(0,23),(0,26),(0,34),(0,35),(0,36),(0,38),(0,42),(0,43),(0,44),(0,45),(0,47),(1,2),(1,4),(1,6),(1,7),(1,8),(1,9),(1,10),(1,13),(1,14),(1,16),(1,18),(1,20),(1,21),(1,22),(1,23),(1,26),(1,34),(1,35),(1,36),(1,38),(1,42),(1,43),(1,44),(1,45),(1,47),(2,2),(2,4),(2,6),(2,7),(2,8),(2,9),(2,10),(2,13),(2,14),(2,16),(2,18),(2,20),(2,21),(2,22),(2,23),(2,26),(2,34),(2,35),(2,36),(2,38),(2,42),(2,43),(2,44),(2,45),(2,47),(3,2),(3,4),(3,6),(3,7),(3,8),(3,9),(3,10),(3,13),(3,14),(3,16),(3,18),(3,20),(3,21),(3,22),(3,23),(3,26),(3,34),(3,35),(3,36),(3,38),(3,42),(3,43),(3,44),(3,45),(3,47);

--
-- Table structure for table `vtiger_org_share_action_mapping`
--

CREATE TABLE `vtiger_org_share_action_mapping` (
  `share_action_id` int(11) NOT NULL,
  `share_action_name` varchar(200) DEFAULT NULL,
  PRIMARY KEY (`share_action_id`)
) ENGINE=InnoDB DEFAULT CHARSET=utf8mb4 COLLATE=utf8mb4_general_ci;

--
-- Dumping data for table `vtiger_org_share_action_mapping`
--

INSERT INTO `vtiger_org_share_action_mapping` VALUES (0,'Public: Read Only'),(1,'Public: Read, Create/Edit'),(2,'Public: Read, Create/Edit, Delete'),(3,'Private'),(4,'Hide Details'),(5,'Hide Details and Add Events'),(6,'Show Details'),(7,'Show Details and Add Events');

--
-- Table structure for table `vtiger_organizationdetails`
--

CREATE TABLE `vtiger_organizationdetails` (
  `organization_id` int(11) NOT NULL,
  `organizationname` varchar(60) DEFAULT NULL,
  `address` varchar(150) DEFAULT NULL,
  `city` varchar(100) DEFAULT NULL,
  `state` varchar(100) DEFAULT NULL,
  `country` varchar(100) DEFAULT NULL,
  `code` varchar(30) DEFAULT NULL,
  `phone` varchar(30) DEFAULT NULL,
  `fax` varchar(30) DEFAULT NULL,
  `website` varchar(100) DEFAULT NULL,
  `logoname` varchar(50) DEFAULT NULL,
  `logo` text DEFAULT NULL,
  `vatid` varchar(100) DEFAULT NULL,
  PRIMARY KEY (`organization_id`)
) ENGINE=InnoDB DEFAULT CHARSET=utf8mb4 COLLATE=utf8mb4_general_ci;

--
-- Dumping data for table `vtiger_organizationdetails`
--

INSERT INTO `vtiger_organizationdetails` VALUES (1,'Blue Technology LLC','101 Creekside Ridge Ct Suite 210 B6','Roseville','CA','United States','95678','(877) 344-9950','(877) 344-9950','https://mybluetechnology.com','LOGO_CRM.png',NULL,'');

--
-- Table structure for table `vtiger_organizationdetails_seq`
--

CREATE TABLE `vtiger_organizationdetails_seq` (
  `id` int(11) NOT NULL
) ENGINE=InnoDB DEFAULT CHARSET=utf8mb4 COLLATE=utf8mb4_general_ci;

--
-- Dumping data for table `vtiger_organizationdetails_seq`
--

INSERT INTO `vtiger_organizationdetails_seq` VALUES (1);

--
-- Table structure for table `vtiger_othereventduration`
--

CREATE TABLE `vtiger_othereventduration` (
  `othereventdurationid` int(11) NOT NULL AUTO_INCREMENT,
  `othereventduration` varchar(200) NOT NULL,
  `sortorderid` int(11) DEFAULT NULL,
  `presence` int(11) NOT NULL DEFAULT 1,
  PRIMARY KEY (`othereventdurationid`)
) ENGINE=InnoDB AUTO_INCREMENT=6 DEFAULT CHARSET=utf8 COLLATE=utf8_general_ci;

--
-- Dumping data for table `vtiger_othereventduration`
--

INSERT INTO `vtiger_othereventduration` VALUES (1,'5',0,1),(2,'10',1,1),(3,'30',2,1),(4,'60',3,1),(5,'120',4,1);

--
-- Table structure for table `vtiger_othereventduration_seq`
--

CREATE TABLE `vtiger_othereventduration_seq` (
  `id` int(11) NOT NULL
) ENGINE=InnoDB DEFAULT CHARSET=utf8mb4 COLLATE=utf8mb4_general_ci;

--
-- Dumping data for table `vtiger_othereventduration_seq`
--

INSERT INTO `vtiger_othereventduration_seq` VALUES (5);

--
-- Table structure for table `vtiger_parenttab`
--

CREATE TABLE `vtiger_parenttab` (
  `parenttabid` int(11) NOT NULL,
  `parenttab_label` varchar(100) NOT NULL,
  `sequence` int(11) NOT NULL,
  `visible` int(11) NOT NULL DEFAULT 0,
  PRIMARY KEY (`parenttabid`),
  KEY `parenttab_parenttabid_parenttabl_label_visible_idx` (`parenttabid`,`parenttab_label`,`visible`)
) ENGINE=InnoDB DEFAULT CHARSET=utf8mb4 COLLATE=utf8mb4_general_ci;

--
-- Dumping data for table `vtiger_parenttab`
--

INSERT INTO `vtiger_parenttab` VALUES (1,'My Home Page',1,0),(2,'Marketing',2,0),(3,'Sales',3,0),(4,'Support',4,0),(5,'Analytics',5,0),(6,'Inventory',6,0),(7,'Tools',7,0),(8,'Settings',8,0);

--
-- Table structure for table `vtiger_parenttabrel`
--

CREATE TABLE `vtiger_parenttabrel` (
  `parenttabid` int(11) NOT NULL,
  `tabid` int(11) NOT NULL,
  `sequence` int(11) NOT NULL,
  KEY `parenttabrel_tabid_parenttabid_idx` (`tabid`,`parenttabid`),
  KEY `fk_2_vtiger_parenttabrel` (`parenttabid`),
  CONSTRAINT `fk_1_vtiger_parenttabrel` FOREIGN KEY (`tabid`) REFERENCES `vtiger_tab` (`tabid`) ON DELETE CASCADE,
  CONSTRAINT `fk_2_vtiger_parenttabrel` FOREIGN KEY (`parenttabid`) REFERENCES `vtiger_parenttab` (`parenttabid`) ON DELETE CASCADE
) ENGINE=InnoDB DEFAULT CHARSET=utf8mb4 COLLATE=utf8mb4_general_ci;

--
-- Dumping data for table `vtiger_parenttabrel`
--

INSERT INTO `vtiger_parenttabrel` VALUES (1,9,2),(1,28,4),(1,3,1),(3,7,1),(3,6,2),(3,4,3),(3,2,4),(3,20,5),(3,22,6),(3,23,7),(3,19,8),(3,8,9),(4,13,1),(4,15,2),(4,6,3),(4,4,4),(4,8,5),(5,1,2),(5,25,1),(6,14,1),(6,18,2),(6,19,3),(6,21,4),(6,22,5),(6,20,6),(6,23,7),(7,24,1),(7,27,2),(7,8,3),(2,26,1),(2,6,2),(2,4,3),(2,28,4),(4,28,7),(2,7,5),(2,9,6),(4,9,8),(2,8,8),(3,9,11),(7,30,4),(7,30,5),(7,34,6),(7,34,7),(4,35,9),(4,35,10),(6,36,8),(6,36,9),(6,38,10),(6,38,11),(7,40,8),(7,40,9),(4,43,11),(4,43,12),(4,44,13),(4,44,14),(4,45,15),(4,45,16),(7,46,10),(7,46,11),(3,47,12),(3,47,13),(8,49,1),(8,49,2),(7,24,12),(7,27,13),(7,40,14),(7,46,15);

--
-- Table structure for table `vtiger_payment_duration`
--

CREATE TABLE `vtiger_payment_duration` (
  `payment_duration_id` int(11) DEFAULT NULL,
  `payment_duration` varchar(200) DEFAULT NULL,
  `sortorderid` int(11) DEFAULT NULL,
  `presence` int(11) DEFAULT NULL,
  `color` varchar(10) DEFAULT NULL
) ENGINE=InnoDB DEFAULT CHARSET=utf8mb4 COLLATE=utf8mb4_general_ci;

--
-- Dumping data for table `vtiger_payment_duration`
--

INSERT INTO `vtiger_payment_duration` VALUES (1,'Net 30 days',6,1,NULL),(2,'Net 45 days',7,1,NULL),(3,'Net 60 days',8,1,NULL),(4,'Net 01 day',1,1,NULL),(5,'Net 05 days',2,1,NULL),(6,'Net 07 days',3,1,NULL),(7,'Net 10 days',4,1,NULL),(8,'Net 15 days',5,1,NULL);

--
-- Table structure for table `vtiger_payment_duration_seq`
--

CREATE TABLE `vtiger_payment_duration_seq` (
  `id` int(11) NOT NULL
) ENGINE=InnoDB DEFAULT CHARSET=utf8mb4 COLLATE=utf8mb4_general_ci;

--
-- Dumping data for table `vtiger_payment_duration_seq`
--

INSERT INTO `vtiger_payment_duration_seq` VALUES (8);

--
-- Table structure for table `vtiger_pbxmanager`
--

CREATE TABLE `vtiger_pbxmanager` (
  `pbxmanagerid` int(11) NOT NULL AUTO_INCREMENT,
  `direction` varchar(10) DEFAULT NULL,
  `callstatus` varchar(20) DEFAULT NULL,
  `starttime` datetime DEFAULT NULL,
  `endtime` datetime DEFAULT NULL,
  `totalduration` int(11) DEFAULT NULL,
  `billduration` int(11) DEFAULT NULL,
  `recordingurl` varchar(200) DEFAULT NULL,
  `sourceuuid` varchar(100) DEFAULT NULL,
  `gateway` varchar(20) DEFAULT NULL,
  `customer` varchar(100) DEFAULT NULL,
  `user` varchar(100) DEFAULT NULL,
  `customernumber` varchar(100) DEFAULT NULL,
  `customertype` varchar(100) DEFAULT NULL,
  PRIMARY KEY (`pbxmanagerid`),
  KEY `index_sourceuuid` (`sourceuuid`),
  KEY `index_pbxmanager_id` (`pbxmanagerid`),
  CONSTRAINT `fk_crmid_vtiger_pbxmanager` FOREIGN KEY (`pbxmanagerid`) REFERENCES `vtiger_crmentity` (`crmid`) ON DELETE CASCADE
) ENGINE=InnoDB AUTO_INCREMENT=22 DEFAULT CHARSET=utf8 COLLATE=utf8_general_ci;

--
-- Dumping data for table `vtiger_pbxmanager`
--


--
-- Table structure for table `vtiger_pbxmanager_gateway`
--

CREATE TABLE `vtiger_pbxmanager_gateway` (
  `id` int(11) NOT NULL AUTO_INCREMENT,
  `gateway` varchar(20) DEFAULT NULL,
  `parameters` text DEFAULT NULL,
  PRIMARY KEY (`id`)
) ENGINE=InnoDB AUTO_INCREMENT=3 DEFAULT CHARSET=utf8 COLLATE=utf8_general_ci;

--
-- Dumping data for table `vtiger_pbxmanager_gateway`
--


--
-- Table structure for table `vtiger_pbxmanager_phonelookup`
--

CREATE TABLE `vtiger_pbxmanager_phonelookup` (
  `crmid` int(11) DEFAULT NULL,
  `setype` varchar(30) DEFAULT NULL,
  `fnumber` varchar(100) DEFAULT NULL,
  `rnumber` varchar(100) DEFAULT NULL,
  `fieldname` varchar(50) DEFAULT NULL,
  UNIQUE KEY `unique_key` (`crmid`,`setype`,`fieldname`),
  KEY `index_phone_number` (`fnumber`,`rnumber`),
  CONSTRAINT `vtiger_pbxmanager_phonelookup_ibfk_1` FOREIGN KEY (`crmid`) REFERENCES `vtiger_crmentity` (`crmid`) ON DELETE CASCADE
) ENGINE=InnoDB DEFAULT CHARSET=utf8 COLLATE=utf8_general_ci;

--
-- Dumping data for table `vtiger_pbxmanager_phonelookup`
--

INSERT INTO `vtiger_pbxmanager_phonelookup` VALUES (207,'Contacts','9167412707','7072147619','mobile'),(207,'Contacts','9167412707','7072147619','phone');

--
-- Table structure for table `vtiger_pbxmanagercf`
--

CREATE TABLE `vtiger_pbxmanagercf` (
  `pbxmanagerid` int(11) NOT NULL,
  PRIMARY KEY (`pbxmanagerid`),
  CONSTRAINT `fk_pbxmanagerid_vtiger_pbxmanagercf` FOREIGN KEY (`pbxmanagerid`) REFERENCES `vtiger_pbxmanager` (`pbxmanagerid`) ON DELETE CASCADE
) ENGINE=InnoDB DEFAULT CHARSET=utf8 COLLATE=utf8_general_ci;

--
-- Dumping data for table `vtiger_pbxmanagercf`
--


--
-- Table structure for table `vtiger_picklist`
--

CREATE TABLE `vtiger_picklist` (
  `picklistid` int(11) NOT NULL AUTO_INCREMENT,
  `name` varchar(200) NOT NULL,
  PRIMARY KEY (`picklistid`),
  UNIQUE KEY `picklist_name_idx` (`name`)
) ENGINE=InnoDB AUTO_INCREMENT=50 DEFAULT CHARSET=utf8mb4 COLLATE=utf8mb4_general_ci;

--
-- Dumping data for table `vtiger_picklist`
--

INSERT INTO `vtiger_picklist` VALUES (1,'accounttype'),(2,'activitytype'),(37,'assetstatus'),(3,'campaignstatus'),(4,'campaigntype'),(5,'carrier'),(33,'contract_priority'),(32,'contract_status'),(34,'contract_type'),(48,'defaultactivitytype'),(47,'defaulteventstatus'),(49,'defaultlandingpage'),(6,'eventstatus'),(7,'expectedresponse'),(8,'faqcategories'),(9,'faqstatus'),(10,'glacct'),(11,'industry'),(12,'invoicestatus'),(13,'leadsource'),(14,'leadstatus'),(15,'manufacturer'),(16,'opportunity_type'),(17,'postatus'),(18,'productcategory'),(45,'progress'),(38,'projectmilestonetype'),(44,'projectpriority'),(42,'projectstatus'),(40,'projecttaskpriority'),(41,'projecttaskprogress'),(46,'projecttaskstatus'),(39,'projecttasktype'),(43,'projecttype'),(19,'quotestage'),(20,'rating'),(21,'sales_stage'),(22,'salutationtype'),(36,'servicecategory'),(35,'service_usageunit'),(23,'sostatus'),(24,'taskpriority'),(25,'taskstatus'),(26,'ticketcategories'),(27,'ticketpriorities'),(28,'ticketseverities'),(29,'ticketstatus'),(31,'tracking_unit'),(30,'usageunit');

--
-- Table structure for table `vtiger_picklist_dependency`
--

CREATE TABLE `vtiger_picklist_dependency` (
  `id` int(11) NOT NULL,
  `tabid` int(11) NOT NULL,
  `sourcefield` varchar(255) DEFAULT NULL,
  `targetfield` varchar(255) DEFAULT NULL,
  `sourcevalue` varchar(100) DEFAULT NULL,
  `targetvalues` text DEFAULT NULL,
  `criteria` text DEFAULT NULL,
  PRIMARY KEY (`id`)
) ENGINE=InnoDB DEFAULT CHARSET=utf8mb4 COLLATE=utf8mb4_general_ci;

--
-- Dumping data for table `vtiger_picklist_dependency`
--


--
-- Table structure for table `vtiger_picklist_seq`
--

CREATE TABLE `vtiger_picklist_seq` (
  `id` int(11) NOT NULL
) ENGINE=InnoDB DEFAULT CHARSET=utf8mb4 COLLATE=utf8mb4_general_ci;

--
-- Dumping data for table `vtiger_picklist_seq`
--

INSERT INTO `vtiger_picklist_seq` VALUES (49);

--
-- Table structure for table `vtiger_picklist_transitions`
--

CREATE TABLE `vtiger_picklist_transitions` (
  `fieldname` varchar(255) NOT NULL,
  `module` varchar(100) NOT NULL,
  `transition_data` varchar(1000) NOT NULL,
  PRIMARY KEY (`fieldname`)
) ENGINE=InnoDB DEFAULT CHARSET=utf8 COLLATE=utf8_general_ci;

--
-- Dumping data for table `vtiger_picklist_transitions`
--


--
-- Table structure for table `vtiger_picklistvalues_seq`
--

CREATE TABLE `vtiger_picklistvalues_seq` (
  `id` int(11) NOT NULL
) ENGINE=InnoDB DEFAULT CHARSET=utf8mb4 COLLATE=utf8mb4_general_ci;

--
-- Dumping data for table `vtiger_picklistvalues_seq`
--

INSERT INTO `vtiger_picklistvalues_seq` VALUES (304);

--
-- Table structure for table `vtiger_pobillads`
--

CREATE TABLE `vtiger_pobillads` (
  `pobilladdressid` int(11) NOT NULL DEFAULT 0,
  `bill_city` varchar(30) DEFAULT NULL,
  `bill_code` varchar(30) DEFAULT NULL,
  `bill_country` varchar(30) DEFAULT NULL,
  `bill_state` varchar(30) DEFAULT NULL,
  `bill_street` varchar(250) DEFAULT NULL,
  `bill_pobox` varchar(30) DEFAULT NULL,
  PRIMARY KEY (`pobilladdressid`),
  CONSTRAINT `fk_1_vtiger_pobillads` FOREIGN KEY (`pobilladdressid`) REFERENCES `vtiger_purchaseorder` (`purchaseorderid`) ON DELETE CASCADE
) ENGINE=InnoDB DEFAULT CHARSET=utf8mb4 COLLATE=utf8mb4_general_ci;

--
-- Dumping data for table `vtiger_pobillads`
--


--
-- Table structure for table `vtiger_portal`
--

CREATE TABLE `vtiger_portal` (
  `portalid` int(11) NOT NULL,
  `portalname` varchar(200) NOT NULL,
  `portalurl` varchar(255) NOT NULL,
  `sequence` int(11) NOT NULL,
  `setdefault` int(11) NOT NULL DEFAULT 0,
  `createdtime` datetime DEFAULT NULL,
  PRIMARY KEY (`portalid`),
  KEY `portal_portalname_idx` (`portalname`)
) ENGINE=InnoDB DEFAULT CHARSET=utf8mb4 COLLATE=utf8mb4_general_ci;

--
-- Dumping data for table `vtiger_portal`
--


--
-- Table structure for table `vtiger_poshipads`
--

CREATE TABLE `vtiger_poshipads` (
  `poshipaddressid` int(11) NOT NULL DEFAULT 0,
  `ship_city` varchar(30) DEFAULT NULL,
  `ship_code` varchar(30) DEFAULT NULL,
  `ship_country` varchar(30) DEFAULT NULL,
  `ship_state` varchar(30) DEFAULT NULL,
  `ship_street` varchar(250) DEFAULT NULL,
  `ship_pobox` varchar(30) DEFAULT NULL,
  PRIMARY KEY (`poshipaddressid`),
  CONSTRAINT `fk_1_vtiger_poshipads` FOREIGN KEY (`poshipaddressid`) REFERENCES `vtiger_purchaseorder` (`purchaseorderid`) ON DELETE CASCADE
) ENGINE=InnoDB DEFAULT CHARSET=utf8mb4 COLLATE=utf8mb4_general_ci;

--
-- Dumping data for table `vtiger_poshipads`
--


--
-- Table structure for table `vtiger_postatus`
--

CREATE TABLE `vtiger_postatus` (
  `postatusid` int(11) NOT NULL AUTO_INCREMENT,
  `postatus` varchar(200) NOT NULL,
  `presence` int(11) NOT NULL DEFAULT 1,
  `picklist_valueid` int(11) NOT NULL DEFAULT 0,
  `sortorderid` int(11) DEFAULT NULL,
  `color` varchar(10) DEFAULT NULL,
  PRIMARY KEY (`postatusid`),
  UNIQUE KEY `postatus_postatus_idx` (`postatus`)
) ENGINE=InnoDB AUTO_INCREMENT=6 DEFAULT CHARSET=utf8mb4 COLLATE=utf8mb4_general_ci;

--
-- Dumping data for table `vtiger_postatus`
--

INSERT INTO `vtiger_postatus` VALUES (1,'Created',0,130,0,NULL),(2,'Approved',0,131,1,NULL),(3,'Delivered',0,132,2,NULL),(4,'Cancelled',0,133,3,NULL),(5,'Received Shipment',0,134,4,NULL);

--
-- Table structure for table `vtiger_postatus_seq`
--

CREATE TABLE `vtiger_postatus_seq` (
  `id` int(11) NOT NULL
) ENGINE=InnoDB DEFAULT CHARSET=utf8mb4 COLLATE=utf8mb4_general_ci;

--
-- Dumping data for table `vtiger_postatus_seq`
--

INSERT INTO `vtiger_postatus_seq` VALUES (5);

--
-- Table structure for table `vtiger_postatushistory`
--

CREATE TABLE `vtiger_postatushistory` (
  `historyid` int(11) NOT NULL AUTO_INCREMENT,
  `purchaseorderid` int(11) NOT NULL,
  `vendorname` varchar(100) DEFAULT NULL,
  `total` decimal(10,0) DEFAULT NULL,
  `postatus` varchar(200) DEFAULT NULL,
  `lastmodified` datetime DEFAULT NULL,
  PRIMARY KEY (`historyid`),
  KEY `postatushistory_purchaseorderid_idx` (`purchaseorderid`),
  CONSTRAINT `fk_1_vtiger_postatushistory` FOREIGN KEY (`purchaseorderid`) REFERENCES `vtiger_purchaseorder` (`purchaseorderid`) ON DELETE CASCADE
) ENGINE=InnoDB DEFAULT CHARSET=utf8mb4 COLLATE=utf8mb4_general_ci;

--
-- Dumping data for table `vtiger_postatushistory`
--


--
-- Table structure for table `vtiger_potential`
--

CREATE TABLE `vtiger_potential` (
  `potentialid` int(11) NOT NULL DEFAULT 0,
  `potential_no` varchar(100) NOT NULL,
  `related_to` int(11) DEFAULT NULL,
  `potentialname` varchar(120) NOT NULL,
  `amount` decimal(25,8) DEFAULT NULL,
  `currency` varchar(20) DEFAULT NULL,
  `closingdate` date DEFAULT NULL,
  `typeofrevenue` varchar(50) DEFAULT NULL,
  `nextstep` varchar(100) DEFAULT NULL,
  `private` int(11) DEFAULT 0,
  `probability` decimal(7,3) DEFAULT 0.000,
  `campaignid` int(11) DEFAULT NULL,
  `sales_stage` varchar(200) DEFAULT NULL,
  `potentialtype` varchar(200) DEFAULT NULL,
  `leadsource` varchar(200) DEFAULT NULL,
  `productid` int(11) DEFAULT NULL,
  `productversion` varchar(50) DEFAULT NULL,
  `quotationref` varchar(50) DEFAULT NULL,
  `partnercontact` varchar(50) DEFAULT NULL,
  `remarks` varchar(50) DEFAULT NULL,
  `runtimefee` int(11) DEFAULT 0,
  `followupdate` date DEFAULT NULL,
  `evaluationstatus` varchar(50) DEFAULT NULL,
  `description` text DEFAULT NULL,
  `forecastcategory` int(11) DEFAULT 0,
  `outcomeanalysis` int(11) DEFAULT 0,
  `forecast_amount` decimal(25,8) DEFAULT NULL,
  `isconvertedfromlead` varchar(3) DEFAULT '0',
  `contact_id` int(11) DEFAULT NULL,
  `tags` varchar(1) DEFAULT NULL,
  `converted` int(11) NOT NULL DEFAULT 0,
  PRIMARY KEY (`potentialid`),
  KEY `potential_relatedto_idx` (`related_to`),
  KEY `potentail_sales_stage_idx` (`sales_stage`),
  KEY `potentail_sales_stage_amount_idx` (`amount`,`sales_stage`),
  CONSTRAINT `fk_1_vtiger_potential` FOREIGN KEY (`potentialid`) REFERENCES `vtiger_crmentity` (`crmid`) ON DELETE CASCADE
) ENGINE=InnoDB DEFAULT CHARSET=utf8mb4 COLLATE=utf8mb4_general_ci;

--
-- Dumping data for table `vtiger_potential`
--


--
-- Table structure for table `vtiger_potentialscf`
--

CREATE TABLE `vtiger_potentialscf` (
  `potentialid` int(11) NOT NULL DEFAULT 0,
  PRIMARY KEY (`potentialid`),
  CONSTRAINT `fk_1_vtiger_potentialscf` FOREIGN KEY (`potentialid`) REFERENCES `vtiger_potential` (`potentialid`) ON DELETE CASCADE
) ENGINE=InnoDB DEFAULT CHARSET=utf8mb4 COLLATE=utf8mb4_general_ci;

--
-- Dumping data for table `vtiger_potentialscf`
--


--
-- Table structure for table `vtiger_potstagehistory`
--

CREATE TABLE `vtiger_potstagehistory` (
  `historyid` int(11) NOT NULL AUTO_INCREMENT,
  `potentialid` int(11) NOT NULL,
  `amount` decimal(10,0) DEFAULT NULL,
  `stage` varchar(100) DEFAULT NULL,
  `probability` decimal(7,3) DEFAULT NULL,
  `expectedrevenue` decimal(10,0) DEFAULT NULL,
  `closedate` date DEFAULT NULL,
  `lastmodified` datetime DEFAULT NULL,
  PRIMARY KEY (`historyid`),
  KEY `potstagehistory_potentialid_idx` (`potentialid`),
  CONSTRAINT `fk_1_vtiger_potstagehistory` FOREIGN KEY (`potentialid`) REFERENCES `vtiger_potential` (`potentialid`) ON DELETE CASCADE
) ENGINE=InnoDB DEFAULT CHARSET=utf8mb4 COLLATE=utf8mb4_general_ci;

--
-- Dumping data for table `vtiger_potstagehistory`
--


--
-- Table structure for table `vtiger_pricebook`
--

CREATE TABLE `vtiger_pricebook` (
  `pricebookid` int(11) NOT NULL DEFAULT 0,
  `pricebook_no` varchar(100) NOT NULL,
  `bookname` varchar(100) DEFAULT NULL,
  `active` int(11) DEFAULT NULL,
  `currency_id` int(11) NOT NULL DEFAULT 1,
  `tags` varchar(1) DEFAULT NULL,
  PRIMARY KEY (`pricebookid`),
  CONSTRAINT `fk_1_vtiger_pricebook` FOREIGN KEY (`pricebookid`) REFERENCES `vtiger_crmentity` (`crmid`) ON DELETE CASCADE
) ENGINE=InnoDB DEFAULT CHARSET=utf8mb4 COLLATE=utf8mb4_general_ci;

--
-- Dumping data for table `vtiger_pricebook`
--


--
-- Table structure for table `vtiger_pricebookcf`
--

CREATE TABLE `vtiger_pricebookcf` (
  `pricebookid` int(11) NOT NULL DEFAULT 0,
  PRIMARY KEY (`pricebookid`),
  CONSTRAINT `fk_1_vtiger_pricebookcf` FOREIGN KEY (`pricebookid`) REFERENCES `vtiger_pricebook` (`pricebookid`) ON DELETE CASCADE
) ENGINE=InnoDB DEFAULT CHARSET=utf8mb4 COLLATE=utf8mb4_general_ci;

--
-- Dumping data for table `vtiger_pricebookcf`
--


--
-- Table structure for table `vtiger_pricebookproductrel`
--

CREATE TABLE `vtiger_pricebookproductrel` (
  `pricebookid` int(11) NOT NULL,
  `productid` int(11) NOT NULL,
  `listprice` decimal(27,8) DEFAULT NULL,
  `usedcurrency` int(11) NOT NULL DEFAULT 1,
  PRIMARY KEY (`pricebookid`,`productid`),
  KEY `pricebookproductrel_pricebookid_idx` (`pricebookid`),
  KEY `pricebookproductrel_productid_idx` (`productid`),
  CONSTRAINT `fk_1_vtiger_pricebookproductrel` FOREIGN KEY (`pricebookid`) REFERENCES `vtiger_pricebook` (`pricebookid`) ON DELETE CASCADE
) ENGINE=InnoDB DEFAULT CHARSET=utf8mb4 COLLATE=utf8mb4_general_ci;

--
-- Dumping data for table `vtiger_pricebookproductrel`
--


--
-- Table structure for table `vtiger_priority`
--

CREATE TABLE `vtiger_priority` (
  `priorityid` int(11) NOT NULL AUTO_INCREMENT,
  `priority` varchar(200) NOT NULL,
  `sortorderid` int(11) NOT NULL DEFAULT 0,
  `presence` int(11) NOT NULL DEFAULT 1,
  PRIMARY KEY (`priorityid`),
  UNIQUE KEY `priority_priority_idx` (`priority`)
) ENGINE=InnoDB DEFAULT CHARSET=utf8mb4 COLLATE=utf8mb4_general_ci;

--
-- Dumping data for table `vtiger_priority`
--


--
-- Table structure for table `vtiger_productcategory`
--

CREATE TABLE `vtiger_productcategory` (
  `productcategoryid` int(11) NOT NULL AUTO_INCREMENT,
  `productcategory` varchar(200) NOT NULL,
  `presence` int(11) NOT NULL DEFAULT 1,
  `picklist_valueid` int(11) NOT NULL DEFAULT 0,
  `sortorderid` int(11) DEFAULT NULL,
  `color` varchar(10) DEFAULT NULL,
  PRIMARY KEY (`productcategoryid`),
  UNIQUE KEY `productcategory_productcategory_idx` (`productcategory`)
) ENGINE=InnoDB AUTO_INCREMENT=5 DEFAULT CHARSET=utf8mb4 COLLATE=utf8mb4_general_ci;

--
-- Dumping data for table `vtiger_productcategory`
--

INSERT INTO `vtiger_productcategory` VALUES (2,'Hardware',1,136,1,NULL),(3,'Software',1,137,2,NULL),(4,'CRM Applications',1,138,3,NULL);

--
-- Table structure for table `vtiger_productcategory_seq`
--

CREATE TABLE `vtiger_productcategory_seq` (
  `id` int(11) NOT NULL
) ENGINE=InnoDB DEFAULT CHARSET=utf8mb4 COLLATE=utf8mb4_general_ci;

--
-- Dumping data for table `vtiger_productcategory_seq`
--

INSERT INTO `vtiger_productcategory_seq` VALUES (4);

--
-- Table structure for table `vtiger_productcf`
--

CREATE TABLE `vtiger_productcf` (
  `productid` int(11) NOT NULL DEFAULT 0,
  PRIMARY KEY (`productid`),
  CONSTRAINT `fk_1_vtiger_productcf` FOREIGN KEY (`productid`) REFERENCES `vtiger_products` (`productid`) ON DELETE CASCADE
) ENGINE=InnoDB DEFAULT CHARSET=utf8mb4 COLLATE=utf8mb4_general_ci;

--
-- Dumping data for table `vtiger_productcf`
--


--
-- Table structure for table `vtiger_productcurrencyrel`
--

CREATE TABLE `vtiger_productcurrencyrel` (
  `productid` int(11) NOT NULL,
  `currencyid` int(11) NOT NULL,
  `converted_price` decimal(28,8) DEFAULT NULL,
  `actual_price` decimal(28,8) DEFAULT NULL
) ENGINE=InnoDB DEFAULT CHARSET=utf8mb4 COLLATE=utf8mb4_general_ci;

--
-- Dumping data for table `vtiger_productcurrencyrel`
--


--
-- Table structure for table `vtiger_products`
--

CREATE TABLE `vtiger_products` (
  `productid` int(11) NOT NULL,
  `product_no` varchar(100) NOT NULL,
  `productname` varchar(100) DEFAULT NULL,
  `productcode` varchar(40) DEFAULT NULL,
  `productcategory` varchar(200) DEFAULT NULL,
  `manufacturer` varchar(200) DEFAULT NULL,
  `qty_per_unit` decimal(11,2) DEFAULT 0.00,
  `unit_price` decimal(25,8) DEFAULT NULL,
  `weight` decimal(11,3) DEFAULT NULL,
  `pack_size` int(11) DEFAULT NULL,
  `sales_start_date` date DEFAULT NULL,
  `sales_end_date` date DEFAULT NULL,
  `start_date` date DEFAULT NULL,
  `expiry_date` date DEFAULT NULL,
  `cost_factor` int(11) DEFAULT NULL,
  `commissionrate` decimal(7,3) DEFAULT NULL,
  `commissionmethod` varchar(50) DEFAULT NULL,
  `discontinued` int(11) NOT NULL DEFAULT 0,
  `usageunit` varchar(200) DEFAULT NULL,
  `reorderlevel` int(11) DEFAULT NULL,
  `website` varchar(100) DEFAULT NULL,
  `taxclass` varchar(200) DEFAULT NULL,
  `mfr_part_no` varchar(200) DEFAULT NULL,
  `vendor_part_no` varchar(200) DEFAULT NULL,
  `serialno` varchar(200) DEFAULT NULL,
  `qtyinstock` decimal(25,3) DEFAULT NULL,
  `productsheet` varchar(200) DEFAULT NULL,
  `qtyindemand` int(11) DEFAULT NULL,
  `glacct` varchar(200) DEFAULT NULL,
  `vendor_id` int(11) DEFAULT NULL,
  `imagename` text DEFAULT NULL,
  `currency_id` int(11) NOT NULL DEFAULT 1,
  `is_subproducts_viewable` int(11) DEFAULT 1,
  `purchase_cost` decimal(27,8) DEFAULT NULL,
  `tags` varchar(1) DEFAULT NULL,
  PRIMARY KEY (`productid`),
  CONSTRAINT `fk_1_vtiger_products` FOREIGN KEY (`productid`) REFERENCES `vtiger_crmentity` (`crmid`) ON DELETE CASCADE
) ENGINE=InnoDB DEFAULT CHARSET=utf8mb4 COLLATE=utf8mb4_general_ci;

--
-- Dumping data for table `vtiger_products`
--


--
-- Table structure for table `vtiger_producttaxrel`
--

CREATE TABLE `vtiger_producttaxrel` (
  `productid` int(11) NOT NULL,
  `taxid` int(11) NOT NULL,
  `taxpercentage` decimal(7,3) DEFAULT NULL,
  `regions` text DEFAULT NULL,
  KEY `producttaxrel_productid_idx` (`productid`),
  KEY `producttaxrel_taxid_idx` (`taxid`),
  CONSTRAINT `fk_crmid_vtiger_producttaxrel` FOREIGN KEY (`productid`) REFERENCES `vtiger_crmentity` (`crmid`) ON DELETE CASCADE
) ENGINE=InnoDB DEFAULT CHARSET=utf8mb4 COLLATE=utf8mb4_general_ci;

--
-- Dumping data for table `vtiger_producttaxrel`
--


--
-- Table structure for table `vtiger_profile`
--

CREATE TABLE `vtiger_profile` (
  `profileid` int(11) NOT NULL AUTO_INCREMENT,
  `profilename` varchar(50) NOT NULL,
  `description` text DEFAULT NULL,
  `directly_related_to_role` int(11) DEFAULT 0,
  PRIMARY KEY (`profileid`)
) ENGINE=InnoDB AUTO_INCREMENT=11 DEFAULT CHARSET=utf8mb4 COLLATE=utf8mb4_general_ci;

--
-- Dumping data for table `vtiger_profile`
--

INSERT INTO `vtiger_profile` VALUES (1,'Administrator','Admin Profile',0),(2,'Sales Profile','Profile Related to Sales',0),(3,'Support Profile','Profile Related to Support',0),(4,'Guest Profile','Guest Profile for Test Users',0),(5,'Support Services Manager+Profile',NULL,1),(6,'Field Technician+Perfil',NULL,1),(7,'Customer','Customer out of the Company',0),(8,'Field technician','',0),(9,'BOH Administration ','View tickets',0),(10,'BOH Administrator+Profile',NULL,1);

--
-- Table structure for table `vtiger_profile2field`
--

CREATE TABLE `vtiger_profile2field` (
  `profileid` int(11) NOT NULL,
  `tabid` int(11) DEFAULT NULL,
  `fieldid` int(11) NOT NULL,
  `visible` int(11) DEFAULT NULL,
  `readonly` int(11) DEFAULT NULL,
  PRIMARY KEY (`profileid`,`fieldid`),
  KEY `profile2field_profileid_tabid_fieldname_idx` (`profileid`,`tabid`),
  KEY `profile2field_tabid_profileid_idx` (`tabid`,`profileid`),
  KEY `profile2field_visible_profileid_idx` (`visible`,`profileid`)
) ENGINE=InnoDB DEFAULT CHARSET=utf8mb4 COLLATE=utf8mb4_general_ci;

--
-- Dumping data for table `vtiger_profile2field`
--

INSERT INTO `vtiger_profile2field` VALUES (1,6,1,0,0),(1,6,2,0,0),(1,6,3,0,0),(1,6,4,0,0),(1,6,5,0,0),(1,6,6,0,0),(1,6,7,0,0),(1,6,8,0,0),(1,6,9,0,0),(1,6,10,0,0),(1,6,11,0,0),(1,6,12,0,0),(1,6,13,0,0),(1,6,14,0,0),(1,6,15,0,0),(1,6,16,0,0),(1,6,17,0,0),(1,6,18,0,0),(1,6,19,0,0),(1,6,20,0,0),(1,6,21,0,0),(1,6,22,0,0),(1,6,23,0,0),(1,6,24,0,0),(1,6,25,0,0),(1,6,26,0,0),(1,6,27,0,0),(1,6,28,0,0),(1,6,29,0,0),(1,6,30,0,0),(1,6,31,0,0),(1,6,32,0,0),(1,6,33,0,0),(1,6,34,0,0),(1,6,35,0,0),(1,6,36,0,0),(1,7,37,0,0),(1,7,38,0,0),(1,7,39,0,0),(1,7,40,0,0),(1,7,41,0,0),(1,7,42,0,0),(1,7,43,0,0),(1,7,44,0,0),(1,7,45,0,0),(1,7,46,0,0),(1,7,47,0,0),(1,7,48,0,0),(1,7,49,0,0),(1,7,50,0,0),(1,7,51,0,0),(1,7,52,0,0),(1,7,53,0,0),(1,7,54,0,0),(1,7,55,0,0),(1,7,56,0,0),(1,7,57,0,0),(1,7,58,0,0),(1,7,59,0,0),(1,7,60,0,0),(1,7,61,0,0),(1,7,62,0,0),(1,7,63,0,0),(1,7,64,0,0),(1,7,65,0,0),(1,4,66,0,0),(1,4,67,0,0),(1,4,68,0,0),(1,4,69,0,0),(1,4,70,0,0),(1,4,71,0,0),(1,4,72,0,0),(1,4,73,0,0),(1,4,74,0,0),(1,4,75,0,0),(1,4,76,0,0),(1,4,77,0,0),(1,4,78,0,0),(1,4,79,0,0),(1,4,80,0,0),(1,4,81,0,0),(1,4,82,0,0),(1,4,83,0,0),(1,4,84,0,0),(1,4,85,0,0),(1,4,86,0,0),(1,4,87,0,0),(1,4,88,0,0),(1,4,89,0,0),(1,4,90,0,0),(1,4,91,0,0),(1,4,92,0,0),(1,4,93,0,0),(1,4,94,0,0),(1,4,95,0,0),(1,4,96,0,0),(1,4,97,0,0),(1,4,98,0,0),(1,4,99,0,0),(1,4,100,0,0),(1,4,101,0,0),(1,4,102,0,0),(1,4,103,0,0),(1,4,104,0,0),(1,4,105,0,0),(1,4,106,0,0),(1,4,107,0,0),(1,4,108,0,0),(1,4,109,0,0),(1,2,110,0,0),(1,2,111,0,0),(1,2,112,0,0),(1,2,113,0,0),(1,2,114,0,0),(1,2,115,0,0),(1,2,116,0,0),(1,2,117,0,0),(1,2,118,0,0),(1,2,119,0,0),(1,2,120,0,0),(1,2,121,0,0),(1,2,122,0,0),(1,2,123,0,0),(1,2,124,0,0),(1,2,125,0,0),(1,26,126,0,0),(1,26,127,0,0),(1,26,128,0,0),(1,26,129,0,0),(1,26,130,0,0),(1,26,131,0,0),(1,26,132,0,0),(1,26,133,0,0),(1,26,134,0,0),(1,26,135,0,0),(1,26,136,0,0),(1,26,137,0,0),(1,26,138,0,0),(1,26,139,0,0),(1,26,140,0,0),(1,26,141,0,0),(1,26,142,0,0),(1,26,143,0,0),(1,26,144,0,0),(1,26,145,0,0),(1,26,146,0,0),(1,26,147,0,0),(1,26,148,0,0),(1,26,149,0,0),(1,26,150,0,0),(1,4,151,0,0),(1,6,152,0,0),(1,7,153,0,0),(1,26,154,0,0),(1,13,155,0,0),(1,13,156,0,0),(1,13,157,0,0),(1,13,158,0,0),(1,13,159,0,0),(1,13,160,0,0),(1,13,161,0,0),(1,13,162,0,0),(1,13,163,0,0),(1,13,164,0,0),(1,13,165,0,0),(1,13,166,0,0),(1,13,167,0,0),(1,13,168,0,0),(1,13,169,0,0),(1,13,170,0,0),(1,13,171,0,0),(1,13,172,0,0),(1,13,173,0,0),(1,14,174,0,0),(1,14,175,0,0),(1,14,176,0,0),(1,14,177,0,0),(1,14,178,0,0),(1,14,179,0,0),(1,14,180,0,0),(1,14,181,0,0),(1,14,182,0,0),(1,14,183,0,0),(1,14,184,0,0),(1,14,185,0,0),(1,14,186,0,0),(1,14,187,0,0),(1,14,188,0,0),(1,14,189,0,0),(1,14,190,0,0),(1,14,191,0,0),(1,14,192,0,0),(1,14,193,0,0),(1,14,194,0,0),(1,14,195,0,0),(1,14,196,0,0),(1,14,197,0,0),(1,14,198,0,0),(1,14,199,0,0),(1,14,200,0,0),(1,14,201,0,0),(1,14,202,0,0),(1,14,203,0,0),(1,14,204,0,0),(1,8,205,0,0),(1,8,206,0,0),(1,8,207,0,0),(1,8,208,0,0),(1,8,209,0,0),(1,8,210,0,0),(1,8,211,0,0),(1,8,212,0,0),(1,8,213,0,0),(1,8,214,0,0),(1,8,215,0,0),(1,8,216,0,0),(1,8,217,0,0),(1,8,218,0,0),(1,8,219,0,0),(1,10,220,0,0),(1,10,221,0,0),(1,10,222,0,0),(1,10,223,0,0),(1,10,224,0,0),(1,10,225,0,0),(1,10,226,0,0),(1,10,227,0,0),(1,10,228,0,0),(1,10,229,0,0),(1,10,230,0,0),(1,10,231,0,0),(1,9,232,0,0),(1,9,233,0,0),(1,9,234,0,0),(1,9,235,0,0),(1,9,236,0,0),(1,9,237,0,0),(1,9,238,0,0),(1,9,239,0,0),(1,9,240,0,0),(1,9,241,0,0),(1,9,242,0,0),(1,9,243,0,0),(1,9,244,0,0),(1,9,245,0,0),(1,9,246,0,0),(1,9,247,0,0),(1,9,248,0,0),(1,9,249,0,0),(1,9,250,0,0),(1,9,251,0,0),(1,9,252,0,0),(1,9,253,0,0),(1,9,254,0,0),(1,9,255,0,0),(1,16,256,0,0),(1,16,257,0,0),(1,16,258,0,0),(1,16,259,0,0),(1,16,260,0,0),(1,16,261,0,0),(1,16,262,0,0),(1,16,263,0,0),(1,16,264,0,0),(1,16,265,0,0),(1,16,266,0,0),(1,16,267,0,0),(1,16,268,0,0),(1,16,269,0,0),(1,16,270,0,0),(1,16,271,0,0),(1,16,272,0,0),(1,16,273,0,0),(1,16,274,0,0),(1,16,275,0,0),(1,16,276,0,0),(1,16,277,0,0),(1,16,278,0,0),(1,15,279,0,0),(1,15,280,0,0),(1,15,281,0,0),(1,15,282,0,0),(1,15,283,0,0),(1,15,284,0,0),(1,15,285,0,0),(1,15,286,0,0),(1,15,287,0,0),(1,15,288,0,0),(1,18,289,0,0),(1,18,290,0,0),(1,18,291,0,0),(1,18,292,0,0),(1,18,293,0,0),(1,18,294,0,0),(1,18,295,0,0),(1,18,296,0,0),(1,18,297,0,0),(1,18,298,0,0),(1,18,299,0,0),(1,18,300,0,0),(1,18,301,0,0),(1,18,302,0,0),(1,18,303,0,0),(1,18,304,0,0),(1,18,305,0,0),(1,19,306,0,0),(1,19,307,0,0),(1,19,308,0,0),(1,19,309,0,0),(1,19,310,0,0),(1,19,311,0,0),(1,19,312,0,0),(1,19,313,0,0),(1,20,314,0,0),(1,20,315,0,0),(1,20,316,0,0),(1,20,317,0,0),(1,20,318,0,0),(1,20,319,0,0),(1,20,320,0,0),(1,20,321,0,0),(1,20,322,0,0),(1,20,323,0,0),(1,20,324,0,0),(1,20,325,0,0),(1,20,326,0,0),(1,20,327,0,0),(1,20,328,0,0),(1,20,329,0,0),(1,20,330,0,0),(1,20,331,0,0),(1,20,332,0,0),(1,20,333,0,0),(1,20,334,0,0),(1,20,335,0,0),(1,20,336,0,0),(1,20,337,0,0),(1,20,338,0,0),(1,20,339,0,0),(1,20,340,0,0),(1,20,341,0,0),(1,20,342,0,0),(1,20,343,0,0),(1,20,344,0,0),(1,20,345,0,0),(1,20,346,0,0),(1,20,347,0,0),(1,20,348,0,0),(1,20,349,0,0),(1,20,350,0,0),(1,21,351,0,0),(1,21,352,0,0),(1,21,353,0,0),(1,21,354,0,0),(1,21,355,0,0),(1,21,356,0,0),(1,21,357,0,0),(1,21,358,0,0),(1,21,359,0,0),(1,21,360,0,0),(1,21,361,0,0),(1,21,362,0,0),(1,21,363,0,0),(1,21,364,0,0),(1,21,365,0,0),(1,21,366,0,0),(1,21,367,0,0),(1,21,368,0,0),(1,21,369,0,0),(1,21,370,0,0),(1,21,371,0,0),(1,21,372,0,0),(1,21,373,0,0),(1,21,374,0,0),(1,21,375,0,0),(1,21,376,0,0),(1,21,377,0,0),(1,21,378,0,0),(1,21,379,0,0),(1,21,380,0,0),(1,21,381,0,0),(1,21,382,0,0),(1,21,383,0,0),(1,21,384,0,0),(1,21,385,0,0),(1,21,386,0,0),(1,21,387,0,0),(1,21,388,0,0),(1,22,389,0,0),(1,22,390,0,0),(1,22,391,0,0),(1,22,392,0,0),(1,22,393,0,0),(1,22,394,0,0),(1,22,395,0,0),(1,22,396,0,0),(1,22,397,0,0),(1,22,398,0,0),(1,22,399,0,0),(1,22,400,0,0),(1,22,401,0,0),(1,22,402,0,0),(1,22,403,0,0),(1,22,404,0,0),(1,22,405,0,0),(1,22,406,0,0),(1,22,407,0,0),(1,22,408,0,0),(1,22,409,0,0),(1,22,410,0,0),(1,22,411,0,0),(1,22,412,0,0),(1,22,413,0,0),(1,22,414,0,0),(1,22,415,0,0),(1,22,416,0,0),(1,22,417,0,0),(1,22,418,0,0),(1,22,419,0,0),(1,22,420,0,0),(1,22,421,0,0),(1,22,422,0,0),(1,22,423,0,0),(1,22,424,0,0),(1,22,425,0,0),(1,22,426,0,0),(1,22,427,0,0),(1,22,428,0,0),(1,22,429,0,0),(1,22,430,0,0),(1,22,431,0,0),(1,22,432,0,0),(1,22,433,0,0),(1,22,434,0,0),(1,22,435,0,0),(1,23,436,0,0),(1,23,437,0,0),(1,23,438,0,0),(1,23,439,0,0),(1,23,440,0,0),(1,23,441,0,0),(1,23,442,0,0),(1,23,443,0,0),(1,23,444,0,0),(1,23,445,0,0),(1,23,446,0,0),(1,23,447,0,0),(1,23,448,0,0),(1,23,449,0,0),(1,23,450,0,0),(1,23,451,0,0),(1,23,452,0,0),(1,23,453,0,0),(1,23,454,0,0),(1,23,455,0,0),(1,23,456,0,0),(1,23,457,0,0),(1,23,458,0,0),(1,23,459,0,0),(1,23,460,0,0),(1,23,461,0,0),(1,23,462,0,0),(1,23,463,0,0),(1,23,464,0,0),(1,23,465,0,0),(1,23,466,0,0),(1,23,467,0,0),(1,23,468,0,0),(1,23,469,0,0),(1,23,470,0,0),(1,23,471,0,0),(1,23,472,0,0),(1,23,473,0,0),(1,23,474,0,0),(1,29,475,0,0),(1,29,479,0,0),(1,29,480,0,0),(1,29,482,0,0),(1,29,489,0,0),(1,29,490,0,0),(1,29,491,0,0),(1,29,492,0,0),(1,29,493,0,0),(1,29,495,0,0),(1,29,496,0,0),(1,29,497,0,0),(1,29,498,0,0),(1,29,499,0,0),(1,29,504,0,0),(1,29,505,0,0),(1,29,506,0,0),(1,29,507,0,0),(1,29,515,0,0),(1,10,520,0,0),(1,10,521,0,0),(1,10,522,0,0),(1,10,523,0,0),(1,10,524,0,0),(1,10,525,0,0),(1,34,526,0,0),(1,34,527,0,0),(1,34,528,0,0),(1,34,529,0,0),(1,34,530,0,0),(1,34,531,0,0),(1,34,532,0,0),(1,34,533,0,0),(1,34,534,0,0),(1,34,535,0,0),(1,34,536,0,0),(1,34,537,0,0),(1,34,538,0,0),(1,34,539,0,0),(1,34,540,0,0),(1,34,541,0,0),(1,34,542,0,0),(1,29,543,0,0),(1,35,544,0,0),(1,35,545,0,0),(1,35,546,0,0),(1,35,547,0,0),(1,35,548,0,0),(1,35,549,0,0),(1,35,550,0,0),(1,35,551,0,0),(1,35,552,0,0),(1,35,553,0,0),(1,35,554,0,0),(1,35,555,0,0),(1,35,556,0,0),(1,35,557,0,0),(1,35,558,0,0),(1,35,559,0,0),(1,35,560,0,0),(1,35,561,0,0),(1,35,562,0,0),(1,35,563,0,0),(1,35,564,0,0),(1,35,565,0,0),(1,36,566,0,0),(1,36,567,0,0),(1,36,568,0,0),(1,36,569,0,0),(1,36,570,0,0),(1,36,571,0,0),(1,36,572,0,0),(1,36,573,0,0),(1,36,574,0,0),(1,36,575,0,0),(1,36,576,0,0),(1,36,577,0,0),(1,36,578,0,0),(1,36,579,0,0),(1,36,580,0,0),(1,36,581,0,0),(1,36,582,0,0),(1,36,583,0,0),(1,36,584,0,0),(1,36,585,0,0),(1,36,586,0,0),(1,36,587,0,0),(1,38,588,0,0),(1,38,589,0,0),(1,38,590,0,0),(1,38,591,0,0),(1,38,592,0,0),(1,38,593,0,0),(1,38,594,0,0),(1,38,595,0,0),(1,38,596,0,0),(1,38,597,0,0),(1,38,598,0,0),(1,38,599,0,0),(1,38,600,0,0),(1,38,601,0,0),(1,38,602,0,0),(1,38,603,0,0),(1,38,604,0,0),(1,38,605,0,0),(1,38,606,0,0),(1,38,607,0,0),(1,38,608,0,0),(1,42,609,0,0),(1,42,610,0,0),(1,42,611,0,0),(1,42,612,0,0),(1,42,613,0,0),(1,42,614,0,0),(1,42,615,0,0),(1,42,616,0,0),(1,43,617,0,0),(1,43,618,0,0),(1,43,619,0,0),(1,43,620,0,0),(1,43,621,0,0),(1,43,622,0,0),(1,43,623,0,0),(1,43,624,0,0),(1,43,625,0,0),(1,43,626,0,0),(1,43,627,0,0),(1,43,628,0,0),(1,43,629,0,0),(1,44,630,0,0),(1,44,631,0,0),(1,44,632,0,0),(1,44,633,0,0),(1,44,634,0,0),(1,44,635,0,0),(1,44,636,0,0),(1,44,637,0,0),(1,44,638,0,0),(1,44,639,0,0),(1,44,640,0,0),(1,44,641,0,0),(1,44,642,0,0),(1,44,643,0,0),(1,44,644,0,0),(1,44,645,0,0),(1,44,646,0,0),(1,44,647,0,0),(1,45,648,0,0),(1,45,649,0,0),(1,45,650,0,0),(1,45,651,0,0),(1,45,652,0,0),(1,45,653,0,0),(1,45,654,0,0),(1,45,655,0,0),(1,45,656,0,0),(1,45,657,0,0),(1,45,658,0,0),(1,45,659,0,0),(1,45,660,0,0),(1,45,661,0,0),(1,45,662,0,0),(1,45,663,0,0),(1,45,664,0,0),(1,45,665,0,0),(1,45,666,0,0),(1,45,667,0,0),(1,47,668,0,0),(1,47,669,0,0),(1,47,670,0,0),(1,47,671,0,0),(1,47,672,0,0),(1,47,673,0,0),(1,2,674,0,0),(1,29,675,0,0),(1,23,676,0,0),(1,23,677,0,0),(1,23,678,0,0),(1,23,679,0,0),(1,23,680,0,0),(1,23,681,0,0),(1,23,682,0,0),(1,23,683,0,0),(1,23,684,0,0),(1,22,685,0,0),(1,22,686,0,0),(1,22,687,0,0),(1,22,688,0,0),(1,22,689,0,0),(1,22,690,0,0),(1,22,691,0,0),(1,22,692,0,0),(1,22,693,0,0),(1,21,694,0,0),(1,21,695,0,0),(1,21,696,0,0),(1,21,697,0,0),(1,21,698,0,0),(1,21,699,0,0),(1,21,700,0,0),(1,21,701,0,0),(1,21,702,0,0),(1,20,703,0,0),(1,20,704,0,0),(1,20,705,0,0),(1,20,706,0,0),(1,20,707,0,0),(1,20,708,0,0),(1,20,709,0,0),(1,20,710,0,0),(1,20,711,0,0),(1,29,712,0,0),(1,44,713,0,0),(1,42,714,0,0),(1,29,715,0,0),(1,29,716,0,0),(1,29,717,0,0),(1,23,718,0,0),(1,22,719,0,0),(1,21,720,0,0),(1,20,721,0,0),(1,29,722,0,0),(1,6,723,0,0),(1,4,724,0,0),(1,2,725,0,0),(1,29,726,0,0),(1,23,727,0,0),(1,23,728,0,0),(1,21,729,0,0),(1,21,730,0,0),(1,18,731,0,0),(1,7,732,0,0),(1,42,733,0,0),(1,42,734,0,0),(1,23,735,0,0),(1,20,736,0,0),(1,21,737,0,0),(1,22,738,0,0),(1,29,739,0,0),(1,2,740,0,0),(1,13,741,0,0),(1,29,742,0,0),(1,29,743,0,0),(1,29,744,0,0),(1,29,745,0,0),(1,14,772,0,0),(1,36,773,0,0),(1,23,774,0,0),(1,29,775,0,0),(1,23,776,0,0),(1,23,777,0,0),(1,23,778,0,0),(1,20,779,0,0),(1,20,780,0,0),(1,20,781,0,0),(1,21,782,0,0),(1,22,783,0,0),(1,22,784,0,0),(1,22,785,0,0),(1,42,786,0,0),(1,42,787,0,0),(1,42,788,0,0),(1,2,789,0,0),(1,4,790,0,0),(1,6,791,0,0),(1,7,792,0,0),(1,8,793,0,0),(1,9,794,0,0),(1,10,795,0,0),(1,13,796,0,0),(1,14,797,0,0),(1,15,798,0,0),(1,16,799,0,0),(1,18,800,0,0),(1,19,801,0,0),(1,20,802,0,0),(1,21,803,0,0),(1,22,804,0,0),(1,23,805,0,0),(1,26,806,0,0),(1,10,807,0,0),(1,2,808,0,0),(1,4,809,0,0),(1,6,810,0,0),(1,7,811,0,0),(1,8,812,0,0),(1,9,813,0,0),(1,10,814,0,0),(1,13,815,0,0),(1,14,816,0,0),(1,15,817,0,0),(1,16,818,0,0),(1,18,819,0,0),(1,19,820,0,0),(1,20,821,0,0),(1,21,822,0,0),(1,22,823,0,0),(1,23,824,0,0),(1,26,825,0,0),(1,2,826,0,0),(1,4,827,0,0),(1,6,828,0,0),(1,7,829,0,0),(1,8,830,0,0),(1,9,831,0,0),(1,10,832,0,0),(1,13,833,0,0),(1,14,834,0,0),(1,15,835,0,0),(1,16,836,0,0),(1,18,837,0,0),(1,19,838,0,0),(1,20,839,0,0),(1,21,840,0,0),(1,22,841,0,0),(1,23,842,0,0),(1,26,843,0,0),(1,20,844,0,0),(1,21,845,0,0),(1,22,846,0,0),(1,23,847,0,0),(1,45,848,0,0),(1,45,849,0,0),(1,29,850,0,0),(1,22,851,0,0),(1,29,852,0,0),(1,13,856,0,0),(1,6,858,0,0),(1,13,860,0,0),(1,13,862,0,0),(1,13,864,0,0),(1,13,866,0,0),(1,4,868,0,0),(1,13,870,0,0),(1,13,872,0,0),(1,13,874,0,0),(1,13,876,0,0),(1,13,878,0,0),(1,13,880,0,0),(1,13,882,0,0),(1,13,884,0,0),(1,13,886,0,0),(1,13,892,0,0),(1,13,894,0,0),(1,13,896,0,0),(1,13,898,0,0),(1,6,900,0,0),(1,13,901,0,0),(2,6,1,0,0),(2,6,2,0,0),(2,6,3,0,0),(2,6,4,0,0),(2,6,5,0,0),(2,6,6,0,0),(2,6,7,0,0),(2,6,8,0,0),(2,6,9,0,0),(2,6,10,0,0),(2,6,11,0,0),(2,6,12,0,0),(2,6,13,0,0),(2,6,14,0,0),(2,6,15,0,0),(2,6,16,0,0),(2,6,17,0,0),(2,6,18,0,0),(2,6,19,0,0),(2,6,20,0,0),(2,6,21,0,0),(2,6,22,0,0),(2,6,23,0,0),(2,6,24,0,0),(2,6,25,0,0),(2,6,26,0,0),(2,6,27,0,0),(2,6,28,0,0),(2,6,29,0,0),(2,6,30,0,0),(2,6,31,0,0),(2,6,32,0,0),(2,6,33,0,0),(2,6,34,0,0),(2,6,35,0,0),(2,6,36,0,0),(2,7,37,0,0),(2,7,38,0,0),(2,7,39,0,0),(2,7,40,0,0),(2,7,41,0,0),(2,7,42,0,0),(2,7,43,0,0),(2,7,44,0,0),(2,7,45,0,0),(2,7,46,0,0),(2,7,47,0,0),(2,7,48,0,0),(2,7,49,0,0),(2,7,50,0,0),(2,7,51,0,0),(2,7,52,0,0),(2,7,53,0,0),(2,7,54,0,0),(2,7,55,0,0),(2,7,56,0,0),(2,7,57,0,0),(2,7,58,0,0),(2,7,59,0,0),(2,7,60,0,0),(2,7,61,0,0),(2,7,62,0,0),(2,7,63,0,0),(2,7,64,0,0),(2,7,65,0,0),(2,4,66,0,0),(2,4,67,0,0),(2,4,68,0,0),(2,4,69,0,0),(2,4,70,0,0),(2,4,71,0,0),(2,4,72,0,0),(2,4,73,0,0),(2,4,74,0,0),(2,4,75,0,0),(2,4,76,0,0),(2,4,77,0,0),(2,4,78,0,0),(2,4,79,0,0),(2,4,80,0,0),(2,4,81,0,0),(2,4,82,0,0),(2,4,83,0,0),(2,4,84,0,0),(2,4,85,0,0),(2,4,86,0,0),(2,4,87,0,0),(2,4,88,0,0),(2,4,89,0,0),(2,4,90,0,0),(2,4,91,0,0),(2,4,92,0,0),(2,4,93,0,0),(2,4,94,0,0),(2,4,95,0,0),(2,4,96,0,0),(2,4,97,0,0),(2,4,98,0,0),(2,4,99,0,0),(2,4,100,0,0),(2,4,101,0,0),(2,4,102,0,0),(2,4,103,0,0),(2,4,104,0,0),(2,4,105,0,0),(2,4,106,0,0),(2,4,107,0,0),(2,4,108,0,0),(2,4,109,0,0),(2,2,110,0,0),(2,2,111,0,0),(2,2,112,0,0),(2,2,113,0,0),(2,2,114,0,0),(2,2,115,0,0),(2,2,116,0,0),(2,2,117,0,0),(2,2,118,0,0),(2,2,119,0,0),(2,2,120,0,0),(2,2,121,0,0),(2,2,122,0,0),(2,2,123,0,0),(2,2,124,0,0),(2,2,125,0,0),(2,26,126,0,0),(2,26,127,0,0),(2,26,128,0,0),(2,26,129,0,0),(2,26,130,0,0),(2,26,131,0,0),(2,26,132,0,0),(2,26,133,0,0),(2,26,134,0,0),(2,26,135,0,0),(2,26,136,0,0),(2,26,137,0,0),(2,26,138,0,0),(2,26,139,0,0),(2,26,140,0,0),(2,26,141,0,0),(2,26,142,0,0),(2,26,143,0,0),(2,26,144,0,0),(2,26,145,0,0),(2,26,146,0,0),(2,26,147,0,0),(2,26,148,0,0),(2,26,149,0,0),(2,26,150,0,0),(2,4,151,0,0),(2,6,152,0,0),(2,7,153,0,0),(2,26,154,0,0),(2,13,155,0,0),(2,13,156,0,0),(2,13,157,0,0),(2,13,158,0,0),(2,13,159,0,0),(2,13,160,0,0),(2,13,161,0,0),(2,13,162,0,0),(2,13,163,0,0),(2,13,164,0,0),(2,13,165,0,0),(2,13,166,0,0),(2,13,167,0,0),(2,13,168,0,0),(2,13,169,0,0),(2,13,170,0,0),(2,13,171,0,0),(2,13,172,0,0),(2,13,173,0,0),(2,14,174,0,0),(2,14,175,0,0),(2,14,176,0,0),(2,14,177,0,0),(2,14,178,0,0),(2,14,179,0,0),(2,14,180,0,0),(2,14,181,0,0),(2,14,182,0,0),(2,14,183,0,0),(2,14,184,0,0),(2,14,185,0,0),(2,14,186,0,0),(2,14,187,0,0),(2,14,188,0,0),(2,14,189,0,0),(2,14,190,0,0),(2,14,191,0,0),(2,14,192,0,0),(2,14,193,0,0),(2,14,194,0,0),(2,14,195,0,0),(2,14,196,0,0),(2,14,197,0,0),(2,14,198,0,0),(2,14,199,0,0),(2,14,200,0,0),(2,14,201,0,0),(2,14,202,0,0),(2,14,203,0,0),(2,14,204,0,0),(2,8,205,0,0),(2,8,206,0,0),(2,8,207,0,0),(2,8,208,0,0),(2,8,209,0,0),(2,8,210,0,0),(2,8,211,0,0),(2,8,212,0,0),(2,8,213,0,0),(2,8,214,0,0),(2,8,215,0,0),(2,8,216,0,0),(2,8,217,0,0),(2,8,218,0,0),(2,8,219,0,0),(2,10,220,0,0),(2,10,221,0,0),(2,10,222,0,0),(2,10,223,0,0),(2,10,224,0,0),(2,10,225,0,0),(2,10,226,0,0),(2,10,227,0,0),(2,10,228,0,0),(2,10,229,0,0),(2,10,230,0,0),(2,10,231,0,0),(2,9,232,0,0),(2,9,233,0,0),(2,9,234,0,0),(2,9,235,0,0),(2,9,236,0,0),(2,9,237,0,0),(2,9,238,0,0),(2,9,239,0,0),(2,9,240,0,0),(2,9,241,0,0),(2,9,242,0,0),(2,9,243,0,0),(2,9,244,0,0),(2,9,245,0,0),(2,9,246,0,0),(2,9,247,0,0),(2,9,248,0,0),(2,9,249,0,0),(2,9,250,0,0),(2,9,251,0,0),(2,9,252,0,0),(2,9,253,0,0),(2,9,254,0,0),(2,9,255,0,0),(2,16,256,0,0),(2,16,257,0,0),(2,16,258,0,0),(2,16,259,0,0),(2,16,260,0,0),(2,16,261,0,0),(2,16,262,0,0),(2,16,263,0,0),(2,16,264,0,0),(2,16,265,0,0),(2,16,266,0,0),(2,16,267,0,0),(2,16,268,0,0),(2,16,269,0,0),(2,16,270,0,0),(2,16,271,0,0),(2,16,272,0,0),(2,16,273,0,0),(2,16,274,0,0),(2,16,275,0,0),(2,16,276,0,0),(2,16,277,0,0),(2,16,278,0,0),(2,15,279,0,0),(2,15,280,0,0),(2,15,281,0,0),(2,15,282,0,0),(2,15,283,0,0),(2,15,284,0,0),(2,15,285,0,0),(2,15,286,0,0),(2,15,287,0,0),(2,15,288,0,0),(2,18,289,0,0),(2,18,290,0,0),(2,18,291,0,0),(2,18,292,0,0),(2,18,293,0,0),(2,18,294,0,0),(2,18,295,0,0),(2,18,296,0,0),(2,18,297,0,0),(2,18,298,0,0),(2,18,299,0,0),(2,18,300,0,0),(2,18,301,0,0),(2,18,302,0,0),(2,18,303,0,0),(2,18,304,0,0),(2,18,305,0,0),(2,19,306,0,0),(2,19,307,0,0),(2,19,308,0,0),(2,19,309,0,0),(2,19,310,0,0),(2,19,311,0,0),(2,19,312,0,0),(2,19,313,0,0),(2,20,314,0,0),(2,20,315,0,0),(2,20,316,0,0),(2,20,317,0,0),(2,20,318,0,0),(2,20,319,0,0),(2,20,320,0,0),(2,20,321,0,0),(2,20,322,0,0),(2,20,323,0,0),(2,20,324,0,0),(2,20,325,0,0),(2,20,326,0,0),(2,20,327,0,0),(2,20,328,0,0),(2,20,329,0,0),(2,20,330,0,0),(2,20,331,0,0),(2,20,332,0,0),(2,20,333,0,0),(2,20,334,0,0),(2,20,335,0,0),(2,20,336,0,0),(2,20,337,0,0),(2,20,338,0,0),(2,20,339,0,0),(2,20,340,0,0),(2,20,341,0,0),(2,20,342,0,0),(2,20,343,0,0),(2,20,344,0,0),(2,20,345,0,0),(2,20,346,0,0),(2,20,347,0,0),(2,20,348,0,0),(2,20,349,0,0),(2,20,350,0,0),(2,21,351,0,0),(2,21,352,0,0),(2,21,353,0,0),(2,21,354,0,0),(2,21,355,0,0),(2,21,356,0,0),(2,21,357,0,0),(2,21,358,0,0),(2,21,359,0,0),(2,21,360,0,0),(2,21,361,0,0),(2,21,362,0,0),(2,21,363,0,0),(2,21,364,0,0),(2,21,365,0,0),(2,21,366,0,0),(2,21,367,0,0),(2,21,368,0,0),(2,21,369,0,0),(2,21,370,0,0),(2,21,371,0,0),(2,21,372,0,0),(2,21,373,0,0),(2,21,374,0,0),(2,21,375,0,0),(2,21,376,0,0),(2,21,377,0,0),(2,21,378,0,0),(2,21,379,0,0),(2,21,380,0,0),(2,21,381,0,0),(2,21,382,0,0),(2,21,383,0,0),(2,21,384,0,0),(2,21,385,0,0),(2,21,386,0,0),(2,21,387,0,0),(2,21,388,0,0),(2,22,389,0,0),(2,22,390,0,0),(2,22,391,0,0),(2,22,392,0,0),(2,22,393,0,0),(2,22,394,0,0),(2,22,395,0,0),(2,22,396,0,0),(2,22,397,0,0),(2,22,398,0,0),(2,22,399,0,0),(2,22,400,0,0),(2,22,401,0,0),(2,22,402,0,0),(2,22,403,0,0),(2,22,404,0,0),(2,22,405,0,0),(2,22,406,0,0),(2,22,407,0,0),(2,22,408,0,0),(2,22,409,0,0),(2,22,410,0,0),(2,22,411,0,0),(2,22,412,0,0),(2,22,413,0,0),(2,22,414,0,0),(2,22,415,0,0),(2,22,416,0,0),(2,22,417,0,0),(2,22,418,0,0),(2,22,419,0,0),(2,22,420,0,0),(2,22,421,0,0),(2,22,422,0,0),(2,22,423,0,0),(2,22,424,0,0),(2,22,425,0,0),(2,22,426,0,0),(2,22,427,0,0),(2,22,428,0,0),(2,22,429,0,0),(2,22,430,0,0),(2,22,431,0,0),(2,22,432,0,0),(2,22,433,0,0),(2,22,434,0,0),(2,22,435,0,0),(2,23,436,0,0),(2,23,437,0,0),(2,23,438,0,0),(2,23,439,0,0),(2,23,440,0,0),(2,23,441,0,0),(2,23,442,0,0),(2,23,443,0,0),(2,23,444,0,0),(2,23,445,0,0),(2,23,446,0,0),(2,23,447,0,0),(2,23,448,0,0),(2,23,449,0,0),(2,23,450,0,0),(2,23,451,0,0),(2,23,452,0,0),(2,23,453,0,0),(2,23,454,0,0),(2,23,455,0,0),(2,23,456,0,0),(2,23,457,0,0),(2,23,458,0,0),(2,23,459,0,0),(2,23,460,0,0),(2,23,461,0,0),(2,23,462,0,0),(2,23,463,0,0),(2,23,464,0,0),(2,23,465,0,0),(2,23,466,0,0),(2,23,467,0,0),(2,23,468,0,0),(2,23,469,0,0),(2,23,470,0,0),(2,23,471,0,0),(2,23,472,0,0),(2,23,473,0,0),(2,23,474,0,0),(2,29,475,0,0),(2,29,479,0,0),(2,29,480,0,0),(2,29,482,0,0),(2,29,489,0,0),(2,29,490,0,0),(2,29,491,0,0),(2,29,492,0,0),(2,29,493,0,0),(2,29,495,0,0),(2,29,496,0,0),(2,29,497,0,0),(2,29,498,0,0),(2,29,499,0,0),(2,29,504,0,0),(2,29,505,0,0),(2,29,506,0,0),(2,29,507,0,0),(2,29,515,0,0),(2,10,520,0,0),(2,10,521,0,0),(2,10,522,0,0),(2,10,523,0,0),(2,10,524,0,0),(2,10,525,0,0),(2,34,526,0,0),(2,34,527,0,0),(2,34,528,0,0),(2,34,529,0,0),(2,34,530,0,0),(2,34,531,0,0),(2,34,532,0,0),(2,34,533,0,0),(2,34,534,0,0),(2,34,535,0,0),(2,34,536,0,0),(2,34,537,0,0),(2,34,538,0,0),(2,34,539,0,0),(2,34,540,0,0),(2,34,541,0,0),(2,34,542,0,0),(2,29,543,0,0),(2,35,544,0,0),(2,35,545,0,0),(2,35,546,0,0),(2,35,547,0,0),(2,35,548,0,0),(2,35,549,0,0),(2,35,550,0,0),(2,35,551,0,0),(2,35,552,0,0),(2,35,553,0,0),(2,35,554,0,0),(2,35,555,0,0),(2,35,556,0,0),(2,35,557,0,0),(2,35,558,0,0),(2,35,559,0,0),(2,35,560,0,0),(2,35,561,0,0),(2,35,562,0,0),(2,35,563,0,0),(2,35,564,0,0),(2,35,565,0,0),(2,36,566,0,0),(2,36,567,0,0),(2,36,568,0,0),(2,36,569,0,0),(2,36,570,0,0),(2,36,571,0,0),(2,36,572,0,0),(2,36,573,0,0),(2,36,574,0,0),(2,36,575,0,0),(2,36,576,0,0),(2,36,577,0,0),(2,36,578,0,0),(2,36,579,0,0),(2,36,580,0,0),(2,36,581,0,0),(2,36,582,0,0),(2,36,583,0,0),(2,36,584,0,0),(2,36,585,0,0),(2,36,586,0,0),(2,36,587,0,0),(2,38,588,0,0),(2,38,589,0,0),(2,38,590,0,0),(2,38,591,0,0),(2,38,592,0,0),(2,38,593,0,0),(2,38,594,0,0),(2,38,595,0,0),(2,38,596,0,0),(2,38,597,0,0),(2,38,598,0,0),(2,38,599,0,0),(2,38,600,0,0),(2,38,601,0,0),(2,38,602,0,0),(2,38,603,0,0),(2,38,604,0,0),(2,38,605,0,0),(2,38,606,0,0),(2,38,607,0,0),(2,38,608,0,0),(2,42,609,0,0),(2,42,610,0,0),(2,42,611,0,0),(2,42,612,0,0),(2,42,613,0,0),(2,42,614,0,0),(2,42,615,0,0),(2,42,616,0,0),(2,43,617,0,0),(2,43,618,0,0),(2,43,619,0,0),(2,43,620,0,0),(2,43,621,0,0),(2,43,622,0,0),(2,43,623,0,0),(2,43,624,0,0),(2,43,625,0,0),(2,43,626,0,0),(2,43,627,0,0),(2,43,628,0,0),(2,43,629,0,0),(2,44,630,0,0),(2,44,631,0,0),(2,44,632,0,0),(2,44,633,0,0),(2,44,634,0,0),(2,44,635,0,0),(2,44,636,0,0),(2,44,637,0,0),(2,44,638,0,0),(2,44,639,0,0),(2,44,640,0,0),(2,44,641,0,0),(2,44,642,0,0),(2,44,643,0,0),(2,44,644,0,0),(2,44,645,0,0),(2,44,646,0,0),(2,44,647,0,0),(2,45,648,0,0),(2,45,649,0,0),(2,45,650,0,0),(2,45,651,0,0),(2,45,652,0,0),(2,45,653,0,0),(2,45,654,0,0),(2,45,655,0,0),(2,45,656,0,0),(2,45,657,0,0),(2,45,658,0,0),(2,45,659,0,0),(2,45,660,0,0),(2,45,661,0,0),(2,45,662,0,0),(2,45,663,0,0),(2,45,664,0,0),(2,45,665,0,0),(2,45,666,0,0),(2,45,667,0,0),(2,47,668,0,0),(2,47,669,0,0),(2,47,670,0,0),(2,47,671,0,0),(2,47,672,0,0),(2,47,673,0,0),(2,2,674,0,0),(2,29,675,0,0),(2,23,676,0,0),(2,23,677,0,0),(2,23,678,0,0),(2,23,679,0,0),(2,23,680,0,0),(2,23,681,0,0),(2,23,682,0,0),(2,23,683,0,0),(2,23,684,0,0),(2,22,685,0,0),(2,22,686,0,0),(2,22,687,0,0),(2,22,688,0,0),(2,22,689,0,0),(2,22,690,0,0),(2,22,691,0,0),(2,22,692,0,0),(2,22,693,0,0),(2,21,694,0,0),(2,21,695,0,0),(2,21,696,0,0),(2,21,697,0,0),(2,21,698,0,0),(2,21,699,0,0),(2,21,700,0,0),(2,21,701,0,0),(2,21,702,0,0),(2,20,703,0,0),(2,20,704,0,0),(2,20,705,0,0),(2,20,706,0,0),(2,20,707,0,0),(2,20,708,0,0),(2,20,709,0,0),(2,20,710,0,0),(2,20,711,0,0),(2,29,712,0,0),(2,44,713,0,0),(2,42,714,0,0),(2,29,715,0,0),(2,29,716,0,0),(2,29,717,0,0),(2,23,718,0,0),(2,22,719,0,0),(2,21,720,0,0),(2,20,721,0,0),(2,29,722,0,0),(2,6,723,0,0),(2,4,724,0,0),(2,2,725,0,0),(2,29,726,0,0),(2,23,727,0,0),(2,23,728,0,0),(2,21,729,0,0),(2,21,730,0,0),(2,18,731,0,0),(2,7,732,0,0),(2,42,733,0,0),(2,42,734,0,0),(2,23,735,0,0),(2,20,736,0,0),(2,21,737,0,0),(2,22,738,0,0),(2,29,739,0,0),(2,2,740,0,0),(2,13,741,0,0),(2,29,742,0,0),(2,29,743,0,0),(2,29,744,0,0),(2,29,745,0,0),(2,14,772,0,0),(2,36,773,0,0),(2,23,774,0,0),(2,29,775,0,0),(2,23,776,0,0),(2,23,777,0,0),(2,23,778,0,0),(2,20,779,0,0),(2,20,780,0,0),(2,20,781,0,0),(2,21,782,0,0),(2,22,783,0,0),(2,22,784,0,0),(2,22,785,0,0),(2,42,786,0,0),(2,42,787,0,0),(2,42,788,0,0),(2,2,789,0,0),(2,4,790,0,0),(2,6,791,0,0),(2,7,792,0,0),(2,8,793,0,0),(2,9,794,0,0),(2,10,795,0,0),(2,13,796,0,0),(2,14,797,0,0),(2,15,798,0,0),(2,16,799,0,0),(2,18,800,0,0),(2,19,801,0,0),(2,20,802,0,0),(2,21,803,0,0),(2,22,804,0,0),(2,23,805,0,0),(2,26,806,0,0),(2,10,807,0,0),(2,2,808,0,0),(2,4,809,0,0),(2,6,810,0,0),(2,7,811,0,0),(2,8,812,0,0),(2,9,813,0,0),(2,10,814,0,0),(2,13,815,0,0),(2,14,816,0,0),(2,15,817,0,0),(2,16,818,0,0),(2,18,819,0,0),(2,19,820,0,0),(2,20,821,0,0),(2,21,822,0,0),(2,22,823,0,0),(2,23,824,0,0),(2,26,825,0,0),(2,2,826,0,0),(2,4,827,0,0),(2,6,828,0,0),(2,7,829,0,0),(2,8,830,0,0),(2,9,831,0,0),(2,10,832,0,0),(2,13,833,0,0),(2,14,834,0,0),(2,15,835,0,0),(2,16,836,0,0),(2,18,837,0,0),(2,19,838,0,0),(2,20,839,0,0),(2,21,840,0,0),(2,22,841,0,0),(2,23,842,0,0),(2,26,843,0,0),(2,20,844,0,0),(2,21,845,0,0),(2,22,846,0,0),(2,23,847,0,0),(2,45,848,0,0),(2,45,849,0,0),(2,29,850,0,0),(2,22,851,0,0),(2,29,852,0,0),(2,13,856,0,0),(2,6,858,0,0),(2,13,860,0,0),(2,13,862,0,0),(2,13,864,0,0),(2,13,866,0,0),(2,4,868,0,0),(2,13,870,0,0),(2,13,872,0,0),(2,13,874,0,0),(2,13,876,0,0),(2,13,878,0,0),(2,13,880,0,0),(2,13,882,0,0),(2,13,884,0,0),(2,13,886,0,0),(2,13,892,0,0),(2,13,894,0,0),(2,13,896,0,0),(2,13,898,0,0),(2,6,900,0,0),(2,13,901,0,0),(3,6,1,0,0),(3,6,2,0,0),(3,6,3,0,0),(3,6,4,0,0),(3,6,5,0,0),(3,6,6,0,0),(3,6,7,0,0),(3,6,8,0,0),(3,6,9,0,0),(3,6,10,0,0),(3,6,11,0,0),(3,6,12,0,0),(3,6,13,0,0),(3,6,14,0,0),(3,6,15,0,0),(3,6,16,0,0),(3,6,17,0,0),(3,6,18,0,0),(3,6,19,0,0),(3,6,20,0,0),(3,6,21,0,1),(3,6,22,0,1),(3,6,23,0,0),(3,6,24,0,0),(3,6,25,0,0),(3,6,26,0,0),(3,6,27,0,0),(3,6,28,0,0),(3,6,29,0,0),(3,6,30,0,0),(3,6,31,0,0),(3,6,32,0,0),(3,6,33,0,0),(3,6,34,0,0),(3,6,35,0,0),(3,6,36,0,0),(3,7,37,0,0),(3,7,38,0,0),(3,7,39,0,0),(3,7,40,0,0),(3,7,41,0,0),(3,7,42,0,0),(3,7,43,0,0),(3,7,44,0,0),(3,7,45,0,0),(3,7,46,0,0),(3,7,47,0,0),(3,7,48,0,0),(3,7,49,0,0),(3,7,50,0,0),(3,7,51,0,0),(3,7,52,0,0),(3,7,53,0,0),(3,7,54,0,0),(3,7,55,0,0),(3,7,56,0,0),(3,7,57,0,0),(3,7,58,0,0),(3,7,59,0,0),(3,7,60,0,0),(3,7,61,0,0),(3,7,62,0,0),(3,7,63,0,0),(3,7,64,0,0),(3,7,65,0,0),(3,4,66,0,0),(3,4,67,0,0),(3,4,68,0,0),(3,4,69,0,0),(3,4,70,0,0),(3,4,71,0,0),(3,4,72,0,0),(3,4,73,0,0),(3,4,74,0,0),(3,4,75,0,0),(3,4,76,0,0),(3,4,77,0,0),(3,4,78,0,0),(3,4,79,0,0),(3,4,80,0,0),(3,4,81,0,0),(3,4,82,0,0),(3,4,83,0,0),(3,4,84,0,0),(3,4,85,0,0),(3,4,86,0,0),(3,4,87,0,0),(3,4,88,0,0),(3,4,89,0,0),(3,4,90,0,1),(3,4,91,0,1),(3,4,92,0,0),(3,4,93,0,0),(3,4,94,0,0),(3,4,95,0,0),(3,4,96,0,0),(3,4,97,0,0),(3,4,98,0,0),(3,4,99,0,0),(3,4,100,0,0),(3,4,101,0,0),(3,4,102,0,0),(3,4,103,0,0),(3,4,104,0,0),(3,4,105,0,0),(3,4,106,0,0),(3,4,107,0,0),(3,4,108,0,0),(3,4,109,0,0),(3,2,110,0,0),(3,2,111,0,0),(3,2,112,0,0),(3,2,113,0,0),(3,2,114,0,0),(3,2,115,0,0),(3,2,116,0,0),(3,2,117,0,0),(3,2,118,0,0),(3,2,119,0,0),(3,2,120,0,0),(3,2,121,0,0),(3,2,122,0,0),(3,2,123,0,0),(3,2,124,0,0),(3,2,125,0,0),(3,26,126,0,0),(3,26,127,0,0),(3,26,128,0,0),(3,26,129,0,0),(3,26,130,0,0),(3,26,131,0,0),(3,26,132,0,0),(3,26,133,0,0),(3,26,134,0,0),(3,26,135,0,0),(3,26,136,0,0),(3,26,137,0,0),(3,26,138,0,0),(3,26,139,0,0),(3,26,140,0,0),(3,26,141,0,0),(3,26,142,0,0),(3,26,143,0,0),(3,26,144,0,0),(3,26,145,0,0),(3,26,146,0,0),(3,26,147,0,0),(3,26,148,0,0),(3,26,149,0,0),(3,26,150,0,0),(3,4,151,0,0),(3,6,152,0,0),(3,7,153,0,0),(3,26,154,0,0),(3,13,155,0,0),(3,13,156,0,0),(3,13,157,0,0),(3,13,158,0,0),(3,13,159,0,0),(3,13,160,0,0),(3,13,161,0,0),(3,13,162,0,0),(3,13,163,0,0),(3,13,164,0,0),(3,13,165,0,0),(3,13,166,0,1),(3,13,167,0,1),(3,13,168,0,0),(3,13,169,0,0),(3,13,170,0,0),(3,13,171,0,0),(3,13,172,0,0),(3,13,173,0,0),(3,14,174,0,0),(3,14,175,0,0),(3,14,176,0,0),(3,14,177,0,0),(3,14,178,0,0),(3,14,179,0,0),(3,14,180,0,0),(3,14,181,0,0),(3,14,182,0,0),(3,14,183,0,0),(3,14,184,0,0),(3,14,185,0,0),(3,14,186,0,0),(3,14,187,0,0),(3,14,188,0,0),(3,14,189,0,0),(3,14,190,0,0),(3,14,191,0,0),(3,14,192,0,0),(3,14,193,0,0),(3,14,194,0,0),(3,14,195,0,0),(3,14,196,0,0),(3,14,197,0,0),(3,14,198,0,0),(3,14,199,0,0),(3,14,200,0,0),(3,14,201,0,0),(3,14,202,0,0),(3,14,203,0,0),(3,14,204,0,0),(3,8,205,0,0),(3,8,206,0,1),(3,8,207,0,1),(3,8,208,0,0),(3,8,209,0,0),(3,8,210,0,0),(3,8,211,0,1),(3,8,212,0,1),(3,8,213,0,0),(3,8,214,0,0),(3,8,215,0,0),(3,8,216,0,1),(3,8,217,0,0),(3,8,218,0,0),(3,8,219,0,0),(3,10,220,0,0),(3,10,221,0,0),(3,10,222,0,0),(3,10,223,0,0),(3,10,224,0,0),(3,10,225,0,0),(3,10,226,0,0),(3,10,227,0,0),(3,10,228,0,0),(3,10,229,0,1),(3,10,230,0,0),(3,10,231,0,0),(3,9,232,0,0),(3,9,233,0,0),(3,9,234,0,0),(3,9,235,0,0),(3,9,236,0,0),(3,9,237,0,0),(3,9,238,0,0),(3,9,239,0,0),(3,9,240,0,0),(3,9,241,0,0),(3,9,242,0,0),(3,9,243,0,0),(3,9,244,0,1),(3,9,245,0,1),(3,9,246,0,0),(3,9,247,0,0),(3,9,248,0,0),(3,9,249,0,0),(3,9,250,0,0),(3,9,251,0,0),(3,9,252,0,0),(3,9,253,0,0),(3,9,254,0,0),(3,9,255,0,0),(3,16,256,0,0),(3,16,257,0,0),(3,16,258,0,0),(3,16,259,0,0),(3,16,260,0,0),(3,16,261,0,0),(3,16,262,0,0),(3,16,263,0,0),(3,16,264,0,0),(3,16,265,0,0),(3,16,266,0,0),(3,16,267,0,0),(3,16,268,0,0),(3,16,269,0,0),(3,16,270,0,1),(3,16,271,0,1),(3,16,272,0,0),(3,16,273,0,0),(3,16,274,0,0),(3,16,275,0,0),(3,16,276,0,0),(3,16,277,0,0),(3,16,278,0,0),(3,15,279,0,0),(3,15,280,0,0),(3,15,281,0,0),(3,15,282,0,0),(3,15,283,0,0),(3,15,284,0,0),(3,15,285,0,0),(3,15,286,0,0),(3,15,287,0,0),(3,15,288,0,0),(3,18,289,0,0),(3,18,290,0,0),(3,18,291,0,0),(3,18,292,0,0),(3,18,293,0,0),(3,18,294,0,0),(3,18,295,0,0),(3,18,296,0,0),(3,18,297,0,0),(3,18,298,0,0),(3,18,299,0,0),(3,18,300,0,0),(3,18,301,0,0),(3,18,302,0,0),(3,18,303,0,0),(3,18,304,0,0),(3,18,305,0,0),(3,19,306,0,0),(3,19,307,0,0),(3,19,308,0,0),(3,19,309,0,0),(3,19,310,0,0),(3,19,311,0,0),(3,19,312,0,0),(3,19,313,0,0),(3,20,314,0,0),(3,20,315,0,0),(3,20,316,0,0),(3,20,317,0,0),(3,20,318,0,0),(3,20,319,0,0),(3,20,320,0,0),(3,20,321,0,0),(3,20,322,0,0),(3,20,323,0,0),(3,20,324,0,0),(3,20,325,0,0),(3,20,326,0,0),(3,20,327,0,0),(3,20,328,0,0),(3,20,329,0,0),(3,20,330,0,0),(3,20,331,0,0),(3,20,332,0,0),(3,20,333,0,0),(3,20,334,0,0),(3,20,335,0,0),(3,20,336,0,0),(3,20,337,0,0),(3,20,338,0,0),(3,20,339,0,0),(3,20,340,0,0),(3,20,341,0,0),(3,20,342,0,0),(3,20,343,0,0),(3,20,344,0,0),(3,20,345,0,0),(3,20,346,0,0),(3,20,347,0,0),(3,20,348,0,0),(3,20,349,0,0),(3,20,350,0,0),(3,21,351,0,0),(3,21,352,0,0),(3,21,353,0,0),(3,21,354,0,0),(3,21,355,0,0),(3,21,356,0,0),(3,21,357,0,0),(3,21,358,0,0),(3,21,359,0,0),(3,21,360,0,0),(3,21,361,0,0),(3,21,362,0,0),(3,21,363,0,0),(3,21,364,0,0),(3,21,365,0,0),(3,21,366,0,0),(3,21,367,0,0),(3,21,368,0,0),(3,21,369,0,0),(3,21,370,0,0),(3,21,371,0,0),(3,21,372,0,0),(3,21,373,0,0),(3,21,374,0,0),(3,21,375,0,0),(3,21,376,0,0),(3,21,377,0,0),(3,21,378,0,0),(3,21,379,0,0),(3,21,380,0,0),(3,21,381,0,0),(3,21,382,0,0),(3,21,383,0,0),(3,21,384,0,0),(3,21,385,0,0),(3,21,386,0,0),(3,21,387,0,0),(3,21,388,0,0),(3,22,389,0,0),(3,22,390,0,0),(3,22,391,0,0),(3,22,392,0,0),(3,22,393,0,0),(3,22,394,0,0),(3,22,395,0,0),(3,22,396,0,0),(3,22,397,0,0),(3,22,398,0,0),(3,22,399,0,0),(3,22,400,0,0),(3,22,401,0,0),(3,22,402,0,0),(3,22,403,0,0),(3,22,404,0,0),(3,22,405,0,0),(3,22,406,0,0),(3,22,407,0,0),(3,22,408,0,0),(3,22,409,0,0),(3,22,410,0,0),(3,22,411,0,0),(3,22,412,0,0),(3,22,413,0,0),(3,22,414,0,0),(3,22,415,0,0),(3,22,416,0,0),(3,22,417,0,0),(3,22,418,0,0),(3,22,419,0,0),(3,22,420,0,0),(3,22,421,0,0),(3,22,422,0,0),(3,22,423,0,0),(3,22,424,0,0),(3,22,425,0,0),(3,22,426,0,0),(3,22,427,0,0),(3,22,428,0,0),(3,22,429,0,0),(3,22,430,0,0),(3,22,431,0,0),(3,22,432,0,0),(3,22,433,0,0),(3,22,434,0,0),(3,22,435,0,0),(3,23,436,0,0),(3,23,437,0,0),(3,23,438,0,0),(3,23,439,0,0),(3,23,440,0,0),(3,23,441,0,0),(3,23,442,0,0),(3,23,443,0,0),(3,23,444,0,0),(3,23,445,0,0),(3,23,446,0,0),(3,23,447,0,0),(3,23,448,0,0),(3,23,449,0,0),(3,23,450,0,0),(3,23,451,0,0),(3,23,452,0,0),(3,23,453,0,0),(3,23,454,0,0),(3,23,455,0,0),(3,23,456,0,0),(3,23,457,0,0),(3,23,458,0,0),(3,23,459,0,0),(3,23,460,0,0),(3,23,461,0,0),(3,23,462,0,0),(3,23,463,0,0),(3,23,464,0,0),(3,23,465,0,0),(3,23,466,0,0),(3,23,467,0,0),(3,23,468,0,0),(3,23,469,0,0),(3,23,470,0,0),(3,23,471,0,0),(3,23,472,0,0),(3,23,473,0,0),(3,23,474,0,0),(3,29,475,0,0),(3,29,479,0,0),(3,29,480,0,0),(3,29,482,0,0),(3,29,489,0,0),(3,29,490,0,0),(3,29,491,0,0),(3,29,492,0,0),(3,29,493,0,0),(3,29,495,0,0),(3,29,496,0,0),(3,29,497,0,0),(3,29,498,0,0),(3,29,499,0,0),(3,29,504,0,0),(3,29,505,0,0),(3,29,506,0,0),(3,29,507,0,0),(3,29,515,0,0),(3,10,520,0,0),(3,10,521,0,0),(3,10,522,0,0),(3,10,523,0,0),(3,10,524,0,0),(3,10,525,0,0),(3,34,526,0,0),(3,34,527,0,0),(3,34,528,0,0),(3,34,529,0,0),(3,34,530,0,0),(3,34,531,0,0),(3,34,532,0,0),(3,34,533,0,0),(3,34,534,0,0),(3,34,535,0,0),(3,34,536,0,0),(3,34,537,0,0),(3,34,538,0,0),(3,34,539,0,0),(3,34,540,0,0),(3,34,541,0,0),(3,34,542,0,0),(3,29,543,0,0),(3,35,544,0,0),(3,35,545,0,1),(3,35,546,0,1),(3,35,547,0,0),(3,35,548,0,1),(3,35,549,0,0),(3,35,550,0,0),(3,35,551,0,0),(3,35,552,0,0),(3,35,553,0,0),(3,35,554,0,0),(3,35,555,0,1),(3,35,556,0,1),(3,35,557,0,0),(3,35,558,0,0),(3,35,559,0,0),(3,35,560,0,1),(3,35,561,0,0),(3,35,562,0,0),(3,35,563,0,1),(3,35,564,0,0),(3,35,565,0,0),(3,36,566,0,0),(3,36,567,0,0),(3,36,568,0,0),(3,36,569,0,0),(3,36,570,0,0),(3,36,571,0,0),(3,36,572,0,0),(3,36,573,0,0),(3,36,574,0,0),(3,36,575,0,0),(3,36,576,0,0),(3,36,577,0,0),(3,36,578,0,0),(3,36,579,0,0),(3,36,580,0,0),(3,36,581,0,0),(3,36,582,0,0),(3,36,583,0,0),(3,36,584,0,0),(3,36,585,0,0),(3,36,586,0,0),(3,36,587,0,0),(3,38,588,0,0),(3,38,589,0,0),(3,38,590,0,0),(3,38,591,0,0),(3,38,592,0,0),(3,38,593,0,0),(3,38,594,0,0),(3,38,595,0,0),(3,38,596,0,0),(3,38,597,0,0),(3,38,598,0,0),(3,38,599,0,0),(3,38,600,0,0),(3,38,601,0,0),(3,38,602,0,0),(3,38,603,0,0),(3,38,604,0,0),(3,38,605,0,0),(3,38,606,0,0),(3,38,607,0,0),(3,38,608,0,0),(3,42,609,0,0),(3,42,610,0,0),(3,42,611,0,1),(3,42,612,0,1),(3,42,613,0,0),(3,42,614,0,1),(3,42,615,0,0),(3,42,616,0,1),(3,43,617,0,0),(3,43,618,0,0),(3,43,619,0,0),(3,43,620,0,0),(3,43,621,0,0),(3,43,622,0,0),(3,43,623,0,0),(3,43,624,0,0),(3,43,625,0,0),(3,43,626,0,0),(3,43,627,0,0),(3,43,628,0,0),(3,43,629,0,0),(3,44,630,0,0),(3,44,631,0,0),(3,44,632,0,0),(3,44,633,0,0),(3,44,634,0,0),(3,44,635,0,0),(3,44,636,0,0),(3,44,637,0,0),(3,44,638,0,0),(3,44,639,0,0),(3,44,640,0,0),(3,44,641,0,0),(3,44,642,0,0),(3,44,643,0,0),(3,44,644,0,0),(3,44,645,0,0),(3,44,646,0,0),(3,44,647,0,0),(3,45,648,0,0),(3,45,649,0,0),(3,45,650,0,0),(3,45,651,0,0),(3,45,652,0,0),(3,45,653,0,0),(3,45,654,0,0),(3,45,655,0,0),(3,45,656,0,0),(3,45,657,0,0),(3,45,658,0,0),(3,45,659,0,0),(3,45,660,0,0),(3,45,661,0,0),(3,45,662,0,0),(3,45,663,0,0),(3,45,664,0,0),(3,45,665,0,0),(3,45,666,0,0),(3,45,667,0,0),(3,47,668,0,0),(3,47,669,0,1),(3,47,670,0,1),(3,47,671,0,0),(3,47,672,0,0),(3,47,673,0,1),(3,2,674,0,0),(3,29,675,0,0),(3,23,676,0,0),(3,23,677,0,0),(3,23,678,0,0),(3,23,679,0,0),(3,23,680,0,0),(3,23,681,0,0),(3,23,682,0,0),(3,23,683,0,0),(3,23,684,0,0),(3,22,685,0,0),(3,22,686,0,0),(3,22,687,0,0),(3,22,688,0,0),(3,22,689,0,0),(3,22,690,0,0),(3,22,691,0,0),(3,22,692,0,0),(3,22,693,0,0),(3,21,694,0,0),(3,21,695,0,0),(3,21,696,0,0),(3,21,697,0,0),(3,21,698,0,0),(3,21,699,0,0),(3,21,700,0,0),(3,21,701,0,0),(3,21,702,0,0),(3,20,703,0,0),(3,20,704,0,0),(3,20,705,0,0),(3,20,706,0,0),(3,20,707,0,0),(3,20,708,0,0),(3,20,709,0,0),(3,20,710,0,0),(3,20,711,0,0),(3,29,712,0,0),(3,44,713,0,0),(3,42,714,0,0),(3,29,715,0,0),(3,29,716,0,0),(3,29,717,0,0),(3,23,718,0,0),(3,22,719,0,0),(3,21,720,0,0),(3,20,721,0,0),(3,29,722,0,0),(3,6,723,0,1),(3,4,724,0,1),(3,2,725,0,0),(3,29,726,0,0),(3,23,727,0,0),(3,23,728,0,0),(3,21,729,0,0),(3,21,730,0,0),(3,18,731,0,0),(3,7,732,0,0),(3,42,733,0,0),(3,42,734,0,0),(3,23,735,0,0),(3,20,736,0,0),(3,21,737,0,0),(3,22,738,0,0),(3,29,739,0,0),(3,2,740,0,0),(3,13,741,0,0),(3,29,742,0,0),(3,29,743,0,0),(3,29,744,0,0),(3,29,745,0,0),(3,14,772,0,0),(3,36,773,0,0),(3,23,774,0,0),(3,29,775,0,0),(3,23,776,0,0),(3,23,777,0,0),(3,23,778,0,0),(3,20,779,0,0),(3,20,780,0,0),(3,20,781,0,0),(3,21,782,0,0),(3,22,783,0,0),(3,22,784,0,0),(3,22,785,0,0),(3,42,786,0,0),(3,42,787,0,0),(3,42,788,0,0),(3,2,789,0,0),(3,4,790,0,1),(3,6,791,0,1),(3,7,792,0,0),(3,8,793,0,1),(3,9,794,0,1),(3,10,795,0,1),(3,13,796,0,1),(3,14,797,0,0),(3,15,798,0,0),(3,16,799,0,1),(3,18,800,0,0),(3,19,801,0,0),(3,20,802,0,0),(3,21,803,0,0),(3,22,804,0,0),(3,23,805,0,0),(3,26,806,0,0),(3,10,807,0,0),(3,2,808,0,0),(3,4,809,0,0),(3,6,810,0,0),(3,7,811,0,0),(3,8,812,0,0),(3,9,813,0,0),(3,10,814,0,0),(3,13,815,0,0),(3,14,816,0,0),(3,15,817,0,0),(3,16,818,0,1),(3,18,819,0,0),(3,19,820,0,0),(3,20,821,0,0),(3,21,822,0,0),(3,22,823,0,0),(3,23,824,0,0),(3,26,825,0,0),(3,2,826,0,0),(3,4,827,0,0),(3,6,828,0,0),(3,7,829,0,0),(3,8,830,0,0),(3,9,831,0,0),(3,10,832,0,0),(3,13,833,0,0),(3,14,834,0,0),(3,15,835,0,0),(3,16,836,0,1),(3,18,837,0,0),(3,19,838,0,0),(3,20,839,0,0),(3,21,840,0,0),(3,22,841,0,0),(3,23,842,0,0),(3,26,843,0,0),(3,20,844,0,0),(3,21,845,0,0),(3,22,846,0,0),(3,23,847,0,0),(3,45,848,0,0),(3,45,849,0,0),(3,29,850,0,0),(3,22,851,0,0),(3,29,852,0,0),(3,13,856,0,0),(3,6,858,0,0),(3,13,860,0,0),(3,13,862,0,0),(3,13,864,0,0),(3,13,866,0,0),(3,4,868,0,0),(3,13,870,0,0),(3,13,872,0,0),(3,13,874,0,0),(3,13,876,0,0),(3,13,878,0,0),(3,13,880,0,0),(3,13,882,0,0),(3,13,884,0,0),(3,13,886,0,0),(3,13,892,0,0),(3,13,894,0,0),(3,13,896,0,0),(3,13,898,0,0),(3,6,900,0,0),(3,13,901,0,0),(4,6,1,0,0),(4,6,2,0,0),(4,6,3,0,0),(4,6,4,0,0),(4,6,5,0,0),(4,6,6,0,0),(4,6,7,0,0),(4,6,8,0,0),(4,6,9,0,0),(4,6,10,0,0),(4,6,11,0,0),(4,6,12,0,0),(4,6,13,0,0),(4,6,14,0,0),(4,6,15,0,0),(4,6,16,0,0),(4,6,17,0,0),(4,6,18,0,0),(4,6,19,0,0),(4,6,20,0,0),(4,6,21,0,0),(4,6,22,0,0),(4,6,23,0,0),(4,6,24,0,0),(4,6,25,0,0),(4,6,26,0,0),(4,6,27,0,0),(4,6,28,0,0),(4,6,29,0,0),(4,6,30,0,0),(4,6,31,0,0),(4,6,32,0,0),(4,6,33,0,0),(4,6,34,0,0),(4,6,35,0,0),(4,6,36,0,0),(4,7,37,0,0),(4,7,38,0,0),(4,7,39,0,0),(4,7,40,0,0),(4,7,41,0,0),(4,7,42,0,0),(4,7,43,0,0),(4,7,44,0,0),(4,7,45,0,0),(4,7,46,0,0),(4,7,47,0,0),(4,7,48,0,0),(4,7,49,0,0),(4,7,50,0,0),(4,7,51,0,0),(4,7,52,0,0),(4,7,53,0,0),(4,7,54,0,0),(4,7,55,0,0),(4,7,56,0,0),(4,7,57,0,0),(4,7,58,0,0),(4,7,59,0,0),(4,7,60,0,0),(4,7,61,0,0),(4,7,62,0,0),(4,7,63,0,0),(4,7,64,0,0),(4,7,65,0,0),(4,4,66,0,0),(4,4,67,0,0),(4,4,68,0,0),(4,4,69,0,0),(4,4,70,0,0),(4,4,71,0,0),(4,4,72,0,0),(4,4,73,0,0),(4,4,74,0,0),(4,4,75,0,0),(4,4,76,0,0),(4,4,77,0,0),(4,4,78,0,0),(4,4,79,0,0),(4,4,80,0,0),(4,4,81,0,0),(4,4,82,0,0),(4,4,83,0,0),(4,4,84,0,0),(4,4,85,0,0),(4,4,86,0,0),(4,4,87,0,0),(4,4,88,0,0),(4,4,89,0,0),(4,4,90,0,0),(4,4,91,0,0),(4,4,92,0,0),(4,4,93,0,0),(4,4,94,0,0),(4,4,95,0,0),(4,4,96,0,0),(4,4,97,0,0),(4,4,98,0,0),(4,4,99,0,0),(4,4,100,0,0),(4,4,101,0,0),(4,4,102,0,0),(4,4,103,0,0),(4,4,104,0,0),(4,4,105,0,0),(4,4,106,0,0),(4,4,107,0,0),(4,4,108,0,0),(4,4,109,0,0),(4,2,110,0,0),(4,2,111,0,0),(4,2,112,0,0),(4,2,113,0,0),(4,2,114,0,0),(4,2,115,0,0),(4,2,116,0,0),(4,2,117,0,0),(4,2,118,0,0),(4,2,119,0,0),(4,2,120,0,0),(4,2,121,0,0),(4,2,122,0,0),(4,2,123,0,0),(4,2,124,0,0),(4,2,125,0,0),(4,26,126,0,0),(4,26,127,0,0),(4,26,128,0,0),(4,26,129,0,0),(4,26,130,0,0),(4,26,131,0,0),(4,26,132,0,0),(4,26,133,0,0),(4,26,134,0,0),(4,26,135,0,0),(4,26,136,0,0),(4,26,137,0,0),(4,26,138,0,0),(4,26,139,0,0),(4,26,140,0,0),(4,26,141,0,0),(4,26,142,0,0),(4,26,143,0,0),(4,26,144,0,0),(4,26,145,0,0),(4,26,146,0,0),(4,26,147,0,0),(4,26,148,0,0),(4,26,149,0,0),(4,26,150,0,0),(4,4,151,0,0),(4,6,152,0,0),(4,7,153,0,0),(4,26,154,0,0),(4,13,155,0,0),(4,13,156,0,0),(4,13,157,0,0),(4,13,158,0,0),(4,13,159,0,0),(4,13,160,0,0),(4,13,161,0,0),(4,13,162,0,0),(4,13,163,0,0),(4,13,164,0,0),(4,13,165,0,0),(4,13,166,0,0),(4,13,167,0,0),(4,13,168,0,0),(4,13,169,0,0),(4,13,170,0,0),(4,13,171,0,0),(4,13,172,0,0),(4,13,173,0,0),(4,14,174,0,0),(4,14,175,0,0),(4,14,176,0,0),(4,14,177,0,0),(4,14,178,0,0),(4,14,179,0,0),(4,14,180,0,0),(4,14,181,0,0),(4,14,182,0,0),(4,14,183,0,0),(4,14,184,0,0),(4,14,185,0,0),(4,14,186,0,0),(4,14,187,0,0),(4,14,188,0,0),(4,14,189,0,0),(4,14,190,0,0),(4,14,191,0,0),(4,14,192,0,0),(4,14,193,0,0),(4,14,194,0,0),(4,14,195,0,0),(4,14,196,0,0),(4,14,197,0,0),(4,14,198,0,0),(4,14,199,0,0),(4,14,200,0,0),(4,14,201,0,0),(4,14,202,0,0),(4,14,203,0,0),(4,14,204,0,0),(4,8,205,0,0),(4,8,206,0,0),(4,8,207,0,0),(4,8,208,0,0),(4,8,209,0,0),(4,8,210,0,0),(4,8,211,0,0),(4,8,212,0,0),(4,8,213,0,0),(4,8,214,0,0),(4,8,215,0,0),(4,8,216,0,0),(4,8,217,0,0),(4,8,218,0,0),(4,8,219,0,0),(4,10,220,0,0),(4,10,221,0,0),(4,10,222,0,0),(4,10,223,0,0),(4,10,224,0,0),(4,10,225,0,0),(4,10,226,0,0),(4,10,227,0,0),(4,10,228,0,0),(4,10,229,0,0),(4,10,230,0,0),(4,10,231,0,0),(4,9,232,0,0),(4,9,233,0,0),(4,9,234,0,0),(4,9,235,0,0),(4,9,236,0,0),(4,9,237,0,0),(4,9,238,0,0),(4,9,239,0,0),(4,9,240,0,0),(4,9,241,0,0),(4,9,242,0,0),(4,9,243,0,0),(4,9,244,0,0),(4,9,245,0,0),(4,9,246,0,0),(4,9,247,0,0),(4,9,248,0,0),(4,9,249,0,0),(4,9,250,0,0),(4,9,251,0,0),(4,9,252,0,0),(4,9,253,0,0),(4,9,254,0,0),(4,9,255,0,0),(4,16,256,0,0),(4,16,257,0,0),(4,16,258,0,0),(4,16,259,0,0),(4,16,260,0,0),(4,16,261,0,0),(4,16,262,0,0),(4,16,263,0,0),(4,16,264,0,0),(4,16,265,0,0),(4,16,266,0,0),(4,16,267,0,0),(4,16,268,0,0),(4,16,269,0,0),(4,16,270,0,0),(4,16,271,0,0),(4,16,272,0,0),(4,16,273,0,0),(4,16,274,0,0),(4,16,275,0,0),(4,16,276,0,0),(4,16,277,0,0),(4,16,278,0,0),(4,15,279,0,0),(4,15,280,0,0),(4,15,281,0,0),(4,15,282,0,0),(4,15,283,0,0),(4,15,284,0,0),(4,15,285,0,0),(4,15,286,0,0),(4,15,287,0,0),(4,15,288,0,0),(4,18,289,0,0),(4,18,290,0,0),(4,18,291,0,0),(4,18,292,0,0),(4,18,293,0,0),(4,18,294,0,0),(4,18,295,0,0),(4,18,296,0,0),(4,18,297,0,0),(4,18,298,0,0),(4,18,299,0,0),(4,18,300,0,0),(4,18,301,0,0),(4,18,302,0,0),(4,18,303,0,0),(4,18,304,0,0),(4,18,305,0,0),(4,19,306,0,0),(4,19,307,0,0),(4,19,308,0,0),(4,19,309,0,0),(4,19,310,0,0),(4,19,311,0,0),(4,19,312,0,0),(4,19,313,0,0),(4,20,314,0,0),(4,20,315,0,0),(4,20,316,0,0),(4,20,317,0,0),(4,20,318,0,0),(4,20,319,0,0),(4,20,320,0,0),(4,20,321,0,0),(4,20,322,0,0),(4,20,323,0,0),(4,20,324,0,0),(4,20,325,0,0),(4,20,326,0,0),(4,20,327,0,0),(4,20,328,0,0),(4,20,329,0,0),(4,20,330,0,0),(4,20,331,0,0),(4,20,332,0,0),(4,20,333,0,0),(4,20,334,0,0),(4,20,335,0,0),(4,20,336,0,0),(4,20,337,0,0),(4,20,338,0,0),(4,20,339,0,0),(4,20,340,0,0),(4,20,341,0,0),(4,20,342,0,0),(4,20,343,0,0),(4,20,344,0,0),(4,20,345,0,0),(4,20,346,0,0),(4,20,347,0,0),(4,20,348,0,0),(4,20,349,0,0),(4,20,350,0,0),(4,21,351,0,0),(4,21,352,0,0),(4,21,353,0,0),(4,21,354,0,0),(4,21,355,0,0),(4,21,356,0,0),(4,21,357,0,0),(4,21,358,0,0),(4,21,359,0,0),(4,21,360,0,0),(4,21,361,0,0),(4,21,362,0,0),(4,21,363,0,0),(4,21,364,0,0),(4,21,365,0,0),(4,21,366,0,0),(4,21,367,0,0),(4,21,368,0,0),(4,21,369,0,0),(4,21,370,0,0),(4,21,371,0,0),(4,21,372,0,0),(4,21,373,0,0),(4,21,374,0,0),(4,21,375,0,0),(4,21,376,0,0),(4,21,377,0,0),(4,21,378,0,0),(4,21,379,0,0),(4,21,380,0,0),(4,21,381,0,0),(4,21,382,0,0),(4,21,383,0,0),(4,21,384,0,0),(4,21,385,0,0),(4,21,386,0,0),(4,21,387,0,0),(4,21,388,0,0),(4,22,389,0,0),(4,22,390,0,0),(4,22,391,0,0),(4,22,392,0,0),(4,22,393,0,0),(4,22,394,0,0),(4,22,395,0,0),(4,22,396,0,0),(4,22,397,0,0),(4,22,398,0,0),(4,22,399,0,0),(4,22,400,0,0),(4,22,401,0,0),(4,22,402,0,0),(4,22,403,0,0),(4,22,404,0,0),(4,22,405,0,0),(4,22,406,0,0),(4,22,407,0,0),(4,22,408,0,0),(4,22,409,0,0),(4,22,410,0,0),(4,22,411,0,0),(4,22,412,0,0),(4,22,413,0,0),(4,22,414,0,0),(4,22,415,0,0),(4,22,416,0,0),(4,22,417,0,0),(4,22,418,0,0),(4,22,419,0,0),(4,22,420,0,0),(4,22,421,0,0),(4,22,422,0,0),(4,22,423,0,0),(4,22,424,0,0),(4,22,425,0,0),(4,22,426,0,0),(4,22,427,0,0),(4,22,428,0,0),(4,22,429,0,0),(4,22,430,0,0),(4,22,431,0,0),(4,22,432,0,0),(4,22,433,0,0),(4,22,434,0,0),(4,22,435,0,0),(4,23,436,0,0),(4,23,437,0,0),(4,23,438,0,0),(4,23,439,0,0),(4,23,440,0,0),(4,23,441,0,0),(4,23,442,0,0),(4,23,443,0,0),(4,23,444,0,0),(4,23,445,0,0),(4,23,446,0,0),(4,23,447,0,0),(4,23,448,0,0),(4,23,449,0,0),(4,23,450,0,0),(4,23,451,0,0),(4,23,452,0,0),(4,23,453,0,0),(4,23,454,0,0),(4,23,455,0,0),(4,23,456,0,0),(4,23,457,0,0),(4,23,458,0,0),(4,23,459,0,0),(4,23,460,0,0),(4,23,461,0,0),(4,23,462,0,0),(4,23,463,0,0),(4,23,464,0,0),(4,23,465,0,0),(4,23,466,0,0),(4,23,467,0,0),(4,23,468,0,0),(4,23,469,0,0),(4,23,470,0,0),(4,23,471,0,0),(4,23,472,0,0),(4,23,473,0,0),(4,23,474,0,0),(4,29,475,0,0),(4,29,479,0,0),(4,29,480,0,0),(4,29,482,0,0),(4,29,489,0,0),(4,29,490,0,0),(4,29,491,0,0),(4,29,492,0,0),(4,29,493,0,0),(4,29,495,0,0),(4,29,496,0,0),(4,29,497,0,0),(4,29,498,0,0),(4,29,499,0,0),(4,29,504,0,0),(4,29,505,0,0),(4,29,506,0,0),(4,29,507,0,0),(4,29,515,0,0),(4,10,520,0,0),(4,10,521,0,0),(4,10,522,0,0),(4,10,523,0,0),(4,10,524,0,0),(4,10,525,0,0),(4,34,526,0,0),(4,34,527,0,0),(4,34,528,0,0),(4,34,529,0,0),(4,34,530,0,0),(4,34,531,0,0),(4,34,532,0,0),(4,34,533,0,0),(4,34,534,0,0),(4,34,535,0,0),(4,34,536,0,0),(4,34,537,0,0),(4,34,538,0,0),(4,34,539,0,0),(4,34,540,0,0),(4,34,541,0,0),(4,34,542,0,0),(4,29,543,0,0),(4,35,544,0,0),(4,35,545,0,0),(4,35,546,0,0),(4,35,547,0,0),(4,35,548,0,0),(4,35,549,0,0),(4,35,550,0,0),(4,35,551,0,0),(4,35,552,0,0),(4,35,553,0,0),(4,35,554,0,0),(4,35,555,0,0),(4,35,556,0,0),(4,35,557,0,0),(4,35,558,0,0),(4,35,559,0,0),(4,35,560,0,0),(4,35,561,0,0),(4,35,562,0,0),(4,35,563,0,0),(4,35,564,0,0),(4,35,565,0,0),(4,36,566,0,0),(4,36,567,0,0),(4,36,568,0,0),(4,36,569,0,0),(4,36,570,0,0),(4,36,571,0,0),(4,36,572,0,0),(4,36,573,0,0),(4,36,574,0,0),(4,36,575,0,0),(4,36,576,0,0),(4,36,577,0,0),(4,36,578,0,0),(4,36,579,0,0),(4,36,580,0,0),(4,36,581,0,0),(4,36,582,0,0),(4,36,583,0,0),(4,36,584,0,0),(4,36,585,0,0),(4,36,586,0,0),(4,36,587,0,0),(4,38,588,0,0),(4,38,589,0,0),(4,38,590,0,0),(4,38,591,0,0),(4,38,592,0,0),(4,38,593,0,0),(4,38,594,0,0),(4,38,595,0,0),(4,38,596,0,0),(4,38,597,0,0),(4,38,598,0,0),(4,38,599,0,0),(4,38,600,0,0),(4,38,601,0,0),(4,38,602,0,0),(4,38,603,0,0),(4,38,604,0,0),(4,38,605,0,0),(4,38,606,0,0),(4,38,607,0,0),(4,38,608,0,0),(4,42,609,0,0),(4,42,610,0,0),(4,42,611,0,0),(4,42,612,0,0),(4,42,613,0,0),(4,42,614,0,0),(4,42,615,0,0),(4,42,616,0,0),(4,43,617,0,0),(4,43,618,0,0),(4,43,619,0,0),(4,43,620,0,0),(4,43,621,0,0),(4,43,622,0,0),(4,43,623,0,0),(4,43,624,0,0),(4,43,625,0,0),(4,43,626,0,0),(4,43,627,0,0),(4,43,628,0,0),(4,43,629,0,0),(4,44,630,0,0),(4,44,631,0,0),(4,44,632,0,0),(4,44,633,0,0),(4,44,634,0,0),(4,44,635,0,0),(4,44,636,0,0),(4,44,637,0,0),(4,44,638,0,0),(4,44,639,0,0),(4,44,640,0,0),(4,44,641,0,0),(4,44,642,0,0),(4,44,643,0,0),(4,44,644,0,0),(4,44,645,0,0),(4,44,646,0,0),(4,44,647,0,0),(4,45,648,0,0),(4,45,649,0,0),(4,45,650,0,0),(4,45,651,0,0),(4,45,652,0,0),(4,45,653,0,0),(4,45,654,0,0),(4,45,655,0,0),(4,45,656,0,0),(4,45,657,0,0),(4,45,658,0,0),(4,45,659,0,0),(4,45,660,0,0),(4,45,661,0,0),(4,45,662,0,0),(4,45,663,0,0),(4,45,664,0,0),(4,45,665,0,0),(4,45,666,0,0),(4,45,667,0,0),(4,47,668,0,0),(4,47,669,0,0),(4,47,670,0,0),(4,47,671,0,0),(4,47,672,0,0),(4,47,673,0,0),(4,2,674,0,0),(4,29,675,0,0),(4,23,676,0,0),(4,23,677,0,0),(4,23,678,0,0),(4,23,679,0,0),(4,23,680,0,0),(4,23,681,0,0),(4,23,682,0,0),(4,23,683,0,0),(4,23,684,0,0),(4,22,685,0,0),(4,22,686,0,0),(4,22,687,0,0),(4,22,688,0,0),(4,22,689,0,0),(4,22,690,0,0),(4,22,691,0,0),(4,22,692,0,0),(4,22,693,0,0),(4,21,694,0,0),(4,21,695,0,0),(4,21,696,0,0),(4,21,697,0,0),(4,21,698,0,0),(4,21,699,0,0),(4,21,700,0,0),(4,21,701,0,0),(4,21,702,0,0),(4,20,703,0,0),(4,20,704,0,0),(4,20,705,0,0),(4,20,706,0,0),(4,20,707,0,0),(4,20,708,0,0),(4,20,709,0,0),(4,20,710,0,0),(4,20,711,0,0),(4,29,712,0,0),(4,44,713,0,0),(4,42,714,0,0),(4,29,715,0,0),(4,29,716,0,0),(4,29,717,0,0),(4,23,718,0,0),(4,22,719,0,0),(4,21,720,0,0),(4,20,721,0,0),(4,29,722,0,0),(4,6,723,0,0),(4,4,724,0,0),(4,2,725,0,0),(4,29,726,0,0),(4,23,727,0,0),(4,23,728,0,0),(4,21,729,0,0),(4,21,730,0,0),(4,18,731,0,0),(4,7,732,0,0),(4,42,733,0,0),(4,42,734,0,0),(4,23,735,0,0),(4,20,736,0,0),(4,21,737,0,0),(4,22,738,0,0),(4,29,739,0,0),(4,2,740,0,0),(4,13,741,0,0),(4,29,742,0,0),(4,29,743,0,0),(4,29,744,0,0),(4,29,745,0,0),(4,14,772,0,0),(4,36,773,0,0),(4,23,774,0,0),(4,29,775,0,0),(4,23,776,0,0),(4,23,777,0,0),(4,23,778,0,0),(4,20,779,0,0),(4,20,780,0,0),(4,20,781,0,0),(4,21,782,0,0),(4,22,783,0,0),(4,22,784,0,0),(4,22,785,0,0),(4,42,786,0,0),(4,42,787,0,0),(4,42,788,0,0),(4,2,789,0,0),(4,4,790,0,0),(4,6,791,0,0),(4,7,792,0,0),(4,8,793,0,0),(4,9,794,0,0),(4,10,795,0,0),(4,13,796,0,0),(4,14,797,0,0),(4,15,798,0,0),(4,16,799,0,0),(4,18,800,0,0),(4,19,801,0,0),(4,20,802,0,0),(4,21,803,0,0),(4,22,804,0,0),(4,23,805,0,0),(4,26,806,0,0),(4,10,807,0,0),(4,2,808,0,0),(4,4,809,0,0),(4,6,810,0,0),(4,7,811,0,0),(4,8,812,0,0),(4,9,813,0,0),(4,10,814,0,0),(4,13,815,0,0),(4,14,816,0,0),(4,15,817,0,0),(4,16,818,0,0),(4,18,819,0,0),(4,19,820,0,0),(4,20,821,0,0),(4,21,822,0,0),(4,22,823,0,0),(4,23,824,0,0),(4,26,825,0,0),(4,2,826,0,0),(4,4,827,0,0),(4,6,828,0,0),(4,7,829,0,0),(4,8,830,0,0),(4,9,831,0,0),(4,10,832,0,0),(4,13,833,0,0),(4,14,834,0,0),(4,15,835,0,0),(4,16,836,0,0),(4,18,837,0,0),(4,19,838,0,0),(4,20,839,0,0),(4,21,840,0,0),(4,22,841,0,0),(4,23,842,0,0),(4,26,843,0,0),(4,20,844,0,0),(4,21,845,0,0),(4,22,846,0,0),(4,23,847,0,0),(4,45,848,0,0),(4,45,849,0,0),(4,29,850,0,0),(4,22,851,0,0),(4,29,852,0,0),(4,13,856,0,0),(4,6,858,0,0),(4,13,860,0,0),(4,13,862,0,0),(4,13,864,0,0),(4,13,866,0,0),(4,4,868,0,0),(4,13,870,0,0),(4,13,872,0,0),(4,13,874,0,0),(4,13,876,0,0),(4,13,878,0,0),(4,13,880,0,0),(4,13,882,0,0),(4,13,884,0,0),(4,13,886,0,0),(4,13,892,0,0),(4,13,894,0,0),(4,13,896,0,0),(4,13,898,0,0),(4,6,900,0,0),(4,13,901,0,0),(5,6,1,0,0),(5,6,2,0,0),(5,6,3,0,0),(5,6,4,0,0),(5,6,7,0,0),(5,6,8,0,0),(5,6,10,0,0),(5,6,14,0,0),(5,6,15,0,0),(5,6,16,0,0),(5,6,18,0,0),(5,6,20,0,0),(5,6,21,0,1),(5,6,22,0,1),(5,6,23,0,0),(5,6,24,0,0),(5,6,25,0,0),(5,6,26,0,0),(5,6,27,0,0),(5,6,28,0,0),(5,6,29,0,0),(5,6,30,0,0),(5,6,31,0,0),(5,6,32,0,0),(5,6,33,0,0),(5,6,34,0,0),(5,6,35,0,0),(5,6,36,0,0),(5,4,66,0,0),(5,4,67,0,0),(5,4,68,0,0),(5,4,69,0,0),(5,4,70,0,0),(5,4,71,0,0),(5,4,72,0,0),(5,4,73,0,0),(5,4,75,0,0),(5,4,76,0,0),(5,4,78,0,0),(5,4,79,0,0),(5,4,80,0,0),(5,4,81,0,0),(5,4,83,0,0),(5,4,86,0,0),(5,4,87,0,0),(5,4,90,0,1),(5,4,91,0,1),(5,4,92,0,0),(5,4,96,0,0),(5,4,97,0,0),(5,4,98,0,0),(5,4,99,0,0),(5,4,100,0,0),(5,4,101,0,0),(5,4,102,0,0),(5,4,103,0,0),(5,4,104,0,0),(5,4,105,0,0),(5,4,106,0,0),(5,4,107,0,0),(5,4,108,0,0),(5,4,109,0,0),(5,13,155,0,0),(5,13,156,0,0),(5,13,157,0,0),(5,13,158,0,0),(5,13,160,0,0),(5,13,161,0,0),(5,13,162,0,0),(5,13,164,0,0),(5,13,165,0,0),(5,13,166,0,1),(5,13,167,0,1),(5,13,168,0,0),(5,13,169,0,0),(5,13,170,0,0),(5,13,171,0,0),(5,13,172,0,0),(5,8,205,0,0),(5,8,206,0,1),(5,8,207,0,1),(5,8,208,0,0),(5,8,209,0,0),(5,8,210,0,0),(5,8,211,0,1),(5,8,212,0,1),(5,8,213,0,0),(5,8,214,0,0),(5,8,215,0,0),(5,8,216,0,1),(5,8,217,0,0),(5,8,218,0,0),(5,8,219,0,0),(5,9,232,0,0),(5,9,233,0,0),(5,9,234,0,0),(5,9,235,0,0),(5,9,236,0,0),(5,9,237,0,0),(5,9,238,0,0),(5,9,239,0,0),(5,9,240,0,0),(5,9,241,0,0),(5,9,242,0,0),(5,9,243,0,0),(5,9,244,0,1),(5,9,245,0,1),(5,9,246,0,0),(5,9,247,0,0),(5,9,248,0,0),(5,9,249,0,0),(5,9,250,0,0),(5,9,251,0,0),(5,9,252,0,0),(5,9,253,0,0),(5,9,254,0,0),(5,9,255,0,0),(5,16,256,0,0),(5,16,257,0,0),(5,16,258,0,0),(5,16,259,0,0),(5,16,260,0,0),(5,16,261,0,0),(5,16,262,0,0),(5,16,263,0,0),(5,16,264,0,0),(5,16,265,0,0),(5,16,266,0,0),(5,16,267,0,0),(5,16,268,0,0),(5,16,269,0,0),(5,16,270,0,1),(5,16,271,0,1),(5,16,272,0,0),(5,16,273,0,0),(5,16,274,0,0),(5,16,275,0,0),(5,16,276,0,0),(5,16,277,0,0),(5,16,278,0,0),(5,29,475,0,0),(5,29,479,0,0),(5,29,480,0,0),(5,29,481,0,0),(5,29,482,0,0),(5,29,489,0,0),(5,29,490,0,0),(5,29,491,0,0),(5,29,492,0,0),(5,29,493,0,0),(5,29,494,0,0),(5,29,495,0,0),(5,29,496,0,0),(5,29,497,0,0),(5,29,498,0,0),(5,29,499,0,0),(5,29,504,0,0),(5,29,505,0,0),(5,29,506,0,0),(5,29,507,0,0),(5,29,510,0,0),(5,29,543,0,0),(5,35,544,0,0),(5,35,545,0,1),(5,35,546,0,1),(5,35,547,0,0),(5,35,548,0,1),(5,35,549,0,0),(5,35,550,0,0),(5,35,551,0,0),(5,35,552,0,0),(5,35,553,0,0),(5,35,554,0,0),(5,35,555,0,1),(5,35,556,0,1),(5,35,557,0,0),(5,35,558,0,0),(5,35,559,0,0),(5,35,560,0,1),(5,35,561,0,0),(5,35,562,0,0),(5,35,563,0,1),(5,35,564,0,0),(5,35,565,0,0),(5,42,609,0,0),(5,42,610,0,0),(5,42,611,0,1),(5,42,612,0,1),(5,42,613,0,0),(5,42,614,0,1),(5,42,615,0,0),(5,42,616,0,1),(5,42,714,0,0),(5,6,723,0,1),(5,4,724,0,1),(5,42,733,0,0),(5,42,734,0,0),(5,13,741,0,0),(5,42,786,0,0),(5,42,787,0,0),(5,42,788,0,0),(5,4,790,0,1),(5,6,791,0,1),(5,8,793,0,1),(5,9,794,0,1),(5,13,796,0,1),(5,16,799,0,1),(5,4,809,0,0),(5,6,810,0,0),(5,8,812,0,0),(5,9,813,0,0),(5,13,815,0,0),(5,16,818,0,1),(5,4,827,0,0),(5,6,828,0,0),(5,8,830,0,0),(5,9,831,0,0),(5,13,833,0,0),(5,16,836,0,1),(5,29,852,0,0),(5,13,856,0,0),(5,6,858,0,0),(5,13,860,0,0),(5,13,862,0,0),(5,13,864,0,0),(5,13,866,0,0),(5,4,868,0,0),(5,13,870,0,0),(5,13,872,0,0),(5,13,874,0,0),(5,13,876,0,0),(5,13,878,0,0),(5,13,880,0,0),(5,13,882,0,0),(5,13,884,0,0),(5,13,886,0,0),(5,13,892,0,0),(5,13,894,0,0),(5,13,896,0,0),(5,13,898,0,0),(5,6,900,0,0),(5,13,901,0,0),(6,6,1,0,0),(6,6,2,0,0),(6,6,3,0,0),(6,6,4,0,0),(6,6,7,0,0),(6,6,8,0,0),(6,6,10,0,0),(6,6,14,0,0),(6,6,15,0,0),(6,6,16,0,0),(6,6,18,0,0),(6,6,20,0,0),(6,6,21,0,1),(6,6,22,0,1),(6,6,23,0,0),(6,6,24,0,0),(6,6,25,0,0),(6,6,26,0,0),(6,6,27,0,0),(6,6,28,0,0),(6,6,29,0,0),(6,6,30,0,0),(6,6,31,0,0),(6,6,32,0,0),(6,6,33,0,0),(6,6,34,0,0),(6,6,35,0,0),(6,6,36,0,0),(6,4,66,0,0),(6,4,67,0,0),(6,4,68,0,0),(6,4,69,0,0),(6,4,70,0,0),(6,4,71,0,0),(6,4,72,0,0),(6,4,73,0,0),(6,4,75,0,0),(6,4,76,0,0),(6,4,78,0,0),(6,4,79,0,0),(6,4,80,0,0),(6,4,81,0,0),(6,4,83,0,0),(6,4,86,0,0),(6,4,87,0,0),(6,4,90,0,1),(6,4,91,0,1),(6,4,92,0,0),(6,4,93,0,0),(6,4,94,0,0),(6,4,95,0,0),(6,4,96,0,0),(6,4,97,0,0),(6,4,98,0,0),(6,4,99,0,0),(6,4,100,0,0),(6,4,101,0,0),(6,4,102,0,0),(6,4,103,0,0),(6,4,104,0,0),(6,4,105,0,0),(6,4,106,0,0),(6,4,107,0,0),(6,4,108,0,0),(6,4,109,0,0),(6,13,155,0,0),(6,13,156,0,0),(6,13,157,0,0),(6,13,158,0,0),(6,13,160,0,0),(6,13,161,0,0),(6,13,162,0,0),(6,13,164,0,0),(6,13,165,0,0),(6,13,166,0,1),(6,13,167,0,1),(6,13,168,0,0),(6,13,169,0,0),(6,13,170,0,0),(6,13,171,0,0),(6,13,172,0,0),(6,8,205,0,0),(6,8,206,0,1),(6,8,207,0,1),(6,8,208,0,0),(6,8,209,0,0),(6,8,210,0,0),(6,8,211,0,1),(6,8,212,0,1),(6,8,213,0,0),(6,8,214,0,0),(6,8,215,0,0),(6,8,216,0,1),(6,8,217,0,0),(6,8,218,0,0),(6,8,219,0,0),(6,10,220,0,0),(6,10,221,0,0),(6,10,222,0,0),(6,10,223,0,0),(6,10,224,0,0),(6,10,225,0,0),(6,10,226,0,0),(6,10,227,0,0),(6,10,228,0,0),(6,10,229,0,1),(6,10,230,0,0),(6,10,231,0,0),(6,9,232,0,0),(6,9,233,0,0),(6,9,234,0,0),(6,9,235,0,0),(6,9,236,0,0),(6,9,237,0,0),(6,9,238,0,0),(6,9,239,0,0),(6,9,240,0,0),(6,9,241,0,0),(6,9,242,0,0),(6,9,243,0,0),(6,9,244,0,1),(6,9,245,0,1),(6,9,246,0,0),(6,9,247,0,0),(6,9,248,0,0),(6,9,249,0,0),(6,9,250,0,0),(6,9,251,0,0),(6,9,252,0,0),(6,9,253,0,0),(6,9,254,0,0),(6,9,255,0,0),(6,16,256,0,0),(6,16,257,0,0),(6,16,258,0,0),(6,16,259,0,0),(6,16,260,0,0),(6,16,261,0,0),(6,16,262,0,0),(6,16,263,0,0),(6,16,264,0,0),(6,16,265,0,0),(6,16,266,0,0),(6,16,267,0,0),(6,16,268,0,0),(6,16,269,0,0),(6,16,270,0,1),(6,16,271,0,1),(6,16,272,0,0),(6,16,273,0,0),(6,16,274,0,0),(6,16,275,0,0),(6,16,276,0,0),(6,16,277,0,0),(6,16,278,0,0),(6,23,436,0,0),(6,23,437,0,0),(6,23,438,0,0),(6,23,439,0,0),(6,23,440,0,0),(6,23,441,0,0),(6,23,442,0,0),(6,23,443,0,0),(6,23,444,0,0),(6,23,445,0,0),(6,23,446,0,0),(6,23,447,0,0),(6,23,448,0,0),(6,23,449,0,0),(6,23,450,0,0),(6,23,451,0,0),(6,23,452,0,0),(6,23,453,0,0),(6,23,454,0,0),(6,23,455,0,1),(6,23,456,0,1),(6,23,457,0,0),(6,23,458,0,0),(6,23,459,0,0),(6,23,460,0,0),(6,23,461,0,0),(6,23,462,0,0),(6,23,463,0,0),(6,23,464,0,0),(6,23,465,0,0),(6,23,466,0,0),(6,23,467,0,0),(6,23,468,0,0),(6,23,469,0,0),(6,23,470,0,0),(6,23,471,0,0),(6,23,472,0,0),(6,23,473,0,0),(6,23,474,0,0),(6,29,475,0,0),(6,29,479,0,0),(6,29,480,0,0),(6,29,481,0,0),(6,29,482,0,0),(6,29,489,0,0),(6,29,490,0,0),(6,29,491,0,0),(6,29,492,0,0),(6,29,493,0,0),(6,29,494,0,0),(6,29,495,0,0),(6,29,496,0,0),(6,29,497,0,0),(6,29,498,0,0),(6,29,499,0,0),(6,29,504,0,0),(6,29,505,0,0),(6,29,506,0,0),(6,29,507,0,0),(6,29,510,0,0),(6,10,520,0,0),(6,10,521,0,0),(6,10,522,0,0),(6,10,523,0,0),(6,10,524,0,0),(6,10,525,0,0),(6,29,543,0,0),(6,35,544,0,0),(6,35,545,0,1),(6,35,546,0,1),(6,35,547,0,0),(6,35,548,0,1),(6,35,549,0,0),(6,35,550,0,0),(6,35,551,0,0),(6,35,552,0,0),(6,35,553,0,0),(6,35,554,0,0),(6,35,555,0,1),(6,35,556,0,1),(6,35,557,0,0),(6,35,558,0,0),(6,35,559,0,0),(6,35,560,0,1),(6,35,561,0,0),(6,35,562,0,0),(6,35,563,0,1),(6,35,564,0,0),(6,35,565,0,0),(6,42,609,0,0),(6,42,610,0,0),(6,42,611,0,1),(6,42,612,0,1),(6,42,613,0,0),(6,42,614,0,1),(6,42,615,0,0),(6,42,616,0,1),(6,47,668,0,0),(6,47,669,0,1),(6,47,670,0,1),(6,47,671,0,0),(6,47,672,0,0),(6,47,673,0,1),(6,23,676,0,0),(6,23,677,0,0),(6,23,678,0,0),(6,23,679,0,0),(6,23,680,0,0),(6,23,681,0,0),(6,42,714,0,0),(6,23,718,0,0),(6,6,723,0,1),(6,4,724,0,1),(6,23,727,0,0),(6,23,728,0,0),(6,42,733,0,0),(6,42,734,0,0),(6,23,735,0,0),(6,13,741,0,0),(6,23,774,0,0),(6,42,786,0,0),(6,42,787,0,0),(6,42,788,0,0),(6,4,790,0,1),(6,6,791,0,1),(6,8,793,0,1),(6,9,794,0,1),(6,10,795,0,1),(6,13,796,0,1),(6,16,799,0,1),(6,23,805,0,1),(6,10,807,0,0),(6,4,809,0,0),(6,6,810,0,0),(6,8,812,0,0),(6,9,813,0,0),(6,10,814,0,0),(6,13,815,0,0),(6,16,818,0,1),(6,23,824,0,0),(6,4,827,0,0),(6,6,828,0,0),(6,8,830,0,0),(6,9,831,0,0),(6,10,832,0,0),(6,13,833,0,0),(6,16,836,0,1),(6,23,842,0,0),(6,23,847,0,0),(6,29,852,0,0),(6,13,856,0,0),(6,6,858,0,0),(6,13,860,0,0),(6,13,862,0,0),(6,13,864,0,0),(6,13,866,0,0),(6,4,868,0,0),(6,13,870,0,0),(6,13,872,0,0),(6,13,874,0,0),(6,13,876,0,0),(6,13,878,0,0),(6,13,880,0,0),(6,13,882,0,0),(6,13,884,0,0),(6,13,886,0,0),(6,13,892,0,0),(6,13,894,0,0),(6,13,896,0,0),(6,13,898,0,0),(6,6,900,0,0),(6,13,901,0,0),(7,6,1,0,0),(7,6,2,0,0),(7,6,3,0,0),(7,6,4,0,0),(7,6,7,0,0),(7,6,8,0,0),(7,6,10,0,0),(7,6,14,0,0),(7,6,15,0,0),(7,6,16,0,0),(7,6,18,0,0),(7,6,20,0,0),(7,6,21,0,1),(7,6,22,0,1),(7,6,23,0,0),(7,6,24,0,0),(7,6,25,0,0),(7,6,26,0,0),(7,6,27,0,0),(7,6,28,0,0),(7,6,29,0,0),(7,6,30,0,0),(7,6,31,0,0),(7,6,32,0,0),(7,6,33,0,0),(7,6,34,0,0),(7,6,35,0,0),(7,6,36,0,0),(7,4,66,0,0),(7,4,67,0,0),(7,4,68,0,0),(7,4,69,0,0),(7,4,70,0,0),(7,4,71,0,0),(7,4,72,0,0),(7,4,73,0,0),(7,4,75,0,0),(7,4,76,0,0),(7,4,78,0,0),(7,4,79,0,0),(7,4,80,0,0),(7,4,81,0,0),(7,4,83,0,0),(7,4,86,0,0),(7,4,87,0,0),(7,4,90,0,1),(7,4,91,0,1),(7,4,92,0,0),(7,4,96,0,0),(7,4,97,0,0),(7,4,98,0,0),(7,4,99,0,0),(7,4,100,0,0),(7,4,101,0,0),(7,4,102,0,0),(7,4,103,0,0),(7,4,104,0,0),(7,4,105,0,0),(7,4,106,0,0),(7,4,107,0,0),(7,4,108,0,0),(7,4,109,0,0),(7,13,155,0,0),(7,13,156,0,0),(7,13,157,0,0),(7,13,158,0,0),(7,13,160,0,0),(7,13,161,0,0),(7,13,162,0,0),(7,13,164,0,0),(7,13,165,0,0),(7,13,166,0,1),(7,13,167,0,1),(7,13,168,0,0),(7,13,169,0,0),(7,13,170,0,0),(7,13,171,0,0),(7,13,172,0,0),(7,8,205,0,0),(7,8,206,0,1),(7,8,207,0,1),(7,8,208,0,0),(7,8,209,0,0),(7,8,210,0,0),(7,8,211,0,1),(7,8,212,0,1),(7,8,213,0,0),(7,8,214,0,0),(7,8,215,0,0),(7,8,216,0,1),(7,8,217,0,0),(7,8,218,0,0),(7,8,219,0,0),(7,10,220,0,0),(7,10,221,0,0),(7,10,222,0,0),(7,10,223,0,0),(7,10,224,0,0),(7,10,225,0,0),(7,10,226,0,0),(7,10,227,0,0),(7,10,228,0,0),(7,10,229,0,1),(7,10,230,0,0),(7,10,231,0,0),(7,9,232,0,0),(7,9,233,0,0),(7,9,234,0,0),(7,9,235,0,0),(7,9,236,0,0),(7,9,237,0,0),(7,9,238,0,0),(7,9,239,0,0),(7,9,240,0,0),(7,9,241,0,0),(7,9,242,0,0),(7,9,243,0,0),(7,9,244,0,1),(7,9,245,0,1),(7,9,246,0,0),(7,9,247,0,0),(7,9,248,0,0),(7,9,249,0,0),(7,9,250,0,0),(7,9,251,0,0),(7,9,252,0,0),(7,9,253,0,0),(7,9,254,0,0),(7,9,255,0,0),(7,16,256,0,0),(7,16,257,0,0),(7,16,258,0,0),(7,16,259,0,0),(7,16,260,0,0),(7,16,261,0,0),(7,16,262,0,0),(7,16,263,0,0),(7,16,264,0,0),(7,16,265,0,0),(7,16,266,0,0),(7,16,267,0,0),(7,16,268,0,0),(7,16,269,0,0),(7,16,270,0,1),(7,16,271,0,1),(7,16,272,0,0),(7,16,273,0,0),(7,16,274,0,0),(7,16,275,0,0),(7,16,276,0,0),(7,16,277,0,0),(7,16,278,0,0),(7,29,475,0,0),(7,29,479,0,0),(7,29,480,0,0),(7,29,481,0,0),(7,29,482,0,0),(7,29,489,0,0),(7,29,490,0,0),(7,29,491,0,0),(7,29,492,0,0),(7,29,493,0,0),(7,29,494,0,0),(7,29,495,0,0),(7,29,496,0,0),(7,29,497,0,0),(7,29,498,0,0),(7,29,499,0,0),(7,29,504,0,0),(7,29,505,0,0),(7,29,506,0,0),(7,29,507,0,0),(7,29,510,0,0),(7,10,520,0,0),(7,10,521,0,0),(7,10,522,0,0),(7,10,523,0,0),(7,10,524,0,0),(7,10,525,0,0),(7,29,543,0,0),(7,35,544,0,0),(7,35,545,0,1),(7,35,546,0,1),(7,35,547,0,0),(7,35,548,0,1),(7,35,549,0,0),(7,35,550,0,0),(7,35,551,0,0),(7,35,552,0,0),(7,35,553,0,0),(7,35,554,0,0),(7,35,555,0,1),(7,35,556,0,1),(7,35,557,0,0),(7,35,558,0,0),(7,35,559,0,0),(7,35,560,0,1),(7,35,561,0,0),(7,35,562,0,0),(7,35,563,0,1),(7,35,564,0,0),(7,35,565,0,0),(7,42,609,0,0),(7,42,610,0,0),(7,42,611,0,1),(7,42,612,0,1),(7,42,613,0,0),(7,42,614,0,1),(7,42,615,0,0),(7,42,616,0,1),(7,47,668,0,0),(7,47,669,0,1),(7,47,670,0,1),(7,47,671,0,0),(7,47,672,0,0),(7,47,673,0,1),(7,42,714,0,0),(7,6,723,0,1),(7,4,724,0,1),(7,42,733,0,0),(7,42,734,0,0),(7,13,741,0,0),(7,42,786,0,0),(7,42,787,0,0),(7,42,788,0,0),(7,4,790,0,1),(7,6,791,0,1),(7,8,793,0,1),(7,9,794,0,1),(7,10,795,0,1),(7,13,796,0,1),(7,16,799,0,1),(7,10,807,0,0),(7,4,809,0,0),(7,6,810,0,0),(7,8,812,0,0),(7,9,813,0,0),(7,10,814,0,0),(7,13,815,0,0),(7,16,818,0,1),(7,4,827,0,0),(7,6,828,0,0),(7,8,830,0,0),(7,9,831,0,0),(7,10,832,0,0),(7,13,833,0,0),(7,16,836,0,1),(7,29,852,0,0),(7,13,856,0,0),(7,6,858,0,0),(7,13,860,0,0),(7,13,862,0,0),(7,13,864,0,0),(7,13,866,0,0),(7,4,868,0,0),(7,13,870,0,0),(7,13,872,0,0),(7,13,874,0,0),(7,13,876,0,0),(7,13,878,0,0),(7,13,880,0,0),(7,13,882,0,0),(7,13,884,0,0),(7,13,886,0,0),(7,13,892,0,0),(7,13,894,0,0),(7,13,896,0,0),(7,13,898,0,0),(7,6,900,0,0),(7,13,901,0,0),(8,6,1,0,0),(8,6,2,0,0),(8,6,3,0,0),(8,6,4,0,0),(8,6,7,0,0),(8,6,8,0,0),(8,6,10,0,0),(8,6,14,0,0),(8,6,15,0,0),(8,6,16,0,0),(8,6,18,0,0),(8,6,20,0,0),(8,6,21,0,1),(8,6,22,0,1),(8,6,23,0,0),(8,6,24,0,0),(8,6,25,0,0),(8,6,26,0,0),(8,6,27,0,0),(8,6,28,0,0),(8,6,29,0,0),(8,6,30,0,0),(8,6,31,0,0),(8,6,32,0,0),(8,6,33,0,0),(8,6,34,0,0),(8,6,35,0,0),(8,6,36,0,0),(8,4,66,0,0),(8,4,67,0,0),(8,4,68,0,0),(8,4,69,0,0),(8,4,70,0,0),(8,4,71,0,0),(8,4,72,0,0),(8,4,73,0,0),(8,4,75,0,0),(8,4,76,0,0),(8,4,78,0,0),(8,4,79,0,0),(8,4,80,0,0),(8,4,81,0,0),(8,4,83,0,0),(8,4,86,0,0),(8,4,87,0,0),(8,4,90,0,1),(8,4,91,0,1),(8,4,92,0,0),(8,4,93,0,0),(8,4,94,0,0),(8,4,95,0,0),(8,4,96,0,0),(8,4,97,0,0),(8,4,98,0,0),(8,4,99,0,0),(8,4,100,0,0),(8,4,101,0,0),(8,4,102,0,0),(8,4,103,0,0),(8,4,104,0,0),(8,4,105,0,0),(8,4,106,0,0),(8,4,107,0,0),(8,4,108,0,0),(8,4,109,0,0),(8,13,155,0,0),(8,13,156,0,0),(8,13,157,0,0),(8,13,158,0,0),(8,13,160,0,0),(8,13,161,0,0),(8,13,162,0,0),(8,13,164,0,0),(8,13,165,0,0),(8,13,166,0,1),(8,13,167,0,1),(8,13,168,0,0),(8,13,169,0,0),(8,13,170,0,0),(8,13,171,0,1),(8,13,172,0,0),(8,8,205,0,0),(8,8,206,0,1),(8,8,207,0,1),(8,8,208,0,0),(8,8,209,0,0),(8,8,210,0,0),(8,8,211,0,1),(8,8,212,0,1),(8,8,213,0,0),(8,8,214,0,0),(8,8,215,0,0),(8,8,216,0,1),(8,8,217,0,0),(8,8,218,0,0),(8,8,219,0,0),(8,10,220,0,0),(8,10,221,0,0),(8,10,222,0,0),(8,10,223,0,0),(8,10,224,0,0),(8,10,225,0,0),(8,10,226,0,0),(8,10,227,0,0),(8,10,228,0,0),(8,10,229,0,1),(8,10,230,0,0),(8,10,231,0,0),(8,9,232,0,0),(8,9,233,0,0),(8,9,234,0,0),(8,9,235,0,0),(8,9,236,0,0),(8,9,237,0,0),(8,9,238,0,0),(8,9,239,0,0),(8,9,240,0,0),(8,9,241,0,0),(8,9,242,0,0),(8,9,243,0,0),(8,9,244,0,1),(8,9,245,0,1),(8,9,246,0,0),(8,9,247,0,0),(8,9,248,0,0),(8,9,249,0,0),(8,9,250,0,0),(8,9,251,0,0),(8,9,252,0,0),(8,9,253,0,0),(8,9,254,0,0),(8,9,255,0,0),(8,16,256,0,0),(8,16,257,0,0),(8,16,258,0,0),(8,16,259,0,0),(8,16,260,0,0),(8,16,261,0,0),(8,16,262,0,0),(8,16,263,0,0),(8,16,264,0,0),(8,16,265,0,0),(8,16,266,0,0),(8,16,267,0,0),(8,16,268,0,0),(8,16,269,0,0),(8,16,270,0,1),(8,16,271,0,1),(8,16,272,0,0),(8,16,273,0,0),(8,16,274,0,0),(8,16,275,0,0),(8,16,276,0,0),(8,16,277,0,0),(8,16,278,0,0),(8,15,279,0,0),(8,15,280,0,0),(8,15,281,0,0),(8,15,282,0,0),(8,15,283,0,0),(8,15,284,0,0),(8,15,286,0,1),(8,15,287,0,1),(8,15,288,0,0),(8,23,436,0,0),(8,23,437,0,0),(8,23,438,0,0),(8,23,439,0,0),(8,23,440,0,0),(8,23,441,0,0),(8,23,442,0,0),(8,23,443,0,0),(8,23,444,0,0),(8,23,445,0,0),(8,23,446,0,0),(8,23,447,0,0),(8,23,448,0,0),(8,23,449,0,0),(8,23,450,0,0),(8,23,451,0,0),(8,23,452,0,0),(8,23,453,0,0),(8,23,454,0,0),(8,23,455,0,1),(8,23,456,0,1),(8,23,457,0,0),(8,23,458,0,0),(8,23,459,0,0),(8,23,460,0,0),(8,23,461,0,0),(8,23,462,0,0),(8,23,463,0,0),(8,23,464,0,0),(8,23,465,0,0),(8,23,466,0,0),(8,23,467,0,0),(8,23,468,0,0),(8,23,469,0,0),(8,23,470,0,0),(8,23,471,0,0),(8,23,472,0,0),(8,23,473,0,0),(8,23,474,0,0),(8,29,475,0,0),(8,29,479,0,0),(8,29,480,0,0),(8,29,481,0,0),(8,29,482,0,0),(8,29,489,0,0),(8,29,490,0,0),(8,29,491,0,0),(8,29,492,0,0),(8,29,493,0,0),(8,29,494,0,0),(8,29,495,0,0),(8,29,496,0,0),(8,29,497,0,0),(8,29,498,0,0),(8,29,499,0,0),(8,29,504,0,0),(8,29,505,0,0),(8,29,506,0,0),(8,29,507,0,0),(8,29,510,0,0),(8,10,520,0,0),(8,10,521,0,0),(8,10,522,0,0),(8,10,523,0,0),(8,10,524,0,0),(8,10,525,0,0),(8,29,543,0,0),(8,35,544,0,0),(8,35,545,0,1),(8,35,546,0,1),(8,35,547,0,0),(8,35,548,0,1),(8,35,549,0,0),(8,35,550,0,0),(8,35,551,0,0),(8,35,552,0,0),(8,35,553,0,0),(8,35,554,0,0),(8,35,555,0,1),(8,35,556,0,1),(8,35,557,0,0),(8,35,558,0,0),(8,35,559,0,0),(8,35,560,0,1),(8,35,561,0,0),(8,35,562,0,0),(8,35,563,0,1),(8,35,564,0,0),(8,35,565,0,0),(8,42,609,0,0),(8,42,610,0,0),(8,42,611,0,1),(8,42,612,0,1),(8,42,613,0,0),(8,42,614,0,1),(8,42,615,0,0),(8,42,616,0,1),(8,47,668,0,0),(8,47,669,0,1),(8,47,670,0,1),(8,47,671,0,0),(8,47,672,0,0),(8,47,673,0,1),(8,23,676,0,0),(8,23,677,0,0),(8,23,678,0,0),(8,23,679,0,0),(8,23,680,0,0),(8,23,681,0,0),(8,42,714,0,0),(8,23,718,0,0),(8,6,723,0,1),(8,4,724,0,1),(8,23,727,0,0),(8,23,728,0,0),(8,42,733,0,0),(8,42,734,0,0),(8,23,735,0,0),(8,13,741,1,0),(8,23,774,0,0),(8,42,786,0,0),(8,42,787,0,0),(8,42,788,0,0),(8,4,790,0,1),(8,6,791,0,1),(8,8,793,0,1),(8,9,794,0,1),(8,10,795,0,1),(8,13,796,0,1),(8,15,798,0,1),(8,16,799,0,1),(8,23,805,0,1),(8,10,807,0,0),(8,4,809,0,0),(8,6,810,0,0),(8,8,812,0,0),(8,9,813,0,0),(8,10,814,0,0),(8,13,815,0,0),(8,15,817,0,0),(8,16,818,0,1),(8,23,824,0,0),(8,4,827,0,0),(8,6,828,0,0),(8,8,830,0,0),(8,9,831,0,0),(8,10,832,0,0),(8,13,833,0,0),(8,15,835,0,0),(8,16,836,0,1),(8,23,842,0,0),(8,23,847,0,0),(8,29,852,0,0),(8,13,856,0,0),(8,6,858,0,0),(8,13,860,0,0),(8,13,862,0,0),(8,13,864,0,0),(8,13,866,0,0),(8,4,868,0,0),(8,13,870,0,1),(8,13,872,0,1),(8,13,874,1,0),(8,13,876,1,0),(8,13,878,0,1),(8,13,880,0,1),(8,13,882,1,0),(8,13,884,1,0),(8,13,886,0,0),(8,13,892,0,0),(8,13,894,0,0),(8,13,896,0,0),(8,13,898,0,1),(8,6,900,0,0),(8,13,901,0,0),(9,6,1,0,0),(9,6,2,0,0),(9,6,3,0,0),(9,6,4,0,0),(9,6,7,0,0),(9,6,8,0,0),(9,6,10,0,0),(9,6,14,0,0),(9,6,15,0,0),(9,6,16,0,0),(9,6,18,0,0),(9,6,20,0,0),(9,6,21,0,1),(9,6,22,0,1),(9,6,23,0,0),(9,6,24,0,0),(9,6,25,0,0),(9,6,26,0,0),(9,6,27,0,0),(9,6,28,0,0),(9,6,29,0,0),(9,6,30,0,0),(9,6,31,0,0),(9,6,32,0,0),(9,6,33,0,0),(9,6,34,0,0),(9,6,35,0,0),(9,6,36,0,0),(9,4,66,0,0),(9,4,67,0,0),(9,4,68,0,0),(9,4,69,0,0),(9,4,70,0,0),(9,4,71,0,0),(9,4,72,0,0),(9,4,73,0,0),(9,4,75,0,0),(9,4,76,0,0),(9,4,78,0,0),(9,4,79,0,0),(9,4,80,0,0),(9,4,81,0,0),(9,4,83,0,0),(9,4,86,0,0),(9,4,87,0,0),(9,4,90,0,1),(9,4,91,0,1),(9,4,92,0,0),(9,4,93,0,0),(9,4,94,0,0),(9,4,95,0,0),(9,4,96,0,0),(9,4,97,0,0),(9,4,98,0,0),(9,4,99,0,0),(9,4,100,0,0),(9,4,101,0,0),(9,4,102,0,0),(9,4,103,0,0),(9,4,104,0,0),(9,4,105,0,0),(9,4,106,0,0),(9,4,107,0,0),(9,4,108,0,0),(9,4,109,0,0),(9,13,155,0,0),(9,13,156,0,0),(9,13,157,0,0),(9,13,158,0,0),(9,13,160,0,0),(9,13,161,0,0),(9,13,162,0,0),(9,13,166,0,1),(9,13,167,0,1),(9,13,168,0,0),(9,13,169,0,0),(9,13,170,0,0),(9,13,171,0,0),(9,13,172,0,0),(9,8,205,0,0),(9,8,206,0,1),(9,8,207,0,1),(9,8,208,0,0),(9,8,209,0,0),(9,8,210,0,0),(9,8,211,0,1),(9,8,212,0,1),(9,8,213,0,0),(9,8,214,0,0),(9,8,215,0,0),(9,8,216,0,1),(9,8,217,0,0),(9,8,218,0,0),(9,8,219,0,0),(9,10,220,0,0),(9,10,221,0,0),(9,10,222,0,0),(9,10,223,0,0),(9,10,224,0,0),(9,10,225,0,0),(9,10,226,0,0),(9,10,227,0,0),(9,10,228,0,0),(9,10,229,0,1),(9,10,230,0,0),(9,10,231,0,0),(9,9,232,0,0),(9,9,233,0,0),(9,9,234,0,0),(9,9,235,0,0),(9,9,236,0,0),(9,9,237,0,0),(9,9,238,0,0),(9,9,239,0,0),(9,9,240,0,0),(9,9,241,0,0),(9,9,242,0,0),(9,9,243,0,0),(9,9,244,0,1),(9,9,245,0,1),(9,9,246,0,0),(9,9,247,0,0),(9,9,248,0,0),(9,9,249,0,0),(9,9,250,0,0),(9,9,251,0,0),(9,9,252,0,0),(9,9,253,0,0),(9,9,254,0,0),(9,9,255,0,0),(9,16,256,0,0),(9,16,257,0,0),(9,16,258,0,0),(9,16,259,0,0),(9,16,260,0,0),(9,16,261,0,0),(9,16,262,0,0),(9,16,263,0,0),(9,16,264,0,0),(9,16,265,0,0),(9,16,266,0,0),(9,16,267,0,0),(9,16,268,0,0),(9,16,269,0,0),(9,16,270,0,1),(9,16,271,0,1),(9,16,272,0,0),(9,16,273,0,0),(9,16,274,0,0),(9,16,275,0,0),(9,16,276,0,0),(9,16,277,0,0),(9,16,278,0,0),(9,15,279,0,0),(9,15,280,0,0),(9,15,281,0,0),(9,15,282,0,0),(9,15,283,0,0),(9,15,284,0,0),(9,15,286,0,1),(9,15,287,0,1),(9,15,288,0,0),(9,23,436,0,0),(9,23,437,0,0),(9,23,438,0,0),(9,23,439,0,0),(9,23,440,0,0),(9,23,441,0,0),(9,23,442,0,0),(9,23,443,0,0),(9,23,444,0,0),(9,23,445,0,0),(9,23,446,0,0),(9,23,447,0,0),(9,23,448,0,0),(9,23,449,0,0),(9,23,450,0,0),(9,23,451,0,0),(9,23,452,0,0),(9,23,453,0,0),(9,23,454,0,0),(9,23,455,0,1),(9,23,456,0,1),(9,23,457,0,0),(9,23,458,0,0),(9,23,459,0,0),(9,23,460,0,0),(9,23,461,0,0),(9,23,462,0,0),(9,23,463,0,0),(9,23,464,0,0),(9,23,465,0,0),(9,23,466,0,0),(9,23,467,0,0),(9,23,468,0,0),(9,23,469,0,0),(9,23,470,0,0),(9,23,471,0,0),(9,23,472,0,0),(9,23,473,0,0),(9,23,474,0,0),(9,29,475,0,0),(9,29,479,0,0),(9,29,480,0,0),(9,29,481,0,0),(9,29,482,0,0),(9,29,489,0,0),(9,29,490,0,0),(9,29,491,0,0),(9,29,492,0,0),(9,29,493,0,0),(9,29,494,0,0),(9,29,495,0,0),(9,29,496,0,0),(9,29,497,0,0),(9,29,498,0,0),(9,29,499,0,0),(9,29,504,0,0),(9,29,505,0,0),(9,29,506,0,0),(9,29,507,0,0),(9,29,510,0,0),(9,10,520,0,0),(9,10,521,0,0),(9,10,522,0,0),(9,10,523,0,0),(9,10,524,0,0),(9,10,525,0,0),(9,29,543,0,0),(9,35,544,0,0),(9,35,545,0,1),(9,35,546,0,1),(9,35,547,0,0),(9,35,548,0,1),(9,35,549,0,0),(9,35,550,0,0),(9,35,551,0,0),(9,35,552,0,0),(9,35,553,0,0),(9,35,554,0,0),(9,35,555,0,1),(9,35,556,0,1),(9,35,557,0,0),(9,35,558,0,0),(9,35,559,0,0),(9,35,560,0,1),(9,35,561,0,0),(9,35,562,0,0),(9,35,563,0,1),(9,35,564,0,0),(9,35,565,0,0),(9,42,609,0,0),(9,42,610,0,0),(9,42,611,0,1),(9,42,612,0,1),(9,42,613,0,0),(9,42,614,0,1),(9,42,615,0,0),(9,42,616,0,1),(9,47,668,0,0),(9,47,669,0,1),(9,47,670,0,1),(9,47,671,0,0),(9,47,672,0,0),(9,47,673,0,1),(9,23,676,0,0),(9,23,677,0,0),(9,23,678,0,0),(9,23,679,0,0),(9,23,680,0,0),(9,23,681,0,0),(9,42,714,0,0),(9,23,718,0,0),(9,6,723,0,1),(9,4,724,0,1),(9,23,727,0,0),(9,23,728,0,0),(9,42,733,0,0),(9,42,734,0,0),(9,23,735,0,0),(9,13,741,0,0),(9,23,774,0,0),(9,42,786,0,0),(9,42,787,0,0),(9,42,788,0,0),(9,4,790,0,1),(9,6,791,0,1),(9,8,793,0,1),(9,9,794,0,1),(9,10,795,0,1),(9,13,796,0,1),(9,15,798,0,1),(9,16,799,0,1),(9,23,805,0,1),(9,10,807,0,0),(9,4,809,0,0),(9,6,810,0,0),(9,8,812,0,0),(9,9,813,0,0),(9,10,814,0,0),(9,13,815,0,0),(9,15,817,0,0),(9,16,818,0,1),(9,23,824,0,0),(9,4,827,0,0),(9,6,828,0,0),(9,8,830,0,0),(9,9,831,0,0),(9,10,832,0,0),(9,13,833,0,0),(9,15,835,0,0),(9,16,836,0,1),(9,23,842,0,0),(9,23,847,0,0),(9,29,852,0,0),(9,13,856,0,0),(9,6,858,0,0),(9,13,860,0,0),(9,13,862,0,0),(9,13,864,0,0),(9,13,866,0,0),(9,4,868,0,0),(9,13,870,0,0),(9,13,872,0,0),(9,13,874,0,0),(9,13,876,0,0),(9,13,878,0,0),(9,13,880,0,0),(9,13,882,0,0),(9,13,884,0,0),(9,13,886,0,0),(9,13,892,0,0),(9,13,894,0,0),(9,13,896,0,0),(9,13,898,0,0),(9,6,900,0,0),(9,13,901,0,0),(10,6,1,0,0),(10,6,2,0,0),(10,6,3,0,0),(10,6,4,0,0),(10,6,7,0,0),(10,6,8,0,0),(10,6,10,0,0),(10,6,14,0,0),(10,6,15,0,0),(10,6,16,0,0),(10,6,18,0,0),(10,6,20,0,0),(10,6,21,0,1),(10,6,22,0,1),(10,6,23,0,0),(10,6,24,0,0),(10,6,25,0,0),(10,6,26,0,0),(10,6,27,0,0),(10,6,28,0,0),(10,6,29,0,0),(10,6,30,0,0),(10,6,31,0,0),(10,6,32,0,0),(10,6,33,0,0),(10,6,34,0,0),(10,6,35,0,0),(10,6,36,0,0),(10,4,66,0,0),(10,4,67,0,0),(10,4,68,0,0),(10,4,69,0,0),(10,4,70,0,0),(10,4,71,0,0),(10,4,72,0,0),(10,4,73,0,0),(10,4,75,0,0),(10,4,76,0,0),(10,4,78,0,0),(10,4,79,0,0),(10,4,80,0,0),(10,4,81,0,0),(10,4,83,0,0),(10,4,86,0,0),(10,4,87,0,0),(10,4,90,0,1),(10,4,91,0,1),(10,4,92,0,0),(10,4,93,0,0),(10,4,94,0,0),(10,4,95,0,0),(10,4,96,0,0),(10,4,97,0,0),(10,4,98,0,0),(10,4,99,0,0),(10,4,100,0,0),(10,4,101,0,0),(10,4,102,0,0),(10,4,103,0,0),(10,4,104,0,0),(10,4,105,0,0),(10,4,106,0,0),(10,4,107,0,0),(10,4,108,0,0),(10,4,109,0,0),(10,13,155,0,0),(10,13,156,0,0),(10,13,157,0,0),(10,13,158,0,0),(10,13,160,0,0),(10,13,161,0,0),(10,13,162,0,0),(10,13,166,0,1),(10,13,167,0,1),(10,13,168,0,0),(10,13,169,0,0),(10,13,170,0,0),(10,13,171,0,0),(10,13,172,0,0),(10,8,205,0,0),(10,8,206,0,1),(10,8,207,0,1),(10,8,208,0,0),(10,8,209,0,0),(10,8,210,0,0),(10,8,211,0,1),(10,8,212,0,1),(10,8,213,0,0),(10,8,214,0,0),(10,8,215,0,0),(10,8,216,0,1),(10,8,217,0,0),(10,8,218,0,0),(10,8,219,0,0),(10,10,220,0,0),(10,10,221,0,0),(10,10,222,0,0),(10,10,223,0,0),(10,10,224,0,0),(10,10,225,0,0),(10,10,226,0,0),(10,10,227,0,0),(10,10,228,0,0),(10,10,229,0,1),(10,10,230,0,0),(10,10,231,0,0),(10,9,232,0,0),(10,9,233,0,0),(10,9,234,0,0),(10,9,235,0,0),(10,9,236,0,0),(10,9,237,0,0),(10,9,238,0,0),(10,9,239,0,0),(10,9,240,0,0),(10,9,241,0,0),(10,9,242,0,0),(10,9,243,0,0),(10,9,244,0,1),(10,9,245,0,1),(10,9,246,0,0),(10,9,247,0,0),(10,9,248,0,0),(10,9,249,0,0),(10,9,250,0,0),(10,9,251,0,0),(10,9,252,0,0),(10,9,253,0,0),(10,9,254,0,0),(10,9,255,0,0),(10,16,256,0,0),(10,16,257,0,0),(10,16,258,0,0),(10,16,259,0,0),(10,16,260,0,0),(10,16,261,0,0),(10,16,262,0,0),(10,16,263,0,0),(10,16,264,0,0),(10,16,265,0,0),(10,16,266,0,0),(10,16,267,0,0),(10,16,268,0,0),(10,16,269,0,0),(10,16,270,0,1),(10,16,271,0,1),(10,16,272,0,0),(10,16,273,0,0),(10,16,274,0,0),(10,16,275,0,0),(10,16,276,0,0),(10,16,277,0,0),(10,16,278,0,0),(10,15,279,0,0),(10,15,280,0,0),(10,15,281,0,0),(10,15,282,0,0),(10,15,283,0,0),(10,15,284,0,0),(10,15,286,0,1),(10,15,287,0,1),(10,15,288,0,0),(10,23,436,0,0),(10,23,437,0,0),(10,23,438,0,0),(10,23,439,0,0),(10,23,440,0,0),(10,23,441,0,0),(10,23,442,0,0),(10,23,443,0,0),(10,23,444,0,0),(10,23,445,0,0),(10,23,446,0,0),(10,23,447,0,0),(10,23,448,0,0),(10,23,449,0,0),(10,23,450,0,0),(10,23,451,0,0),(10,23,452,0,0),(10,23,453,0,0),(10,23,454,0,0),(10,23,455,0,1),(10,23,456,0,1),(10,23,457,0,0),(10,23,458,0,0),(10,23,459,0,0),(10,23,460,0,0),(10,23,461,0,0),(10,23,462,0,0),(10,23,463,0,0),(10,23,464,0,0),(10,23,465,0,0),(10,23,466,0,0),(10,23,467,0,0),(10,23,468,0,0),(10,23,469,0,0),(10,23,470,0,0),(10,23,471,0,0),(10,23,472,0,0),(10,23,473,0,0),(10,23,474,0,0),(10,29,475,0,0),(10,29,479,0,0),(10,29,480,0,0),(10,29,481,0,0),(10,29,482,0,0),(10,29,489,0,0),(10,29,490,0,0),(10,29,491,0,0),(10,29,492,0,0),(10,29,493,0,0),(10,29,494,0,0),(10,29,495,0,0),(10,29,496,0,0),(10,29,497,0,0),(10,29,498,0,0),(10,29,499,0,0),(10,29,504,0,0),(10,29,505,0,0),(10,29,506,0,0),(10,29,507,0,0),(10,29,510,0,0),(10,10,520,0,0),(10,10,521,0,0),(10,10,522,0,0),(10,10,523,0,0),(10,10,524,0,0),(10,10,525,0,0),(10,29,543,0,0),(10,35,544,0,0),(10,35,545,0,1),(10,35,546,0,1),(10,35,547,0,0),(10,35,548,0,1),(10,35,549,0,0),(10,35,550,0,0),(10,35,551,0,0),(10,35,552,0,0),(10,35,553,0,0),(10,35,554,0,0),(10,35,555,0,1),(10,35,556,0,1),(10,35,557,0,0),(10,35,558,0,0),(10,35,559,0,0),(10,35,560,0,1),(10,35,561,0,0),(10,35,562,0,0),(10,35,563,0,1),(10,35,564,0,0),(10,35,565,0,0),(10,42,609,0,0),(10,42,610,0,0),(10,42,611,0,1),(10,42,612,0,1),(10,42,613,0,0),(10,42,614,0,1),(10,42,615,0,0),(10,42,616,0,1),(10,47,668,0,0),(10,47,669,0,1),(10,47,670,0,1),(10,47,671,0,0),(10,47,672,0,0),(10,47,673,0,1),(10,23,676,0,0),(10,23,677,0,0),(10,23,678,0,0),(10,23,679,0,0),(10,23,680,0,0),(10,23,681,0,0),(10,42,714,0,0),(10,23,718,0,0),(10,6,723,0,1),(10,4,724,0,1),(10,23,727,0,0),(10,23,728,0,0),(10,42,733,0,0),(10,42,734,0,0),(10,23,735,0,0),(10,13,741,0,0),(10,23,774,0,0),(10,42,786,0,0),(10,42,787,0,0),(10,42,788,0,0),(10,4,790,0,1),(10,6,791,0,1),(10,8,793,0,1),(10,9,794,0,1),(10,10,795,0,1),(10,13,796,0,1),(10,15,798,0,1),(10,16,799,0,1),(10,23,805,0,1),(10,10,807,0,0),(10,4,809,0,0),(10,6,810,0,0),(10,8,812,0,0),(10,9,813,0,0),(10,10,814,0,0),(10,13,815,0,0),(10,15,817,0,0),(10,16,818,0,1),(10,23,824,0,0),(10,4,827,0,0),(10,6,828,0,0),(10,8,830,0,0),(10,9,831,0,0),(10,10,832,0,0),(10,13,833,0,0),(10,15,835,0,0),(10,16,836,0,1),(10,23,842,0,0),(10,23,847,0,0),(10,29,852,0,0),(10,13,856,0,0),(10,6,858,0,0),(10,13,860,0,0),(10,13,862,0,0),(10,13,864,0,0),(10,13,866,0,0),(10,4,868,0,0),(10,13,870,0,0),(10,13,872,0,0),(10,13,874,0,0),(10,13,876,0,0),(10,13,878,0,0),(10,13,880,0,0),(10,13,882,0,0),(10,13,884,0,0),(10,13,886,0,0),(10,13,892,0,0),(10,13,894,0,0),(10,13,896,0,0),(10,13,898,0,0),(10,6,900,0,0),(10,13,901,0,0);

--
-- Table structure for table `vtiger_profile2globalpermissions`
--

CREATE TABLE `vtiger_profile2globalpermissions` (
  `profileid` int(11) NOT NULL,
  `globalactionid` int(11) NOT NULL,
  `globalactionpermission` int(11) DEFAULT NULL,
  PRIMARY KEY (`profileid`,`globalactionid`),
  KEY `idx_profile2globalpermissions` (`profileid`,`globalactionid`),
  CONSTRAINT `fk_1_vtiger_profile2globalpermissions` FOREIGN KEY (`profileid`) REFERENCES `vtiger_profile` (`profileid`) ON DELETE CASCADE
) ENGINE=InnoDB DEFAULT CHARSET=utf8mb4 COLLATE=utf8mb4_general_ci;

--
-- Dumping data for table `vtiger_profile2globalpermissions`
--

INSERT INTO `vtiger_profile2globalpermissions` VALUES (1,1,0),(1,2,0),(2,1,1),(2,2,1),(3,1,1),(3,2,1),(4,1,1),(4,2,1),(5,1,1),(5,2,1),(6,1,1),(6,2,1),(7,1,1),(7,2,1),(8,1,1),(8,2,1),(9,1,1),(9,2,1),(10,1,1),(10,2,1);

--
-- Table structure for table `vtiger_profile2standardpermissions`
--

CREATE TABLE `vtiger_profile2standardpermissions` (
  `profileid` int(11) NOT NULL,
  `tabid` int(11) NOT NULL,
  `operation` int(11) NOT NULL,
  `permissions` int(11) DEFAULT NULL,
  PRIMARY KEY (`profileid`,`tabid`,`operation`),
  KEY `profile2standardpermissions_profileid_tabid_operation_idx` (`profileid`,`tabid`,`operation`)
) ENGINE=InnoDB DEFAULT CHARSET=utf8mb4 COLLATE=utf8mb4_general_ci;

--
-- Dumping data for table `vtiger_profile2standardpermissions`
--

INSERT INTO `vtiger_profile2standardpermissions` VALUES (1,2,0,0),(1,2,1,0),(1,2,2,0),(1,2,3,0),(1,2,4,0),(1,2,7,0),(1,4,0,0),(1,4,1,0),(1,4,2,0),(1,4,3,0),(1,4,4,0),(1,4,7,0),(1,6,0,0),(1,6,1,0),(1,6,2,0),(1,6,3,0),(1,6,4,0),(1,6,7,0),(1,7,0,0),(1,7,1,0),(1,7,2,0),(1,7,3,0),(1,7,4,0),(1,7,7,0),(1,8,0,0),(1,8,1,0),(1,8,2,0),(1,8,3,0),(1,8,4,0),(1,8,7,0),(1,9,0,0),(1,9,1,0),(1,9,2,0),(1,9,3,0),(1,9,4,0),(1,9,7,0),(1,10,0,0),(1,10,1,0),(1,10,2,0),(1,10,4,0),(1,13,0,0),(1,13,1,0),(1,13,2,0),(1,13,3,0),(1,13,4,0),(1,13,7,0),(1,14,0,0),(1,14,1,0),(1,14,2,0),(1,14,3,0),(1,14,4,0),(1,14,7,0),(1,15,0,0),(1,15,1,0),(1,15,2,0),(1,15,3,0),(1,15,4,0),(1,15,7,0),(1,16,0,0),(1,16,1,0),(1,16,2,0),(1,16,3,0),(1,16,4,0),(1,16,7,0),(1,18,0,0),(1,18,1,0),(1,18,2,0),(1,18,3,0),(1,18,4,0),(1,18,7,0),(1,19,0,0),(1,19,1,0),(1,19,2,0),(1,19,3,0),(1,19,4,0),(1,19,7,0),(1,20,0,0),(1,20,1,0),(1,20,2,0),(1,20,3,0),(1,20,4,0),(1,20,7,0),(1,21,0,0),(1,21,1,0),(1,21,2,0),(1,21,3,0),(1,21,4,0),(1,21,7,0),(1,22,0,0),(1,22,1,0),(1,22,2,0),(1,22,3,0),(1,22,4,0),(1,22,7,0),(1,23,0,0),(1,23,1,0),(1,23,2,0),(1,23,3,0),(1,23,4,0),(1,23,7,0),(1,25,0,1),(1,25,1,1),(1,25,2,1),(1,25,3,0),(1,25,4,0),(1,25,7,1),(1,26,0,0),(1,26,1,0),(1,26,2,0),(1,26,3,0),(1,26,4,0),(1,26,7,0),(1,34,0,0),(1,34,1,0),(1,34,2,0),(1,34,3,0),(1,34,4,0),(1,34,7,0),(1,35,0,0),(1,35,1,0),(1,35,2,0),(1,35,3,0),(1,35,4,0),(1,35,7,0),(1,36,0,0),(1,36,1,0),(1,36,2,0),(1,36,3,0),(1,36,4,0),(1,36,7,0),(1,38,0,0),(1,38,1,0),(1,38,2,0),(1,38,3,0),(1,38,4,0),(1,38,7,0),(1,42,0,0),(1,42,1,0),(1,42,2,0),(1,42,3,0),(1,42,4,0),(1,42,7,0),(1,43,0,0),(1,43,1,0),(1,43,2,0),(1,43,3,0),(1,43,4,0),(1,43,7,0),(1,44,0,0),(1,44,1,0),(1,44,2,0),(1,44,3,0),(1,44,4,0),(1,44,7,0),(1,45,0,0),(1,45,1,0),(1,45,2,0),(1,45,3,0),(1,45,4,0),(1,45,7,0),(1,47,0,0),(1,47,1,0),(1,47,2,0),(1,47,3,0),(1,47,4,0),(1,47,7,0),(2,2,0,0),(2,2,1,0),(2,2,2,0),(2,2,3,0),(2,2,4,0),(2,2,7,0),(2,4,0,0),(2,4,1,0),(2,4,2,0),(2,4,3,0),(2,4,4,0),(2,4,7,0),(2,6,0,0),(2,6,1,0),(2,6,2,0),(2,6,3,0),(2,6,4,0),(2,6,7,0),(2,7,0,0),(2,7,1,0),(2,7,2,0),(2,7,3,0),(2,7,4,0),(2,7,7,0),(2,8,0,0),(2,8,1,0),(2,8,2,0),(2,8,3,0),(2,8,4,0),(2,8,7,0),(2,9,0,0),(2,9,1,0),(2,9,2,0),(2,9,3,0),(2,9,4,0),(2,9,7,0),(2,10,0,0),(2,10,1,0),(2,10,2,0),(2,10,4,0),(2,13,0,1),(2,13,1,1),(2,13,2,1),(2,13,3,0),(2,13,4,0),(2,13,7,1),(2,14,0,0),(2,14,1,0),(2,14,2,0),(2,14,3,0),(2,14,4,0),(2,14,7,0),(2,15,0,0),(2,15,1,0),(2,15,2,0),(2,15,3,0),(2,15,4,0),(2,15,7,0),(2,16,0,0),(2,16,1,0),(2,16,2,0),(2,16,3,0),(2,16,4,0),(2,16,7,0),(2,18,0,0),(2,18,1,0),(2,18,2,0),(2,18,3,0),(2,18,4,0),(2,18,7,0),(2,19,0,0),(2,19,1,0),(2,19,2,0),(2,19,3,0),(2,19,4,0),(2,19,7,0),(2,20,0,0),(2,20,1,0),(2,20,2,0),(2,20,3,0),(2,20,4,0),(2,20,7,0),(2,21,0,0),(2,21,1,0),(2,21,2,0),(2,21,3,0),(2,21,4,0),(2,21,7,0),(2,22,0,0),(2,22,1,0),(2,22,2,0),(2,22,3,0),(2,22,4,0),(2,22,7,0),(2,23,0,0),(2,23,1,0),(2,23,2,0),(2,23,3,0),(2,23,4,0),(2,23,7,0),(2,25,0,1),(2,25,1,1),(2,25,2,1),(2,25,3,0),(2,25,4,0),(2,25,7,1),(2,26,0,0),(2,26,1,0),(2,26,2,0),(2,26,3,0),(2,26,4,0),(2,26,7,0),(2,34,0,0),(2,34,1,0),(2,34,2,0),(2,34,3,0),(2,34,4,0),(2,34,7,0),(2,35,0,0),(2,35,1,0),(2,35,2,0),(2,35,3,0),(2,35,4,0),(2,35,7,0),(2,36,0,0),(2,36,1,0),(2,36,2,0),(2,36,3,0),(2,36,4,0),(2,36,7,0),(2,38,0,0),(2,38,1,0),(2,38,2,0),(2,38,3,0),(2,38,4,0),(2,38,7,0),(2,42,0,0),(2,42,1,0),(2,42,2,0),(2,42,3,0),(2,42,4,0),(2,42,7,0),(2,43,0,0),(2,43,1,0),(2,43,2,0),(2,43,3,0),(2,43,4,0),(2,43,7,0),(2,44,0,0),(2,44,1,0),(2,44,2,0),(2,44,3,0),(2,44,4,0),(2,44,7,0),(2,45,0,0),(2,45,1,0),(2,45,2,0),(2,45,3,0),(2,45,4,0),(2,45,7,0),(2,47,0,0),(2,47,1,0),(2,47,2,0),(2,47,3,0),(2,47,4,0),(2,47,7,0),(3,2,0,1),(3,2,1,1),(3,2,2,1),(3,2,3,0),(3,2,4,0),(3,2,7,1),(3,4,0,1),(3,4,1,1),(3,4,2,1),(3,4,3,0),(3,4,4,1),(3,4,7,1),(3,6,0,1),(3,6,1,1),(3,6,2,1),(3,6,3,0),(3,6,4,1),(3,6,7,1),(3,7,0,0),(3,7,1,0),(3,7,2,0),(3,7,3,0),(3,7,4,0),(3,7,7,0),(3,8,0,0),(3,8,1,0),(3,8,2,0),(3,8,3,0),(3,8,4,0),(3,8,7,0),(3,9,0,0),(3,9,1,0),(3,9,2,1),(3,9,3,0),(3,9,4,0),(3,9,7,0),(3,10,0,0),(3,10,1,0),(3,10,2,1),(3,10,4,0),(3,13,0,0),(3,13,1,0),(3,13,2,1),(3,13,3,0),(3,13,4,0),(3,13,7,1),(3,14,0,0),(3,14,1,0),(3,14,2,0),(3,14,3,0),(3,14,4,0),(3,14,7,0),(3,15,0,0),(3,15,1,0),(3,15,2,0),(3,15,3,0),(3,15,4,0),(3,15,7,0),(3,16,0,0),(3,16,1,0),(3,16,2,1),(3,16,3,0),(3,16,4,0),(3,16,7,0),(3,18,0,0),(3,18,1,0),(3,18,2,0),(3,18,3,0),(3,18,4,0),(3,18,7,0),(3,19,0,0),(3,19,1,0),(3,19,2,0),(3,19,3,0),(3,19,4,0),(3,19,7,0),(3,20,0,0),(3,20,1,0),(3,20,2,0),(3,20,3,0),(3,20,4,0),(3,20,7,0),(3,21,0,0),(3,21,1,0),(3,21,2,0),(3,21,3,0),(3,21,4,0),(3,21,7,0),(3,22,0,0),(3,22,1,0),(3,22,2,0),(3,22,3,0),(3,22,4,0),(3,22,7,0),(3,23,0,0),(3,23,1,0),(3,23,2,0),(3,23,3,0),(3,23,4,0),(3,23,7,0),(3,25,0,1),(3,25,1,0),(3,25,2,0),(3,25,3,0),(3,25,4,0),(3,25,7,0),(3,26,0,0),(3,26,1,0),(3,26,2,0),(3,26,3,0),(3,26,4,0),(3,26,7,0),(3,34,0,0),(3,34,1,0),(3,34,2,0),(3,34,3,0),(3,34,4,0),(3,34,7,0),(3,35,0,1),(3,35,1,1),(3,35,2,1),(3,35,3,0),(3,35,4,1),(3,35,7,1),(3,36,0,0),(3,36,1,0),(3,36,2,0),(3,36,3,0),(3,36,4,0),(3,36,7,0),(3,38,0,0),(3,38,1,0),(3,38,2,0),(3,38,3,0),(3,38,4,0),(3,38,7,0),(3,42,0,0),(3,42,1,0),(3,42,2,1),(3,42,3,0),(3,42,4,0),(3,42,7,0),(3,43,0,0),(3,43,1,0),(3,43,2,0),(3,43,3,0),(3,43,4,0),(3,43,7,0),(3,44,0,0),(3,44,1,0),(3,44,2,0),(3,44,3,0),(3,44,4,0),(3,44,7,0),(3,45,0,0),(3,45,1,0),(3,45,2,0),(3,45,3,0),(3,45,4,0),(3,45,7,0),(3,47,0,1),(3,47,1,1),(3,47,2,1),(3,47,3,0),(3,47,4,0),(3,47,7,1),(4,2,0,1),(4,2,1,1),(4,2,2,1),(4,2,3,0),(4,2,4,0),(4,2,7,1),(4,4,0,1),(4,4,1,1),(4,4,2,1),(4,4,3,0),(4,4,4,0),(4,4,7,1),(4,6,0,1),(4,6,1,1),(4,6,2,1),(4,6,3,0),(4,6,4,0),(4,6,7,1),(4,7,0,1),(4,7,1,1),(4,7,2,1),(4,7,3,0),(4,7,4,0),(4,7,7,1),(4,8,0,1),(4,8,1,1),(4,8,2,1),(4,8,3,0),(4,8,4,0),(4,8,7,1),(4,9,0,1),(4,9,1,1),(4,9,2,1),(4,9,3,0),(4,9,4,0),(4,9,7,1),(4,10,0,0),(4,10,1,0),(4,10,2,0),(4,10,4,0),(4,13,0,1),(4,13,1,1),(4,13,2,1),(4,13,3,0),(4,13,4,0),(4,13,7,1),(4,14,0,1),(4,14,1,1),(4,14,2,1),(4,14,3,0),(4,14,4,0),(4,14,7,1),(4,15,0,1),(4,15,1,1),(4,15,2,1),(4,15,3,0),(4,15,4,0),(4,15,7,1),(4,16,0,1),(4,16,1,1),(4,16,2,1),(4,16,3,0),(4,16,4,0),(4,16,7,1),(4,18,0,1),(4,18,1,1),(4,18,2,1),(4,18,3,0),(4,18,4,0),(4,18,7,1),(4,19,0,1),(4,19,1,1),(4,19,2,1),(4,19,3,0),(4,19,4,0),(4,19,7,1),(4,20,0,1),(4,20,1,1),(4,20,2,1),(4,20,3,0),(4,20,4,0),(4,20,7,1),(4,21,0,1),(4,21,1,1),(4,21,2,1),(4,21,3,0),(4,21,4,0),(4,21,7,1),(4,22,0,1),(4,22,1,1),(4,22,2,1),(4,22,3,0),(4,22,4,0),(4,22,7,1),(4,23,0,1),(4,23,1,1),(4,23,2,1),(4,23,3,0),(4,23,4,0),(4,23,7,1),(4,25,0,1),(4,25,1,1),(4,25,2,1),(4,25,3,0),(4,25,4,0),(4,25,7,1),(4,26,0,1),(4,26,1,1),(4,26,2,1),(4,26,3,0),(4,26,4,0),(4,26,7,1),(4,34,0,0),(4,34,1,0),(4,34,2,0),(4,34,3,0),(4,34,4,0),(4,34,7,0),(4,35,0,0),(4,35,1,0),(4,35,2,0),(4,35,3,0),(4,35,4,0),(4,35,7,0),(4,36,0,0),(4,36,1,0),(4,36,2,0),(4,36,3,0),(4,36,4,0),(4,36,7,0),(4,38,0,0),(4,38,1,0),(4,38,2,0),(4,38,3,0),(4,38,4,0),(4,38,7,0),(4,42,0,0),(4,42,1,0),(4,42,2,0),(4,42,3,0),(4,42,4,0),(4,42,7,0),(4,43,0,0),(4,43,1,0),(4,43,2,0),(4,43,3,0),(4,43,4,0),(4,43,7,0),(4,44,0,0),(4,44,1,0),(4,44,2,0),(4,44,3,0),(4,44,4,0),(4,44,7,0),(4,45,0,0),(4,45,1,0),(4,45,2,0),(4,45,3,0),(4,45,4,0),(4,45,7,0),(4,47,0,0),(4,47,1,0),(4,47,2,0),(4,47,3,0),(4,47,4,0),(4,47,7,0),(5,4,0,0),(5,4,1,0),(5,4,2,0),(5,4,4,0),(5,4,7,0),(5,6,0,0),(5,6,1,0),(5,6,2,0),(5,6,4,0),(5,6,7,0),(5,8,0,0),(5,8,1,0),(5,8,2,0),(5,8,4,0),(5,8,7,0),(5,9,0,0),(5,9,1,0),(5,9,2,0),(5,9,4,0),(5,9,7,0),(5,13,0,0),(5,13,1,0),(5,13,2,0),(5,13,4,0),(5,13,7,0),(5,16,0,0),(5,16,1,0),(5,16,2,0),(5,16,4,0),(5,16,7,0),(5,25,0,1),(5,25,1,0),(5,25,2,0),(5,25,4,0),(5,25,7,0),(5,35,0,0),(5,35,1,0),(5,35,2,0),(5,35,4,0),(5,35,7,0),(5,42,0,0),(5,42,1,0),(5,42,2,0),(5,42,4,0),(5,42,7,0),(6,4,0,0),(6,4,1,0),(6,4,2,1),(6,4,4,0),(6,4,7,0),(6,6,0,0),(6,6,1,0),(6,6,2,1),(6,6,4,0),(6,6,7,0),(6,8,0,0),(6,8,1,0),(6,8,2,1),(6,8,4,0),(6,8,7,0),(6,9,0,0),(6,9,1,0),(6,9,2,1),(6,9,4,0),(6,9,7,0),(6,10,0,0),(6,10,1,0),(6,10,2,1),(6,10,4,0),(6,10,7,0),(6,13,0,0),(6,13,1,0),(6,13,2,1),(6,13,4,0),(6,13,7,0),(6,16,0,0),(6,16,1,0),(6,16,2,1),(6,16,4,0),(6,16,7,0),(6,23,0,0),(6,23,1,0),(6,23,2,1),(6,23,4,0),(6,23,7,0),(6,25,0,1),(6,25,1,0),(6,25,2,0),(6,25,4,0),(6,25,7,0),(6,35,0,0),(6,35,1,0),(6,35,2,1),(6,35,4,0),(6,35,7,0),(6,42,0,0),(6,42,1,0),(6,42,2,1),(6,42,4,0),(6,42,7,0),(6,47,0,0),(6,47,1,0),(6,47,2,1),(6,47,4,0),(6,47,7,0),(7,4,0,1),(7,4,1,1),(7,4,2,1),(7,4,4,1),(7,4,7,1),(7,6,0,1),(7,6,1,1),(7,6,2,1),(7,6,4,1),(7,6,7,1),(7,8,0,1),(7,8,1,1),(7,8,2,1),(7,8,4,1),(7,8,7,1),(7,9,0,1),(7,9,1,1),(7,9,2,1),(7,9,4,1),(7,9,7,1),(7,13,0,1),(7,13,1,1),(7,13,2,1),(7,13,4,0),(7,13,7,1),(7,16,0,1),(7,16,1,1),(7,16,2,1),(7,16,4,1),(7,16,7,1),(7,25,0,1),(7,25,1,0),(7,25,2,0),(7,25,4,0),(7,25,7,0),(7,35,0,1),(7,35,1,1),(7,35,2,1),(7,35,4,0),(7,35,7,1),(8,4,0,1),(8,4,1,1),(8,4,2,1),(8,4,4,1),(8,4,7,1),(8,6,0,1),(8,6,1,1),(8,6,2,1),(8,6,4,0),(8,6,7,1),(8,8,0,0),(8,8,1,0),(8,8,2,1),(8,8,4,0),(8,8,7,0),(8,9,0,0),(8,9,1,0),(8,9,2,1),(8,9,4,0),(8,9,7,0),(8,10,0,0),(8,10,1,1),(8,10,2,1),(8,10,4,0),(8,10,7,0),(8,13,0,0),(8,13,1,0),(8,13,2,1),(8,13,4,0),(8,13,7,1),(8,16,0,0),(8,16,1,0),(8,16,2,1),(8,16,4,0),(8,16,7,0),(8,23,0,1),(8,23,1,1),(8,23,2,1),(8,23,4,1),(8,23,7,1),(8,25,0,1),(8,25,1,0),(8,25,2,0),(8,25,4,0),(8,25,7,0),(8,35,0,1),(8,35,1,1),(8,35,2,1),(8,35,4,1),(8,35,7,1),(8,42,0,0),(8,42,1,0),(8,42,2,0),(8,42,4,0),(8,42,7,0),(8,47,0,0),(8,47,1,0),(8,47,2,0),(8,47,4,0),(8,47,7,0),(9,4,0,1),(9,4,1,1),(9,4,2,1),(9,4,4,1),(9,4,7,1),(9,6,0,1),(9,6,1,1),(9,6,2,1),(9,6,4,1),(9,6,7,1),(9,8,0,1),(9,8,1,1),(9,8,2,1),(9,8,4,1),(9,8,7,1),(9,9,0,1),(9,9,1,1),(9,9,2,1),(9,9,4,1),(9,9,7,1),(9,13,0,0),(9,13,1,1),(9,13,2,1),(9,13,4,0),(9,13,7,0),(9,16,0,1),(9,16,1,1),(9,16,2,1),(9,16,4,1),(9,16,7,1),(9,23,0,1),(9,23,1,1),(9,23,2,1),(9,23,4,1),(9,23,7,1),(9,25,0,1),(9,25,1,0),(9,25,2,0),(9,25,4,0),(9,25,7,0),(9,35,0,1),(9,35,1,1),(9,35,2,1),(9,35,4,1),(9,35,7,1),(9,42,0,0),(9,42,1,0),(9,42,2,1),(9,42,4,0),(9,42,7,0),(10,13,0,0),(10,13,1,1),(10,13,2,1),(10,13,4,0),(10,13,7,0),(10,25,0,1),(10,25,1,0),(10,25,2,0),(10,25,4,0),(10,25,7,0);

--
-- Table structure for table `vtiger_profile2tab`
--

CREATE TABLE `vtiger_profile2tab` (
  `profileid` int(11) DEFAULT NULL,
  `tabid` int(11) DEFAULT NULL,
  `permissions` int(11) NOT NULL DEFAULT 0,
  KEY `profile2tab_profileid_tabid_idx` (`profileid`,`tabid`)
) ENGINE=InnoDB DEFAULT CHARSET=utf8mb4 COLLATE=utf8mb4_general_ci;

--
-- Dumping data for table `vtiger_profile2tab`
--

INSERT INTO `vtiger_profile2tab` VALUES (1,1,0),(1,2,0),(1,3,0),(1,4,0),(1,6,0),(1,7,0),(1,8,0),(1,9,0),(1,10,0),(1,13,0),(1,14,0),(1,15,0),(1,16,0),(1,18,0),(1,19,0),(1,20,0),(1,21,0),(1,22,0),(1,23,0),(1,24,0),(1,25,0),(1,26,0),(1,27,0),(2,1,0),(2,2,0),(2,3,0),(2,4,0),(2,6,0),(2,7,0),(2,8,0),(2,9,0),(2,10,0),(2,13,0),(2,14,0),(2,15,0),(2,16,0),(2,18,0),(2,19,0),(2,20,0),(2,21,0),(2,22,0),(2,23,0),(2,24,0),(2,25,0),(2,26,0),(2,27,0),(3,2,0),(3,3,0),(3,7,0),(3,14,0),(3,15,0),(3,18,0),(3,19,0),(3,20,0),(3,21,0),(3,22,0),(3,23,0),(3,24,0),(3,26,0),(3,27,0),(4,1,0),(4,2,0),(4,3,0),(4,4,0),(4,6,0),(4,7,0),(4,8,0),(4,9,0),(4,10,0),(4,13,0),(4,14,0),(4,15,0),(4,16,0),(4,18,0),(4,19,0),(4,20,0),(4,21,0),(4,22,0),(4,23,0),(4,24,0),(4,25,0),(4,26,0),(4,27,0),(1,30,0),(2,30,0),(3,30,0),(4,30,0),(1,31,0),(2,31,0),(3,31,0),(4,31,0),(1,32,0),(2,32,0),(3,32,0),(4,32,0),(1,33,0),(2,33,0),(3,33,0),(4,33,0),(1,34,0),(2,34,0),(3,34,0),(4,34,0),(1,35,0),(2,35,0),(4,35,0),(1,36,0),(2,36,0),(3,36,0),(4,36,0),(1,37,0),(2,37,0),(3,37,0),(4,37,0),(1,38,0),(2,38,0),(3,38,0),(4,38,0),(1,39,0),(2,39,0),(3,39,0),(4,39,0),(1,40,0),(2,40,0),(4,40,0),(1,41,0),(2,41,0),(3,41,0),(4,41,0),(1,42,0),(2,42,0),(4,42,0),(1,43,0),(2,43,0),(3,43,0),(4,43,0),(1,44,0),(2,44,0),(3,44,0),(4,44,0),(1,45,0),(2,45,0),(3,45,0),(4,45,0),(1,46,0),(2,46,0),(3,46,0),(4,46,0),(1,47,0),(2,47,0),(4,47,0),(1,48,0),(2,48,0),(3,48,0),(4,48,0),(1,49,0),(2,49,0),(3,49,0),(4,49,0),(5,1,0),(5,4,0),(5,6,0),(5,8,0),(5,9,0),(5,13,0),(5,25,0),(5,35,0),(5,40,0),(5,42,0),(5,16,0),(7,1,1),(7,4,1),(7,6,1),(7,8,1),(7,9,1),(7,10,1),(7,13,0),(7,25,1),(7,35,0),(7,40,1),(7,42,1),(7,47,1),(7,16,1),(3,1,0),(3,4,1),(3,6,1),(3,8,1),(3,9,0),(3,10,0),(3,13,0),(3,25,0),(3,35,1),(3,40,0),(3,42,0),(3,47,0),(3,16,0),(6,1,0),(6,4,0),(6,6,0),(6,8,0),(6,9,0),(6,10,0),(6,13,0),(6,23,0),(6,25,0),(6,35,0),(6,40,0),(6,42,0),(6,47,0),(6,16,0),(10,1,0),(10,4,1),(10,6,1),(10,8,1),(10,9,1),(10,10,1),(10,13,0),(10,15,1),(10,23,1),(10,25,1),(10,30,1),(10,35,1),(10,40,1),(10,42,1),(10,46,1),(10,47,1),(10,16,1),(9,1,1),(9,4,1),(9,6,1),(9,8,1),(9,9,1),(9,10,1),(9,13,0),(9,15,1),(9,23,1),(9,25,1),(9,30,1),(9,35,1),(9,40,1),(9,42,0),(9,46,1),(9,47,1),(9,16,1),(8,1,0),(8,4,1),(8,6,0),(8,8,0),(8,9,0),(8,10,0),(8,13,0),(8,15,1),(8,23,1),(8,25,1),(8,30,1),(8,35,1),(8,40,1),(8,42,1),(8,46,1),(8,47,1),(8,16,0);

--
-- Table structure for table `vtiger_profile2utility`
--

CREATE TABLE `vtiger_profile2utility` (
  `profileid` int(11) NOT NULL,
  `tabid` int(11) NOT NULL,
  `activityid` int(11) NOT NULL,
  `permission` int(11) DEFAULT NULL,
  PRIMARY KEY (`profileid`,`tabid`,`activityid`),
  KEY `profile2utility_profileid_tabid_activityid_idx` (`profileid`,`tabid`,`activityid`)
) ENGINE=InnoDB DEFAULT CHARSET=utf8mb4 COLLATE=utf8mb4_general_ci;

--
-- Dumping data for table `vtiger_profile2utility`
--

INSERT INTO `vtiger_profile2utility` VALUES (1,2,5,0),(1,2,6,0),(1,2,10,0),(1,4,5,0),(1,4,6,0),(1,4,8,0),(1,4,10,0),(1,6,5,0),(1,6,6,0),(1,6,8,0),(1,6,10,0),(1,7,5,0),(1,7,6,0),(1,7,8,0),(1,7,9,0),(1,7,10,0),(1,8,6,0),(1,9,5,0),(1,9,6,0),(1,13,5,0),(1,13,6,0),(1,13,8,0),(1,13,10,0),(1,14,5,0),(1,14,6,0),(1,14,10,0),(1,18,5,0),(1,18,6,0),(1,18,10,0),(1,19,5,1),(1,19,6,1),(1,19,10,1),(1,20,5,0),(1,20,6,0),(1,21,5,0),(1,21,6,0),(1,22,5,0),(1,22,6,0),(1,23,5,0),(1,23,6,0),(1,25,6,0),(1,25,13,0),(1,34,11,1),(1,34,12,1),(1,35,5,0),(1,35,6,0),(1,35,10,0),(1,36,5,0),(1,36,6,0),(1,36,10,0),(1,43,5,1),(1,43,6,1),(1,43,10,1),(1,44,5,0),(1,44,6,0),(1,44,10,0),(1,45,5,0),(1,45,6,0),(1,45,10,0),(2,2,5,1),(2,2,6,1),(2,2,10,0),(2,4,5,1),(2,4,6,1),(2,4,8,0),(2,4,10,0),(2,6,5,1),(2,6,6,1),(2,6,8,0),(2,6,10,0),(2,7,5,1),(2,7,6,1),(2,7,8,0),(2,7,9,0),(2,7,10,0),(2,8,6,1),(2,9,5,0),(2,9,6,0),(2,13,5,1),(2,13,6,1),(2,13,8,0),(2,13,10,0),(2,14,5,1),(2,14,6,1),(2,14,10,0),(2,18,5,1),(2,18,6,1),(2,18,10,0),(2,19,5,1),(2,19,6,1),(2,19,10,1),(2,20,5,0),(2,20,6,0),(2,21,5,0),(2,21,6,0),(2,22,5,0),(2,22,6,0),(2,23,5,0),(2,23,6,0),(2,25,6,0),(2,25,13,0),(2,34,11,1),(2,34,12,1),(2,35,5,0),(2,35,6,0),(2,35,10,0),(2,36,5,0),(2,36,6,0),(2,36,10,0),(2,43,5,1),(2,43,6,1),(2,43,10,1),(2,44,5,0),(2,44,6,0),(2,44,10,0),(2,45,5,0),(2,45,6,0),(2,45,10,0),(3,2,5,1),(3,2,6,1),(3,2,10,0),(3,4,5,1),(3,4,6,1),(3,4,8,0),(3,4,10,0),(3,6,5,1),(3,6,6,1),(3,6,8,0),(3,6,10,0),(3,7,5,1),(3,7,6,1),(3,7,8,0),(3,7,9,0),(3,7,10,0),(3,8,6,1),(3,9,5,0),(3,9,6,0),(3,13,5,1),(3,13,6,1),(3,13,8,0),(3,13,10,0),(3,14,5,1),(3,14,6,1),(3,14,10,0),(3,18,5,1),(3,18,6,1),(3,18,10,0),(3,19,5,1),(3,19,6,1),(3,19,10,1),(3,20,5,0),(3,20,6,0),(3,21,5,0),(3,21,6,0),(3,22,5,0),(3,22,6,0),(3,23,5,0),(3,23,6,0),(3,25,6,0),(3,25,13,0),(3,34,11,1),(3,34,12,1),(3,35,5,0),(3,35,6,0),(3,35,10,0),(3,36,5,0),(3,36,6,0),(3,36,10,0),(3,43,5,1),(3,43,6,1),(3,43,10,1),(3,44,5,0),(3,44,6,0),(3,44,10,0),(3,45,5,0),(3,45,6,0),(3,45,10,0),(4,2,5,1),(4,2,6,1),(4,2,10,0),(4,4,5,1),(4,4,6,1),(4,4,8,1),(4,4,10,0),(4,6,5,1),(4,6,6,1),(4,6,8,1),(4,6,10,0),(4,7,5,1),(4,7,6,1),(4,7,8,1),(4,7,9,0),(4,7,10,0),(4,8,6,1),(4,9,5,0),(4,9,6,0),(4,13,5,1),(4,13,6,1),(4,13,8,1),(4,13,10,0),(4,14,5,1),(4,14,6,1),(4,14,10,0),(4,18,5,1),(4,18,6,1),(4,18,10,0),(4,19,5,1),(4,19,6,1),(4,19,10,1),(4,20,5,0),(4,20,6,0),(4,21,5,0),(4,21,6,0),(4,22,5,0),(4,22,6,0),(4,23,5,0),(4,23,6,0),(4,25,6,0),(4,25,13,0),(4,34,11,1),(4,34,12,1),(4,35,5,0),(4,35,6,0),(4,35,10,0),(4,36,5,0),(4,36,6,0),(4,36,10,0),(4,43,5,1),(4,43,6,1),(4,43,10,1),(4,44,5,0),(4,44,6,0),(4,44,10,0),(4,45,5,0),(4,45,6,0),(4,45,10,0),(5,4,5,0),(5,4,6,0),(5,4,8,0),(5,4,10,0),(5,6,5,0),(5,6,6,0),(5,6,8,0),(5,6,10,0),(5,8,6,0),(5,9,5,0),(5,9,6,0),(5,13,5,0),(5,13,6,0),(5,13,8,0),(5,13,10,0),(5,16,5,0),(5,16,6,0),(5,25,6,0),(5,25,13,0),(5,35,5,0),(5,35,6,0),(5,35,10,0),(6,4,5,0),(6,4,6,0),(6,4,8,0),(6,4,10,0),(6,6,5,0),(6,6,6,0),(6,6,8,0),(6,6,10,0),(6,8,6,0),(6,9,5,0),(6,9,6,0),(6,13,5,0),(6,13,6,0),(6,13,8,0),(6,13,10,0),(6,16,5,0),(6,16,6,0),(6,23,5,0),(6,23,6,0),(6,25,6,0),(6,25,13,0),(6,35,5,0),(6,35,6,0),(6,35,10,0),(7,4,5,0),(7,4,6,0),(7,4,8,0),(7,4,10,0),(7,6,5,0),(7,6,6,0),(7,6,8,0),(7,6,10,0),(7,8,6,0),(7,9,5,0),(7,9,6,0),(7,13,5,0),(7,13,6,0),(7,13,8,0),(7,13,10,0),(7,16,5,0),(7,16,6,0),(7,25,6,0),(7,25,13,0),(7,35,5,0),(7,35,6,0),(7,35,10,0),(8,4,5,0),(8,4,6,0),(8,4,8,0),(8,4,10,0),(8,6,5,0),(8,6,6,0),(8,6,8,0),(8,6,10,0),(8,8,6,0),(8,9,5,0),(8,9,6,0),(8,13,5,0),(8,13,6,0),(8,13,8,0),(8,13,10,0),(8,16,5,0),(8,16,6,0),(8,23,5,0),(8,23,6,0),(8,25,6,1),(8,25,13,1),(8,35,5,0),(8,35,6,0),(8,35,10,0),(9,4,5,0),(9,4,6,0),(9,4,8,0),(9,4,10,0),(9,6,5,0),(9,6,6,0),(9,6,8,0),(9,6,10,0),(9,8,6,0),(9,9,5,0),(9,9,6,0),(9,13,5,0),(9,13,6,0),(9,13,8,0),(9,13,10,0),(9,16,5,0),(9,16,6,0),(9,23,5,0),(9,23,6,0),(9,25,6,1),(9,25,13,1),(9,35,5,0),(9,35,6,0),(9,35,10,0),(10,13,5,0),(10,13,6,0),(10,13,8,0),(10,13,10,0),(10,25,6,1);

--
-- Table structure for table `vtiger_profile_seq`
--

CREATE TABLE `vtiger_profile_seq` (
  `id` int(11) NOT NULL
) ENGINE=InnoDB DEFAULT CHARSET=utf8mb4 COLLATE=utf8mb4_general_ci;

--
-- Dumping data for table `vtiger_profile_seq`
--

INSERT INTO `vtiger_profile_seq` VALUES (10);

--
-- Table structure for table `vtiger_progress`
--

CREATE TABLE `vtiger_progress` (
  `progressid` int(11) NOT NULL AUTO_INCREMENT,
  `progress` varchar(200) NOT NULL,
  `presence` int(11) NOT NULL DEFAULT 1,
  `picklist_valueid` int(11) NOT NULL DEFAULT 0,
  `sortorderid` int(11) DEFAULT 0,
  `color` varchar(10) DEFAULT NULL,
  PRIMARY KEY (`progressid`)
) ENGINE=InnoDB AUTO_INCREMENT=12 DEFAULT CHARSET=utf8 COLLATE=utf8_general_ci;

--
-- Dumping data for table `vtiger_progress`
--

INSERT INTO `vtiger_progress` VALUES (2,'10%',1,278,2,NULL),(3,'20%',1,279,3,NULL),(4,'30%',1,280,4,NULL),(5,'40%',1,281,5,NULL),(6,'50%',1,282,6,NULL),(7,'60%',1,283,7,NULL),(8,'70%',1,284,8,NULL),(9,'80%',1,285,9,NULL),(10,'90%',1,286,10,NULL),(11,'100%',1,287,11,NULL);

--
-- Table structure for table `vtiger_progress_seq`
--

CREATE TABLE `vtiger_progress_seq` (
  `id` int(11) NOT NULL
) ENGINE=InnoDB DEFAULT CHARSET=utf8mb4 COLLATE=utf8mb4_general_ci;

--
-- Dumping data for table `vtiger_progress_seq`
--

INSERT INTO `vtiger_progress_seq` VALUES (11);

--
-- Table structure for table `vtiger_project`
--

CREATE TABLE `vtiger_project` (
  `projectid` int(11) NOT NULL,
  `projectname` varchar(255) DEFAULT NULL,
  `project_no` varchar(100) DEFAULT NULL,
  `startdate` date DEFAULT NULL,
  `targetenddate` date DEFAULT NULL,
  `actualenddate` date DEFAULT NULL,
  `targetbudget` varchar(255) DEFAULT NULL,
  `projecturl` varchar(255) DEFAULT NULL,
  `projectstatus` varchar(100) DEFAULT NULL,
  `projectpriority` varchar(100) DEFAULT NULL,
  `projecttype` varchar(100) DEFAULT NULL,
  `progress` varchar(100) DEFAULT NULL,
  `linktoaccountscontacts` varchar(100) DEFAULT NULL,
  `tags` varchar(1) DEFAULT NULL,
  `isconvertedfrompotential` int(11) NOT NULL DEFAULT 0,
  `potentialid` varchar(100) DEFAULT NULL,
  PRIMARY KEY (`projectid`),
  CONSTRAINT `fk_crmid_vtiger_project` FOREIGN KEY (`projectid`) REFERENCES `vtiger_crmentity` (`crmid`) ON DELETE CASCADE
) ENGINE=InnoDB DEFAULT CHARSET=utf8 COLLATE=utf8_general_ci;

--
-- Dumping data for table `vtiger_project`
--


--
-- Table structure for table `vtiger_projectcf`
--

CREATE TABLE `vtiger_projectcf` (
  `projectid` int(11) NOT NULL,
  PRIMARY KEY (`projectid`),
  CONSTRAINT `fk_projectid_vtiger_projectcf` FOREIGN KEY (`projectid`) REFERENCES `vtiger_project` (`projectid`) ON DELETE CASCADE
) ENGINE=InnoDB DEFAULT CHARSET=utf8 COLLATE=utf8_general_ci;

--
-- Dumping data for table `vtiger_projectcf`
--


--
-- Table structure for table `vtiger_projectmilestone`
--

CREATE TABLE `vtiger_projectmilestone` (
  `projectmilestoneid` int(11) NOT NULL,
  `projectmilestonename` varchar(255) DEFAULT NULL,
  `projectmilestone_no` varchar(100) DEFAULT NULL,
  `projectmilestonedate` varchar(255) DEFAULT NULL,
  `projectid` varchar(100) DEFAULT NULL,
  `projectmilestonetype` varchar(100) DEFAULT NULL,
  `tags` varchar(1) DEFAULT NULL,
  PRIMARY KEY (`projectmilestoneid`),
  CONSTRAINT `fk_crmid_vtiger_projectmilestone` FOREIGN KEY (`projectmilestoneid`) REFERENCES `vtiger_crmentity` (`crmid`) ON DELETE CASCADE
) ENGINE=InnoDB DEFAULT CHARSET=utf8 COLLATE=utf8_general_ci;

--
-- Dumping data for table `vtiger_projectmilestone`
--


--
-- Table structure for table `vtiger_projectmilestonecf`
--

CREATE TABLE `vtiger_projectmilestonecf` (
  `projectmilestoneid` int(11) NOT NULL DEFAULT 0,
  PRIMARY KEY (`projectmilestoneid`),
  CONSTRAINT `fk_projectmilestoneid_vtiger_projectmilestonecf` FOREIGN KEY (`projectmilestoneid`) REFERENCES `vtiger_projectmilestone` (`projectmilestoneid`) ON DELETE CASCADE
) ENGINE=InnoDB DEFAULT CHARSET=utf8 COLLATE=utf8_general_ci;

--
-- Dumping data for table `vtiger_projectmilestonecf`
--


--
-- Table structure for table `vtiger_projectmilestonetype`
--

CREATE TABLE `vtiger_projectmilestonetype` (
  `projectmilestonetypeid` int(11) NOT NULL AUTO_INCREMENT,
  `projectmilestonetype` varchar(200) NOT NULL,
  `presence` int(11) NOT NULL DEFAULT 1,
  `picklist_valueid` int(11) NOT NULL DEFAULT 0,
  `sortorderid` int(11) DEFAULT 0,
  `color` varchar(10) DEFAULT NULL,
  PRIMARY KEY (`projectmilestonetypeid`)
) ENGINE=InnoDB AUTO_INCREMENT=5 DEFAULT CHARSET=utf8 COLLATE=utf8_general_ci;

--
-- Dumping data for table `vtiger_projectmilestonetype`
--

INSERT INTO `vtiger_projectmilestonetype` VALUES (2,'administrative',1,238,2,NULL),(3,'operative',1,239,3,NULL),(4,'other',1,240,4,NULL);

--
-- Table structure for table `vtiger_projectmilestonetype_seq`
--

CREATE TABLE `vtiger_projectmilestonetype_seq` (
  `id` int(11) NOT NULL
) ENGINE=InnoDB DEFAULT CHARSET=utf8mb4 COLLATE=utf8mb4_general_ci;

--
-- Dumping data for table `vtiger_projectmilestonetype_seq`
--

INSERT INTO `vtiger_projectmilestonetype_seq` VALUES (4);

--
-- Table structure for table `vtiger_projectpriority`
--

CREATE TABLE `vtiger_projectpriority` (
  `projectpriorityid` int(11) NOT NULL AUTO_INCREMENT,
  `projectpriority` varchar(200) NOT NULL,
  `presence` int(11) NOT NULL DEFAULT 1,
  `picklist_valueid` int(11) NOT NULL DEFAULT 0,
  `sortorderid` int(11) DEFAULT 0,
  `color` varchar(10) DEFAULT NULL,
  PRIMARY KEY (`projectpriorityid`)
) ENGINE=InnoDB AUTO_INCREMENT=5 DEFAULT CHARSET=utf8 COLLATE=utf8_general_ci;

--
-- Dumping data for table `vtiger_projectpriority`
--

INSERT INTO `vtiger_projectpriority` VALUES (2,'low',1,274,2,NULL),(3,'normal',1,275,3,NULL),(4,'high',1,276,4,NULL);

--
-- Table structure for table `vtiger_projectpriority_seq`
--

CREATE TABLE `vtiger_projectpriority_seq` (
  `id` int(11) NOT NULL
) ENGINE=InnoDB DEFAULT CHARSET=utf8mb4 COLLATE=utf8mb4_general_ci;

--
